CREATE TABLE `family` (
  `id` int(11) NOT NULL,
  `category_id` int(11) NOT NULL,
  `label` varchar(400) COLLATE utf8mb4_unicode_ci NOT NULL,
  `description` longtext COLLATE utf8mb4_unicode_ci NOT NULL,
  `active` int(11) NOT NULL
) ENGINE=InnoDB DEFAULT CHARSET=utf8mb4 COLLATE=utf8mb4_unicode_ci;

--
-- Contenu de la table `family`
--

INSERT INTO `family` (`id`, `category_id`, `label`, `description`, `active`) VALUES
(1, 1, 'PIZZAS', '', 1),
(2, 1, 'SANDWICHS', '', 1),
(3, 2, 'DESSERTS', '', 1),
(4, 3, 'BOISSONS', '', 1),
(5, 1, 'TEX-MEX', '', 1),
(6, 1, 'PANINIS', '', 1),
(7, 1, 'BURGERS', '', 1),
(8, 1, 'HUMMERS', '', 1),
(9, 1, 'TACOS', '', 1),
(10, 1, 'OFFRES', '', 1),
(11, 4, 'SALADES', '', 1),
(12, 1, 'SANDWICHS FROIDS', '', 1),
(13, 1, 'PÂTES ', '', 1),
(14, 1, 'ASSIETTES', '', 1),
(15, 1, 'CRÊPES SALÉES ', '', 1),
(16, 2, 'GLACES', '', 1),
(17, 2, 'CRÊPES SUCRÉES ', '', 1),
(18, 1, 'DIVERS', '', 1),
(20, 1, 'DIVERS ORIGINAL', '', 1),
(21, 2, 'PIZZA DESSERT', '', 1),
(22, 2, 'PANINI DESSERT', '', 1),
(23, 1, 'VAPEURS', '', 1),
(24, 1, 'RIZ SAUTÉ ', '', 1),
(25, 1, 'NOODLES', '', 1),
(26, 1, 'BO BÙN', '', 1),
(27, 1, 'BROCHETTES ', '', 1),
(28, 1, 'POTAGE', '', 1),
(29, 1, 'PLATS BŒUF ', '', 1),
(30, 1, 'PLATS POULET ', '', 1),
(31, 1, 'CREVETTE TEMPURA', '', 1),
(32, 1, ' PLAT POISSON', '', 1),
(33, 1, 'CALAMARS', '', 1),
(34, 1, 'NOIX DE ST-JACQUES', '', 1),
(35, 1, 'OMELETTE', '', 1),
(36, 1, 'ENTRÉES', '', 1),
(37, 4, 'NEMS', '', 1),
(39, 1, 'CALIFORNIA MAKI', '', 1),
(40, 1, 'CALIFORNIA EGGI', '', 1),
(41, 2, 'MAKI DESSERT A SUPPRIMER', '', 1),
(42, 4, 'SOUPE', '', 1),
(44, 1, 'SUSHI', '', 1),
(46, 1, 'CHIRASHIS', '', 1),
(47, 1, 'SASHIMI', '', 1),
(48, 1, 'YAKITORI', '', 1),
(49, 1, 'CALIFORNIA YUKI', '', 1),
(50, 1, 'CALIFORNIA GREEN', '', 1),
(51, 1, 'CALIFORNIA CHEDDAR', '', 1),
(52, 1, 'JAP ROLL', '', 1),
(53, 1, 'MAKIS', '', 1),
(54, 1, 'CALIFORNIA DINDE', '', 1),
(55, 4, 'SAMOUSSAS', '', 1),
(56, 4, 'BEIGNETS', '', 1),
(57, 1, 'MAKI SPECIAL', '', 1),
(58, 1, 'CRISPY OIGNONS', '', 1),
(59, 2, 'MAKI DESSERT', '', 1),
(60, 1, 'PLAT CREVETTE', '', 1),
(61, 1, 'TARTARE', '', 1),
(62, 1, 'TEMAKI', '', 1),
(63, 1, 'CHALUMEAU', '', 1),
(64, 1, 'MAKI BLANC', '', 1),
(65, 1, 'MAKI NOIR', '', 1),
(66, 1, 'MAKI ROSE', '', 1),
(67, 1, 'MAKI JAUNE', '', 1),
(68, 1, 'MAKI DINDE', '', 1),
(69, 1, 'SAUTÉS', '', 1),
(70, 1, 'LOK LAK', '', 1),
(72, 1, 'MAKI VERT', '', 1),
(73, 1, 'MAKI CHEESE', '', 1),
(74, 1, 'CALIFORNIA', '', 1),
(75, 1, 'RIZ ET NOUILLES', '', 1),
(76, 1, 'ZAP\'SOUFFLÉS', '', 1),
(77, 1, 'PLATS LÉGUMES ', '', 1),
(78, 1, 'APETIZERS ', '', 1),
(79, 1, 'ACCOMPAGNEMENT  ', '', 1),
(80, 1, 'PINK', '', 1),
(81, 1, 'GOLD', '', 1),
(82, 1, 'GREEN', '', 1),
(83, 1, 'YELLOW', '', 1),
(84, 1, 'MAKI LIGHT', '', 1),
(85, 1, 'FUTOCALI', '', 1),
(86, 1, 'FUTOMAKI', '', 1),
(87, 1, 'ONION CRISP ', '', 1),
(88, 1, 'WHITE ', '', 1),
(90, 1, 'SAUCES AU CHOIX', '', 1),
(91, 1, 'ACCOMPAGNEMENTS', '', 1),
(92, 1, 'PLATS', '', 1),
(93, 1, 'BRAISÉS ', '', 1),
(94, 1, 'PLUS', '', 1),
(95, 1, 'BRAISÉ', '', 1),
(96, 1, 'GRILL ', '', 1),
(98, 1, 'GRATINS', '', 1),
(99, 1, 'COUSCOUS', '', 1),
(100, 1, 'BAGEL CHAUD', '', 1),
(101, 1, 'BAGEL FROID', '', 1),
(104, 1, 'SANDWICH DU MOIS ', '', 1),
(105, 1, 'ZAP\'DWICHS', '', 1),
(106, 1, 'TORTILLA', '', 1),
(107, 2, 'CALZONE SUCRÉE ', '', 1),
(108, 1, 'POULET BRAISÉ', '', 1),
(109, 2, 'DESSERT ENTREPRISES ', '', 1),
(110, 3, 'BOISSONS ENTREPRISE ', '', 1),
(111, 1, 'SANDWICH ENTREPRISE ', '', 1),
(112, 1, 'PENNES ', '', 1),
(114, 1, 'ESCALOPES', '', 1),
(115, 1, 'PANINI SOUFFLÉS  ', '', 1),
(116, 1, 'FRIED CHICKEN', '', 1),
(117, 1, 'RIZ', '', 1),
(118, 4, 'SALADE JAPON', '', 1),
(119, 4, 'SALADE CHINE', '', 1),
(120, 4, 'THAÏ SALADE ', '', 1),
(122, 1, 'THAÏ BOEUF', '', 1),
(123, 1, 'THAÏ CREVETTES ', '', 1),
(124, 1, 'THAÏ POULET ', '', 1),
(125, 1, 'THAÏ CALAMAR ', '', 1),
(126, 1, 'THAÏ NOIX DE ST. JACQUES ', '', 1),
(127, 17, 'ENTRÉES THAÏLANDE', '', 1),
(128, 17, 'ACCOMPAGNEMENTS THAÏLANDE', '', 1),
(129, 17, 'PLATS THAÏLANDE', '', 1),
(130, 15, 'ACCOMPAGNEMENTS JAPON', '', 1),
(131, 15, 'ENTRÉES JAPON', '', 1),
(132, 1, 'FAJITAS', '', 1),
(133, 15, 'PLATS JAPON', '', 1),
(134, 16, 'ENTRÉES CHINE', '', 1),
(136, 16, 'SALADES CHINE', '', 1),
(137, 16, 'PLATS CHINE', '', 1),
(138, 16, 'ACCOMPAGNEMENTS CHINE', '', 1),
(139, 7, 'PLAT AU CHOIX', '', 1),
(143, 19, 'PANÉ ', '', 1),
(146, 1, ' SOUFFLÉS ', '', 1),
(148, 1, 'AVOCAT ROLL\'S', '', 1),
(149, 1, 'EGG\'S ', '', 1),
(150, 1, 'ROLL\'S SPRING ', '', 1),
(151, 1, 'ONION ROLL\'S ', '', 1),
(152, 1, 'ROLL\'S MON ', '', 1),
(153, 1, 'CALIFORNIAS', '', 1),
(154, 1, 'ICE ROLL\'S', '', 1),
(155, 1, 'EGG\' S TEMAKIS', '', 1),
(156, 1, 'SUPPLÉMENT LIVRAISON ', '', 1),
(157, 1, 'LES HORS D’ŒUVRES ', '', 1),
(158, 1, 'GYOZAS', '', 1),
(159, 1, 'BRUSHETTAS ', '', 1),
(160, 21, 'SANDWICHS CHAUDS', '', 1),
(161, 22, 'SANDWICHS BAGUETTE (TOASTÉES)', '', 1),
(162, 23, 'TOASTS', '', 1),
(163, 24, 'CROQS MR', '', 1),
(168, 28, 'WRAPS', '', 1),
(170, 28, 'WRAPS SALÉS', '', 1),
(171, 28, 'LES WRAPS SUCRÉES', '', 1),
(172, 2, 'DESSERT HORS MENU', '', 1),
(173, 1, 'ROLL\'S ', '', 1),
(174, 1, 'TIGER CONCEPT ', '', 1),
(175, 1, 'WOKS', '', 1),
(176, 1, 'ENTRÉES ET ACCOMPAGNEMENTS ', '', 1),
(177, 1, 'EXTRAS', '', 1),
(179, 1, 'STARTERS /TEX-MEX', '', 1),
(181, 1, 'BURRITOS', '', 1),
(182, 1, 'TACOS BOWL ', '', 1),
(183, 1, 'MAKI SALADE', '', 1),
(184, 1, 'FRESHROLL', '', 1),
(185, 1, 'FRY', '', 1),
(186, 1, 'CRISPY', '', 1),
(187, 1, 'CROUSTY ', '', 1),
(188, 1, 'CHEEZY', '', 1),
(189, 1, ' LES WHOPERS', '', 1),
(190, 2, 'BUBBLE WAFFLE /GAUFRE', '', 1),
(191, 1, 'FRIANDS ', '', 1),
(192, 1, 'LIGHT ROLL', '', 1),
(193, 1, 'FLOCON', '', 1),
(194, 1, 'SAUMON ROLL', '', 1),
(195, 1, 'EGG MAKI', '', 1),
(196, 1, 'SAUMON ROLL BRAISÉ ', '', 1),
(197, 1, 'DINDE ROLL', '', 1),
(198, 1, 'SPÉCIAUX ', '', 1),
(199, 32, 'PRODUITS DÉSACTIVÉES', '', 1),
(200, 1, 'PANIZZAS', '', 1),
(201, 1, 'BAGNATS', '', 1),
(203, 2, 'SMOOTHIES', '', 1),
(204, 1, 'AMERICAN BURGER', '', 1),
(205, 1, 'SANDWICHS STEAK', '', 1),
(206, 1, 'SANDWICHS MIXTE', '', 1),
(207, 1, 'HAMBURGERS', '', 1),
(208, 1, 'DOUBLES BURGERS', '', 1),
(210, 33, 'PLATS BHUNA', '', 1),
(211, 33, 'PLATS DHANSAK', '', 1),
(212, 33, 'PLATS PATHIA', '', 1),
(213, 33, 'PLATS GARLIC', '', 1),
(215, 33, 'PLATS PALAK', '', 1),
(216, 33, 'PLATS VEGETABLE SIDE', '', 1),
(217, 33, 'PLATS BIRIYANI', '', 1),
(218, 33, 'INDIAN SANDWICHS', '', 1),
(219, 33, 'PLATS SPECIAL TIKKA CURRY', '', 1),
(220, 33, 'PLATS BALTI', '', 1),
(221, 33, 'PLATS CURRY TRADITIONNEL', '', 1),
(222, 33, 'PLATS CHILI MASALA', '', 1),
(223, 33, 'PLATS DOPIAZA', '', 1),
(224, 33, 'PLATS JALFRESI', '', 1),
(225, 33, 'ENTRÉES / STARTERS', '', 1),
(226, 33, 'PAINS INDIENS / INDIAN BREADS', '', 1),
(227, 33, 'RIZ BASMATI', '', 1),
(228, 33, 'CHEF SPECIAL PLATS', '', 1),
(230, 33, 'PLATS KORMA (SUCRÉ)', '', 1),
(231, 33, 'PLATS ROGAN JOSH (SUCRÉ)', '', 1),
(232, 34, 'BOISSONS INDIENNE /LASSI', '', 1),
(233, 34, 'GRILLADES', '', 1),
(234, 35, 'ENTRÉES /SALADES ', '', 1),
(235, 35, 'ENTRÉES /BEIGNETS', '', 1),
(236, 35, 'ENTRÉES /GRILLADES', '', 1),
(237, 2, 'GATEAUX ORIENTAUX', '', 1),
(239, 1, 'SANDWICHS CLASSIQUES', '', 1),
(240, 36, 'LES GRILLED CHEESE', '', 1),
(241, 37, 'POULET RÔTI ', '', 1),
(242, 38, 'NAAN INDIENS', '', 1),
(244, 38, 'PLATS AGNEAU', '', 1),
(245, 38, 'ROYAL BIRYANIS', '', 1),
(246, 3, 'BOISSONS CHAUDES', '', 1),
(247, 39, 'LES CORNERS', '', 1),
(248, 1, 'CHOIX DES PATES', '', 1),
(249, 1, 'SAUCES MAISON', '', 1),
(250, 1, 'FROMAGES', '', 1),
(251, 2, 'GAUFRE ', '', 1),
(252, 1, 'CRUDITÉS', '', 1),
(253, 1, 'CHEESE NAAN', '', 1),
(254, 1, 'CUISSON', '', 1),
(255, 1, 'BOKITS ', '', 1),
(257, 1, 'SANDWICHS AU FOUR', '', 1),
(258, 1, 'SENSATION /SANDWICHS AU FOUR', '', 1),
(259, 1, 'SAUCES', '', 1),
(260, 1, 'SUPPLÉMENT', '', 1),
(261, 1, 'SUPPLÉMENT.', '', 1),
(262, 1, 'SAUCES.', '', 1),
(263, 1, 'VIANDES', '', 1),
(264, 1, 'BURGER GOURMET', '', 1),
(265, 1, 'HOT DOG', '', 1),
(266, 1, 'BURGERS CLASSIQUES', '', 1),
(267, 40, 'PLATS AFRICAINS', '', 1),
(268, 40, 'PLATS HAITÏENS', '', 1),
(269, 1, 'AGOULOU', '', 1),
(270, 1, 'PANIPIZZ', '', 1),
(271, 1, 'KHAO PAD', '', 1),
(272, 1, 'PAD THAÏ', '', 1),
(273, 26, 'BURGER EXTRA', '', 1),
(274, 18, 'FRAIS DE GESTION', '', 1),
(275, 1, 'PLAT MAISON', '', 1),
(276, 26, 'HOME MADE BURGER ', '', 1),
(277, 1, 'ACCOMPAGNEMENT AU CHOIX ', '', 1),
(278, 44, 'EXTRA / TEX-MEX', '', 1),
(279, 46, 'MILKSHAKES', '', 1),
(280, 47, 'SMOOTHIE', '', 1),
(281, 2, 'LASSI', '', 1),
(282, 27, 'TACOS\'PIZZ', '', 1),
(283, 32, 'VIANDES AU CHOIX', '', 1),
(284, 32, 'INGREDIENTS AU CHOIX', '', 1),
(286, 32, 'BASE AU CHOIX', '', 1),
(287, 32, '3 VIANDES AU CHOIX', '', 1),
(288, 32, '3 INGREDIENTS AU CHOIX', '', 1),
(290, 1, 'LES WHOOP\'S ', '', 1),
(291, 1, 'CHIMICHANGA ', '', 1),
(292, 32, 'CONSIGNES EN INTERNE', '', 1),
(293, 1, 'AVOCAT MAKI ', '', 1),
(294, 1, 'CALIFORNIA FRITS ', '', 1),
(295, 1, 'ICE CUBE / WHITE ROLLS ', '', 1),
(296, 1, 'GREEN ROLLS', '', 1),
(297, 1, 'SPÉCIAL ROLLS ', '', 1),
(298, 1, 'TATAKI ', '', 1),
(299, 1, 'TARTARE CHIRASHI ', '', 1),
(300, 1, 'POKE BOWL ', '', 1),
(301, 1, 'TEMPURA', '', 1),
(302, 1, 'PÂTES ', '', 1),
(303, 1, 'PÂTES ', '', 1),
(304, 1, 'PIZZ\'WICH ', '', 1),
(305, 1, 'FILET DE SAUMON ', '', 1),
(306, 1, 'PLAT', '', 1);

-- --------------------------------------------------------

--
-- Structure de la table `ingredient`
--

CREATE TABLE `ingredient` (
  `id` int(11) NOT NULL,
  `ingredient_category_id` int(11) DEFAULT NULL,
  `card_id` int(11) DEFAULT NULL,
  `name` varchar(100) COLLATE utf8mb4_unicode_ci DEFAULT NULL,
  `description` varchar(600) COLLATE utf8mb4_unicode_ci DEFAULT NULL,
  `price` decimal(10,2) NOT NULL,
  `avatar` varchar(255) COLLATE utf8mb4_unicode_ci DEFAULT NULL,
  `available` int(11) NOT NULL,
  `active_site` int(11) NOT NULL,
  `created_ip` varchar(50) COLLATE utf8mb4_unicode_ci NOT NULL,
  `created_user` int(11) NOT NULL,
  `updated_ip` varchar(50) COLLATE utf8mb4_unicode_ci NOT NULL,
  `updated_user` int(11) NOT NULL,
  `created_at` datetime NOT NULL,
  `updated_at` datetime NOT NULL,
  `id_origine` int(11) DEFAULT NULL
) ENGINE=InnoDB DEFAULT CHARSET=utf8mb4 COLLATE=utf8mb4_unicode_ci;

--
-- Contenu de la table `ingredient`
--

INSERT INTO `ingredient` (`id`, `ingredient_category_id`, `card_id`, `name`, `description`, `price`, `avatar`, `available`, `active_site`, `created_ip`, `created_user`, `updated_ip`, `updated_user`, `created_at`, `updated_at`, `id_origine`) VALUES
(18093, 1, 188, 'Cheddar', '', '0.00', '', 1, 1, '105.159.250.168', 0, '196.203.182.13', 0, '2019-09-03 16:06:56', '2019-10-01 09:43:18', NULL),
(18094, 1, 188, 'Mozzarella', '', '0.00', NULL, 1, 1, '105.159.250.168', 0, '196.203.182.13', 225, '2019-09-03 16:07:08', '2019-09-27 16:44:06', NULL),
(18095, 1, 188, 'Chèvre', '', '0.00', NULL, 1, 1, '105.159.250.168', 0, '196.203.182.13', 225, '2019-09-03 16:07:08', '2019-09-27 16:44:10', NULL),
(18096, 1, 188, 'Bleu', '', '0.00', NULL, 1, 1, '105.159.250.168', 0, '196.203.182.13', 225, '2019-09-03 16:07:08', '2019-09-27 16:44:24', NULL),
(18097, 1, 188, 'Gorgonzola', '', '0.00', NULL, 1, 1, '105.159.250.168', 0, '196.203.182.13', 225, '2019-09-03 16:07:08', '2019-09-27 16:44:32', NULL),
(18098, 1, 188, 'Reblochon', '', '0.00', NULL, 1, 1, '105.159.250.168', 0, '196.203.182.13', 225, '2019-09-03 16:07:08', '2019-09-27 16:44:45', NULL),
(18099, 1, 188, 'Fromage', '', '0.00', NULL, 1, 1, '105.159.250.168', 0, '196.203.182.13', 225, '2019-09-03 16:07:08', '2019-09-27 16:44:52', NULL),
(18100, 1, 188, 'Boursin', '', '0.00', NULL, 1, 1, '105.159.250.168', 0, '196.203.182.13', 225, '2019-09-03 16:07:08', '2019-09-27 16:44:59', NULL),
(18101, 9, 188, 'Base sauce tomate', '', '0.00', '', 1, 1, '196.203.182.13', 0, '196.203.182.13', 225, '2019-09-27 13:11:26', '2019-09-27 17:14:52', NULL),
(18102, 7, 188, 'Origan', '', '0.00', '', 1, 1, '196.203.182.13', 0, '', 0, '2019-09-27 13:12:30', '2019-09-27 13:12:30', NULL),
(18103, 1, 188, 'Fromage de brebis', '', '0.00', NULL, 1, 1, '196.203.182.13', 0, '', 0, '2019-09-27 16:43:00', '2019-09-27 16:43:00', NULL),
(18104, 1, 188, 'Brie', '', '0.00', NULL, 1, 1, '196.203.182.13', 0, '', 0, '2019-09-27 16:43:00', '2019-09-27 16:43:00', NULL),
(18105, 1, 188, 'Parmesan', '', '0.00', NULL, 1, 1, '196.203.182.13', 0, '', 0, '2019-09-27 16:43:00', '2019-09-27 16:43:00', NULL),
(18106, 1, 188, 'Raclette', '', '0.00', NULL, 1, 1, '196.203.182.13', 0, '', 0, '2019-09-27 16:43:00', '2019-09-27 16:43:00', NULL),
(18107, 1, 188, 'Provolone', '', '0.00', NULL, 1, 1, '196.203.182.13', 0, '', 0, '2019-09-27 16:43:00', '2019-09-27 16:43:00', NULL),
(18108, 1, 188, 'Roquefort', '', '0.00', NULL, 1, 1, '196.203.182.13', 0, '', 0, '2019-09-27 16:43:00', '2019-09-27 16:43:00', NULL),
(18109, 1, 188, 'Double-Fromage', '', '1.00', NULL, 1, 1, '196.203.182.13', 0, '', 0, '2019-09-27 16:43:00', '2019-09-27 16:43:00', NULL),
(18110, 1, 188, 'Gruyère', '', '0.00', NULL, 1, 1, '196.203.182.13', 0, '', 0, '2019-09-27 16:43:00', '2019-09-27 16:43:00', NULL),
(18111, 2, 188, 'Jambon', '', '0.00', NULL, 1, 1, '196.203.182.13', 0, '', 0, '2019-09-27 16:43:00', '2019-09-27 16:43:00', NULL),
(18112, 2, 188, 'Merguez', '', '0.00', NULL, 1, 1, '196.203.182.13', 0, '', 0, '2019-09-27 16:43:00', '2019-09-27 16:43:00', NULL),
(18113, 2, 188, 'Boeuf', '', '0.00', NULL, 1, 1, '196.203.182.13', 0, '', 0, '2019-09-27 16:43:00', '2019-09-27 16:43:00', NULL),
(18114, 2, 188, 'Viande hachée', '', '0.00', NULL, 1, 1, '196.203.182.13', 0, '', 0, '2019-09-27 16:43:00', '2019-09-27 16:43:00', NULL),
(18115, 2, 188, 'Salami', '', '0.00', NULL, 1, 1, '196.203.182.13', 0, '', 0, '2019-09-27 16:43:00', '2019-09-27 16:43:00', NULL),
(18116, 2, 188, 'Nuggets', '', '0.00', NULL, 1, 1, '196.203.182.13', 0, '', 0, '2019-09-27 16:43:00', '2019-09-27 16:43:00', NULL),
(18117, 2, 188, 'Lardons', '', '0.00', NULL, 1, 1, '196.203.182.13', 0, '', 0, '2019-09-27 16:43:00', '2019-09-27 16:43:00', NULL),
(18118, 2, 188, 'Poulet', '', '0.00', NULL, 1, 1, '196.203.182.13', 0, '', 0, '2019-09-27 16:43:00', '2019-09-27 16:43:00', NULL),
(18119, 2, 188, 'Blanc de poulet', '', '0.00', NULL, 1, 1, '196.203.182.13', 0, '', 0, '2019-09-27 16:43:00', '2019-09-27 16:43:00', NULL),
(18120, 2, 188, 'Kebab', '', '0.00', NULL, 1, 1, '196.203.182.13', 0, '', 0, '2019-09-27 16:43:00', '2019-09-27 16:43:00', NULL),
(18121, 2, 188, 'Tikka', '', '0.00', NULL, 1, 1, '196.203.182.13', 0, '', 0, '2019-09-27 16:43:00', '2019-09-27 16:43:00', NULL),
(18122, 2, 188, 'Dinde', '', '0.00', NULL, 1, 1, '196.203.182.13', 0, '', 0, '2019-09-27 16:43:00', '2019-09-27 16:43:00', NULL),
(18123, 2, 188, 'Steak', '', '0.00', NULL, 1, 1, '196.203.182.13', 0, '', 0, '2019-09-27 16:43:00', '2019-09-27 16:43:00', NULL),
(18124, 2, 188, 'Escalope', '', '0.00', NULL, 1, 1, '196.203.182.13', 0, '', 0, '2019-09-27 16:43:00', '2019-09-27 16:43:00', NULL),
(18125, 2, 188, 'Cordon Bleu', '', '0.00', NULL, 1, 1, '196.203.182.13', 0, '', 0, '2019-09-27 16:43:00', '2019-09-27 16:43:00', NULL),
(18126, 2, 188, 'Bacon', '', '0.00', NULL, 1, 1, '196.203.182.13', 0, '', 0, '2019-09-27 16:43:00', '2019-09-27 16:43:00', NULL),
(18127, 2, 188, 'Brochettes', '', '0.00', NULL, 1, 1, '196.203.182.13', 0, '', 0, '2019-09-27 16:43:00', '2019-09-27 16:43:00', NULL),
(18128, 2, 188, 'Tenders de poulet', '', '0.00', NULL, 1, 1, '196.203.182.13', 0, '', 0, '2019-09-27 16:43:00', '2019-09-27 16:43:00', NULL),
(18129, 2, 188, 'Chorizo', '', '0.00', NULL, 1, 1, '196.203.182.13', 0, '', 0, '2019-09-27 16:43:00', '2019-09-27 16:43:00', NULL),
(18130, 2, 188, 'Poulet Fumé', '', '0.00', NULL, 1, 1, '196.203.182.13', 0, '', 0, '2019-09-27 16:43:00', '2019-09-27 16:43:00', NULL),
(18131, 2, 188, 'Chicken Tandoori', '', '0.00', NULL, 1, 1, '196.203.182.13', 0, '', 0, '2019-09-27 16:43:00', '2019-09-27 16:43:00', NULL),
(18132, 2, 188, 'Oeuf', '', '0.00', NULL, 1, 1, '196.203.182.13', 0, '', 0, '2019-09-27 16:43:00', '2019-09-27 16:43:00', NULL),
(18133, 2, 188, 'Blanc de poulet frit ', '', '0.00', NULL, 1, 1, '196.203.182.13', 0, '', 0, '2019-09-27 16:43:00', '2019-09-27 16:43:00', NULL),
(18134, 2, 188, 'Poulet tikka', '', '0.00', NULL, 1, 1, '196.203.182.13', 0, '', 0, '2019-09-27 16:43:00', '2019-09-27 16:43:00', NULL),
(18135, 2, 188, 'Blanc de dinde ', '', '0.00', NULL, 1, 1, '196.203.182.13', 0, '', 0, '2019-09-27 16:43:00', '2019-09-27 16:43:00', NULL),
(18136, 2, 188, 'Poulet curry', '', '0.00', NULL, 1, 1, '196.203.182.13', 0, '', 0, '2019-09-27 16:43:00', '2019-09-27 16:43:00', NULL),
(18137, 2, 188, 'jambon de dinde', '', '0.00', NULL, 1, 1, '196.203.182.13', 0, '', 0, '2019-09-27 16:43:00', '2019-09-27 16:43:00', NULL),
(18138, 3, 188, 'Anchois', '', '0.00', NULL, 1, 1, '196.203.182.13', 0, '', 0, '2019-09-27 16:43:00', '2019-09-27 16:43:00', NULL),
(18139, 3, 188, 'Fruits de mer', '', '0.00', NULL, 1, 1, '196.203.182.13', 0, '', 0, '2019-09-27 16:43:00', '2019-09-27 16:43:00', NULL),
(18140, 3, 188, 'Saumon', '', '0.00', NULL, 1, 1, '196.203.182.13', 0, '', 0, '2019-09-27 16:43:00', '2019-09-27 16:43:00', NULL),
(18141, 3, 188, 'Saumon fumé', '', '0.00', NULL, 1, 1, '196.203.182.13', 0, '', 0, '2019-09-27 16:43:00', '2019-09-27 16:43:00', NULL),
(18142, 3, 188, 'Sardine', '', '0.00', NULL, 1, 1, '196.203.182.13', 0, '', 0, '2019-09-27 16:43:00', '2019-09-27 16:43:00', NULL),
(18143, 3, 188, 'Crevettes', '', '0.00', NULL, 1, 1, '196.203.182.13', 0, '', 0, '2019-09-27 16:43:00', '2019-09-27 16:43:00', NULL),
(18144, 3, 188, 'Surimi', '', '0.00', NULL, 1, 1, '196.203.182.13', 0, '', 0, '2019-09-27 16:43:00', '2019-09-27 16:43:00', NULL),
(18145, 3, 188, 'Thon', '', '0.00', NULL, 1, 1, '196.203.182.13', 0, '', 0, '2019-09-27 16:43:00', '2019-09-27 16:43:00', NULL),
(18146, 4, 188, 'Oignons', '', '0.00', NULL, 1, 1, '196.203.182.13', 0, '', 0, '2019-09-27 16:43:00', '2019-09-27 16:43:00', NULL),
(18147, 4, 188, 'Olives', '', '0.00', NULL, 1, 1, '196.203.182.13', 0, '', 0, '2019-09-27 16:43:00', '2019-09-27 16:43:00', NULL),
(18148, 4, 188, 'Poivrons', '', '0.00', NULL, 1, 1, '196.203.182.13', 0, '', 0, '2019-09-27 16:43:00', '2019-09-27 16:43:00', NULL),
(18149, 4, 188, 'Champignons', '', '0.00', NULL, 1, 1, '196.203.182.13', 0, '', 0, '2019-09-27 16:43:00', '2019-09-27 16:43:00', NULL),
(18150, 4, 188, 'Piment', '', '0.00', NULL, 1, 1, '196.203.182.13', 0, '', 0, '2019-09-27 16:43:00', '2019-09-27 16:43:00', NULL),
(18151, 4, 188, 'Artichauds', '', '0.00', NULL, 1, 1, '196.203.182.13', 0, '', 0, '2019-09-27 16:43:00', '2019-09-27 16:43:00', NULL),
(18152, 4, 188, 'Mais', '', '0.00', NULL, 1, 1, '196.203.182.13', 0, '', 0, '2019-09-27 16:43:00', '2019-09-27 16:43:00', NULL),
(18153, 4, 188, 'Pommes de Terre', '', '0.00', NULL, 1, 1, '196.203.182.13', 0, '', 0, '2019-09-27 16:43:00', '2019-09-27 16:43:00', NULL),
(18154, 4, 188, 'Oeuf', '', '0.00', NULL, 1, 1, '196.203.182.13', 0, '', 0, '2019-09-27 16:43:00', '2019-09-27 16:43:00', NULL),
(18155, 4, 188, 'Semoule', '', '0.00', NULL, 1, 1, '196.203.182.13', 0, '', 0, '2019-09-27 16:43:00', '2019-09-27 16:43:00', NULL),
(18156, 4, 188, 'Avocat', '', '0.00', NULL, 1, 1, '196.203.182.13', 0, '', 0, '2019-09-27 16:43:00', '2019-09-27 16:43:00', NULL),
(18157, 4, 188, 'Coleslaw', '', '0.00', NULL, 1, 1, '196.203.182.13', 0, '', 0, '2019-09-27 16:43:00', '2019-09-27 16:43:00', NULL),
(18158, 4, 188, 'Cornichons', '', '0.00', NULL, 1, 1, '196.203.182.13', 0, '', 0, '2019-09-27 16:43:00', '2019-09-27 16:43:00', NULL),
(18159, 4, 188, 'Tomate', '', '0.00', NULL, 1, 1, '196.203.182.13', 0, '', 0, '2019-09-27 16:43:00', '2019-09-27 16:43:00', NULL),
(18160, 4, 188, 'Galette de Pomme de Terre', '', '0.00', NULL, 1, 1, '196.203.182.13', 0, '', 0, '2019-09-27 16:43:00', '2019-09-27 16:43:00', NULL),
(18161, 4, 188, 'Pommes de terre', '', '0.00', NULL, 1, 1, '196.203.182.13', 0, '', 0, '2019-09-27 16:43:00', '2019-09-27 16:43:00', NULL),
(18162, 5, 188, 'Mangue', '', '0.00', NULL, 1, 1, '196.203.182.13', 0, '', 0, '2019-09-27 16:43:00', '2019-09-27 16:43:00', NULL),
(18163, 5, 188, 'Ananas', '', '0.00', NULL, 1, 1, '196.203.182.13', 0, '', 0, '2019-09-27 16:43:00', '2019-09-27 16:43:00', NULL),
(18164, 5, 188, 'Noix de Coco', '', '0.00', NULL, 1, 1, '196.203.182.13', 0, '', 0, '2019-09-27 16:43:00', '2019-09-27 16:43:00', NULL),
(18165, 5, 188, 'Banane', '', '0.00', NULL, 1, 1, '196.203.182.13', 0, '', 0, '2019-09-27 16:43:00', '2019-09-27 16:43:00', NULL),
(18166, 6, 188, 'Algérienne', '', '0.00', NULL, 1, 1, '196.203.182.13', 0, '', 0, '2019-09-27 16:43:00', '2019-09-27 16:43:00', NULL),
(18167, 6, 188, 'Curry', '', '0.00', NULL, 1, 1, '196.203.182.13', 0, '', 0, '2019-09-27 16:43:00', '2019-09-27 16:43:00', NULL),
(18168, 6, 188, 'Ketchup', '', '0.00', NULL, 1, 1, '196.203.182.13', 0, '', 0, '2019-09-27 16:43:00', '2019-09-27 16:43:00', NULL),
(18169, 6, 188, 'Biggy', '', '0.00', NULL, 1, 1, '196.203.182.13', 0, '', 0, '2019-09-27 16:43:00', '2019-09-27 16:43:00', NULL),
(18170, 6, 188, 'Thaï', '', '0.00', NULL, 1, 1, '196.203.182.13', 0, '', 0, '2019-09-27 16:43:00', '2019-09-27 16:43:00', NULL),
(18171, 6, 188, 'Fish-to-Fish', '', '0.00', NULL, 1, 1, '196.203.182.13', 0, '', 0, '2019-09-27 16:43:00', '2019-09-27 16:43:00', NULL),
(18172, 6, 188, 'Samouraï', '', '0.00', NULL, 1, 1, '196.203.182.13', 0, '', 0, '2019-09-27 16:43:00', '2019-09-27 16:43:00', NULL),
(18173, 6, 188, 'Blanche', '', '0.00', NULL, 1, 1, '196.203.182.13', 0, '', 0, '2019-09-27 16:43:00', '2019-09-27 16:43:00', NULL),
(18174, 6, 188, 'Poivre', '', '0.00', NULL, 1, 1, '196.203.182.13', 0, '', 0, '2019-09-27 16:43:00', '2019-09-27 16:43:00', NULL),
(18175, 6, 188, 'Harissa', '', '0.00', NULL, 1, 1, '196.203.182.13', 0, '', 0, '2019-09-27 16:43:00', '2019-09-27 16:43:00', NULL),
(18176, 6, 188, 'Cheezy  Easy', '', '0.00', NULL, 1, 1, '196.203.182.13', 0, '', 0, '2019-09-27 16:43:00', '2019-09-27 16:43:00', NULL),
(18177, 6, 188, 'Marocaine', '', '0.00', NULL, 1, 1, '196.203.182.13', 0, '', 0, '2019-09-27 16:43:00', '2019-09-27 16:43:00', NULL),
(18178, 6, 188, 'Chili Thaï', '', '0.00', NULL, 1, 1, '196.203.182.13', 0, '', 0, '2019-09-27 16:43:00', '2019-09-27 16:43:00', NULL),
(18179, 6, 188, 'Emmental', '', '0.00', NULL, 1, 1, '196.203.182.13', 0, '', 0, '2019-09-27 16:43:00', '2019-09-27 16:43:00', NULL),
(18180, 9, 188, 'Base Sauce Crème Fraiche', '', '0.00', NULL, 1, 1, '196.203.182.13', 0, '196.203.182.13', 225, '2019-09-27 16:43:00', '2019-09-27 17:14:58', NULL),
(18181, 9, 188, 'Base Sauce Barbecue', '', '0.00', NULL, 1, 1, '196.203.182.13', 0, '196.203.182.13', 225, '2019-09-27 16:43:00', '2019-09-27 17:15:03', NULL),
(18182, 9, 188, 'Base Sauce Indienne', '', '0.00', NULL, 1, 1, '196.203.182.13', 0, '196.203.182.13', 225, '2019-09-27 16:43:00', '2019-09-27 17:15:09', NULL),
(18183, 6, 188, 'Salsa', '', '0.00', NULL, 1, 1, '196.203.182.13', 0, '', 0, '2019-09-27 16:43:00', '2019-09-27 16:43:00', NULL),
(18184, 6, 188, 'Barbecue', '', '0.00', NULL, 1, 1, '196.203.182.13', 0, '', 0, '2019-09-27 16:43:00', '2019-09-27 16:43:00', NULL),
(18185, 6, 188, 'Indienne', '', '0.00', NULL, 1, 1, '196.203.182.13', 0, '', 0, '2019-09-27 16:43:00', '2019-09-27 16:43:00', NULL),
(18186, 6, 188, 'Mayonnaise', '', '0.00', NULL, 1, 1, '196.203.182.13', 0, '', 0, '2019-09-27 16:43:00', '2019-09-27 16:43:00', NULL),
(18187, 6, 188, 'Ketchup', '', '0.00', NULL, 1, 1, '196.203.182.13', 0, '', 0, '2019-09-27 16:43:00', '2019-09-27 16:43:00', NULL),
(18188, 6, 188, 'Andalouse', '', '0.00', NULL, 1, 1, '196.203.182.13', 0, '', 0, '2019-09-27 16:43:00', '2019-09-27 16:43:00', NULL),
(18189, 6, 188, 'Miel', '', '0.00', NULL, 1, 1, '196.203.182.13', 0, '', 0, '2019-09-27 16:43:00', '2019-09-27 16:43:00', NULL),
(18190, 6, 188, 'Sauce chili thai', '', '0.00', NULL, 1, 1, '196.203.182.13', 0, '', 0, '2019-09-27 16:43:00', '2019-09-27 16:43:00', NULL),
(18191, 7, 188, 'Persil', '', '0.00', NULL, 1, 1, '196.203.182.13', 0, '', 0, '2019-09-27 16:43:00', '2019-09-27 16:43:00', NULL),
(18192, 7, 188, 'Aneth', '', '0.00', NULL, 1, 1, '196.203.182.13', 0, '', 0, '2019-09-27 16:43:00', '2019-09-27 16:43:00', NULL),
(18193, 7, 188, 'Ciboulette', '', '0.00', NULL, 1, 1, '196.203.182.13', 0, '', 0, '2019-09-27 16:43:00', '2019-09-27 16:43:00', NULL),
(18194, 7, 188, 'Câpres', '', '0.00', NULL, 1, 1, '196.203.182.13', 0, '', 0, '2019-09-27 16:43:00', '2019-09-27 16:43:00', NULL),
(18195, 7, 188, 'Ail', '', '0.00', NULL, 1, 1, '196.203.182.13', 0, '', 0, '2019-09-27 16:43:00', '2019-09-27 16:43:00', NULL),
(18196, 8, 188, 'Pain Cheese Naan', '', '0.00', NULL, 1, 1, '196.203.182.13', 0, '', 0, '2019-09-27 16:43:00', '2019-09-27 16:43:00', NULL),
(18197, 8, 188, 'Pain Tortilla', '', '0.00', '', 1, 1, '196.203.182.13', 0, '', 0, '2019-09-27 16:45:59', '2019-09-27 16:45:59', NULL),
(18198, 8, 188, 'Pain Traditionnel', '', '0.00', '', 1, 1, '196.203.182.13', 0, '', 0, '2019-09-27 16:46:31', '2019-09-27 16:46:31', NULL),
(18199, 4, 188, 'Salade', '', '0.00', '', 1, 1, '196.203.182.13', 0, '', 0, '2019-10-01 10:15:57', '2019-10-01 10:15:57', NULL),
(18200, 2, 188, '2 Steaks 45g', '', '0.00', '', 1, 1, '196.203.182.13', 0, '196.203.182.13', 225, '2019-10-01 10:17:39', '2019-10-01 10:54:00', NULL),
(18201, 8, 188, 'Choix de pain en option/Possible en crêpe à 1€', '', '1.00', '', 1, 1, '196.203.182.13', 0, '', 0, '2019-10-01 10:19:23', '2019-10-01 10:19:23', NULL),
(18202, 1, 188, 'Crème Fraiche', '', '0.00', '', 1, 1, '196.203.182.13', 0, '', 0, '2019-10-01 10:20:15', '2019-10-01 10:20:15', NULL),
(18203, 2, 188, 'émincé de poulet mariné', '', '0.00', '', 1, 1, '196.203.182.13', 0, '', 0, '2019-10-01 10:21:42', '2019-10-01 10:21:42', NULL),
(18204, 8, 188, 'Crêpe (Supplément 1€)', '', '0.00', '', 1, 1, '196.203.182.13', 0, '', 0, '2019-10-01 10:32:18', '2019-10-01 10:32:18', NULL),
(18205, 2, 188, '2 Steaks 90g', '', '0.00', '', 1, 1, '196.203.182.13', 0, '', 0, '2019-10-01 10:49:47', '2019-10-01 10:49:47', NULL),
(18206, 2, 188, '2 Steaks 180g', '', '0.00', '', 1, 1, '196.203.182.13', 0, '', 0, '2019-10-01 10:49:58', '2019-10-01 10:49:58', NULL),
(18207, 2, 188, '1 Steak 45g', '', '0.00', '', 1, 1, '196.203.182.13', 0, '', 0, '2019-10-01 10:54:17', '2019-10-01 10:54:17', NULL),
(18208, 2, 188, '1 Steak 90g', '', '0.00', '', 1, 1, '196.203.182.13', 0, '', 0, '2019-10-01 10:54:31', '2019-10-01 10:54:31', NULL),
(18209, 2, 188, '1 Steak 180g', '', '0.00', '', 1, 1, '196.203.182.13', 0, '', 0, '2019-10-01 10:54:41', '2019-10-01 10:54:41', NULL),
(18210, 2, 188, '3 Steaks 45g', '', '0.00', '', 1, 1, '196.203.182.13', 0, '', 0, '2019-10-01 10:55:02', '2019-10-01 10:55:02', NULL),
(18211, 2, 188, '3 Steaks 90g', '', '0.00', '', 1, 1, '196.203.182.13', 0, '', 0, '2019-10-01 10:55:16', '2019-10-01 10:55:16', NULL),
(18212, 2, 188, '3 Steaks 180g', '', '0.00', '', 1, 1, '196.203.182.13', 0, '', 0, '2019-10-01 10:55:29', '2019-10-01 10:55:29', NULL),
(18213, 1, 188, 'vache qui rit', '', '0.00', '', 1, 1, '196.203.182.13', 0, '', 0, '2019-10-01 10:57:17', '2019-10-01 10:57:17', NULL),
(18214, 2, 188, 'émincé de kebab poulet ', '', '0.00', '', 1, 1, '196.203.182.13', 0, '', 0, '2019-10-01 11:49:00', '2019-10-01 11:49:00', NULL),
(18215, 2, 188, 'Pepperoni', '', '0.00', '', 1, 1, '196.203.182.13', 0, '', 0, '2019-10-01 12:46:33', '2019-10-01 12:46:33', NULL),
(18216, 13, 188, 'FRITES', '', '0.00', '', 1, 1, '196.203.182.13', 0, '', 0, '2019-10-01 13:24:06', '2019-10-01 13:24:06', NULL),
(18217, 13, 188, 'POTATOES', '', '0.00', '', 1, 1, '196.203.182.13', 0, '', 0, '2019-10-01 13:24:27', '2019-10-01 13:24:27', NULL),
(18218, 3, 189, 'Crevettes', '', '0.00', NULL, 1, 1, '105.155.255.102', 0, '', 0, '2019-10-01 15:22:14', '2019-10-01 15:22:14', NULL),
(18219, 5, 189, 'Avocat', '', '0.00', NULL, 1, 1, '105.155.255.102', 0, '105.155.255.102', 223, '2019-10-01 15:22:14', '2019-10-01 15:34:48', NULL),
(18220, 3, 189, 'Saumon Tataki ', '', '0.00', '', 1, 1, '105.155.255.102', 0, '', 0, '2019-10-01 15:22:33', '2019-10-01 15:22:33', NULL),
(18221, 1, 189, 'Cheese ', '', '0.00', '', 1, 1, '105.155.255.102', 0, '', 0, '2019-10-01 15:22:43', '2019-10-01 15:22:43', NULL),
(18222, 7, 189, 'Épices ', '', '0.00', '', 1, 1, '105.155.255.102', 0, '', 0, '2019-10-01 15:22:55', '2019-10-01 15:22:55', NULL),
(18223, 7, 189, 'Graines de sésame ', '', '0.00', '', 1, 1, '105.155.255.102', 0, '', 0, '2019-10-01 15:23:31', '2019-10-01 15:23:31', NULL),
(18224, 4, 189, 'Oignons frits ', '', '0.00', '', 1, 1, '105.155.255.102', 0, '', 0, '2019-10-01 15:23:43', '2019-10-01 15:23:43', NULL),
(18225, 4, 189, 'Concombre ', '', '0.00', '', 1, 1, '105.155.255.102', 0, '', 0, '2019-10-01 15:24:02', '2019-10-01 15:24:02', NULL),
(18226, 12, 189, 'Wasabi ', '', '0.00', '', 1, 1, '105.155.255.102', 0, '', 0, '2019-10-01 15:24:57', '2019-10-01 15:24:57', NULL),
(18227, 12, 189, 'Gingembre ', '', '0.00', '', 1, 1, '105.155.255.102', 0, '', 0, '2019-10-01 15:25:16', '2019-10-01 15:25:16', NULL),
(18228, 6, 189, 'Sauce Soja Sucrée ', '', '0.00', '', 1, 1, '105.155.255.102', 0, '105.155.255.102', 223, '2019-10-01 15:25:34', '2019-10-01 15:36:01', NULL),
(18229, 6, 189, 'Sauce soja salée ', '', '0.00', '', 1, 1, '105.155.255.102', 0, '', 0, '2019-10-01 15:25:52', '2019-10-01 15:25:52', NULL),
(18230, 22, 189, 'Riz Vinaigre ', '', '0.00', '', 1, 1, '105.155.255.102', 0, '', 0, '2019-10-01 15:31:05', '2019-10-01 15:31:05', NULL),
(18231, 22, 189, 'Salade De Choux ', '', '0.00', '', 1, 1, '105.155.255.102', 0, '', 0, '2019-10-01 15:32:00', '2019-10-01 15:32:00', NULL),
(18232, 22, 189, 'Quinoa ', '', '0.00', '', 1, 1, '105.155.255.102', 0, '', 0, '2019-10-01 15:32:14', '2019-10-01 15:32:14', NULL),
(18233, 3, 189, 'Saumon ', '', '0.00', '', 1, 1, '105.155.255.102', 0, '', 0, '2019-10-01 15:32:25', '2019-10-01 15:32:25', NULL),
(18234, 3, 189, 'Thon ', '', '0.00', '', 1, 1, '105.155.255.102', 0, '', 0, '2019-10-01 15:32:33', '2019-10-01 15:32:33', NULL),
(18235, 3, 189, 'Dorade ', '', '0.00', '', 1, 1, '105.155.255.102', 0, '', 0, '2019-10-01 15:32:47', '2019-10-01 15:32:47', NULL),
(18236, 3, 189, 'Crevettes Tempura ', '', '0.00', '', 1, 1, '105.155.255.102', 0, '', 0, '2019-10-01 15:33:00', '2019-10-01 15:33:00', NULL),
(18237, 3, 189, 'Gyoza ', '', '0.00', '', 1, 1, '105.155.255.102', 0, '', 0, '2019-10-01 15:33:13', '2019-10-01 15:33:13', NULL),
(18238, 2, 189, 'Poulet ', '', '0.00', '', 1, 1, '105.155.255.102', 0, '', 0, '2019-10-01 15:33:20', '2019-10-01 15:33:20', NULL),
(18239, 4, 189, 'Carottes ', '', '0.00', '', 1, 1, '105.155.255.102', 0, '', 0, '2019-10-01 15:33:35', '2019-10-01 15:33:35', NULL),
(18240, 4, 189, 'Choux ', '', '0.00', '', 1, 1, '105.155.255.102', 0, '', 0, '2019-10-01 15:33:42', '2019-10-01 15:33:42', NULL),
(18241, 4, 189, 'Courgette ', '', '0.00', '', 1, 1, '105.155.255.102', 0, '', 0, '2019-10-01 15:33:56', '2019-10-01 15:33:56', NULL),
(18242, 4, 189, 'Endamame', '', '0.00', '', 1, 1, '105.155.255.102', 0, '', 0, '2019-10-01 15:34:11', '2019-10-01 15:34:11', NULL),
(18243, 4, 189, 'Salade Algues ', '', '0.00', '', 1, 1, '105.155.255.102', 0, '', 0, '2019-10-01 15:34:25', '2019-10-01 15:34:25', NULL),
(18244, 5, 189, 'Mangues ', '', '0.00', '', 1, 1, '105.155.255.102', 0, '', 0, '2019-10-01 15:34:32', '2019-10-01 15:34:32', NULL),
(18246, 6, 189, 'Sauce Spicy Mayo  ', '', '0.00', '', 1, 1, '105.155.255.102', 0, '', 0, '2019-10-01 15:37:24', '2019-10-01 15:37:24', NULL),
(18247, 6, 189, 'Sauce Balsamique ', '', '0.00', '', 1, 1, '105.155.255.102', 0, '', 0, '2019-10-01 15:38:02', '2019-10-01 15:38:02', NULL),
(18248, 3, 189, 'Masago ', '', '0.00', '', 1, 1, '105.155.255.102', 0, '', 0, '2019-10-02 11:12:30', '2019-10-02 11:12:30', NULL),
(18249, 6, 189, 'Sauce Spicy ', '', '0.00', '', 1, 1, '105.155.255.102', 0, '', 0, '2019-10-02 11:12:40', '2019-10-02 11:12:40', NULL),
(18250, 3, 189, 'Crevettes panées ', '', '0.00', '', 1, 1, '105.155.255.102', 0, '', 0, '2019-10-02 11:25:04', '2019-10-02 11:25:04', NULL),
(18251, 3, 189, 'Concombre enroulé de saumon fumé ', '', '0.00', '', 1, 1, '105.155.255.102', 0, '', 0, '2019-10-02 11:28:42', '2019-10-02 11:28:42', NULL),
(18252, 19, 189, 'Oeuf de saumon ', '', '0.00', '', 1, 1, '105.155.255.102', 0, '', 0, '2019-10-02 11:28:52', '2019-10-02 11:28:52', NULL),
(18253, 2, 189, 'Fois gras ', '', '0.00', '', 1, 1, '105.155.255.102', 0, '', 0, '2019-10-02 11:29:26', '2019-10-02 11:29:26', NULL),
(18254, 4, 189, 'Figues ', '', '0.00', '', 1, 1, '105.155.255.102', 0, '', 0, '2019-10-02 11:29:42', '2019-10-02 11:29:42', NULL),
(18255, 4, 189, 'Noisettes ', '', '0.00', '', 1, 1, '105.155.255.102', 0, '', 0, '2019-10-02 11:30:02', '2019-10-02 11:30:02', NULL),
(18256, 4, 189, 'Menthe ', '', '0.00', '', 1, 1, '105.155.255.102', 0, '', 0, '2019-10-02 13:39:25', '2019-10-02 13:39:25', NULL),
(18257, 13, 189, 'Riz Nature ', '', '0.00', '', 1, 1, '105.155.255.102', 0, '', 0, '2019-10-02 13:49:39', '2019-10-02 13:49:39', NULL),
(18258, 13, 189, 'Salade de choux ', '', '0.00', '', 1, 1, '105.155.255.102', 0, '105.155.255.102', 223, '2019-10-02 13:50:44', '2019-10-02 14:02:25', NULL),
(18259, 13, 189, 'Soupe Miso ', '', '0.00', '', 1, 1, '105.155.255.102', 0, '', 0, '2019-10-02 13:51:01', '2019-10-02 13:51:01', NULL),
(18260, 13, 189, '1 ACCOMPAGNEMENT AU CHOIX ', '', '0.00', '', 1, 1, '105.155.255.102', 0, '', 0, '2019-10-02 14:06:20', '2019-10-02 14:06:20', NULL),
(18261, 13, 189, '2 ACCOMPAGNEMENTS AU CHOIX ', '', '0.00', '', 1, 1, '105.155.255.102', 0, '', 0, '2019-10-02 14:06:32', '2019-10-02 14:06:32', NULL),
(18262, 13, 189, '2 Riz nature ', '', '0.00', '', 1, 1, '105.155.255.102', 0, '', 0, '2019-10-02 14:07:41', '2019-10-02 14:07:41', NULL),
(18263, 13, 189, '2 Salades De Choux ', '', '0.00', '', 1, 1, '105.155.255.102', 0, '', 0, '2019-10-02 14:07:54', '2019-10-02 14:07:54', NULL),
(18264, 13, 189, '2 Soupes Miso ', '', '0.00', '', 1, 1, '105.155.255.102', 0, '', 0, '2019-10-02 14:08:11', '2019-10-02 14:08:11', NULL),
(18445, 3, 189, 'Dés de Saumon', '', '0.00', '', 1, 1, '105.155.255.102', 0, '', 0, '2019-10-03 15:00:55', '2019-10-03 15:00:55', NULL),
(18446, 4, 189, 'Avocat à la mayo ', '', '0.00', '', 1, 1, '105.155.255.102', 0, '', 0, '2019-10-03 15:01:07', '2019-10-03 15:01:07', NULL),
(18447, 7, 189, 'Aneth', '', '0.00', '', 1, 1, '105.155.255.102', 0, '', 0, '2019-10-03 15:01:20', '2019-10-03 15:01:20', NULL),
(18448, 4, 189, 'Citron vert ', '', '0.00', '', 1, 1, '105.155.255.102', 0, '', 0, '2019-10-03 15:01:36', '2019-10-03 15:01:36', NULL),
(18449, 7, 189, 'Coriandre ', '', '0.00', '', 1, 1, '105.155.255.102', 0, '', 0, '2019-10-03 15:01:55', '2019-10-03 15:01:55', NULL),
(18450, 5, 189, 'Poireau ', '', '0.00', '', 1, 1, '105.155.255.102', 0, '', 0, '2019-10-03 15:02:10', '2019-10-03 15:02:10', NULL),
(18451, 6, 189, 'Sauce citron ', '', '0.00', '', 1, 1, '105.155.255.102', 0, '', 0, '2019-10-03 15:02:21', '2019-10-03 15:02:21', NULL),
(18452, 9, 189, '1 BASE AU CHOIX + I VIANDE OU POISSON AU CHOIX + 1 ACCOMPAGNEMENT+ 1 SAUCE + 1 COMPLÉMENT    ', '', '0.00', '', 1, 1, '105.155.255.102', 0, '', 0, '2019-10-04 09:36:18', '2019-10-04 09:36:18', NULL),
(18453, 9, 189, '1 BASE AU CHOIX  ( riz vinaigre / salade de choux / quinoa )', '', '0.00', '', 1, 1, '105.155.255.102', 0, '', 0, '2019-10-04 09:42:51', '2019-10-04 09:42:51', NULL),
(18454, 9, 189, 'I VIANDE OU POISSON AU CHOIX ( saumon / thon / dorade / tempura / gyoza / poulet )', '', '0.00', '', 1, 1, '105.155.255.102', 0, '', 0, '2019-10-04 09:43:12', '2019-10-04 09:43:12', NULL),
(18455, 9, 189, '1 ACCOMPAGNEMENT(concombre /carotte /choux /courgette / endamame /salade algue/ Mangue / avocat ', '', '0.00', '', 1, 1, '105.155.255.102', 0, '', 0, '2019-10-04 09:45:21', '2019-10-04 09:45:21', NULL),
(18456, 9, 189, '1 SAUCE ( sauce spicy mayo /sauce soja sucrée / sauce soja salée /sauce piquante /sauce balsamique )', '', '0.00', '', 1, 1, '105.155.255.102', 0, '', 0, '2019-10-04 09:46:12', '2019-10-04 09:46:12', NULL),
(18457, 9, 189, '1 COMPLÉMENT( oignons frits / graines de sésame )', '', '0.00', '', 1, 1, '105.155.255.102', 0, '', 0, '2019-10-04 09:46:27', '2019-10-04 09:46:27', NULL),
(18458, 5, 189, 'Mangue disponible en supplément à 1 € ', '', '0.00', '', 1, 1, '105.155.255.102', 0, '', 0, '2019-10-04 09:49:30', '2019-10-04 09:49:30', NULL),
(18459, 5, 189, 'Avocat disponible en supplément à 1 € ', '', '0.00', '', 1, 1, '105.155.255.102', 0, '', 0, '2019-10-04 09:49:42', '2019-10-04 09:49:42', NULL),
(18460, 6, 189, 'Sauce Piquante ', '', '0.00', '', 1, 1, '105.155.255.102', 0, '', 0, '2019-10-04 09:54:50', '2019-10-04 09:54:50', NULL),
(18461, 2, 190, 'Viande kebab ', '', '0.00', NULL, 1, 1, '105.155.255.102', 0, '105.155.255.102', 223, '2019-10-04 15:40:59', '2019-10-07 10:05:53', NULL),
(18462, 2, 190, 'Steak', '', '0.00', NULL, 1, 1, '105.155.255.102', 0, '', 0, '2019-10-04 15:40:59', '2019-10-04 15:40:59', NULL),
(18463, 2, 190, 'Escalope', '', '0.00', NULL, 1, 1, '105.155.255.102', 0, '', 0, '2019-10-04 15:40:59', '2019-10-04 15:40:59', NULL),
(18464, 2, 190, 'Cordon Bleu', '', '0.00', NULL, 1, 1, '105.155.255.102', 0, '', 0, '2019-10-04 15:40:59', '2019-10-04 15:40:59', NULL),
(18465, 1, 190, 'Mozzarella', '', '0.00', NULL, 1, 1, '105.155.255.102', 0, '', 0, '2019-10-04 16:14:58', '2019-10-04 16:14:58', NULL),
(18466, 1, 190, 'Chèvre', '', '0.00', NULL, 1, 1, '105.155.255.102', 0, '', 0, '2019-10-04 16:14:58', '2019-10-04 16:14:58', NULL),
(18467, 1, 190, 'Cheddar', '', '0.00', NULL, 1, 1, '105.155.255.102', 0, '', 0, '2019-10-04 16:14:58', '2019-10-04 16:14:58', NULL),
(18468, 1, 190, 'Boursin', '', '0.00', NULL, 1, 1, '105.155.255.102', 0, '', 0, '2019-10-04 16:14:58', '2019-10-04 16:14:58', NULL),
(18470, 2, 190, 'Merguez', '', '0.00', NULL, 1, 1, '105.155.255.102', 0, '', 0, '2019-10-04 16:14:58', '2019-10-04 16:14:58', NULL),
(18471, 2, 190, 'Nuggets', '', '0.00', NULL, 1, 1, '105.155.255.102', 0, '', 0, '2019-10-04 16:14:58', '2019-10-04 16:14:58', NULL),
(18472, 2, 190, 'Tenders de poulet', '', '0.00', NULL, 1, 1, '105.155.255.102', 0, '', 0, '2019-10-04 16:14:58', '2019-10-04 16:14:58', NULL),
(18473, 19, 190, 'Oeuf', '', '0.00', NULL, 1, 1, '105.155.255.102', 0, '105.155.255.102', 223, '2019-10-04 16:14:58', '2019-10-08 15:21:17', NULL),
(18474, 6, 190, 'Sauce fromagère ', '', '0.00', '', 1, 1, '105.155.255.102', 0, '', 0, '2019-10-04 16:15:41', '2019-10-04 16:15:41', NULL),
(18475, 2, 190, 'Chorizo', '', '0.00', NULL, 1, 1, '105.155.255.102', 0, '', 0, '2019-10-04 16:17:14', '2019-10-04 16:17:14', NULL),
(18476, 4, 190, 'Champignons', '', '0.00', NULL, 1, 1, '105.155.255.102', 0, '', 0, '2019-10-04 16:17:14', '2019-10-04 16:17:14', NULL),
(18477, 4, 190, 'Tomate Cerise', '', '0.00', NULL, 1, 1, '105.155.255.102', 0, '', 0, '2019-10-04 16:17:14', '2019-10-04 16:17:14', NULL),
(18478, 4, 190, 'Cornichons', '', '0.00', NULL, 1, 1, '105.155.255.102', 0, '', 0, '2019-10-04 16:17:14', '2019-10-04 16:17:14', NULL),
(18479, 4, 190, 'Pommes de terre', '', '0.00', NULL, 1, 1, '105.155.255.102', 0, '', 0, '2019-10-04 16:17:14', '2019-10-04 16:17:14', NULL),
(18481, 7, 190, 'Persillade ', '', '0.00', '', 1, 1, '105.155.255.102', 0, '', 0, '2019-10-04 16:20:03', '2019-10-04 16:20:03', NULL),
(18482, 4, 190, 'Citron ', '', '0.00', '', 1, 1, '105.155.255.102', 0, '', 0, '2019-10-04 16:20:20', '2019-10-04 16:20:20', NULL),
(18483, 1, 190, 'Bleu', '', '0.00', NULL, 1, 1, '105.155.255.102', 0, '', 0, '2019-10-04 16:21:55', '2019-10-04 16:21:55', NULL),
(18484, 1, 190, 'Reblochon', '', '0.00', NULL, 1, 1, '105.155.255.102', 0, '', 0, '2019-10-04 16:21:55', '2019-10-04 16:21:55', NULL),
(18485, 1, 190, 'Brie', '', '0.00', NULL, 1, 1, '105.155.255.102', 0, '', 0, '2019-10-04 16:21:55', '2019-10-04 16:21:55', NULL),
(18486, 2, 190, 'Lardons', '', '0.00', NULL, 1, 1, '105.155.255.102', 0, '', 0, '2019-10-04 16:21:55', '2019-10-04 16:21:55', NULL),
(18487, 3, 190, 'Anchois', '', '0.00', NULL, 1, 1, '105.155.255.102', 0, '', 0, '2019-10-04 16:21:55', '2019-10-04 16:21:55', NULL),
(18488, 3, 190, 'Cocktail Fruits de mer', '', '0.00', NULL, 1, 1, '105.155.255.102', 0, '105.155.255.102', 223, '2019-10-04 16:21:55', '2019-10-07 09:39:37', NULL),
(18489, 6, 190, 'Base Sauce Tomate', '', '0.00', NULL, 1, 1, '105.155.255.102', 0, '', 0, '2019-10-04 16:22:12', '2019-10-04 16:22:12', NULL),
(18490, 6, 190, 'Base Sauce Crème Fraiche', '', '0.00', NULL, 1, 1, '105.155.255.102', 0, '', 0, '2019-10-04 16:22:12', '2019-10-04 16:22:12', NULL),
(18491, 6, 190, 'Base Sauce Barbecue', '', '0.00', NULL, 1, 1, '105.155.255.102', 0, '', 0, '2019-10-04 16:22:12', '2019-10-04 16:22:12', NULL),
(18492, 6, 190, 'Crème fraîche ', '', '0.00', '', 1, 1, '105.155.255.102', 0, '', 0, '2019-10-04 16:26:21', '2019-10-04 16:26:21', NULL),
(18493, 4, 190, 'Artichauts ', '', '0.00', NULL, 1, 1, '105.155.255.102', 0, '105.155.255.102', 223, '2019-10-04 16:28:10', '2019-10-07 09:39:09', NULL),
(18494, 2, 190, 'Poitrine Fumée ', '', '0.00', '', 1, 1, '105.155.255.102', 0, '', 0, '2019-10-04 16:28:20', '2019-10-04 16:28:20', NULL),
(18495, 8, 190, 'Pain Maison', '', '0.00', NULL, 1, 1, '105.155.255.102', 0, '', 0, '2019-10-04 16:46:15', '2019-10-04 16:46:15', NULL),
(18496, 8, 190, 'Pain Cheese Naan', '', '0.00', NULL, 1, 1, '105.155.255.102', 0, '', 0, '2019-10-04 16:46:15', '2019-10-04 16:46:15', NULL),
(18497, 8, 190, 'Pain tortilla ', '', '0.00', '', 1, 1, '105.155.255.102', 0, '', 0, '2019-10-04 16:46:27', '2019-10-04 16:46:27', NULL),
(18498, 6, 190, 'Sauce biggy ', '', '0.00', '', 1, 1, '105.155.255.102', 0, '', 0, '2019-10-04 16:47:49', '2019-10-04 16:47:49', NULL),
(18499, 3, 190, 'Thon', '', '0.00', NULL, 1, 1, '105.155.255.102', 0, '', 0, '2019-10-07 09:37:38', '2019-10-07 09:37:38', NULL),
(18500, 4, 190, 'Olives', '', '0.00', NULL, 1, 1, '105.155.255.102', 0, '', 0, '2019-10-07 09:37:38', '2019-10-07 09:37:38', NULL),
(18501, 4, 190, 'Poivrons', '', '0.00', NULL, 1, 1, '105.155.255.102', 0, '', 0, '2019-10-07 09:37:38', '2019-10-07 09:37:38', NULL),
(18502, 4, 190, 'Mais', '', '0.00', NULL, 1, 1, '105.155.255.102', 0, '', 0, '2019-10-07 09:37:38', '2019-10-07 09:37:38', NULL),
(18503, 5, 190, 'Ananas', '', '0.00', NULL, 1, 1, '105.155.255.102', 0, '', 0, '2019-10-07 09:37:38', '2019-10-07 09:37:38', NULL),
(18504, 4, 190, 'Oignons ', '', '0.00', '', 1, 1, '105.155.255.102', 0, '', 0, '2019-10-07 09:38:00', '2019-10-07 09:38:00', NULL),
(18505, 7, 190, 'Câpre ', '', '0.00', '', 1, 1, '105.155.255.102', 0, '', 0, '2019-10-07 09:38:14', '2019-10-07 09:38:14', NULL),
(18506, 4, 190, 'Tomate fraîche', '', '0.00', '', 1, 1, '105.155.255.102', 0, '105.155.255.102', 223, '2019-10-07 09:40:08', '2019-10-07 10:02:45', NULL),
(18507, 3, 190, 'Saumon', '', '0.00', '', 1, 1, '105.155.255.102', 0, '', 0, '2019-10-07 09:40:44', '2019-10-07 09:40:44', NULL),
(18508, 1, 190, 'Fromage à raclette ', '', '0.00', '', 1, 1, '105.155.255.102', 0, '', 0, '2019-10-07 09:41:53', '2019-10-07 09:41:53', NULL),
(18509, 2, 190, 'Jambon ', '', '0.00', '', 1, 1, '105.155.255.102', 0, '', 0, '2019-10-07 09:42:28', '2019-10-07 09:42:28', NULL),
(18510, 2, 190, 'Viande hachée ', '', '0.00', '', 1, 1, '105.155.255.102', 0, '', 0, '2019-10-07 09:44:24', '2019-10-07 09:44:24', NULL),
(18511, 2, 190, 'Poulet ', '', '0.00', '', 1, 1, '105.155.255.102', 0, '', 0, '2019-10-07 09:49:00', '2019-10-07 09:49:00', NULL),
(18513, 7, 190, 'Persil ', '', '0.00', '', 1, 1, '105.155.255.102', 0, '', 0, '2019-10-07 10:11:00', '2019-10-07 10:11:00', NULL),
(18514, 6, 190, 'Miel ', '', '0.00', '', 1, 1, '105.155.255.102', 0, '', 0, '2019-10-07 10:13:22', '2019-10-07 10:13:22', NULL),
(18515, 1, 190, 'Emmental ', '', '0.00', '', 1, 1, '105.155.255.102', 0, '', 0, '2019-10-07 10:31:08', '2019-10-07 10:31:08', NULL),
(18516, 1, 190, 'Chèvre chaud ', '', '0.00', '', 1, 1, '105.155.255.102', 0, '', 0, '2019-10-07 10:31:20', '2019-10-07 10:31:20', NULL),
(18517, 8, 190, 'Croûtons ', '', '0.00', '', 1, 1, '105.155.255.102', 0, '', 0, '2019-10-07 10:31:30', '2019-10-07 10:31:30', NULL),
(18518, 7, 190, 'Basilic ', '', '0.00', '', 1, 1, '105.155.255.102', 0, '', 0, '2019-10-07 10:31:51', '2019-10-07 10:31:51', NULL),
(18519, 4, 190, 'Salade', '', '0.00', '', 1, 1, '105.155.255.102', 0, '', 0, '2019-10-07 10:35:48', '2019-10-07 10:35:48', NULL),
(18520, 22, 190, 'Tagliatelle ', '', '0.00', '', 1, 1, '105.155.255.102', 0, '', 0, '2019-10-07 10:41:23', '2019-10-07 10:41:23', NULL),
(18521, 22, 190, 'Penne', '', '0.00', '', 1, 1, '105.155.255.102', 0, '', 0, '2019-10-07 10:41:39', '2019-10-07 10:41:39', NULL),
(18522, 22, 190, 'Choix de pâtes disponible en options ( Penne ou Tagliatelle )', '', '0.00', '', 1, 1, '105.155.255.102', 0, '105.155.255.102', 223, '2019-10-07 10:44:06', '2019-10-09 09:36:04', NULL),
(18523, 4, 190, 'Tomate', '', '0.00', '', 1, 1, '105.155.255.102', 0, '', 0, '2019-10-07 11:25:09', '2019-10-07 11:25:09', NULL),
(18524, 2, 190, 'Poulet curry', '', '0.00', '', 1, 1, '105.155.255.102', 0, '', 0, '2019-10-07 11:26:54', '2019-10-07 11:26:54', NULL),
(18525, 2, 190, 'Poulet paprika ', '', '0.00', '', 1, 1, '105.155.255.102', 0, '', 0, '2019-10-07 11:27:01', '2019-10-07 11:27:01', NULL),
(18526, 9, 190, 'Poulet au choix ', '', '0.00', '', 1, 1, '105.155.255.102', 0, '', 0, '2019-10-07 11:27:56', '2019-10-07 11:27:56', NULL),
(18527, 2, 190, '3 Steaks 45 gr ', '', '0.00', '', 1, 1, '105.155.255.102', 0, '105.155.255.102', 223, '2019-10-07 15:48:00', '2019-10-07 16:30:41', NULL),
(18528, 2, 190, '2 Steaks 45 gr ', '', '0.00', '', 1, 1, '105.155.255.102', 0, '', 0, '2019-10-07 15:49:37', '2019-10-07 15:49:37', NULL),
(18529, 4, 190, 'Galette de pomme de terre ', '', '0.00', '', 1, 1, '105.155.255.102', 0, '', 0, '2019-10-07 15:54:02', '2019-10-07 15:54:02', NULL),
(18530, 9, 190, '2 Viandes au choix ', '', '0.00', '', 1, 1, '105.155.255.102', 0, '', 0, '2019-10-07 15:55:56', '2019-10-07 15:55:56', NULL),
(18531, 2, 190, '2 Tenders ', '', '0.00', '', 1, 1, '105.155.255.102', 0, '', 0, '2019-10-07 16:08:28', '2019-10-07 16:08:28', NULL),
(18532, 2, 190, 'Chicken chikka ', '', '0.00', '', 1, 1, '105.155.255.102', 0, '', 0, '2019-10-07 16:10:23', '2019-10-07 16:10:23', NULL),
(18533, 2, 190, 'Kefta ', '', '0.00', '', 1, 1, '105.155.255.102', 0, '', 0, '2019-10-07 16:12:44', '2019-10-07 16:12:44', NULL),
(18534, 2, 190, 'Steak 180 gr ', '', '0.00', '', 1, 1, '105.155.255.102', 0, '', 0, '2019-10-07 16:17:52', '2019-10-07 16:17:52', NULL),
(18535, 2, 190, '2 Steaks ', '', '0.00', '', 1, 1, '105.155.255.102', 0, '', 0, '2019-10-07 16:18:00', '2019-10-07 16:18:00', NULL),
(18536, 2, 190, '3 Steak', '', '0.00', '', 1, 1, '105.155.255.102', 0, '', 0, '2019-10-07 16:18:35', '2019-10-07 16:18:35', NULL),
(18537, 3, 190, 'Poisson pané', '', '0.00', '', 1, 1, '105.155.255.102', 0, '', 0, '2019-10-07 16:21:38', '2019-10-07 16:21:38', NULL),
(18538, 2, 190, 'Poulet Pané ', '', '0.00', '', 1, 1, '105.155.255.102', 0, '', 0, '2019-10-07 16:24:30', '2019-10-07 16:24:30', NULL),
(18539, 1, 190, '2 Cheddar ', '', '0.00', '', 1, 1, '105.155.255.102', 0, '', 0, '2019-10-07 16:27:07', '2019-10-07 16:27:07', NULL),
(18540, 1, 190, 'Fromage ', '', '0.00', '', 1, 1, '105.155.255.102', 0, '', 0, '2019-10-08 14:54:20', '2019-10-08 14:54:20', NULL),
(18541, 4, 190, 'Frites ', '', '0.00', '', 1, 1, '105.155.255.102', 0, '', 0, '2019-10-08 14:57:11', '2019-10-08 14:57:11', NULL),
(18542, 9, 190, '3 Viandes au choix', '', '0.00', '', 1, 1, '105.155.255.102', 0, '', 0, '2019-10-08 15:15:15', '2019-10-08 15:15:15', NULL),
(18543, 9, 190, '1 Viande au choix', '', '0.00', '', 1, 1, '105.155.255.102', 0, '', 0, '2019-10-08 15:15:25', '2019-10-08 15:15:25', NULL),
(18544, 6, 190, 'Sauce algérienne ', '', '0.00', '', 1, 1, '105.155.255.102', 0, '', 0, '2019-10-08 15:16:00', '2019-10-08 15:16:00', NULL),
(18545, 6, 190, 'Sauce mayonnaise ', '', '0.00', '', 1, 1, '105.155.255.102', 0, '', 0, '2019-10-08 15:16:12', '2019-10-08 15:16:12', NULL),
(18546, 6, 190, 'Sauce ketchup', '', '0.00', '', 1, 1, '105.155.255.102', 0, '', 0, '2019-10-08 15:16:22', '2019-10-08 15:16:22', NULL),
(18547, 6, 190, 'Sauce barbecue ', '', '0.00', '', 1, 1, '105.155.255.102', 0, '', 0, '2019-10-08 15:16:38', '2019-10-08 15:16:38', NULL),
(18548, 6, 190, 'Sauce harissa', '', '0.00', '', 1, 1, '105.155.255.102', 0, '', 0, '2019-10-08 15:16:45', '2019-10-08 15:16:45', NULL),
(18549, 6, 190, 'Sauce poivre ', '', '0.00', '', 1, 1, '105.155.255.102', 0, '', 0, '2019-10-08 15:16:56', '2019-10-08 15:16:56', NULL),
(18550, 6, 190, 'Sauce blanche ', '', '0.00', '', 1, 1, '105.155.255.102', 0, '', 0, '2019-10-08 15:17:03', '2019-10-08 15:17:03', NULL),
(18551, 6, 190, 'Sauce samouraï ', '', '0.00', '', 1, 1, '105.155.255.102', 0, '', 0, '2019-10-08 15:17:16', '2019-10-08 15:17:16', NULL),
(18552, 2, 190, 'Bacon', '', '0.00', '', 1, 1, '105.155.255.102', 0, '', 0, '2019-10-08 15:20:27', '2019-10-08 15:20:27', NULL),
(18553, 9, 190, '2 Pièces mozza sticks + calamars fritti + chicken wings +Potatoes ', '', '0.00', '', 1, 1, '105.155.255.102', 0, '105.155.255.102', 223, '2019-10-08 15:56:06', '2019-10-08 15:57:22', NULL),
(18554, 1, 191, 'Mozzarella', '', '0.00', NULL, 1, 1, '105.155.255.102', 0, '', 0, '2019-12-04 18:00:21', '2019-12-04 18:00:21', NULL),
(18555, 1, 191, 'Chèvre', '', '0.00', NULL, 1, 1, '105.155.255.102', 0, '', 0, '2019-12-04 18:00:21', '2019-12-04 18:00:21', NULL),
(18556, 1, 191, 'Bleu', '', '0.00', NULL, 1, 1, '105.155.255.102', 0, '', 0, '2019-12-04 18:00:21', '2019-12-04 18:00:21', NULL),
(18557, 1, 191, 'Boursin', '', '0.00', NULL, 1, 1, '105.155.255.102', 0, '', 0, '2019-12-04 18:00:21', '2019-12-04 18:00:21', NULL),
(18558, 2, 191, 'Merguez', '', '0.00', NULL, 1, 1, '105.155.255.102', 0, '', 0, '2019-12-04 18:00:21', '2019-12-04 18:00:21', NULL),
(18559, 2, 191, 'Viande hachée', '', '0.00', NULL, 1, 1, '105.155.255.102', 0, '', 0, '2019-12-04 18:00:21', '2019-12-04 18:00:21', NULL),
(18560, 2, 191, 'Poulet', '', '0.00', NULL, 1, 1, '105.155.255.102', 0, '', 0, '2019-12-04 18:00:21', '2019-12-04 18:00:21', NULL),
(18561, 4, 191, 'Pommes de Terre', '', '0.00', NULL, 1, 1, '105.155.255.102', 0, '', 0, '2019-12-04 18:00:21', '2019-12-04 18:00:21', NULL),
(18562, 4, 191, 'Oeuf', '', '0.00', NULL, 1, 1, '105.155.255.102', 0, '', 0, '2019-12-04 18:00:21', '2019-12-04 18:00:21', NULL),
(18563, 6, 191, 'Base Sauce Tomate', '', '0.00', NULL, 1, 1, '105.155.255.102', 0, '', 0, '2019-12-04 18:00:21', '2019-12-04 18:00:21', NULL),
(18564, 6, 191, 'Base Sauce Crème Fraiche', '', '0.00', NULL, 1, 1, '105.155.255.102', 0, '', 0, '2019-12-04 18:00:21', '2019-12-04 18:00:21', NULL),
(18565, 6, 191, 'Base Sauce Barbecue', '', '0.00', NULL, 1, 1, '105.155.255.102', 0, '', 0, '2019-12-04 18:00:21', '2019-12-04 18:00:21', NULL),
(18566, 2, 191, 'Jambon de dinde ', '', '0.00', NULL, 1, 1, '105.155.255.102', 0, '105.155.255.102', 223, '2019-12-04 18:02:02', '2019-12-04 18:21:05', NULL),
(18567, 2, 191, 'Kebab', '', '0.00', NULL, 1, 1, '105.155.255.102', 0, '', 0, '2019-12-04 18:02:02', '2019-12-04 18:02:02', NULL),
(18568, 6, 191, 'Oignons', '', '0.00', NULL, 1, 1, '105.155.255.102', 0, '105.155.255.102', 223, '2019-12-04 18:02:02', '2019-12-09 15:52:23', NULL),
(18569, 6, 191, 'Olives', '', '0.00', NULL, 1, 1, '105.155.255.102', 0, '105.155.255.102', 223, '2019-12-04 18:02:02', '2019-12-09 15:52:17', NULL),
(18570, 4, 191, 'Poivrons', '', '0.00', NULL, 1, 1, '105.155.255.102', 0, '', 0, '2019-12-04 18:02:02', '2019-12-04 18:02:02', NULL),
(18571, 4, 191, 'Champignons', '', '0.00', NULL, 1, 1, '105.155.255.102', 0, '', 0, '2019-12-04 18:02:02', '2019-12-04 18:02:02', NULL),
(18572, 4, 191, 'Artichauts', '', '0.00', NULL, 1, 1, '105.155.255.102', 0, '105.155.255.102', 223, '2019-12-04 18:02:02', '2019-12-04 18:06:28', NULL),
(18573, 4, 191, 'Tomate fraîche', '', '0.00', NULL, 1, 1, '105.155.255.102', 0, '105.155.255.102', 223, '2019-12-04 18:02:02', '2019-12-04 18:02:21', NULL),
(18574, 3, 191, 'Crevettes ', '', '0.00', '', 1, 1, '105.155.255.102', 0, '', 0, '2019-12-04 18:04:19', '2019-12-04 18:04:19', NULL),
(18575, 3, 191, 'Moules ', '', '0.00', '', 1, 1, '105.155.255.102', 0, '', 0, '2019-12-04 18:04:29', '2019-12-04 18:04:29', NULL),
(18576, 7, 191, 'Ail ', '', '0.00', '', 1, 1, '105.155.255.102', 0, '', 0, '2019-12-04 18:05:08', '2019-12-04 18:05:08', NULL),
(18577, 7, 191, 'Persil ', '', '0.00', '', 1, 1, '105.155.255.102', 0, '', 0, '2019-12-04 18:05:17', '2019-12-04 18:05:17', NULL),
(18578, 4, 191, 'Aubergines ', '', '0.00', '', 1, 1, '105.155.255.102', 0, '', 0, '2019-12-04 18:05:45', '2019-12-04 18:05:45', NULL),
(18579, 4, 191, 'Artichauts marinés ', '', '0.00', '', 1, 1, '105.155.255.102', 0, '', 0, '2019-12-04 18:06:22', '2019-12-04 18:06:22', NULL),
(18580, 4, 191, 'Lardon ', '', '0.00', '', 1, 1, '105.155.255.102', 0, '', 0, '2019-12-04 18:07:57', '2019-12-04 18:07:57', NULL),
(18581, 2, 191, 'Chorizo ', '', '0.00', '', 1, 1, '105.155.255.102', 0, '', 0, '2019-12-04 18:08:21', '2019-12-04 18:08:21', NULL),
(18582, 4, 191, 'Tomates séchées', '', '0.00', '', 1, 1, '105.155.255.102', 0, '', 0, '2019-12-04 18:09:17', '2019-12-04 18:09:17', NULL),
(18583, 7, 191, 'Câpres ', '', '0.00', '', 1, 1, '105.155.255.102', 0, '', 0, '2019-12-04 18:09:54', '2019-12-04 18:09:54', NULL),
(18584, 3, 191, 'Calamar', '', '0.00', '', 1, 1, '105.155.255.102', 0, '', 0, '2019-12-04 18:11:48', '2019-12-04 18:11:48', NULL),
(18585, 3, 191, 'Thon', '', '0.00', '', 1, 1, '105.155.255.102', 0, '', 0, '2019-12-04 18:12:27', '2019-12-04 18:12:27', NULL),
(18586, 1, 191, 'Mozzarella ', '', '0.00', '', 1, 1, '105.155.255.102', 0, '', 0, '2019-12-04 18:13:03', '2019-12-04 18:13:03', NULL),
(18587, 1, 191, 'Cheddar ', '', '0.00', '', 1, 1, '105.155.255.102', 0, '', 0, '2019-12-04 18:13:18', '2019-12-04 18:13:18', NULL),
(18588, 2, 191, 'Bacon ', '', '0.00', '', 1, 1, '105.155.255.102', 0, '', 0, '2019-12-04 18:13:54', '2019-12-04 18:13:54', NULL),
(18589, 2, 191, 'Pepperoni ', '', '0.00', '', 1, 1, '105.155.255.102', 0, '', 0, '2019-12-04 18:15:50', '2019-12-04 18:15:50', NULL),
(18590, 6, 191, 'Miel ', '', '0.00', '', 1, 1, '105.155.255.102', 0, '', 0, '2019-12-04 18:16:49', '2019-12-04 18:16:49', NULL),
(18591, 1, 191, 'Reblochon ', '', '0.00', '', 1, 1, '105.155.255.102', 0, '', 0, '2019-12-04 18:19:36', '2019-12-04 18:19:36', NULL),
(18592, 1, 191, 'Roquefort ', '', '0.00', '', 1, 1, '105.155.255.102', 0, '', 0, '2019-12-04 18:19:51', '2019-12-04 18:19:51', NULL),
(18593, 4, 191, 'Citron', '', '0.00', '', 1, 1, '105.155.255.102', 0, '', 0, '2019-12-04 18:20:28', '2019-12-04 18:20:28', NULL),
(18594, 6, 191, 'Crème fraîche ', '', '0.00', '', 1, 1, '105.155.255.102', 0, '', 0, '2019-12-04 18:21:44', '2019-12-04 18:21:44', NULL),
(18595, 3, 191, 'Saumon fumé ', '', '0.00', '', 1, 1, '105.155.255.102', 0, '', 0, '2019-12-04 18:22:08', '2019-12-04 18:22:08', NULL),
(18596, 1, 191, 'Assortiment de 4 fromages ', '', '0.00', '', 1, 1, '105.155.255.102', 0, '', 0, '2019-12-04 18:26:25', '2019-12-04 18:26:25', NULL),
(18597, 6, 191, 'Sauce tomate ', '', '0.00', '', 1, 1, '105.155.255.102', 0, '', 0, '2019-12-04 18:26:54', '2019-12-04 18:26:54', NULL),
(18598, 23, 191, 'Tagliatelles ', '', '0.00', '', 1, 1, '105.155.255.102', 0, '', 0, '2019-12-04 18:28:29', '2019-12-04 18:28:29', NULL),
(18599, 23, 191, 'Pennes ', '', '0.00', '', 1, 1, '105.155.255.102', 0, '', 0, '2019-12-04 18:28:44', '2019-12-04 18:28:44', NULL),
(18600, 4, 191, 'Haricot vert ', '', '0.00', '', 1, 1, '105.155.255.102', 0, '', 0, '2019-12-04 18:29:19', '2019-12-04 18:29:19', NULL),
(18601, 4, 191, 'Potatoes ', '', '0.00', '', 1, 1, '105.155.255.102', 0, '', 0, '2019-12-04 18:29:34', '2019-12-04 18:29:34', NULL),
(18602, 4, 191, 'Salade verte ', '', '0.00', '', 1, 1, '105.155.255.102', 0, '', 0, '2019-12-04 18:29:48', '2019-12-04 18:29:48', NULL),
(18603, 4, 191, 'Frites ', '', '0.00', '', 1, 1, '105.155.255.102', 0, '', 0, '2019-12-04 18:30:05', '2019-12-04 18:30:05', NULL),
(18604, 3, 191, 'Anchois ', '', '0.00', '', 1, 1, '105.155.255.102', 0, '', 0, '2019-12-05 13:21:35', '2019-12-05 13:21:35', NULL),
(18605, 1, 191, 'Gorgonzola ', '', '0.00', '', 1, 1, '105.155.255.102', 0, '', 0, '2019-12-05 13:25:01', '2019-12-05 13:25:01', NULL),
(18606, 6, 191, 'Sauce curry ', '', '0.00', '', 1, 1, '105.155.255.102', 0, '', 0, '2019-12-05 15:58:14', '2019-12-05 15:58:14', NULL),
(18607, 2, 191, 'Tenders', '', '0.00', '', 1, 1, '105.155.255.102', 0, '', 0, '2019-12-05 16:08:12', '2019-12-05 16:08:12', NULL),
(18608, 1, 191, 'Raclette', '', '0.00', '', 1, 1, '105.155.255.102', 0, '', 0, '2019-12-05 16:09:15', '2019-12-05 16:09:15', NULL),
(18609, 1, 191, 'Brie ', '', '0.00', '', 1, 1, '105.155.255.102', 0, '', 0, '2019-12-05 17:27:08', '2019-12-05 17:27:08', NULL),
(18610, 9, 191, 'pain offert', '', '0.00', '', 1, 1, '105.155.255.102', 0, '', 0, '2019-12-05 17:30:27', '2019-12-05 17:30:27', NULL),
(18611, 9, 191, 'Sauce vinaigrette en sachet ', '', '0.00', '', 1, 1, '105.155.255.102', 0, '', 0, '2019-12-05 17:30:53', '2019-12-05 17:30:53', NULL),
(18612, 4, 191, 'Maiis ', '', '0.00', '', 1, 1, '105.155.255.102', 0, '', 0, '2019-12-05 17:31:47', '2019-12-05 17:31:47', NULL),
(18613, 2, 191, 'Poulet tikka', '', '0.00', '', 1, 1, '105.155.255.102', 0, '', 0, '2019-12-05 17:31:58', '2019-12-05 17:31:58', NULL),
(18614, 4, 191, 'Concombre ', '', '0.00', '', 1, 1, '105.155.255.102', 0, '', 0, '2019-12-05 17:32:45', '2019-12-05 17:32:45', NULL),
(18615, 8, 191, 'Croûtons grillés ', '', '0.00', '', 1, 1, '105.155.255.102', 0, '', 0, '2019-12-05 17:33:01', '2019-12-05 17:33:01', NULL),
(18616, 4, 191, 'Avocat ', '', '0.00', '', 1, 1, '105.155.255.102', 0, '', 0, '2019-12-05 17:33:36', '2019-12-05 17:33:36', NULL),
(18617, 1, 191, 'Emmental ', '', '0.00', '', 1, 1, '105.155.255.102', 0, '', 0, '2019-12-05 17:33:52', '2019-12-05 17:33:52', NULL),
(18618, 4, 191, 'Salade', '', '0.00', '', 1, 1, '105.155.255.102', 0, '', 0, '2019-12-05 17:39:10', '2019-12-05 17:39:10', NULL),
(18619, 4, 191, 'Tomates ', '', '0.00', '', 1, 1, '105.155.255.102', 0, '', 0, '2019-12-05 17:39:21', '2019-12-05 17:39:21', NULL),
(18620, 6, 191, 'Sauce vinaigrette ', '', '0.00', '', 1, 1, '105.155.255.102', 0, '', 0, '2019-12-05 17:50:34', '2019-12-05 17:50:34', NULL),
(18621, 6, 191, 'Sauce mayonnaise ', '', '0.00', '', 1, 1, '105.155.255.102', 0, '', 0, '2019-12-05 17:54:29', '2019-12-05 17:54:29', NULL),
(18622, 9, 191, 'Crème fraîche à la demande du client ', '', '0.00', '', 1, 1, '105.155.255.102', 0, '', 0, '2019-12-05 17:57:34', '2019-12-05 17:57:34', NULL),
(18623, 6, 191, 'Sauce béchamel ', '', '0.00', '', 1, 1, '105.155.255.102', 0, '', 0, '2019-12-05 18:06:13', '2019-12-05 18:06:13', NULL),
(18624, 1, 191, 'Fromage gratiné ', '', '0.00', '', 1, 1, '105.155.255.102', 0, '', 0, '2019-12-05 18:06:29', '2019-12-05 18:06:29', NULL),
(18625, 9, 191, 'Choix de pâtes disponible en option ', '', '0.00', '', 1, 1, '105.155.255.102', 0, '', 0, '2019-12-06 10:52:13', '2019-12-06 10:52:13', NULL),
(18626, 2, 191, 'Viande haché cuisinée à la tomate ', '', '0.00', '', 1, 1, '105.155.255.102', 0, '', 0, '2019-12-06 11:11:26', '2019-12-06 11:11:26', NULL),
(18627, 2, 191, 'Escalope pané ', '', '0.00', '', 1, 1, '105.155.255.102', 0, '', 0, '2019-12-06 11:13:35', '2019-12-06 11:13:35', NULL),
(18628, 9, 191, 'CHOIX D\'ACCOMPAGNEMENT DISPONIBLE EN OPTION ', '', '0.00', '', 1, 1, '105.155.255.102', 0, '', 0, '2019-12-06 11:19:56', '2019-12-06 11:19:56', NULL),
(18629, 1, 191, 'Provolone ', '', '0.00', '', 1, 1, '105.155.255.102', 0, '', 0, '2019-12-06 11:23:36', '2019-12-06 11:23:36', NULL),
(18630, 6, 191, 'Sauce Barbecue', '', '0.00', '', 1, 1, '105.155.255.102', 0, '', 0, '2019-12-06 11:30:24', '2019-12-06 11:30:24', NULL),
(18631, 9, 191, '2 chicken wings ', '', '0.00', '', 1, 1, '105.155.255.102', 0, '', 0, '2019-12-06 11:44:02', '2019-12-06 11:44:02', NULL),
(18632, 9, 191, '2 nuggets', '', '0.00', '', 1, 1, '105.155.255.102', 0, '', 0, '2019-12-06 11:44:15', '2019-12-06 11:44:15', NULL),
(18633, 9, 191, '2 calamar fritti', '', '0.00', '', 1, 1, '105.155.255.102', 0, '', 0, '2019-12-06 11:44:28', '2019-12-06 11:44:28', NULL),
(18634, 9, 191, '2 onion rings', '', '0.00', '', 1, 1, '105.155.255.102', 0, '', 0, '2019-12-06 11:44:42', '2019-12-06 11:44:42', NULL),
(18635, 9, 191, '2 mozza sticks ', '', '0.00', '', 1, 1, '105.155.255.102', 0, '', 0, '2019-12-06 11:44:50', '2019-12-06 11:44:50', NULL),
(18636, 9, 191, '1 viande au choix + 1 légume au choix ', '', '0.00', '', 1, 1, '105.155.255.102', 0, '', 0, '2019-12-06 11:52:56', '2019-12-06 11:52:56', NULL),
(18637, 8, 191, 'Pain pizza cuit au four ', '', '0.00', '', 1, 1, '105.155.255.102', 0, '', 0, '2019-12-06 11:53:22', '2019-12-06 11:53:22', NULL),
(18638, 2, 191, 'Grec', '', '0.00', '', 1, 1, '105.155.255.102', 0, '', 0, '2019-12-06 11:55:40', '2019-12-06 11:55:40', NULL),
(18639, 9, 191, '1 viande au choix', '', '0.00', '', 1, 1, '105.155.255.102', 0, '', 0, '2019-12-06 11:57:18', '2019-12-06 11:57:18', NULL);
INSERT INTO `ingredient` (`id`, `ingredient_category_id`, `card_id`, `name`, `description`, `price`, `avatar`, `available`, `active_site`, `created_ip`, `created_user`, `updated_ip`, `updated_user`, `created_at`, `updated_at`, `id_origine`) VALUES
(18640, 6, 191, 'Base au choix ', '', '0.00', '', 1, 1, '105.155.255.102', 0, '105.155.255.102', 223, '2019-12-06 12:35:18', '2019-12-10 17:03:53', NULL),
(18641, 6, 191, 'Sauce ketchup ', '', '0.00', '', 1, 1, '105.155.255.102', 0, '', 0, '2019-12-06 12:39:33', '2019-12-06 12:39:33', NULL),
(18642, 2, 191, '2 steaks ', '', '0.00', '', 1, 1, '105.155.255.102', 0, '', 0, '2019-12-06 12:58:32', '2019-12-06 12:58:32', NULL),
(18643, 1, 191, 'Double fromage ', '', '0.00', '', 1, 1, '105.155.255.102', 0, '', 0, '2019-12-06 12:59:59', '2019-12-06 12:59:59', NULL),
(18644, 6, 191, 'Sauce samouraï ', '', '0.00', '', 1, 1, '105.155.255.102', 0, '', 0, '2019-12-10 15:37:12', '2019-12-10 15:37:12', NULL),
(18645, 6, 191, 'Sauce biggy ', '', '0.00', '', 1, 1, '105.155.255.102', 0, '', 0, '2019-12-10 15:37:20', '2019-12-10 15:37:20', NULL),
(18646, 6, 191, 'Sauce blanche ', '', '0.00', '', 1, 1, '105.155.255.102', 0, '', 0, '2019-12-10 15:37:35', '2019-12-10 15:37:35', NULL),
(18647, 6, 191, 'Sauce harissa ', '', '0.00', '', 1, 1, '105.155.255.102', 0, '', 0, '2019-12-10 15:38:12', '2019-12-10 15:38:12', NULL),
(18648, 6, 191, 'Sauce algérienne ', '', '0.00', '', 1, 1, '105.155.255.102', 0, '', 0, '2019-12-10 15:38:35', '2019-12-10 15:38:35', NULL),
(18649, 8, 191, 'Pain bun\'s ', '', '0.00', '', 1, 1, '105.155.255.102', 0, '', 0, '2019-12-10 16:11:09', '2019-12-10 16:11:09', NULL),
(18650, 9, 191, 'Mozza stick', '', '0.00', '', 1, 1, '105.155.255.102', 0, '', 0, '2019-12-10 16:23:35', '2019-12-10 16:23:35', NULL),
(18651, 1, 194, 'Mozzarella', '', '0.00', NULL, 1, 1, '105.155.255.102', 0, '', 0, '2019-12-11 15:38:33', '2019-12-11 15:38:33', NULL),
(18652, 1, 194, 'Chèvre', '', '0.00', NULL, 1, 1, '105.155.255.102', 0, '', 0, '2019-12-11 15:38:33', '2019-12-11 15:38:33', NULL),
(18653, 1, 194, 'Bleu', '', '0.00', NULL, 1, 1, '105.155.255.102', 0, '', 0, '2019-12-11 15:38:33', '2019-12-11 15:38:33', NULL),
(18654, 1, 194, 'Boursin', '', '0.00', NULL, 1, 1, '105.155.255.102', 0, '', 0, '2019-12-11 15:38:33', '2019-12-11 15:38:33', NULL),
(18655, 1, 194, 'Brie', '', '0.00', NULL, 1, 1, '105.155.255.102', 0, '', 0, '2019-12-11 15:38:33', '2019-12-11 15:38:33', NULL),
(18656, 2, 194, 'Jambon', '', '0.00', NULL, 1, 1, '105.155.255.102', 0, '', 0, '2019-12-11 15:38:33', '2019-12-11 15:38:33', NULL),
(18657, 2, 194, 'Merguez', '', '0.00', NULL, 1, 1, '105.155.255.102', 0, '', 0, '2019-12-11 15:38:33', '2019-12-11 15:38:33', NULL),
(18658, 2, 194, 'Viande hachée', '', '0.00', NULL, 1, 1, '105.155.255.102', 0, '', 0, '2019-12-11 15:38:33', '2019-12-11 15:38:33', NULL),
(18659, 2, 194, 'Lardons', '', '0.00', NULL, 1, 1, '105.155.255.102', 0, '', 0, '2019-12-11 15:38:33', '2019-12-11 15:38:33', NULL),
(18660, 2, 194, 'Poulet', '', '0.00', NULL, 1, 1, '105.155.255.102', 0, '', 0, '2019-12-11 15:38:33', '2019-12-11 15:38:33', NULL),
(18661, 2, 194, 'Kebab', '', '0.00', NULL, 1, 1, '105.155.255.102', 0, '', 0, '2019-12-11 15:38:33', '2019-12-11 15:38:33', NULL),
(18662, 2, 194, 'Escalope', '', '0.00', NULL, 1, 1, '105.155.255.102', 0, '', 0, '2019-12-11 15:38:33', '2019-12-11 15:38:33', NULL),
(18663, 2, 194, 'Cordon Bleu', '', '0.00', NULL, 1, 1, '105.155.255.102', 0, '', 0, '2019-12-11 15:38:33', '2019-12-11 15:38:33', NULL),
(18664, 2, 194, 'Oeuf', '', '0.00', NULL, 1, 1, '105.155.255.102', 0, '', 0, '2019-12-11 15:38:33', '2019-12-11 15:38:33', NULL),
(18665, 3, 194, 'Anchois', '', '0.00', NULL, 1, 1, '105.155.255.102', 0, '', 0, '2019-12-11 15:38:33', '2019-12-11 15:38:33', NULL),
(18666, 3, 194, 'Saumon fumé', '', '0.00', NULL, 1, 1, '105.155.255.102', 0, '', 0, '2019-12-11 15:38:33', '2019-12-11 15:38:33', NULL),
(18667, 3, 194, 'Thon', '', '0.00', NULL, 1, 1, '105.155.255.102', 0, '', 0, '2019-12-11 15:38:33', '2019-12-11 15:38:33', NULL),
(18668, 4, 194, 'Olives', '', '0.00', NULL, 1, 1, '105.155.255.102', 0, '', 0, '2019-12-11 15:38:33', '2019-12-11 15:38:33', NULL),
(18669, 4, 194, 'Poivrons', '', '0.00', NULL, 1, 1, '105.155.255.102', 0, '', 0, '2019-12-11 15:38:33', '2019-12-11 15:38:33', NULL),
(18670, 4, 194, 'Champignons', '', '0.00', NULL, 1, 1, '105.155.255.102', 0, '', 0, '2019-12-11 15:38:33', '2019-12-11 15:38:33', NULL),
(18671, 4, 194, 'Pommes de Terre', '', '0.00', NULL, 1, 1, '105.155.255.102', 0, '', 0, '2019-12-11 15:38:33', '2019-12-11 15:38:33', NULL),
(18672, 5, 194, 'Ananas', '', '0.00', NULL, 1, 1, '105.155.255.102', 0, '', 0, '2019-12-11 15:38:33', '2019-12-11 15:38:33', NULL),
(18673, 6, 194, 'Base Sauce Tomate', '', '0.00', NULL, 1, 1, '105.155.255.102', 0, '', 0, '2019-12-11 15:38:33', '2019-12-11 15:38:33', NULL),
(18674, 6, 194, 'Base Sauce Crème Fraiche', '', '0.00', NULL, 1, 1, '105.155.255.102', 0, '', 0, '2019-12-11 15:38:33', '2019-12-11 15:38:33', NULL),
(18675, 6, 194, 'Base Sauce Barbecue', '', '0.00', NULL, 1, 1, '105.155.255.102', 0, '', 0, '2019-12-11 15:38:33', '2019-12-11 15:38:33', NULL),
(18676, 6, 194, 'Miel', '', '0.00', NULL, 1, 1, '105.155.255.102', 0, '', 0, '2019-12-11 15:38:33', '2019-12-11 15:38:33', NULL),
(18677, 7, 194, 'Origan', '', '0.00', NULL, 1, 1, '105.155.255.102', 0, '', 0, '2019-12-11 15:38:33', '2019-12-11 15:38:33', NULL),
(18678, 7, 194, 'Câpres', '', '0.00', NULL, 1, 1, '105.155.255.102', 0, '', 0, '2019-12-11 15:38:33', '2019-12-11 15:38:33', NULL),
(18679, 2, 194, 'Chorizo', '', '0.00', NULL, 1, 1, '105.155.255.102', 0, '', 0, '2019-12-11 15:39:09', '2019-12-11 15:39:09', NULL),
(18680, 2, 194, 'Boeuf haché ', '', '0.00', '', 1, 1, '105.155.255.102', 0, '', 0, '2019-12-11 15:39:30', '2019-12-11 15:39:30', NULL),
(18681, 6, 194, 'Sauce curry ', '', '0.00', '', 1, 1, '105.155.255.102', 0, '', 0, '2019-12-11 15:39:44', '2019-12-11 15:39:44', NULL),
(18682, 1, 194, 'Copeaux de parmesan ', '', '0.00', '', 1, 1, '105.155.255.102', 0, '', 0, '2019-12-11 15:40:01', '2019-12-11 15:40:01', NULL),
(18683, 3, 194, 'Cocktail de fruits de mer ', '', '0.00', '', 1, 1, '105.155.255.102', 0, '', 0, '2019-12-11 15:40:25', '2019-12-11 15:40:25', NULL),
(18684, 4, 194, 'Piment vert ', '', '0.00', '', 1, 1, '105.155.255.102', 0, '', 0, '2019-12-11 15:40:40', '2019-12-11 15:40:40', NULL),
(18685, 4, 194, 'Aubergines', '', '0.00', NULL, 1, 1, '105.155.255.102', 0, '', 0, '2019-12-11 15:40:55', '2019-12-11 15:40:55', NULL),
(18686, 4, 194, 'Courgettes ', '', '0.00', '', 1, 1, '105.155.255.102', 0, '', 0, '2019-12-11 15:41:05', '2019-12-11 15:41:05', NULL),
(18687, 4, 194, 'Olives pimentés ', '', '0.00', '', 1, 1, '105.155.255.102', 0, '', 0, '2019-12-11 15:41:37', '2019-12-11 15:41:37', NULL),
(18688, 4, 194, 'Tomates cerises ', '', '0.00', '', 1, 1, '105.155.255.102', 0, '', 0, '2019-12-11 15:42:26', '2019-12-11 15:42:26', NULL),
(18689, 4, 194, 'Roquette ', '', '0.00', '', 1, 1, '105.155.255.102', 0, '', 0, '2019-12-11 15:42:53', '2019-12-11 15:42:53', NULL),
(18690, 3, 194, 'Noix de saint-jacques', '', '0.00', '', 1, 1, '105.155.255.102', 0, '105.155.255.102', 223, '2019-12-11 15:43:37', '2019-12-11 15:43:46', NULL),
(18691, 7, 194, 'Persillade ', '', '0.00', '', 1, 1, '105.155.255.102', 0, '', 0, '2019-12-11 15:44:03', '2019-12-11 15:44:03', NULL),
(18692, 2, 194, 'Bacon', '', '0.00', '', 1, 1, '105.155.255.102', 0, '', 0, '2019-12-11 15:46:03', '2019-12-11 15:46:03', NULL),
(18693, 4, 194, 'Oignons ', '', '0.00', '', 1, 1, '105.155.255.102', 0, '', 0, '2019-12-11 16:01:42', '2019-12-11 16:01:42', NULL),
(18694, 7, 194, 'Ail', '', '0.00', '', 1, 1, '105.155.255.102', 0, '', 0, '2019-12-11 16:08:51', '2019-12-11 16:08:51', NULL),
(18695, 4, 194, 'Artichaut ', '', '0.00', '', 1, 1, '105.155.255.102', 0, '', 0, '2019-12-11 16:14:10', '2019-12-11 16:14:10', NULL),
(18696, 1, 194, 'Raclette ', '', '0.00', '', 1, 1, '105.155.255.102', 0, '', 0, '2019-12-11 16:16:19', '2019-12-11 16:16:19', NULL),
(18697, 1, 194, 'Reblochon ', '', '0.00', '', 1, 1, '105.155.255.102', 0, '', 0, '2019-12-11 16:23:06', '2019-12-11 16:23:06', NULL),
(18698, 1, 194, 'Gorgonzola ', '', '0.00', '', 1, 1, '105.155.255.102', 0, '', 0, '2019-12-11 16:23:25', '2019-12-11 16:23:25', NULL),
(18699, 6, 194, 'Sauce harissa ', '', '0.00', '', 1, 1, '105.155.255.102', 0, '', 0, '2019-12-11 16:39:32', '2019-12-11 16:39:32', NULL),
(18700, 1, 194, 'Provolone ', '', '0.00', '', 1, 1, '105.155.255.102', 0, '', 0, '2019-12-11 17:29:58', '2019-12-11 17:29:58', NULL),
(18701, 7, 194, 'Basilic ', '', '0.00', '', 1, 1, '105.155.255.102', 0, '', 0, '2019-12-11 17:30:15', '2019-12-11 17:30:15', NULL),
(18702, 1, 194, 'Mozzarella di buffala ', '', '0.00', '', 1, 1, '105.155.255.102', 0, '', 0, '2019-12-11 17:30:42', '2019-12-11 17:30:42', NULL),
(18703, 1, 194, 'Parmesan ', '', '0.00', '', 1, 1, '105.155.255.102', 0, '', 0, '2019-12-11 17:50:16', '2019-12-11 17:50:16', NULL),
(18704, 1, 194, 'Tranches de chèvre ', '', '0.00', '', 1, 1, '105.155.255.102', 0, '', 0, '2019-12-11 18:04:55', '2019-12-11 18:04:55', NULL),
(18705, 6, 194, 'Miel de fleur ', '', '0.00', '', 1, 1, '105.155.255.102', 0, '', 0, '2019-12-11 18:05:14', '2019-12-11 18:05:14', NULL),
(18706, 4, 194, 'Citron ', '', '0.00', '', 1, 1, '105.155.255.102', 0, '', 0, '2019-12-11 18:07:28', '2019-12-11 18:07:28', NULL),
(18707, 1, 194, 'Roquefort ', '', '0.00', '', 1, 1, '105.155.255.102', 0, '', 0, '2019-12-11 18:10:18', '2019-12-11 18:10:18', NULL),
(18708, 6, 189, 'Sauce salée ', '', '0.00', '', 1, 1, '105.155.255.102', 0, '', 0, '2019-12-12 12:40:23', '2019-12-12 12:40:23', NULL),
(18709, 6, 189, 'Sauce sucrée ', '', '0.00', '', 1, 1, '105.155.255.102', 0, '', 0, '2019-12-12 12:40:35', '2019-12-12 12:40:35', NULL),
(18710, 6, 189, 'wasabi ', '', '0.00', '', 1, 1, '105.155.255.102', 0, '', 0, '2019-12-12 12:40:55', '2019-12-12 12:40:55', NULL),
(18711, 6, 189, 'Gingembre ', '', '0.00', '', 1, 1, '105.155.255.102', 0, '', 0, '2019-12-12 12:41:05', '2019-12-12 12:41:05', NULL),
(18712, 6, 189, 'Sauce salée', '', '0.00', '', 1, 1, '105.155.255.102', 0, '', 0, '2019-12-12 12:43:42', '2019-12-12 12:43:42', NULL),
(18713, 6, 189, 'Sauce sucrée ', '', '0.00', '', 1, 1, '105.155.255.102', 0, '', 0, '2019-12-12 12:44:01', '2019-12-12 12:44:01', NULL),
(18714, 6, 189, 'wasabi', '', '0.00', '', 1, 1, '105.155.255.102', 0, '', 0, '2019-12-12 12:44:09', '2019-12-12 12:44:09', NULL),
(18715, 6, 189, 'Gingembre ', '', '0.00', '', 1, 1, '105.155.255.102', 0, '', 0, '2019-12-12 12:44:18', '2019-12-12 12:44:18', NULL),
(18716, 4, 189, 'Salade', '', '0.00', '', 1, 1, '105.155.255.102', 0, '', 0, '2019-12-12 12:48:27', '2019-12-12 12:48:27', NULL),
(18717, 2, 189, 'Boeuf ', '', '0.00', '', 1, 1, '105.155.255.102', 0, '', 0, '2019-12-12 12:50:14', '2019-12-12 12:50:14', NULL),
(18718, 2, 189, 'Tenders de poulet légèrement épicés ', '', '0.00', '', 1, 1, '105.155.255.102', 0, '', 0, '2019-12-12 12:51:28', '2019-12-12 12:51:28', NULL),
(18719, 9, 189, 'Sans fromage', '', '0.00', '', 1, 1, '105.155.255.102', 0, '', 0, '2019-12-12 12:56:12', '2019-12-12 12:56:12', NULL),
(18720, 9, 189, 'Sans épices', '', '0.00', '', 1, 1, '105.155.255.102', 0, '', 0, '2019-12-12 12:56:21', '2019-12-12 12:56:21', NULL),
(18721, 9, 189, 'LE CLIENT PEUT DEMANDER SANS FROMAGE ET SANS EPICE (PAPRIKA )', '', '0.00', '', 1, 1, '105.155.255.102', 0, '', 0, '2019-12-12 12:57:07', '2019-12-12 12:57:07', NULL),
(18722, 1, 194, 'Emmental ', '', '0.00', '', 1, 1, '105.155.255.102', 0, '', 0, '2019-12-12 15:48:49', '2019-12-12 15:48:49', NULL),
(18723, 3, 194, 'Crevettes ', '', '0.00', '', 1, 1, '105.155.255.102', 0, '', 0, '2019-12-12 15:52:51', '2019-12-12 15:52:51', NULL),
(18724, 4, 194, 'Maiis ', '', '0.00', '', 1, 1, '105.155.255.102', 0, '', 0, '2019-12-12 15:53:19', '2019-12-12 15:53:19', NULL),
(18725, 4, 194, 'Avocat ', '', '0.00', '', 1, 1, '105.155.255.102', 0, '', 0, '2019-12-12 15:55:02', '2019-12-12 15:55:02', NULL),
(18726, 2, 194, 'Lardons chauds ', '', '0.00', '', 1, 1, '105.155.255.102', 0, '', 0, '2019-12-12 15:55:25', '2019-12-12 15:55:25', NULL),
(18727, 8, 194, 'Croûtons ', '', '0.00', '', 1, 1, '105.155.255.102', 0, '', 0, '2019-12-12 15:55:44', '2019-12-12 15:55:44', NULL),
(18728, 6, 194, 'Sauce cocktail ', '', '0.00', '', 1, 1, '105.155.255.102', 0, '', 0, '2019-12-12 15:56:11', '2019-12-12 15:56:11', NULL),
(18729, 4, 194, 'Courgettes marinées ', '', '0.00', '', 1, 1, '105.155.255.102', 0, '', 0, '2019-12-12 15:57:07', '2019-12-12 15:57:07', NULL),
(18730, 3, 194, 'Saumon ', '', '0.00', '', 1, 1, '105.155.255.102', 0, '', 0, '2019-12-12 15:57:33', '2019-12-12 15:57:33', NULL),
(18731, 4, 194, 'Tomates fraîches ', '', '0.00', '', 1, 1, '105.155.255.102', 0, '', 0, '2019-12-12 15:58:16', '2019-12-12 15:58:16', NULL),
(18732, 4, 194, 'Batavia ', '', '0.00', '', 1, 1, '105.155.255.102', 0, '', 0, '2019-12-12 15:58:34', '2019-12-12 15:58:34', NULL),
(18733, 9, 194, 'SERVIE AVEC SAUCE ET PAIN ', '', '0.00', '', 1, 1, '105.155.255.102', 0, '', 0, '2019-12-12 15:58:55', '2019-12-12 15:58:55', NULL),
(18734, 4, 194, 'Tomates séchées ', '', '0.00', '', 1, 1, '105.155.255.102', 0, '', 0, '2019-12-12 16:09:53', '2019-12-12 16:09:53', NULL),
(18735, 4, 194, 'Oignons rouges ', '', '0.00', '', 1, 1, '105.155.255.102', 0, '', 0, '2019-12-12 16:10:08', '2019-12-12 16:10:08', NULL),
(18736, 4, 194, 'Salade ', '', '0.00', '', 1, 1, '105.155.255.102', 0, '', 0, '2019-12-12 16:23:31', '2019-12-12 16:23:31', NULL),
(18737, 4, 194, 'Tomate ', '', '0.00', '', 1, 1, '105.155.255.102', 0, '', 0, '2019-12-12 16:23:44', '2019-12-12 16:23:44', NULL),
(18738, 1, 191, '2 Cheddars', '', '0.00', '', 1, 1, '105.155.255.102', 0, '', 0, '2019-12-12 17:20:08', '2019-12-12 17:20:08', NULL),
(18739, 2, 191, '3 Steaks ', '', '0.00', '', 1, 1, '105.155.255.102', 0, '', 0, '2019-12-12 17:20:25', '2019-12-12 17:20:25', NULL),
(18740, 8, 191, 'Pain tortilla ', '', '0.00', '', 1, 1, '105.155.255.102', 0, '', 0, '2019-12-12 17:21:19', '2019-12-12 17:21:19', NULL),
(18741, 8, 191, 'Pain maison ', '', '0.00', '', 1, 1, '105.155.255.102', 0, '', 0, '2019-12-12 17:21:41', '2019-12-12 17:21:41', NULL),
(18742, 8, 191, 'Pain baguette ', '', '0.00', '', 1, 1, '105.155.255.102', 0, '', 0, '2019-12-12 17:21:50', '2019-12-12 17:21:50', NULL),
(18743, 2, 191, 'Steak ', '', '0.00', '', 1, 1, '105.155.255.102', 0, '', 0, '2019-12-12 17:31:10', '2019-12-12 17:31:10', NULL),
(18744, 2, 191, 'Cordon bleu ', '', '0.00', '', 1, 1, '105.155.255.102', 0, '', 0, '2019-12-12 17:32:37', '2019-12-12 17:32:37', NULL),
(18745, 8, 191, 'Galette de blé ', '', '0.00', '', 1, 1, '105.155.255.102', 0, '', 0, '2019-12-12 17:41:57', '2019-12-12 17:41:57', NULL),
(18746, 6, 191, 'Sauce fromagère ', '', '0.00', '', 1, 1, '105.155.255.102', 0, '', 0, '2019-12-12 17:42:17', '2019-12-12 17:42:17', NULL),
(18747, 9, 191, '2 viandes au choix', '', '0.00', '', 1, 1, '105.155.255.102', 0, '', 0, '2019-12-12 17:56:32', '2019-12-12 17:56:32', NULL),
(18748, 9, 191, '3 viandes au choix', '', '0.00', '', 1, 1, '105.155.255.102', 0, '', 0, '2019-12-12 17:56:40', '2019-12-12 17:56:40', NULL),
(18749, 23, 194, 'CHOIX DE PÂTE DISPONIBLE EN OPTION ', '', '0.00', '', 1, 1, '105.155.255.102', 0, '', 0, '2019-12-13 12:01:15', '2019-12-13 12:01:15', NULL),
(18750, 9, 194, 'Servi avec parmesan ', '', '0.00', '', 1, 1, '105.155.255.102', 0, '', 0, '2019-12-13 12:01:32', '2019-12-13 12:01:32', NULL),
(18751, 23, 194, 'Tagliatelles', '', '0.00', '', 1, 1, '105.155.255.102', 0, '105.155.255.102', 223, '2019-12-13 12:08:23', '2019-12-13 12:08:33', NULL),
(18752, 23, 194, 'Penne el dente ', '', '0.00', '', 1, 1, '105.155.255.102', 0, '', 0, '2019-12-13 12:08:47', '2019-12-13 12:08:47', NULL),
(18753, 6, 194, 'Crème fraîche ', '', '0.00', '', 1, 1, '105.155.255.102', 0, '', 0, '2019-12-13 12:10:37', '2019-12-13 12:10:37', NULL),
(18754, 3, 194, 'Émincé de saumon ', '', '0.00', '', 1, 1, '105.155.255.102', 0, '', 0, '2019-12-13 12:11:14', '2019-12-13 12:11:14', NULL),
(18755, 2, 194, 'Lardons fumés ', '', '0.00', '', 1, 1, '105.155.255.102', 0, '', 0, '2019-12-13 12:53:41', '2019-12-13 12:53:41', NULL),
(18756, 4, 194, 'Jaune d\'oeuf ', '', '0.00', '', 1, 1, '105.155.255.102', 0, '', 0, '2019-12-13 12:53:53', '2019-12-13 12:53:53', NULL),
(18757, 2, 194, 'Boeuf haché cuisiné à la tomate ', '', '0.00', '', 1, 1, '105.155.255.102', 0, '', 0, '2019-12-13 12:54:33', '2019-12-13 12:54:33', NULL),
(18758, 4, 194, 'Petits pois', '', '0.00', '', 1, 1, '105.155.255.102', 0, '', 0, '2019-12-13 12:54:58', '2019-12-13 12:54:58', NULL),
(18759, 1, 194, 'Mozzarella gratiné ', '', '0.00', '', 1, 1, '105.155.255.102', 0, '', 0, '2019-12-13 12:55:31', '2019-12-13 12:55:31', NULL),
(18760, 6, 194, 'Crème fraîche (+1 €)', '', '0.00', '', 1, 1, '105.155.255.102', 0, '105.155.255.102', 223, '2019-12-13 13:07:52', '2019-12-13 13:08:55', NULL),
(18761, 1, 194, '4 Fromages ', '', '0.00', '', 1, 1, '105.155.255.102', 0, '', 0, '2019-12-13 13:13:02', '2019-12-13 13:13:02', NULL),
(18762, 2, 194, 'Jambon fromage ', '', '0.00', '', 1, 1, '105.155.255.102', 0, '', 0, '2019-12-13 13:13:13', '2019-12-13 13:13:13', NULL),
(18763, 9, 194, '1 GARNITURE AU CHOIX DISPONIBLE EN OPTION ', '', '0.00', '', 1, 1, '105.155.255.102', 0, '', 0, '2019-12-13 13:18:53', '2019-12-13 13:18:53', NULL),
(18764, 4, 194, 'Frites ', '', '0.00', '', 1, 1, '105.155.255.102', 0, '', 0, '2019-12-13 13:19:32', '2019-12-13 13:19:32', NULL),
(18765, 23, 194, 'Pate', '', '0.00', '', 1, 1, '105.155.255.102', 0, '', 0, '2019-12-13 13:19:51', '2019-12-13 13:19:51', NULL),
(18766, 2, 194, 'Escalope de veau pané ', '', '0.00', '', 1, 1, '105.155.255.102', 0, '', 0, '2019-12-13 13:20:48', '2019-12-13 13:20:48', NULL),
(18767, 9, 194, 'ACCOMPAGNEMENT AU CHOIX DISPONIBLE EN OPTION', '', '0.00', '', 1, 1, '105.155.255.102', 0, '', 0, '2019-12-17 11:41:46', '2019-12-17 11:41:46', NULL),
(18768, 4, 194, 'Potatoes ', '', '0.00', '', 1, 1, '105.155.255.102', 0, '', 0, '2019-12-17 11:48:39', '2019-12-17 11:48:39', NULL),
(18769, 9, 194, '2 Calamars fritti ', '', '0.00', '', 1, 1, '105.155.255.102', 0, '', 0, '2019-12-17 12:00:14', '2019-12-17 12:00:14', NULL),
(18770, 9, 194, '2 Onion rings ', '', '0.00', '', 1, 1, '105.155.255.102', 0, '', 0, '2019-12-17 12:00:28', '2019-12-17 12:00:28', NULL),
(18771, 9, 194, '2 Chicken Wings ', '', '0.00', '', 1, 1, '105.155.255.102', 0, '', 0, '2019-12-17 12:00:47', '2019-12-17 12:00:47', NULL),
(18772, 9, 194, '2 Nuggets ', '', '0.00', '', 1, 1, '105.155.255.102', 0, '', 0, '2019-12-17 12:01:04', '2019-12-17 12:01:04', NULL),
(18773, 9, 194, '1 jalapenos ', '', '0.00', '', 1, 1, '105.155.255.102', 0, '', 0, '2019-12-17 12:01:20', '2019-12-17 12:01:20', NULL),
(18774, 9, 194, '1 Mozza stick ', '', '0.00', '', 1, 1, '105.155.255.102', 0, '', 0, '2019-12-17 12:01:37', '2019-12-17 12:01:37', NULL),
(18775, 23, 194, 'Penne', '', '0.00', '', 1, 1, '105.155.255.102', 0, '', 0, '2019-12-17 16:24:17', '2019-12-17 16:24:17', NULL);

-- --------------------------------------------------------

--
-- Structure de la table `ingredient_card_family`
--

CREATE TABLE `ingredient_card_family` (
  `ingredient_id` int(11) NOT NULL,
  `card_family_id` int(11) NOT NULL
) ENGINE=InnoDB DEFAULT CHARSET=utf8mb4 COLLATE=utf8mb4_unicode_ci;

-- --------------------------------------------------------

--
-- Structure de la table `ingredient_category`
--

CREATE TABLE `ingredient_category` (
  `id` int(11) NOT NULL,
  `name` varchar(200) COLLATE utf8mb4_unicode_ci NOT NULL,
  `active` int(11) NOT NULL,
  `description` varchar(400) COLLATE utf8mb4_unicode_ci NOT NULL,
  `level` int(11) DEFAULT NULL
) ENGINE=InnoDB DEFAULT CHARSET=utf8mb4 COLLATE=utf8mb4_unicode_ci;

--
-- Contenu de la table `ingredient_category`
--

INSERT INTO `ingredient_category` (`id`, `name`, `active`, `description`, `level`) VALUES
(1, 'Fromages', 1, ' ', 4),
(2, 'Viandes', 1, '   ', 3),
(3, 'Poissons', 1, '', 7),
(4, 'Légumes', 1, '', 2),
(5, 'Fruits', 1, ' ', 9),
(6, 'Sauces', 1, '', 5),
(7, 'Epices', 1, '', 8),
(8, 'Pains', 1, '', 1),
(9, 'Composition ', 1, '', 6),
(11, 'Cuisson', 1, '', NULL),
(12, 'Supplément', 1, '', NULL),
(13, 'Accompagnement', 1, '', NULL),
(14, 'CONSIGNES EN INTERNE', 1, '', NULL),
(15, 'Taille R (facultatif)', 1, '', NULL),
(16, 'Supplements pour R et N (facultatif)', 1, '', NULL),
(17, 'Suppléments pour RK et NP (facultatif)', 1, '', NULL),
(18, 'Taille RK (facultatif)', 1, '', NULL),
(19, 'Oeuf ', 1, '', NULL),
(20, 'Gourmandise ', 1, '', NULL),
(21, 'Confiseries', 1, '', NULL),
(22, 'Base ', 1, '', NULL),
(23, 'Pate', 1, '', NULL);

-- --------------------------------------------------------

--
-- Structure de la table `ingredient_catFamSize`
--

CREATE TABLE `ingredient_catFamSize` (
  `id` int(11) NOT NULL,
  `size_id` int(11) DEFAULT NULL,
  `ingredient_category_id` int(11) DEFAULT NULL,
  `card_family_id` int(11) DEFAULT NULL,
  `price` decimal(10,2) NOT NULL
) ENGINE=InnoDB DEFAULT CHARSET=utf8mb4 COLLATE=utf8mb4_unicode_ci;

--
-- Contenu de la table `ingredient_catFamSize`
--

INSERT INTO `ingredient_catFamSize` (`id`, `size_id`, `ingredient_category_id`, `card_family_id`, `price`) VALUES
(3450, 2471, 1, 3184, '0.50'),
(3451, 2472, 1, 3184, '1.00'),
(3452, 2473, 1, 3184, '1.50'),
(3453, 2471, 2, 3184, '1.00'),
(3454, 2472, 2, 3184, '1.50'),
(3455, 2473, 2, 3184, '2.00'),
(3456, 2471, 3, 3184, '1.00'),
(3457, 2472, 3, 3184, '1.50'),
(3458, 2473, 3, 3184, '2.00'),
(3459, 2471, 4, 3184, '0.50'),
(3460, 2472, 4, 3184, '1.00'),
(3461, 2473, 4, 3184, '1.50'),
(3462, 2471, 5, 3184, '0.50'),
(3463, 2472, 5, 3184, '1.00'),
(3464, 2473, 5, 3184, '1.50'),
(3465, 2471, 6, 3184, '0.00'),
(3466, 2472, 6, 3184, '0.00'),
(3467, 2473, 6, 3184, '0.00'),
(3468, 2471, 19, 3184, '0.50'),
(3469, 2472, 19, 3184, '1.00'),
(3470, 2473, 19, 3184, '1.50'),
(3471, 2471, 7, 3184, '0.50'),
(3472, 2472, 7, 3184, '1.00'),
(3473, 2473, 7, 3184, '1.50'),
(3474, 2474, 1, 3185, '0.50'),
(3475, 2474, 2, 3185, '1.00'),
(3476, 2474, 4, 3185, '0.50'),
(3477, 2474, 8, 3185, '1.00'),
(3478, 2571, 1, 3297, '0.50'),
(3479, 2572, 1, 3297, '1.00'),
(3480, 2573, 1, 3297, '1.50'),
(3481, 2574, 1, 3297, '0.50'),
(3482, 2571, 2, 3297, '0.50'),
(3483, 2572, 2, 3297, '1.00'),
(3484, 2573, 2, 3297, '1.50'),
(3485, 2574, 2, 3297, '0.50'),
(3486, 2571, 3, 3297, '0.50'),
(3487, 2572, 3, 3297, '1.00'),
(3488, 2573, 3, 3297, '1.50'),
(3489, 2574, 3, 3297, '0.50'),
(3490, 2571, 4, 3297, '0.50'),
(3491, 2572, 4, 3297, '1.00'),
(3492, 2573, 4, 3297, '1.50'),
(3493, 2574, 4, 3297, '0.50'),
(3494, 2571, 5, 3297, '0.50'),
(3495, 2572, 5, 3297, '1.00'),
(3496, 2573, 5, 3297, '1.50'),
(3497, 2574, 5, 3297, '0.50'),
(3498, 2571, 6, 3297, '0.00'),
(3499, 2572, 6, 3297, '0.00'),
(3500, 2573, 6, 3297, '0.00'),
(3501, 2574, 6, 3297, '0.00'),
(3502, 2571, 7, 3297, '0.50'),
(3503, 2572, 7, 3297, '1.00'),
(3504, 2573, 7, 3297, '1.50'),
(3505, 2574, 7, 3297, '0.50'),
(3506, 2571, 19, 3297, '0.50'),
(3507, 2572, 19, 3297, '1.00'),
(3508, 2573, 19, 3297, '1.50'),
(3509, 2574, 19, 3297, '0.50'),
(3510, 2574, 1, 3305, '0.50'),
(3511, 2574, 2, 3305, '1.00'),
(3512, 2574, 4, 3305, '0.50'),
(3513, 2574, 19, 3305, '1.00'),
(3514, 2574, 1, 3300, '0.50'),
(3515, 2574, 2, 3300, '1.00'),
(3516, 2574, 4, 3300, '0.50'),
(3517, 2574, 3, 3300, '1.00'),
(3518, 2574, 19, 3300, '1.00'),
(3519, 2574, 1, 3301, '0.50'),
(3520, 2574, 2, 3301, '0.90'),
(3521, 2574, 19, 3301, '0.50'),
(3522, 2574, 1, 3299, '0.50'),
(3523, 2574, 2, 3299, '1.00'),
(3524, 2574, 3, 3299, '1.00'),
(3525, 2574, 4, 3299, '0.50'),
(3526, 2574, 7, 3299, '0.50'),
(3527, 2574, 8, 3299, '0.50'),
(3528, 2581, 1, 3309, '1.00'),
(3529, 2582, 1, 3309, '1.50'),
(3530, 2583, 1, 3309, '2.00'),
(3531, 2581, 2, 3309, '1.00'),
(3532, 2582, 2, 3309, '1.50'),
(3533, 2583, 2, 3309, '2.00'),
(3534, 2581, 4, 3309, '1.00'),
(3535, 2582, 4, 3309, '1.50'),
(3536, 2583, 4, 3309, '2.00'),
(3537, 2581, 3, 3309, '1.00'),
(3538, 2582, 3, 3309, '1.50'),
(3539, 2583, 3, 3309, '2.00'),
(3540, 2581, 6, 3309, '0.00'),
(3541, 2582, 6, 3309, '0.00'),
(3542, 2583, 6, 3309, '0.00'),
(3543, 2581, 7, 3309, '1.00'),
(3544, 2582, 7, 3309, '1.50'),
(3545, 2583, 7, 3309, '2.00'),
(3546, 2584, 1, 3310, '0.50'),
(3547, 2584, 2, 3310, '1.00'),
(3548, 2584, 3, 3310, '1.00'),
(3549, 2584, 4, 3310, '0.50'),
(3550, 2584, 1, 3315, '0.50'),
(3551, 2584, 4, 3315, '0.00'),
(3552, 2584, 2, 3315, '1.00'),
(3553, 2584, 1, 3318, '0.50'),
(3554, 2584, 3, 3318, '1.00'),
(3555, 2584, 2, 3318, '1.00'),
(3556, 2584, 6, 3318, '0.00'),
(3557, 2584, 1, 3312, '0.50'),
(3558, 2584, 2, 3320, '1.00'),
(3559, 2584, 1, 3320, '0.50'),
(3560, 2584, 4, 3320, '0.50'),
(3561, 2584, 6, 3320, '0.00'),
(3562, 2584, 2, 3328, '1.00'),
(3563, 2584, 1, 3328, '0.50'),
(3564, 2584, 4, 3328, '0.50'),
(3565, 2595, 1, 3324, '1.00'),
(3566, 2596, 1, 3324, '1.50'),
(3567, 2597, 1, 3324, '2.00'),
(3568, 2598, 1, 3324, '1.00'),
(3569, 2595, 2, 3324, '1.00'),
(3570, 2596, 2, 3324, '1.50'),
(3571, 2597, 2, 3324, '2.00'),
(3572, 2598, 2, 3324, '1.00'),
(3573, 2595, 4, 3324, '1.00'),
(3574, 2596, 4, 3324, '1.50'),
(3575, 2597, 4, 3324, '2.00'),
(3576, 2598, 4, 3324, '1.00'),
(3577, 2595, 6, 3324, '0.00'),
(3578, 2596, 6, 3324, '0.00'),
(3579, 2597, 6, 3324, '0.00'),
(3580, 2598, 6, 3324, '0.00'),
(3581, 2595, 5, 3324, '1.00'),
(3582, 2596, 5, 3324, '1.50'),
(3583, 2597, 5, 3324, '2.00'),
(3584, 2598, 5, 3324, '1.00'),
(3585, 2595, 7, 3324, '1.00'),
(3586, 2596, 7, 3324, '1.00'),
(3587, 2597, 7, 3324, '1.00'),
(3588, 2598, 7, 3324, '1.00'),
(3589, 2595, 3, 3324, '1.00'),
(3590, 2596, 3, 3324, '1.50'),
(3591, 2597, 3, 3324, '2.00'),
(3592, 2598, 3, 3324, '1.00');

-- --------------------------------------------------------

--
-- Structure de la table `librarySizes`
--

CREATE TABLE `librarySizes` (
  `id` int(11) NOT NULL,
  `name` varchar(400) COLLATE utf8mb4_unicode_ci DEFAULT NULL,
  `level` int(11) DEFAULT NULL,
  `active` int(11) DEFAULT NULL
) ENGINE=InnoDB DEFAULT CHARSET=utf8mb4 COLLATE=utf8mb4_unicode_ci;

--
-- Contenu de la table `librarySizes`
--

INSERT INTO `librarySizes` (`id`, `name`, `level`, `active`) VALUES
(1, '33 Cl', 1, 1),
(2, '1,5 L', 2, 1),
(3, '2 L', 3, 1),
(4, '6 PIECES ', 1, 1),
(5, '8 PIECES', 2, 1),
(6, '10 PIECES', 3, 1),
(7, '12 PIECES', 4, 1),
(8, '16 PIECES', 5, 1),
(9, 'STANDARD', 0, 1),
(10, '100 ML', 1, 1),
(11, '500 ML', 2, 1),
(12, 'JUNIOR ', 1, 1),
(13, 'SENIOR', 2, 1),
(14, 'MEGA', 3, 1),
(15, 'nouvelle taille ', 1, 1);

-- --------------------------------------------------------

--
-- Structure de la table `library_ingredients`
--

CREATE TABLE `library_ingredients` (
  `id` int(11) NOT NULL,
  `ingredient_category_id` int(11) DEFAULT NULL,
  `name` varchar(400) COLLATE utf8mb4_unicode_ci DEFAULT NULL,
  `description` varchar(400) COLLATE utf8mb4_unicode_ci DEFAULT NULL,
  `suggested_price` decimal(10,2) DEFAULT NULL,
  `active` int(11) DEFAULT NULL
) ENGINE=InnoDB DEFAULT CHARSET=utf8mb4 COLLATE=utf8mb4_unicode_ci;

--
-- Contenu de la table `library_ingredients`
--

INSERT INTO `library_ingredients` (`id`, `ingredient_category_id`, `name`, `description`, `suggested_price`, `active`) VALUES
(1, 1, 'Mozzarella', '', '0.00', 1),
(2, 1, 'Chèvre', '', '0.00', 1),
(3, 1, 'Cheddar', '', '0.00', 1),
(4, 1, 'Bleu', '', '0.00', 1),
(5, 1, 'Gorgonzola', '', '0.00', 1),
(6, 1, 'Reblochon', '', '0.00', 1),
(7, 1, 'Fromage', '', '0.50', 1),
(8, 1, 'Boursin', '', '0.00', 1),
(9, 1, 'Fromage de brebis', '', '0.00', 1),
(10, 1, 'Brie', '', '0.00', 1),
(11, 1, 'Parmesan', '', '0.00', 1),
(12, 1, 'Raclette', '', '0.00', 1),
(13, 1, 'Cheese', '', '0.00', 1),
(14, 1, 'Provolone', '', '0.00', 1),
(15, 1, 'Roquefort', '', '0.00', 1),
(16, 2, 'Jambon', '', '0.00', 1),
(17, 2, 'Merguez', '', '0.00', 1),
(18, 2, 'Boeuf', '', '0.00', 1),
(19, 2, 'Viande hachée', '', '0.00', 1),
(20, 2, 'Salami', '', '0.00', 1),
(21, 2, 'Nuggets', '', '0.00', 1),
(22, 2, 'Lardons', '', '0.00', 1),
(23, 2, 'Poulet', '', '0.00', 1),
(24, 2, 'Blanc de poulet', '', '0.00', 1),
(25, 2, 'Kebab', '', '0.00', 1),
(26, 2, 'Tikka', '', '0.00', 1),
(27, 2, 'Dinde', '', '0.00', 1),
(28, 2, 'Grec', '', '0.00', 1),
(29, 2, 'Steak', '', '0.00', 1),
(30, 2, 'Escalope', '', '0.00', 1),
(31, 2, 'Cordon Bleu', '', '0.00', 1),
(32, 2, 'Bacon', '', '0.00', 1),
(33, 2, 'Brochettes', '', '0.00', 1),
(34, 2, 'Tenders de poulet', '', '0.00', 1),
(35, 3, 'Anchois', '', '0.00', 1),
(36, 3, 'Fruits de mer', '', '0.00', 1),
(37, 3, 'Saumon', '', '0.00', 1),
(38, 3, 'Saumon fumé', '', '0.00', 1),
(39, 3, 'Sardine', '', '0.00', 1),
(40, 3, 'Crevettes', '', '0.00', 1),
(41, 3, 'Surimi', '', '0.00', 1),
(42, 4, 'Oignons', '', '0.00', 1),
(43, 4, 'Olives', '', '0.00', 1),
(44, 4, 'Poivrons', '', '0.00', 1),
(45, 4, 'Champignons', '', '0.00', 1),
(46, 4, 'Piment', '', '0.00', 1),
(47, 4, 'Aubergines', '', '0.00', 1),
(48, 4, 'Artichauds', '', '0.00', 1),
(49, 4, 'Mais', '', '0.00', 1),
(50, 4, 'Pommes de Terre', '', '0.00', 1),
(51, 4, 'Salade verte', '', '0.00', 1),
(52, 4, 'Salade', '', '0.00', 1),
(53, 4, 'Oeuf', '', '0.00', 1),
(54, 4, 'Semoule', '', '0.00', 1),
(55, 4, 'Avocat', '', '0.00', 1),
(56, 4, 'Tomate Cerise', '', '0.00', 1),
(57, 4, 'Crudités', '', '0.00', 1),
(58, 4, 'Coleslaw', '', '0.00', 1),
(59, 4, 'Cornichons', '', '0.00', 1),
(60, 5, 'Mangue', '', '0.00', 1),
(61, 5, 'Ananas', '', '0.00', 1),
(62, 5, 'Noix de Coco', '', '0.00', 1),
(63, 6, 'Algérienne', '', '0.00', 1),
(64, 6, 'Curry', '', '0.00', 1),
(65, 6, 'Ketchup', '', '0.00', 1),
(66, 6, 'Biggy', '', '0.00', 1),
(67, 6, 'Thaï', '', '0.00', 1),
(68, 6, 'Fish-to-Fish', '', '0.00', 1),
(69, 6, 'Samouraï', '', '0.00', 1),
(70, 6, 'Blanche', '', '0.00', 1),
(71, 6, 'Poivre', '', '0.00', 1),
(72, 6, 'Harissa', '', '0.00', 1),
(73, 6, 'Cheezy  Easy', '', '0.00', 1),
(74, 6, 'Marocaine', '', '0.00', 1),
(75, 6, 'Chili Thaï', '', '0.00', 1),
(76, 6, 'Emmental', '', '0.00', 1),
(77, 6, 'Base Sauce Tomate', '', '0.00', 1),
(78, 6, 'Base Sauce Crème Fraiche', '', '0.00', 1),
(79, 6, 'Base Sauce Barbecue', '', '0.00', 1),
(80, 6, 'Base Sauce Indienne', '', '0.00', 1),
(81, 6, 'Salsa', '', '0.00', 1),
(82, 6, 'Barbecue', '', '0.00', 1),
(83, 7, 'Origan', '', '0.00', 1),
(84, 7, 'Persil', '', '0.00', 1),
(85, 7, 'Persillade', '', '0.00', 1),
(86, 7, 'Aneth', '', '0.00', 1),
(87, 7, 'Ciboulette', '', '0.00', 1),
(88, 2, 'Chorizo', '', '0.00', 1),
(89, 7, 'Câpres', '', '0.00', 1),
(90, 3, 'Thon', '', '0.00', 1),
(91, 2, 'Poulet Fumé', '', '0.00', 1),
(92, 6, 'Indienne', '', '0.00', 1),
(93, 4, 'Tomate', '', '0.00', 1),
(94, 8, 'Pain Maison', '', '0.00', 1),
(95, 8, 'Pain Galette', '', '0.00', 1),
(96, 8, 'Pain Cheese Naan', '', '0.00', 1),
(97, 6, 'Mayonnaise', '', '0.00', 1),
(98, 6, 'Ketchup', '', '0.00', 1),
(99, 6, 'Andalouse', '', '0.00', 1),
(100, 6, 'Chinoise', '', '0.00', 1),
(101, 4, 'Galette de Pomme de Terre', '', '0.00', 1),
(102, 2, 'Chicken Tandoori', '', '0.00', 1),
(103, 1, 'Double-Fromage', '', '1.00', 1),
(104, 5, 'Banane', '', '0.00', 1),
(105, 6, 'Moutarde', '', '0.00', 1),
(106, 6, 'Miel', '', '0.00', 1),
(107, 2, 'Oeuf', '', '0.00', 1),
(108, 1, 'Gruyère', '', '0.00', 1),
(109, 6, 'Sauce burger', '', '0.00', 1),
(110, 4, 'Pommes de terre', '', '0.00', 1),
(111, 4, 'Concombres', '', '0.00', 1),
(112, 4, 'Carottes Rapées', '', '0.00', 1),
(113, 2, 'Blanc de poulet frit ', '', '0.00', 1),
(114, 4, 'Pomme de Terre dauphinoise', '', '0.00', 1),
(115, 2, 'Poulet tikka', '', '0.00', 1),
(116, 6, 'Sauce kebab', '', '0.00', 1),
(117, 2, 'Blanc de dinde ', '', '0.00', 1),
(118, 6, 'Sauce chili thai', '', '0.00', 1),
(119, 2, 'Poulet curry', '', '0.00', 1),
(120, 7, 'Ail', '', '0.00', 1),
(121, 2, 'jambon de dinde', '', '0.00', 1),
(122, 1, 'from', '', '0.50', 1);

-- --------------------------------------------------------

--
-- Structure de la table `menu`
--

CREATE TABLE `menu` (
  `id` int(11) NOT NULL,
  `card_id` int(11) NOT NULL,
  `menu_time_id` int(11) NOT NULL,
  `menu_category_id` int(11) NOT NULL,
  `card_offer_id` int(11) DEFAULT NULL,
  `avatar` varchar(255) COLLATE utf8mb4_unicode_ci DEFAULT NULL,
  `code` varchar(32) COLLATE utf8mb4_unicode_ci DEFAULT NULL,
  `title` varchar(200) COLLATE utf8mb4_unicode_ci NOT NULL,
  `description` longtext COLLATE utf8mb4_unicode_ci,
  `available` int(11) NOT NULL,
  `vat` double NOT NULL,
  `price` decimal(10,2) NOT NULL,
  `active_site` int(11) NOT NULL,
  `created_ip` varchar(50) COLLATE utf8mb4_unicode_ci NOT NULL,
  `created_user` int(11) NOT NULL,
  `updated_ip` varchar(50) COLLATE utf8mb4_unicode_ci NOT NULL,
  `updated_user` int(11) NOT NULL,
  `created_at` datetime NOT NULL,
  `updated_at` datetime NOT NULL,
  `id_origine` int(11) DEFAULT NULL
) ENGINE=InnoDB DEFAULT CHARSET=utf8mb4 COLLATE=utf8mb4_unicode_ci;

--
-- Contenu de la table `menu`
--

INSERT INTO `menu` (`id`, `card_id`, `menu_time_id`, `menu_category_id`, `card_offer_id`, `avatar`, `code`, `title`, `description`, `available`, `vat`, `price`, `active_site`, `created_ip`, `created_user`, `updated_ip`, `updated_user`, `created_at`, `updated_at`, `id_origine`) VALUES
(6187, 189, 1, 9, NULL, '', '', 'MENU FAST MIDI : F1 ', '6 Sushi saumon + 6 California saumon   ( 2 accompagnements au choix riz nature ou soupe miso ou salade de choux ) ', 1, 10, '11.80', 0, '105.155.255.102', 0, '105.155.255.102', 0, '2019-10-04 10:23:24', '2019-10-04 10:29:03', NULL),
(6188, 189, 1, 9, NULL, '', '', 'MENU FAST MIDI : F2', '2 Sushi saumon + 6 Maki saumon + 6 Maki thon   ( 2 accompagnements au choix riz nature ou soupe miso ou salade de choux ) ', 1, 10, '11.80', 0, '105.155.255.102', 0, '105.155.255.102', 0, '2019-10-04 10:26:18', '2019-10-04 10:29:20', NULL),
(6189, 189, 1, 9, NULL, '', '', 'MENU FAST MIDI : F3 ', '2 Sushi saumon + 6 Maki saumon + 6 California saumon avocat  ( 2 accompagnements au choix riz nature ou soupe miso ou salade de choux ) ', 1, 10, '11.80', 0, '105.155.255.102', 0, '', 0, '2019-10-04 10:31:06', '2019-10-04 10:31:06', NULL),
(6190, 189, 1, 9, NULL, '', '', 'MENU FAST MIDI : F4', '2 Sushi saumon + 2 Sushi thon + 3 Sashimi thon + 4 Maki saumon  ( 2 accompagnements au choix riz nature ou soupe miso ou salade de choux ) ', 1, 10, '11.80', 0, '105.155.255.102', 0, '', 0, '2019-10-04 10:32:53', '2019-10-04 10:32:53', NULL),
(6191, 189, 1, 9, NULL, '', '', 'MENU FAST MIDI : F5', '6 Maki saumon + 6 Maki concombre + 6 California saumon cheese   ( 2 accompagnements au choix riz nature ou soupe miso ou salade de choux ) ', 1, 10, '11.80', 0, '105.155.255.102', 0, '', 0, '2019-10-04 10:34:41', '2019-10-04 10:34:41', NULL),
(6192, 189, 1, 9, NULL, '', '', 'MENU FAST MIDI : F6', '6 Eggs cheese +6 Ice cube Poulet mayo + 1 brochette boeuf fromage + 1 brochette poulet   ( 2 accompagnements au choix riz nature ou soupe miso ou salade de choux ) ', 1, 10, '11.80', 0, '105.155.255.102', 0, '', 0, '2019-10-04 10:36:37', '2019-10-04 10:36:37', NULL),
(6193, 189, 2, 147, NULL, '', '', 'MENU YAKITORI : Y1', '4 BROCHETTES AU CHOIX ( Poulet / Boulette / boeuf fromage /boeuf / saumon )  +  ( 2 accompagnements au choix riz nature ou soupe miso ou salade de choux )', 1, 10, '10.50', 0, '105.155.255.102', 0, '105.155.255.102', 0, '2019-10-04 10:40:39', '2019-10-04 10:50:43', NULL),
(6194, 189, 2, 147, NULL, '', '', 'MENU YAKITORI : Y2', '6 BROCHETTES AU CHOIX  ( Poulet / Boulette / boeuf fromage /boeuf / saumon ) + ( 2 accompagnements au choix riz nature ou soupe miso ou salade de choux )', 1, 10, '13.50', 0, '105.155.255.102', 0, '', 0, '2019-10-04 10:43:31', '2019-10-04 10:43:31', NULL),
(6195, 189, 2, 147, NULL, '', '', 'MENU YAKITORI : Y3', '5 BROCHETTES AU CHOIX : (Thon / Gambas / Saint jaques) + ( 2 accompagnements au choix riz nature ou soupe miso ou salade de choux )', 1, 10, '13.90', 0, '105.155.255.102', 0, '105.155.255.102', 0, '2019-10-04 10:46:10', '2019-10-09 10:30:04', NULL),
(6196, 189, 2, 51, NULL, '', '', 'MENU KAMPAI : 34 Pièces ', '6 Maki saumon cheese +6 Maki avocat + 4 Sushi saumon + 2 Sushi thon + 2 Sushi crevettes +4 Sashimi saumon +4 Sashimi thon +2 Brochettes boeuf fromage + 2 Brochettes de poulet + 2 Brochettes boulettes de poulet + ( 4 accompagnements au choix riz nature ou soupe miso ou salade de choux )', 1, 10, '36.00', 0, '105.155.255.102', 0, '105.155.255.102', 0, '2019-10-04 10:58:43', '2019-10-04 11:03:41', NULL),
(6197, 189, 2, 51, NULL, '', '', 'MENU YUJIN : 45 Pièces ', '6 California saumon avocat + 6 Maki concombre cheese + 6 Maki saumon + 3 Sushi saumon+ 3 Sushi thon + 3 Sushi crevettes +3 Sashimi saumon + 3 Sashimi thon + 3 Sashimi dorade + 3 Brochettes boeuf fromage + 3 Brochettes de poulet + 3 Brochettes boulettes de poulet + ( 6 accompagnements au choix riz nature ou soupe miso ou salade de choux )', 1, 10, '49.00', 0, '105.155.255.102', 0, '', 0, '2019-10-04 11:03:19', '2019-10-04 11:03:19', NULL),
(6198, 189, 2, 51, NULL, '', '', 'MENU KAZOKU : 66 Pièces ', '6 California saumon avocat + 6 California tempura + 6 California thon cuit + 6 Maki saumon + 6 Maki thon + 6 Maki saumon fumé + 6 Maki concombre +6 Spring rolls saumon cheese + 8 Sushi saumon + 4 Sushi thon + 2 Sushi crevettes + 4 brochettes boeuf fromage + ( 8 accompagnements au choix riz nature ou soupe miso ou salade de choux )', 1, 10, '64.00', 0, '105.155.255.102', 0, '', 0, '2019-10-04 11:07:51', '2019-10-04 11:07:51', NULL),
(6199, 189, 2, 11, NULL, '', '', 'MENU ENFANT ', '1 Brochette boeuf fromage + 6 ice cube poulet mayo + 1 Jus de fruits + 1 Kinder ', 1, 10, '6.90', 0, '105.155.255.102', 0, '105.155.255.102', 0, '2019-10-04 11:11:24', '2019-10-04 11:12:42', NULL),
(6200, 189, 2, 24, NULL, '', '', 'MENU PLATEAU : FUJI ', '8 Sushi saumon +  ( 2 accompagnements au choix riz nature ou soupe miso ou salade de choux ) // 2 Sushi saumon en supplément à  2.50 € ', 1, 10, '13.00', 0, '105.155.255.102', 0, '105.155.255.102', 0, '2019-10-04 11:27:57', '2019-10-04 11:32:23', NULL),
(6201, 189, 2, 24, NULL, '', '', 'MENU PLATEAU : SUSHI AKITA ', '3 Maki saumon +3 California thon mayo + 2 Sushi saumon +1 Sushi thon + 6 Sashimi saumon +3 Sashimi thon + ( 2 accompagnements au choix riz nature ou soupe miso ou salade de choux )', 1, 10, '16.00', 0, '105.155.255.102', 0, '', 0, '2019-10-04 11:31:52', '2019-10-04 11:31:52', NULL),
(6202, 189, 2, 24, NULL, '', '', 'MENU PLATEAU : SUSHI BEST ', '6 Maki saumon + 3 Sushi saumon + 1 Brochette poulet + 1 Brochette boeuf + 1 Brochette boeuf fromage ( 2 accompagnements au choix riz nature ou soupe miso ou salade de choux )', 1, 10, '13.90', 0, '105.155.255.102', 0, '', 0, '2019-10-04 12:37:45', '2019-10-04 12:37:45', NULL),
(6203, 189, 2, 24, NULL, '', '', 'MENU PLATEAU : SUSHI GUNNERS ', '3 Maki saumon avocat + 3 California thon mayo  + 2 Sushi saumon + 1 Sushi thon + 3 Sashimi saumon + 3 Sashimi thon + 1 Brochette poulet +1 Brochette boeuf +1 Brochette boeuf fromage ( 2 accompagnements au choix riz nature ou soupe miso ou salade de choux )', 1, 10, '18.50', 0, '105.155.255.102', 0, '', 0, '2019-10-04 12:40:45', '2019-10-04 12:40:45', NULL),
(6204, 189, 2, 24, NULL, '', '', 'MENU PLATEAU : CLASSIC FAST ', '6 Maki saumon+ 6 Sushi saumon ( 2 accompagnements au choix riz nature ou soupe miso ou salade de choux )', 1, 10, '13.00', 0, '105.155.255.102', 0, '', 0, '2019-10-04 12:41:43', '2019-10-04 12:41:43', NULL),
(6205, 189, 2, 24, NULL, '', '', 'MENU PLATEAU : MAKI', '6 Maki saumon + 6 Maki thon + 6 Maki concombre + ( 2 accompagnements au choix riz nature ou soupe miso ou salade de choux )', 1, 10, '12.50', 0, '105.155.255.102', 0, '', 0, '2019-10-04 13:38:59', '2019-10-04 13:38:59', NULL),
(6206, 189, 2, 24, NULL, '', '', 'MENU PLATEAU : CHEEZY ', '6 California saumon cheese + 6 Rolls cheese + 2 Sushi saumon cheese + ( 2 accompagnements au choix riz nature ou soupe miso ou salade de choux )', 1, 10, '14.10', 0, '105.155.255.102', 0, '', 0, '2019-10-04 13:43:24', '2019-10-04 13:43:24', NULL),
(6207, 189, 2, 24, NULL, '', '', 'MENU PLATEAU : CALIFORNIA ', '6 California  saumon avocat + 6 California  thon cuit + 6 California avocat cheese + ( 2 accompagnements au choix riz nature ou soupe miso ou salade de choux )', 1, 10, '14.00', 0, '105.155.255.102', 0, '', 0, '2019-10-04 13:46:24', '2019-10-04 13:46:24', NULL),
(6208, 189, 2, 24, NULL, '', '', 'MENU PLATEAU : MIX LOVE ', '6 Ice cubes dinde cheese + 6 Ice cubes poulet mayo + 6 Eggs thon cuit ', 1, 10, '13.50', 0, '105.155.255.102', 0, '', 0, '2019-10-04 13:47:52', '2019-10-04 13:47:52', NULL),
(6209, 189, 2, 24, NULL, '', '', 'MENU PLATEAU : FAST MIX ', '6 Maki saumon + 2 Sushi saumon + 1 Sushi Thon + 1 Sushi dorade +3 Sashimi saumon + 3 Sashimi thon + ( 2 accompagnements au choix riz nature ou soupe miso ou salade de choux )', 1, 10, '16.00', 0, '105.155.255.102', 0, '', 0, '2019-10-04 13:52:23', '2019-10-04 13:52:23', NULL),
(6210, 189, 2, 24, NULL, '', '', 'MENU PLATEAU : SASHI OKAZAKI ', '6 California saumon avocat +2 Sushi crevette + 4 Sushi saumon + 2 Sushi thon + ( 2 accompagnements au choix riz nature ou soupe miso ou salade de choux )', 1, 10, '16.80', 0, '105.155.255.102', 0, '', 0, '2019-10-04 13:55:03', '2019-10-04 13:55:03', NULL),
(6211, 189, 2, 24, NULL, '', '', 'MENU PLATEAU : MIX SAUMON ', '6 Maki saumon + 4 Sushi saumon +6 Sashimi saumon+ ( 2 accompagnements au choix riz nature ou soupe miso ou salade de choux )', 1, 10, '14.50', 0, '105.155.255.102', 0, '', 0, '2019-10-04 13:56:48', '2019-10-04 13:56:48', NULL),
(6212, 189, 2, 24, NULL, '', '', 'MENU PLATEAU : SUPER SALMON ', '6 California saumon avocat + 6 Maki saumon + 6 Roll cheese +6 Spring saumon avocat + ( 2 accompagnements au choix riz nature ou soupe miso ou salade de choux )', 1, 10, '19.90', 0, '105.155.255.102', 0, '', 0, '2019-10-04 13:58:51', '2019-10-04 13:58:51', NULL),
(6213, 189, 2, 24, NULL, '', '', 'MENU PLATEAU : TOKUSHIMA ', '3 Maki saumon avocat +3 California thon mayo + 3 Sushi saumon +6 Sashimi saumon +1 Brochette poulet + 1 Brochette boeuf + 1 Brochette boeuf fromage+  ( 2 accompagnements au choix riz nature ou soupe miso ou salade de choux )', 1, 10, '17.60', 0, '105.155.255.102', 0, '', 0, '2019-10-04 14:44:17', '2019-10-04 14:44:17', NULL),
(6214, 190, 2, 2, NULL, '', '', 'MENU SANDWICH KEBAB ', '', 1, 10, '6.00', 0, '105.155.255.102', 0, '105.155.255.102', 0, '2019-10-08 08:56:01', '2019-10-08 08:57:22', NULL),
(6215, 190, 2, 2, NULL, '', '', 'MENU SANDWICH PYRAMIDE ', '', 1, 10, '8.50', 0, '105.155.255.102', 0, '105.155.255.102', 0, '2019-10-08 08:59:39', '2019-10-08 08:59:48', NULL),
(6216, 190, 2, 2, NULL, '', '', 'MENU SANDWICH ROYAL', '', 1, 10, '8.00', 0, '105.155.255.102', 0, '', 0, '2019-10-08 09:00:37', '2019-10-08 09:00:37', NULL),
(6217, 190, 2, 2, NULL, '', '', 'MENU SANDWICH BLINDÉ ', '', 1, 10, '8.00', 0, '105.155.255.102', 0, '', 0, '2019-10-08 09:01:41', '2019-10-08 09:01:41', NULL),
(6218, 190, 2, 2, NULL, '', '', 'MENU SANDWICH TRIPLE X ', '', 1, 10, '8.00', 0, '105.155.255.102', 0, '', 0, '2019-10-08 09:02:33', '2019-10-08 09:02:33', NULL),
(6219, 190, 2, 2, NULL, '', '', 'MENU SANDWICH RADICAL ', '', 1, 10, '8.00', 0, '105.155.255.102', 0, '', 0, '2019-10-08 09:25:37', '2019-10-08 09:25:37', NULL),
(6220, 190, 2, 2, NULL, '', '', 'MENU SANDWICH BUFFALO ', '', 1, 10, '7.50', 0, '105.155.255.102', 0, '', 0, '2019-10-08 09:28:19', '2019-10-08 09:28:19', NULL),
(6221, 190, 2, 2, NULL, '', '', 'MENU SANDWICH CROUSTI ', '', 1, 10, '7.50', 0, '105.155.255.102', 0, '', 0, '2019-10-08 09:29:24', '2019-10-08 09:29:24', NULL),
(6222, 190, 2, 2, NULL, '', '', 'MENU SANDWICH MIXTE ', '', 1, 10, '7.50', 0, '105.155.255.102', 0, '', 0, '2019-10-08 09:30:15', '2019-10-08 09:30:15', NULL),
(6223, 190, 2, 2, NULL, '', '', 'MENU SANDWICH CHÈVRE MIEL ', '', 1, 10, '7.50', 0, '105.155.255.102', 0, '', 0, '2019-10-08 09:31:13', '2019-10-08 09:31:13', NULL),
(6224, 190, 2, 2, NULL, '', '', 'MENU SANDWICH ESCALOPE ', '', 1, 10, '7.00', 0, '105.155.255.102', 0, '', 0, '2019-10-08 09:32:23', '2019-10-08 09:32:23', NULL),
(6225, 190, 2, 2, NULL, '', '', 'MENU SANDWICH CORDON BLEU ', '', 1, 10, '7.00', 0, '105.155.255.102', 0, '', 0, '2019-10-08 09:33:25', '2019-10-08 09:33:25', NULL),
(6226, 190, 2, 2, NULL, '', '', 'MENU SANDWICH TENDERS ', '', 1, 10, '7.00', 0, '105.155.255.102', 0, '', 0, '2019-10-08 11:05:56', '2019-10-08 11:05:56', NULL),
(6227, 190, 2, 2, NULL, '', '', 'MENU SANDWICH CHICKEN CHIKA', '', 1, 10, '7.00', 0, '105.155.255.102', 0, '', 0, '2019-10-08 11:22:00', '2019-10-08 11:22:00', NULL),
(6228, 190, 2, 2, NULL, '', '', 'MENU SANDWICH MEXICAIN ', '', 1, 10, '7.00', 0, '105.155.255.102', 0, '', 0, '2019-10-08 11:23:00', '2019-10-08 11:23:00', NULL),
(6229, 190, 2, 2, NULL, '', '', 'MENU SANDWICH KEFTA ', '', 1, 10, '7.00', 0, '105.155.255.102', 0, '', 0, '2019-10-08 11:24:02', '2019-10-08 11:24:02', NULL),
(6230, 190, 2, 2, NULL, '', '', 'MENU SANDWICH VÉGÉTARIEN ', '', 1, 10, '6.00', 0, '105.155.255.102', 0, '', 0, '2019-10-08 11:24:54', '2019-10-08 11:24:54', NULL),
(6231, 190, 2, 2, NULL, '', '', 'MENU SANDWICH STEAK ', '', 1, 10, '6.00', 0, '105.155.255.102', 0, '', 0, '2019-10-08 11:25:44', '2019-10-08 11:25:44', NULL),
(6232, 190, 2, 2, NULL, '', '', 'MENU SANDWICH MERGUEZ ', '', 1, 10, '6.00', 0, '105.155.255.102', 0, '', 0, '2019-10-08 11:26:29', '2019-10-08 11:26:29', NULL),
(6233, 190, 2, 4, NULL, '', '', 'MENU DOUBLE CHEESE BURGER ', '', 1, 10, '6.50', 0, '105.155.255.102', 0, '', 0, '2019-10-08 11:27:43', '2019-10-08 11:27:43', NULL),
(6234, 190, 2, 4, NULL, '', '', 'MENU FISH BURGER ', '', 1, 10, '5.50', 0, '105.155.255.102', 0, '', 0, '2019-10-08 11:28:35', '2019-10-08 11:28:35', NULL),
(6235, 190, 2, 4, NULL, '', '', 'MENU CHICKEN CHEESE BURGER ', '', 1, 10, '6.50', 0, '105.155.255.102', 0, '', 0, '2019-10-08 11:31:45', '2019-10-08 11:31:45', NULL),
(6236, 190, 2, 4, NULL, '', '', 'MENU PYRAMIDE BURGER ', '', 1, 10, '6.50', 0, '105.155.255.102', 0, '', 0, '2019-10-08 14:42:09', '2019-10-08 14:42:09', NULL),
(6237, 190, 2, 4, NULL, '', '', 'MENU CORDON BLEU CHEESE BURGER ', '', 1, 10, '6.50', 0, '105.155.255.102', 0, '', 0, '2019-10-08 14:44:48', '2019-10-08 14:44:48', NULL),
(6238, 190, 2, 4, NULL, '', '', 'MENU BIG BURGER ', '', 1, 10, '7.00', 0, '105.155.255.102', 0, '', 0, '2019-10-08 14:46:07', '2019-10-08 14:46:07', NULL),
(6239, 190, 2, 4, NULL, '', '', 'MENU KING SIZE BURGER ', '', 1, 10, '8.00', 0, '105.155.255.102', 0, '', 0, '2019-10-08 14:48:12', '2019-10-08 14:48:12', NULL),
(6240, 190, 2, 4, NULL, '', '', 'MENU COUNTRY CHEESE BURGER ', '', 1, 10, '6.50', 0, '105.155.255.102', 0, '', 0, '2019-10-09 08:39:26', '2019-10-09 08:39:26', NULL),
(6241, 190, 2, 4, NULL, '', '', 'MENU TRIO BURGER ', '', 1, 10, '7.00', 0, '105.155.255.102', 0, '', 0, '2019-10-09 08:40:27', '2019-10-09 08:40:27', NULL),
(6242, 190, 2, 4, NULL, '', '', 'MENU MONSTER BURGER ', '', 1, 10, '8.00', 0, '105.155.255.102', 0, '', 0, '2019-10-09 08:41:23', '2019-10-09 08:41:23', NULL),
(6243, 190, 2, 11, NULL, '', '', 'MENU ENFANT ', '1 pizza enfant ou 1 burger + frite + 1 jus d\'orange + 1 kinder bueno ', 1, 10, '7.50', 0, '105.155.255.102', 0, '', 0, '2019-10-09 08:48:13', '2019-10-09 08:48:13', NULL),
(6244, 190, 1, 9, NULL, '', '', 'MENU SPÉCIALE MIDI SUR PLACE ', '1 PIZZA SENIOR + 1 BOISSON 33 CL ', 1, 10, '10.00', 0, '105.155.255.102', 0, '105.155.255.102', 0, '2019-10-09 08:49:32', '2019-10-09 08:56:10', NULL),
(6245, 190, 2, 148, NULL, '', '', 'MENU DUO ', '2 PIZZA SENIOR + 1 BOISSON 1.5 L // OFFRE NON CUMULABLE ', 1, 10, '25.00', 0, '105.155.255.102', 0, '105.155.255.102', 0, '2019-10-09 08:58:34', '2019-10-09 08:59:21', NULL),
(6246, 190, 2, 148, NULL, '', '', 'MENU TRIO ', '3 PIZZA JUNIOR AU CHOIX + 1 BOISSON 1.5 L // OFFRE NON CUMULABLE ', 1, 10, '21.00', 0, '105.155.255.102', 0, '105.155.255.102', 0, '2019-10-09 09:00:23', '2019-10-09 09:01:02', NULL),
(6247, 190, 2, 148, NULL, '', '', 'MENU FAMILIAL ', '2 PIZZA MEGA + 1 BOISSON 1.5 L //  OFFRE NON CUMULABLE ', 1, 10, '35.00', 0, '105.155.255.102', 0, '', 0, '2019-10-09 09:02:41', '2019-10-09 09:02:41', NULL),
(6248, 190, 2, 76, 278, '', '', '1 PIZZA ACHETÉE = 1 PIZZA OFFERTE ', '', 1, 10, '0.00', 0, '105.155.255.102', 0, '', 0, '2019-10-09 09:04:18', '2019-10-09 09:04:18', NULL),
(6249, 190, 2, 87, 279, '', '', '2 PIZZA ACHETÉES = 1 OFFERTE ', '', 1, 10, '0.00', 0, '105.155.255.102', 0, '', 0, '2019-10-09 09:05:55', '2019-10-09 09:05:55', NULL),
(6250, 190, 2, 10, NULL, '', '', '1 CANETTE OFFERTE POUR 1 PIZZA SENIOR ACHETÉE ', '', 1, 10, '0.00', 0, '105.155.255.102', 0, '', 0, '2019-10-09 09:08:22', '2019-10-09 09:08:22', NULL),
(6251, 190, 2, 10, NULL, '', '', '2 CANETTES OFFERTES POUR 1 PIZZA MEGA ACHETÉE', '', 1, 10, '0.00', 0, '105.155.255.102', 0, '', 0, '2019-10-09 09:32:13', '2019-10-09 09:32:13', NULL),
(6252, 191, 2, 4, NULL, '', '', 'MENU DOUBLE CHEESE BURGER ', '', 1, 10, '6.00', 0, '105.155.255.102', 0, '105.155.255.102', 0, '2019-12-06 13:02:50', '2019-12-10 17:06:11', NULL),
(6253, 191, 2, 3, NULL, '', '', 'MENU SOLO ', '1 PIZZA JUNIOR AU CHOIX ( PIZZA SAUMON + 1 €)  +  6 WINGS  + 1 BOISSON 33 CL ', 1, 10, '12.90', 0, '105.155.255.102', 0, '105.155.255.102', 0, '2019-12-06 13:23:37', '2019-12-06 13:29:25', NULL),
(6254, 191, 2, 3, NULL, '', '', 'MENU DUO ', '1 PIZZA SENIOR AU CHOIX ( Pizza saumon + 1.50 € ) + 6 chicken wings ou 6 nuggets + 2 desserts (tarte au daim et tiramisu + 1 € // Glace 100 ml +1.50 € ) + 1 boisson 33 cl ', 1, 10, '20.90', 0, '105.155.255.102', 0, '105.155.255.102', 0, '2019-12-06 14:52:27', '2019-12-11 11:51:48', NULL),
(6255, 191, 2, 3, NULL, '', '', 'MENU 3 JUNIOR ', '3 pizza juniors au choix ( pizza saumon + 1 €) + 1 maxi boisson 1.5 l', 1, 10, '22.90', 0, '105.155.255.102', 0, '105.155.255.102', 0, '2019-12-06 15:52:20', '2019-12-11 12:00:50', NULL),
(6256, 191, 2, 3, NULL, '', '', 'MENU 2 SENIOR', '2 PIZZA SENIOR (Pizza saumon +1.50 € ) + 10 wings ou 10 nuggets + 1 maxi boisson 1.5 l ', 1, 10, '29.00', 0, '105.155.255.102', 0, '105.155.255.102', 0, '2019-12-06 15:57:36', '2019-12-11 11:52:56', NULL),
(6257, 191, 2, 3, NULL, '', '', 'MENU FAMILLE ', '1 PIZZA FAMILIALE AU CHOIX (pizza saumon + 2 €) + 12 wings + 4 desserts (tarte au daim et tiramisu + 1 €// glace 100 ml +1.50 €)  + 1 maxi boisson 1.5 l', 1, 10, '31.00', 0, '105.155.255.102', 0, '105.155.255.102', 0, '2019-12-06 16:04:12', '2019-12-11 11:54:55', NULL),
(6258, 191, 1, 9, NULL, '', '', 'MENU MIDI : 1 PIZZA JUNIOR ', '1 Pizza junior au choix  (saumon + 1 € / Fruits de mer + 1 € ) + 1 dessert  sauf glace + 1 boisson 33 cl ', 1, 10, '8.90', 0, '105.155.255.102', 0, '', 0, '2019-12-06 16:53:47', '2019-12-06 16:53:47', NULL),
(6259, 191, 1, 9, NULL, '', '', 'MENU MIDI SALADE ', '1 SALADE AU CHOIX + 1 DESSERT SAUF GLACE + 1 BOISSON 33CL ', 1, 10, '8.90', 0, '105.155.255.102', 0, '', 0, '2019-12-06 16:58:27', '2019-12-06 16:58:27', NULL),
(6260, 191, 1, 9, NULL, '', '', 'MENU MIDI PASTA ', '1 Plat pâte au choix  + 1 dessert + 1 boisson 33 cl ', 1, 10, '8.90', 0, '105.155.255.102', 0, '', 0, '2019-12-06 17:01:52', '2019-12-06 17:01:52', NULL),
(6261, 191, 1, 9, NULL, '', '', 'MENU MIDI ESCALOPE ', '1 plat escalope + 1 Dessert  + 1 boisson 33 cl ', 1, 10, '8.90', 0, '105.155.255.102', 0, '', 0, '2019-12-06 17:05:20', '2019-12-06 17:05:20', NULL),
(6262, 191, 1, 9, NULL, '', '', 'MENU MIDI : FILET DE SAUMON ', '1 FILET DE SAUMON + 1 DESSERT + 1 BOISSON 33 cl ', 1, 10, '8.90', 0, '105.155.255.102', 0, '', 0, '2019-12-06 17:42:43', '2019-12-06 17:42:43', NULL),
(6263, 191, 1, 9, NULL, '', '', 'MENU MIDI DOUBLE CHEESE ', '1 Double cheese + frites + dessert + 1 boisson 33 cl', 1, 10, '8.90', 0, '105.155.255.102', 0, '105.155.255.102', 0, '2019-12-06 17:45:33', '2019-12-09 15:28:17', NULL),
(6264, 191, 1, 9, NULL, '', '', 'MENU MIDI PANINI ', '1 PANINI AU CHOIX + FRITES + DESSERT + 1 BOISSON 33 CL ', 1, 10, '8.90', 0, '105.155.255.102', 0, '', 0, '2019-12-09 15:34:41', '2019-12-09 15:34:41', NULL),
(6265, 191, 1, 9, NULL, '', '', 'MENU MIDI GRATIN ', '1 GRATIN + 1 DESSERT + 1 BOISSON 33 CL ', 1, 10, '8.90', 0, '105.155.255.102', 0, '', 0, '2019-12-09 15:37:00', '2019-12-09 15:37:00', NULL),
(6266, 191, 1, 9, NULL, '', '', 'MENU MIDI : 1 PIZZA SENIOR ', '1 PIZZA SENIOR + 1 DESSERT + 1 BOISSON 33 CL ', 1, 10, '12.90', 0, '105.155.255.102', 0, '105.155.255.102', 0, '2019-12-09 15:38:58', '2019-12-09 15:41:01', NULL),
(6267, 191, 2, 5, NULL, '', '', 'MENU PANINI ', '1 PANINI AU CHOIX + FRITES + 1 BOISSON 33 CL ', 1, 10, '6.00', 0, '105.155.255.102', 0, '', 0, '2019-12-09 15:43:25', '2019-12-09 15:43:25', NULL),
(6268, 191, 2, 10, NULL, '', '', '1 PIZZA SENIOR ACHETÉE = 1 BOISSON 33 CL OFFERTE ', '', 1, 10, '0.00', 0, '105.155.255.102', 0, '105.155.255.102', 0, '2019-12-09 15:44:51', '2019-12-12 18:05:02', NULL),
(6269, 191, 2, 10, NULL, '', '', '1 PIZZA FAMILIALE ACHETÉE = 2 BOISSON 33 CL OFFERTES', '', 1, 10, '0.00', 0, '105.155.255.102', 0, '105.155.255.102', 0, '2019-12-09 15:45:55', '2019-12-12 18:05:05', NULL),
(6270, 191, 2, 87, 282, '', '', '1 PIZZA ACHETÉE LA 2 éme à -50%', '', 1, 10, '0.00', 0, '105.155.255.102', 0, '', 0, '2019-12-09 15:48:52', '2019-12-09 15:48:52', NULL),
(6271, 191, 2, 87, 281, '', '', '2 PIZZA ACHETÉES = 1 OFFERTE ', '', 1, 10, '0.00', 0, '105.155.255.102', 0, '', 0, '2019-12-09 15:49:48', '2019-12-09 15:49:48', NULL),
(6272, 191, 1, 9, NULL, '', '', 'MENU MIDI TEX MEX ', '8 PIÈCES + POTATOES + DESSERT + BOISSON 33 CL', 1, 10, '8.90', 0, '105.155.255.102', 0, '105.155.255.102', 0, '2019-12-09 16:09:34', '2019-12-09 16:09:44', NULL),
(6273, 191, 2, 10, 283, '', '', 'PIZZA MOITIÉ MOITIÉ', 'Uniquement pizza avec la même base ', 1, 10, '0.00', 0, '105.155.255.102', 0, '105.155.255.102', 0, '2019-12-10 15:18:08', '2019-12-10 15:29:40', NULL),
(6274, 191, 2, 76, 283, '', '', '1 PIZZA ACHETÉE = 1 PIZZA OFFERTE ', '', 1, 10, '0.00', 0, '105.155.255.102', 0, '', 0, '2019-12-10 15:20:42', '2019-12-10 15:20:42', NULL),
(6275, 191, 1, 36, NULL, '', '', 'FORMULE ETUDIANT PIZZA ', '1 PIZZA JUNIOR ', 1, 10, '6.00', 0, '105.155.255.102', 0, '105.155.255.102', 0, '2019-12-10 15:22:36', '2019-12-10 15:24:02', NULL),
(6276, 191, 1, 36, NULL, '', '', 'FORMULE ETUDIANT PIZZA + BOISSON 33 cl ', '', 1, 10, '7.00', 0, '105.155.255.102', 0, '', 0, '2019-12-10 15:23:52', '2019-12-10 15:23:52', NULL),
(6277, 191, 1, 36, NULL, '', '', 'FORMULE ETUDIANT PANINI + BOISSON 33 cl', '', 1, 10, '4.50', 0, '105.155.255.102', 0, '105.155.255.102', 0, '2019-12-10 15:25:38', '2019-12-10 15:29:06', NULL),
(6278, 191, 1, 36, NULL, '', '', 'FORMULE ETUDIANT TACOS + BOISSON 33 cl', '', 1, 10, '7.00', 0, '105.155.255.102', 0, '', 0, '2019-12-12 17:59:04', '2019-12-12 17:59:04', NULL),
(6279, 191, 2, 76, NULL, '', '', '1 PIZZA SENIOR = 10 € ', '', 1, 10, '10.00', 0, '105.155.255.102', 0, '', 0, '2019-12-12 18:03:24', '2019-12-12 18:03:24', NULL),
(6280, 191, 2, 76, NULL, '', '', '1 PIZZA MEGA = 14 € ', '', 1, 10, '14.00', 0, '105.155.255.102', 0, '', 0, '2019-12-12 18:03:57', '2019-12-12 18:03:57', NULL),
(6281, 191, 2, 76, NULL, '', '', '1 PIZZA JUNIOR = 7 € ', '', 1, 10, '7.00', 0, '105.155.255.102', 0, '', 0, '2019-12-12 18:04:27', '2019-12-12 18:04:27', NULL),
(6282, 194, 2, 3, NULL, '', '', 'MENU JUNIOR ', '3 Pizzas Junior au choix\n+ 3 Desserts au choix ou  glace 100 ml\n+ 1 Coca cola 1.5l.', 1, 10, '28.90', 0, '105.155.255.102', 0, '105.155.255.102', 0, '2019-12-17 15:41:40', '2019-12-17 17:09:37', NULL),
(6283, 194, 2, 3, NULL, '', '', 'MENU SENIOR ', '4 Pizzas Senior au choix\n+ 1 Coca cola 1.5l.\n Häagen dazs 500ml (+4 € ) ', 1, 10, '44.90', 0, '105.155.255.102', 0, '105.155.255.102', 0, '2019-12-17 15:46:30', '2019-12-17 15:47:57', NULL),
(6284, 194, 2, 3, NULL, '', '', 'MENU MEGA ', '2 Pizza Méga au choix\n+ 1 Coca cola 1.5l.\n Häagen dazs 500ml (+ 4€ ) \n', 1, 10, '39.90', 0, '105.155.255.102', 0, '105.155.255.102', 0, '2019-12-17 15:52:32', '2019-12-17 17:10:39', NULL),
(6285, 194, 2, 11, NULL, '', '', 'MENU BAMBINO NUGGETS ', 'Nuggets\n+ Frites\n+ 1 Compote\n+ 1 Cadeau\n+ 1 Soda 33cl au choix.', 1, 10, '7.00', 0, '105.155.255.102', 0, '105.155.255.102', 0, '2019-12-17 15:54:31', '2019-12-17 15:58:08', NULL),
(6286, 194, 2, 11, NULL, '', '', 'MENU BAMBINO PIZZA ', '1 Pizza Classica junior\n+ 1 Ingrédient au choix\n+ 1 Compote\n+ 1 Cadeau\n+ 1 Soda 33cl au choix.', 1, 10, '7.00', 0, '105.155.255.102', 0, '', 0, '2019-12-17 15:59:25', '2019-12-17 15:59:25', NULL),
(6287, 194, 2, 76, 284, '', '', '1 PIZZA ACHETÉE = 1 PIZZA OFFERTE ', '', 1, 10, '0.00', 0, '105.155.255.102', 0, '', 0, '2019-12-17 16:02:32', '2019-12-17 16:02:32', NULL),
(6288, 194, 2, 87, 285, '', '', '2 PIZZA ACHETÉES = 1 OFFERTE ', '', 1, 10, '0.00', 0, '105.155.255.102', 0, '', 0, '2019-12-17 16:03:38', '2019-12-17 16:03:38', NULL),
(6289, 194, 2, 87, 286, '', '', '1 PIZZA ACHETÉE = LA 2 éme -50% ', '', 1, 10, '0.00', 0, '105.155.255.102', 0, '', 0, '2019-12-17 16:05:02', '2019-12-17 16:05:02', NULL),
(6290, 194, 2, 41, NULL, '', '', 'REMISE 3 € POUR TOUTES COMMANDES DE 25 € ', '', 1, 10, '-3.00', 0, '105.155.255.102', 0, '105.155.255.102', 0, '2019-12-17 16:06:44', '2019-12-17 16:08:42', NULL),
(6291, 194, 2, 41, NULL, '', '', 'REMISE 5 € POUR TOUTES COMMANDES DE 39 € ', '', 1, 10, '-5.00', 0, '105.155.255.102', 0, '', 0, '2019-12-17 16:09:14', '2019-12-17 16:09:14', NULL);

-- --------------------------------------------------------

--
-- Structure de la table `menu_category`
--

CREATE TABLE `menu_category` (
  `id` int(11) NOT NULL,
  `name` varchar(100) COLLATE utf8mb4_unicode_ci NOT NULL,
  `active` int(11) NOT NULL
) ENGINE=InnoDB DEFAULT CHARSET=utf8mb4 COLLATE=utf8mb4_unicode_ci;

--
-- Contenu de la table `menu_category`
--

INSERT INTO `menu_category` (`id`, `name`, `active`) VALUES
(1, 'CLASSIQUE', 1),
(2, 'MENU SANDWICH', 1),
(3, 'MENU PIZZA', 1),
(4, 'MENU BURGER', 1),
(5, 'MENU PANINI', 1),
(6, 'MENU HUMMER', 1),
(7, 'MENU TACOS', 1),
(8, 'MENU SANDWICH FROID ', 1),
(9, 'MENU MIDI', 1),
(10, 'OFFRE PIZZAS', 1),
(11, 'MENU ENFANT', 1),
(12, 'ASSIETTE', 1),
(13, 'MENU CRÊPE ', 1),
(14, 'OFFRE ENTREPRISE', 1),
(15, 'OFFRE PARTICULIERS', 1),
(16, 'MENU BROCHETTES', 1),
(17, 'MENU PLAT CHAUD', 1),
(18, 'RIZ ET NOUILLES', 1),
(19, 'SAUTÉ', 1),
(20, 'LOK LAK', 1),
(21, 'MENU BUCKET ', 1),
(22, 'BOXES ', 1),
(23, 'MENU ZAP\'SOUFFLES', 1),
(24, ' MENU PLATEAUX ', 1),
(25, 'FORMULES', 1),
(29, 'MENU SANDWICHS', 1),
(30, 'MENU ASSIETTE', 1),
(32, 'MENU CRÊPE SALÉE ', 1),
(33, 'MENU SALADE', 1),
(34, 'MENU BAGEL', 1),
(36, 'FORMULE ETUDIANTS ', 1),
(37, 'FORMULE PROFESSIONNEL ', 1),
(38, 'FORMULES PIZZA', 1),
(39, 'MENU TORTILLA ', 1),
(40, 'MENU ZAP\'DWICHS', 1),
(41, 'OFFRES ', 1),
(42, 'CALZONE SUCRÉE ', 0),
(43, 'MENU ENTREPRISE ', 1),
(44, 'MENU WINGS ', 1),
(45, 'MENU MEGA WINGS ', 1),
(46, 'MENU TEX MEX ', 1),
(47, 'MENU PÂTES ', 1),
(48, 'MENU NAAN', 1),
(50, 'MENU ASSIETTES', 1),
(51, 'MENU', 1),
(52, 'MENU PIZZA PROMO', 1),
(53, 'MENU FAJITAS', 1),
(54, 'MENU JAPON', 1),
(55, 'MENU CHINE-THAÏ', 1),
(56, 'OFFRES PIZZAS', 1),
(58, 'MENU SOUFFLÉ ', 1),
(59, 'MENU BRUSHETTAS ', 1),
(60, 'MENU BRUCHETTAS', 1),
(61, 'MENU ESCALOPES', 1),
(63, 'MENU PLATS', 1),
(64, 'MENU BURGER SUPREMES', 1),
(65, 'MENU BURRITOS ', 1),
(66, 'MENU TACOS BOWL ', 1),
(67, 'MENU WRAP', 1),
(68, 'MENU WHOPERS ', 1),
(69, 'MENU FRIANDS ', 1),
(70, 'MENU PANIZZAS', 1),
(71, 'MENU BAGNATS ', 1),
(72, 'MENU GRATINS', 1),
(73, 'MENU CROQ ', 1),
(75, 'OFFRES LIVRAISON A NE PAS PROPOSER', 1),
(76, 'OFFRES A EMPORTER', 1),
(77, 'MENU DOUBLES', 1),
(78, 'MENU SANDWICHS STEAK', 1),
(79, 'MENU HAMBURGERS', 1),
(80, 'MENU MIXTES', 1),
(81, 'MENU AMERICAN BURGER', 1),
(82, 'MENU INDIAN SANDWICHS', 1),
(83, 'MENU INDIENS', 1),
(84, 'MENU SANDWICHS CLASSIQUES', 1),
(85, 'OFFRES SENIOR DU LUNDI AU JEUDI', 1),
(87, 'OFFRES LIVRAISON', 1),
(88, 'MENU POULET RÔTI ', 1),
(89, 'MENU MIDI ET SOIR', 1),
(90, 'BOISSON AVEC PLATS THAI', 1),
(91, 'OFFRES LIVRAISONS DU LUNDI AU JEUDI', 1),
(92, 'MENU DUO BURGER ', 1),
(93, 'MENUS CORNERS', 1),
(94, 'OFFRE ETUDIANT VALABLE JUSQU\'A 18H', 1),
(95, 'OFFRES A EMPORTER 3 PIZZAS', 1),
(96, 'OFFRES SUR PLACE', 1),
(97, 'OFFRES A EMPORTER 2 PIZZAS (NBR PAIRS)', 1),
(99, 'OFFRES LIVRAISON "MIDI" DU LUNDI AU JEUDI', 1),
(100, 'OFFRES LIVRAISON LUNDI', 1),
(101, 'MENU SENSATION', 1),
(102, 'MENU BURGER GOURMET', 1),
(103, 'OFFRE SMS A LA DEMANDE DES CLIENTS', 1),
(104, 'MENU BURGERS CLASSIQUES', 1),
(105, 'MENUS AFRICAINS', 1),
(106, 'MENUS HAÏTIENS', 1),
(107, 'OFFRE A LA DEMANDE DES CLIENTS ', 1),
(108, 'MENU HOT DOG', 1),
(109, 'REDUCTION AVEC PRESENTATION DE COUPON DE REDUCTION', 1),
(110, 'OFFRE LIVRAISON A NE JAMAIS PROPOSER /QUE POUR CERTAINS CLIENTS QUI CONNAISSENT LE PATRON', 1),
(111, 'MENU TOAST ', 1),
(112, 'MENU GRILLADE ', 1),
(114, 'OFFRE HÔPITAL PRIVÉ PAUL D\'ÉGINE', 1),
(115, 'OFFRE HOPITAUX /CLINIQUES / LABO /PHARMACIES /MOSQUEE', 1),
(116, 'UNE PIZZA ACHETÉ UNE PIZZA OFFERTE A EMPORTER DU 18 AU  24 INCLUS ', 1),
(117, 'MENU BURGER EXTRA ', 1),
(118, 'OFFRES LIVRAISON ET A EMPORTER ', 1),
(119, 'OFFRE DU LUNDI A EMPORTER ', 1),
(120, 'OFFRE MARDI ET MERCREDI (LIVRAISON ET À EMPORTER )', 1),
(121, 'OFFRE JEUDI (LIVRAISON ET À EMPORTER)', 1),
(122, 'PLATS MAISON', 1),
(123, 'POULET BRAISE ', 1),
(124, 'MENU HOME MADE BURGER', 1),
(125, 'OFFRE TIRAMISU', 1),
(126, 'MENUS SPECIAUX', 1),
(127, 'FORMULES EXTRAS / TEX-MEX', 1),
(128, 'PETITS PLUS : CROQ-WRAP-PANINI', 1),
(129, 'OFFRES LIVRAISONS LUNDI-MARDI', 1),
(130, 'CARTE FIDÉLITÉ / PROMO', 1),
(131, 'PROMOS SPÉCIALE À EMPORTER', 1),
(132, 'PROMOS SPÉCIALE EN LIVRAISON', 1),
(133, 'MENU CHEESE NAAN', 1),
(134, 'MENU TACOS SIGNATURE', 1),
(135, 'MENU TEX-MEX', 1),
(136, 'FORMULE TECHNOPOLE+ TELECOM BRETAGNE', 1),
(137, 'PIZZA MOITIE-MOITIE', 1),
(138, 'CARTE FIDELITE A LA DEMANDE DES CLIENTS', 1),
(139, 'OFFRES ETUDIANTS ', 1),
(140, 'TACOS\'PIZZ', 1),
(141, 'OFFRE LUNDI ET JEUDI ', 1),
(142, 'MENU WHOOP\'S ', 1),
(143, 'MENU SANDWICHS AU FOUR ', 1),
(144, 'MENU CHIMICHANGA ', 1),
(145, 'MENU FITNESS ', 1),
(146, 'MENU DISPONIBLES  DU LUNDI AU JEUDI ', 1),
(147, 'MENU YAKITORI ', 1),
(148, 'MENU PIZZA DISPONIBLE DU LUNDI AU JEUDI ', 1);

-- --------------------------------------------------------

--
-- Structure de la table `menu_element_size`
--

CREATE TABLE `menu_element_size` (
  `id` int(11) NOT NULL,
  `menu_id` int(11) NOT NULL,
  `element_size_id` int(11) DEFAULT NULL,
  `quantity` int(11) NOT NULL,
  `choice` int(11) NOT NULL
) ENGINE=InnoDB DEFAULT CHARSET=utf8mb4 COLLATE=utf8mb4_unicode_ci;

--
-- Contenu de la table `menu_element_size`
--

INSERT INTO `menu_element_size` (`id`, `menu_id`, `element_size_id`, `quantity`, `choice`) VALUES
(11729, 6199, 35959, 1, 0),
(11730, 6199, 35830, 1, 0),
(11731, 6199, 35957, 1, 0),
(11732, 6214, 36072, 1, 0),
(11733, 6214, 36107, 1, 0),
(11734, 6215, 36073, 1, 0),
(11735, 6215, 36107, 1, 0),
(11736, 6216, 36078, 1, 0),
(11737, 6216, 36107, 1, 0),
(11738, 6217, 36106, 1, 0),
(11739, 6217, 36107, 1, 0),
(11740, 6218, 36080, 1, 0),
(11741, 6218, 36107, 1, 0),
(11742, 6219, 36081, 1, 0),
(11743, 6219, 36107, 1, 0),
(11744, 6220, 36082, 1, 0),
(11745, 6220, 36107, 1, 0),
(11746, 6221, 36083, 1, 0),
(11747, 6221, 36107, 1, 0),
(11748, 6222, 36084, 1, 0),
(11749, 6222, 36107, 1, 0),
(11750, 6223, 36085, 1, 0),
(11751, 6223, 36107, 1, 0),
(11752, 6224, 36086, 1, 0),
(11753, 6224, 36107, 1, 0),
(11754, 6225, 36091, 1, 0),
(11755, 6225, 36107, 1, 0),
(11756, 6226, 36090, 1, 0),
(11757, 6226, 36107, 1, 0),
(11758, 6227, 36087, 1, 0),
(11759, 6227, 36107, 1, 0),
(11760, 6228, 36088, 1, 0),
(11761, 6228, 36107, 1, 0),
(11762, 6229, 36089, 1, 0),
(11763, 6229, 36107, 1, 0),
(11764, 6230, 36092, 1, 0),
(11765, 6230, 36107, 1, 0),
(11766, 6231, 36093, 1, 0),
(11767, 6231, 36107, 1, 0),
(11768, 6232, 36094, 1, 0),
(11769, 6232, 36107, 1, 0),
(11770, 6233, 36095, 1, 0),
(11771, 6233, 36107, 1, 0),
(11772, 6234, 36097, 1, 0),
(11773, 6234, 36107, 1, 0),
(11774, 6235, 36098, 1, 0),
(11775, 6235, 36107, 1, 0),
(11776, 6236, 36099, 1, 0),
(11777, 6236, 36107, 1, 0),
(11778, 6237, 36100, 1, 0),
(11779, 6237, 36107, 1, 0),
(11780, 6238, 36101, 1, 0),
(11781, 6238, 36107, 1, 0),
(11782, 6239, 36102, 1, 0),
(11783, 6239, 36107, 1, 0),
(11784, 6240, 36103, 1, 0),
(11785, 6240, 36107, 1, 0),
(11786, 6241, 36104, 1, 0),
(11787, 6241, 36107, 1, 0),
(11788, 6242, 36105, 1, 0),
(11789, 6242, 36107, 1, 0),
(11790, 6243, 36147, 1, 1),
(11791, 6243, 36107, 1, 0),
(11792, 6243, 36148, 1, 0),
(11793, 6243, 36149, 1, 0),
(11794, 6252, 36366, 1, 0),
(11795, 6252, 36367, 1, 0),
(11796, 6253, 36394, 1, 0),
(11797, 6254, 36394, 1, 1),
(11798, 6254, 36396, 1, 1),
(11799, 6256, 36400, 1, 1),
(11800, 6256, 36401, 1, 1),
(11801, 6257, 36402, 1, 0),
(11802, 6262, 36331, 1, 0),
(11803, 6263, 36366, 1, 0),
(11804, 6263, 36367, 1, 0),
(11805, 6264, 36367, 1, 0),
(11806, 6267, 36367, 1, 0),
(11807, 6272, 36356, 1, 0),
(11808, 6278, 36626, 1, 0),
(11809, 6285, 36694, 1, 0),
(11810, 6286, 36690, 1, 0),
(11811, 6290, 36695, 1, 0),
(11812, 6291, 36695, 1, 0);

-- --------------------------------------------------------

--
-- Structure de la table `menu_exclusion`
--

CREATE TABLE `menu_exclusion` (
  `menu_id` int(11) NOT NULL,
  `element_size_id` int(11) NOT NULL
) ENGINE=InnoDB DEFAULT CHARSET=utf8mb4 COLLATE=utf8mb4_unicode_ci;

--
-- Contenu de la table `menu_exclusion`
--

INSERT INTO `menu_exclusion` (`menu_id`, `element_size_id`) VALUES
(6194, 35892),
(6194, 35893),
(6194, 35894),
(6195, 35959),
(6270, 36173),
(6270, 36174),
(6271, 36173),
(6271, 36174);

-- --------------------------------------------------------

--
-- Structure de la table `menu_family_size`
--

CREATE TABLE `menu_family_size` (
  `id` int(11) NOT NULL,
  `menu_id` int(11) NOT NULL,
  `card_family_id` int(11) DEFAULT NULL,
  `size_id` int(11) DEFAULT NULL,
  `quantity` int(11) NOT NULL,
  `choice` int(11) NOT NULL
) ENGINE=InnoDB DEFAULT CHARSET=utf8mb4 COLLATE=utf8mb4_unicode_ci;

--
-- Contenu de la table `menu_family_size`
--

INSERT INTO `menu_family_size` (`id`, `menu_id`, `card_family_id`, `size_id`, `quantity`, `choice`) VALUES
(8104, 6187, 3295, 2484, 1, 0),
(8105, 6187, 3295, 2484, 1, 0),
(8106, 6188, 3295, 2484, 1, 0),
(8107, 6188, 3295, 2484, 1, 0),
(8108, 6189, 3295, 2484, 1, 0),
(8109, 6189, 3295, 2484, 1, 0),
(8110, 6190, 3295, 2484, 1, 0),
(8111, 6190, 3295, 2484, 1, 0),
(8112, 6191, 3295, 2484, 1, 0),
(8113, 6191, 3295, 2484, 1, 0),
(8114, 6192, 3295, 2484, 1, 0),
(8115, 6192, 3295, 2484, 1, 0),
(8119, 6193, 3289, 2565, 2, 0),
(8120, 6194, 3289, 2565, 3, 0),
(8121, 6194, 3295, 2484, 2, 0),
(8123, 6195, 3289, 2484, 1, 0),
(8124, 6193, 3295, 2484, 2, 0),
(8125, 6195, 3295, 2484, 2, 0),
(8126, 6196, 3295, 2484, 4, 0),
(8127, 6197, 3295, 2484, 6, 0),
(8128, 6198, 3295, 2484, 8, 0),
(8130, 6200, 3295, 2484, 2, 0),
(8131, 6201, 3295, 2484, 2, 0),
(8132, 6202, 3295, 2484, 2, 0),
(8133, 6203, 3295, 2484, 2, 0),
(8134, 6204, 3295, 2484, 2, 0),
(8135, 6205, 3295, 2484, 2, 0),
(8136, 6206, 3295, 2484, 2, 0),
(8137, 6207, 3295, 2484, 2, 0),
(8138, 6208, 3295, 2484, 2, 0),
(8139, 6209, 3295, 2484, 2, 0),
(8140, 6210, 3295, 2484, 2, 0),
(8141, 6211, 3295, 2484, 2, 0),
(8142, 6212, 3295, 2484, 2, 0),
(8143, 6213, 3295, 2484, 2, 0),
(8144, 6214, 3307, 2575, 1, 0),
(8145, 6215, 3307, 2575, 1, 0),
(8146, 6216, 3307, 2575, 1, 0),
(8147, 6217, 3307, 2575, 1, 0),
(8148, 6218, 3307, 2575, 1, 0),
(8149, 6219, 3307, 2575, 1, 0),
(8150, 6220, 3307, 2575, 1, 0),
(8151, 6221, 3307, 2575, 1, 0),
(8152, 6222, 3307, 2575, 1, 0),
(8153, 6223, 3307, 2575, 1, 0),
(8154, 6224, 3307, 2575, 1, 0),
(8155, 6225, 3307, 2575, 1, 0),
(8156, 6226, 3307, 2575, 1, 0),
(8157, 6227, 3307, 2575, 1, 0),
(8158, 6228, 3307, 2575, 1, 0),
(8159, 6229, 3307, 2575, 1, 0),
(8160, 6230, 3307, 2575, 1, 0),
(8161, 6231, 3307, 2575, 1, 0),
(8162, 6232, 3307, 2575, 1, 0),
(8163, 6233, 3307, 2575, 1, 0),
(8164, 6234, 3307, 2575, 1, 0),
(8165, 6235, 3307, 2575, 1, 0),
(8166, 6236, 3307, 2575, 1, 0),
(8167, 6237, 3307, 2575, 1, 0),
(8168, 6238, 3307, 2575, 1, 0),
(8169, 6239, 3307, 2575, 1, 0),
(8170, 6240, 3307, 2575, 1, 0),
(8171, 6241, 3307, 2575, 1, 0),
(8172, 6242, 3307, 2575, 1, 0),
(8173, 6243, 3300, 2574, 1, 1),
(8174, 6244, 3297, 2572, 1, 0),
(8175, 6244, 3307, 2575, 1, 0),
(8176, 6245, 3297, 2572, 2, 0),
(8177, 6245, 3307, 2578, 1, 0),
(8178, 6246, 3297, 2571, 3, 0),
(8179, 6246, 3307, 2578, 1, 0),
(8180, 6247, 3297, 2573, 2, 0),
(8181, 6247, 3307, 2578, 1, 0),
(8182, 6248, 3297, 2572, 2, 1),
(8183, 6248, 3297, 2573, 2, 1),
(8184, 6249, 3297, 2572, 3, 1),
(8185, 6249, 3297, 2573, 3, 1),
(8186, 6250, 3307, 2575, 1, 0),
(8187, 6251, 3307, 2575, 2, 0),
(8188, 6253, 3309, 2581, 1, 0),
(8189, 6253, 3321, 2589, 1, 0),
(8190, 6254, 3309, 2582, 1, 0),
(8192, 6254, 3321, 2589, 1, 0),
(8193, 6254, 3316, 2584, 1, 2),
(8194, 6254, 3322, 2590, 1, 2),
(8195, 6254, 3316, 2584, 1, 3),
(8196, 6254, 3322, 2590, 1, 3),
(8197, 6255, 3309, 2581, 3, 0),
(8198, 6255, 3321, 2593, 1, 0),
(8199, 6256, 3309, 2582, 2, 0),
(8200, 6256, 3321, 2593, 1, 0),
(8201, 6257, 3309, 2583, 1, 0),
(8202, 6257, 3316, 2584, 1, 1),
(8203, 6257, 3322, 2590, 1, 1),
(8204, 6257, 3316, 2584, 1, 2),
(8205, 6257, 3322, 2590, 1, 2),
(8206, 6257, 3316, 2584, 1, 3),
(8207, 6257, 3322, 2590, 1, 3),
(8208, 6258, 3309, 2581, 1, 0),
(8209, 6258, 3316, 2584, 1, 1),
(8210, 6258, 3322, 2590, 1, 1),
(8211, 6258, 3321, 2589, 1, 0),
(8212, 6259, 3310, 2584, 1, 0),
(8213, 6259, 3316, 2584, 1, 1),
(8214, 6259, 3322, 2590, 1, 1),
(8215, 6259, 3321, 2589, 1, 0),
(8216, 6260, 3312, 2584, 1, 0),
(8217, 6260, 3316, 2584, 1, 1),
(8218, 6260, 3322, 2590, 1, 1),
(8219, 6260, 3321, 2589, 1, 0),
(8220, 6261, 3313, 2584, 1, 0),
(8221, 6261, 3316, 2584, 1, 1),
(8222, 6261, 3322, 2590, 1, 1),
(8223, 6261, 3321, 2589, 1, 0),
(8224, 6262, 3316, 2584, 1, 1),
(8225, 6262, 3322, 2590, 1, 1),
(8226, 6262, 3321, 2589, 1, 0),
(8227, 6263, 3316, 2584, 1, 1),
(8228, 6263, 3322, 2590, 1, 1),
(8229, 6263, 3321, 2589, 1, 0),
(8230, 6264, 3318, 2584, 1, 0),
(8231, 6264, 3321, 2589, 1, 0),
(8232, 6264, 3316, 2584, 1, 1),
(8233, 6264, 3322, 2590, 1, 1),
(8234, 6265, 3311, 2584, 1, 0),
(8235, 6265, 3316, 2584, 1, 1),
(8236, 6265, 3322, 2590, 1, 1),
(8237, 6265, 3321, 2589, 1, 0),
(8238, 6266, 3309, 2582, 1, 0),
(8239, 6266, 3316, 2584, 1, 1),
(8240, 6266, 3322, 2590, 1, 1),
(8241, 6266, 3321, 2589, 1, 0),
(8242, 6267, 3318, 2584, 1, 0),
(8243, 6267, 3321, 2589, 1, 0),
(8244, 6268, 3321, 2589, 1, 0),
(8245, 6269, 3321, 2589, 2, 0),
(8246, 6270, 3309, 2582, 2, 1),
(8247, 6270, 3309, 2583, 2, 1),
(8248, 6271, 3309, 2582, 3, 1),
(8249, 6271, 3309, 2583, 3, 1),
(8250, 6257, 3316, 2584, 1, 4),
(8251, 6257, 3322, 2590, 1, 4),
(8252, 6272, 3314, 2586, 1, 0),
(8253, 6272, 3316, 2584, 1, 1),
(8254, 6272, 3322, 2590, 1, 1),
(8255, 6272, 3321, 2589, 1, 0),
(8256, 6273, 3309, 2583, 2, 0),
(8257, 6274, 3309, 2582, 2, 1),
(8258, 6274, 3309, 2583, 2, 1),
(8259, 6275, 3309, 2581, 1, 0),
(8260, 6276, 3309, 2581, 1, 0),
(8261, 6276, 3321, 2589, 1, 0),
(8262, 6277, 3318, 2584, 1, 0),
(8263, 6277, 3321, 2589, 1, 0),
(8264, 6252, 3321, 2589, 1, 0),
(8265, 6278, 3321, 2589, 1, 0),
(8266, 6279, 3309, 2582, 1, 0),
(8267, 6280, 3309, 2583, 1, 0),
(8268, 6281, 3309, 2581, 1, 0),
(8269, 6282, 3324, 2595, 3, 0),
(8270, 6282, 3336, 2598, 1, 1),
(8271, 6282, 3338, 2604, 1, 1),
(8272, 6282, 3336, 2598, 1, 2),
(8273, 6282, 3338, 2604, 1, 2),
(8274, 6282, 3336, 2598, 1, 3),
(8275, 6282, 3338, 2604, 1, 3),
(8276, 6282, 3337, 2606, 1, 0),
(8277, 6283, 3324, 2596, 4, 0),
(8278, 6283, 3337, 2606, 1, 0),
(8279, 6284, 3324, 2597, 2, 0),
(8280, 6284, 3337, 2606, 1, 0),
(8281, 6285, 3337, 2603, 1, 0),
(8282, 6286, 3337, 2603, 1, 0),
(8283, 6287, 3324, 2596, 2, 1),
(8284, 6287, 3324, 2597, 2, 1),
(8285, 6288, 3324, 2596, 3, 1),
(8286, 6288, 3324, 2597, 3, 1),
(8287, 6289, 3324, 2596, 2, 1),
(8288, 6289, 3324, 2597, 2, 1);

-- --------------------------------------------------------

--
-- Structure de la table `menu_option`
--

CREATE TABLE `menu_option` (
  `id` int(11) NOT NULL,
  `menu_id` int(11) NOT NULL,
  `element_size_id` int(11) NOT NULL,
  `price` decimal(10,2) NOT NULL
) ENGINE=InnoDB DEFAULT CHARSET=utf8mb4 COLLATE=utf8mb4_unicode_ci;

--
-- Contenu de la table `menu_option`
--

INSERT INTO `menu_option` (`id`, `menu_id`, `element_size_id`, `price`) VALUES
(2146, 6200, 35875, '2.50'),
(2147, 6253, 36395, '1.00'),
(2148, 6254, 36395, '1.50'),
(2149, 6254, 36397, '1.00'),
(2150, 6254, 36398, '1.00'),
(2151, 6255, 36395, '1.00'),
(2152, 6256, 36395, '1.50'),
(2153, 6257, 36395, '2.00'),
(2154, 6257, 36397, '1.00'),
(2155, 6257, 36398, '1.00'),
(2156, 6257, 36404, '1.50'),
(2157, 6254, 36404, '1.50'),
(2158, 6258, 36395, '1.00'),
(2159, 6258, 36405, '1.00'),
(2160, 6258, 36404, '1.50'),
(2161, 6259, 36404, '1.50'),
(2162, 6260, 36404, '1.50'),
(2163, 6261, 36404, '1.50'),
(2164, 6262, 36404, '1.50'),
(2165, 6263, 36404, '1.50'),
(2166, 6264, 36404, '1.50'),
(2167, 6265, 36404, '1.50'),
(2168, 6266, 36404, '1.50'),
(2169, 6272, 36404, '1.50'),
(2170, 6277, 36367, '0.50'),
(2171, 6254, 36397, '1.00'),
(2172, 6254, 36398, '1.00'),
(2173, 6254, 36404, '1.50'),
(2174, 6255, 36395, '1.00'),
(2175, 6255, 36395, '1.00'),
(2176, 6256, 36395, '1.50'),
(2177, 6257, 36397, '1.00'),
(2178, 6257, 36397, '1.00'),
(2179, 6257, 36397, '1.00'),
(2180, 6257, 36398, '1.00'),
(2181, 6257, 36398, '1.00'),
(2182, 6257, 36398, '1.00'),
(2183, 6257, 36404, '1.50'),
(2184, 6257, 36404, '1.50'),
(2185, 6257, 36404, '1.50'),
(2186, 6282, 36691, '1.00'),
(2187, 6282, 36691, '1.00'),
(2188, 6282, 36691, '1.00'),
(2193, 6283, 36692, '4.00'),
(2194, 6283, 36691, '1.50'),
(2195, 6283, 36691, '1.50'),
(2196, 6283, 36691, '1.50'),
(2197, 6283, 36691, '1.50'),
(2198, 6284, 36692, '4.00'),
(2199, 6284, 36691, '2.00'),
(2200, 6284, 36691, '2.00'),
(2201, 6282, 36700, '1.50'),
(2202, 6282, 36700, '1.50'),
(2203, 6282, 36700, '1.50'),
(2204, 6282, 36701, '1.50'),
(2205, 6282, 36701, '1.50'),
(2206, 6282, 36701, '1.50'),
(2207, 6282, 36702, '1.50'),
(2208, 6282, 36702, '1.50'),
(2209, 6282, 36702, '1.50');

-- --------------------------------------------------------

--
-- Structure de la table `menu_order_mode`
--

CREATE TABLE `menu_order_mode` (
  `id` int(11) NOT NULL,
  `menu_id` int(11) NOT NULL,
  `order_type_id` int(11) DEFAULT NULL,
  `supplement` decimal(10,2) NOT NULL,
  `actif` tinyint(1) NOT NULL
) ENGINE=InnoDB DEFAULT CHARSET=utf8mb4 COLLATE=utf8mb4_unicode_ci;

--
-- Contenu de la table `menu_order_mode`
--

INSERT INTO `menu_order_mode` (`id`, `menu_id`, `order_type_id`, `supplement`, `actif`) VALUES
(17392, 6187, 1, '0.00', 1),
(17393, 6187, 2, '0.00', 1),
(17394, 6187, 3, '0.00', 1),
(17395, 6188, 1, '0.00', 1),
(17396, 6188, 2, '0.00', 1),
(17397, 6188, 3, '0.00', 1),
(17398, 6189, 1, '0.00', 1),
(17399, 6189, 2, '0.00', 1),
(17400, 6189, 3, '0.00', 1),
(17401, 6190, 1, '0.00', 1),
(17402, 6190, 2, '0.00', 1),
(17403, 6190, 3, '0.00', 1),
(17404, 6191, 1, '0.00', 1),
(17405, 6191, 2, '0.00', 1),
(17406, 6191, 3, '0.00', 1),
(17407, 6192, 1, '0.00', 1),
(17408, 6192, 2, '0.00', 1),
(17409, 6192, 3, '0.00', 1),
(17410, 6193, 1, '0.00', 1),
(17411, 6193, 2, '0.00', 1),
(17412, 6193, 3, '0.00', 1),
(17413, 6194, 1, '0.00', 1),
(17414, 6194, 2, '0.00', 1),
(17415, 6194, 3, '0.00', 1),
(17416, 6195, 1, '0.00', 1),
(17417, 6195, 2, '0.00', 1),
(17418, 6195, 3, '0.00', 1),
(17419, 6196, 1, '0.00', 1),
(17420, 6196, 2, '0.00', 1),
(17421, 6196, 3, '0.00', 1),
(17422, 6197, 1, '0.00', 1),
(17423, 6197, 2, '0.00', 1),
(17424, 6197, 3, '0.00', 1),
(17425, 6198, 1, '0.00', 1),
(17426, 6198, 2, '0.00', 1),
(17427, 6198, 3, '0.00', 1),
(17428, 6199, 1, '0.00', 1),
(17429, 6199, 2, '0.00', 1),
(17430, 6199, 3, '0.00', 1),
(17431, 6200, 1, '0.00', 1),
(17432, 6200, 2, '0.00', 1),
(17433, 6200, 3, '0.00', 1),
(17434, 6201, 1, '0.00', 1),
(17435, 6201, 2, '0.00', 1),
(17436, 6201, 3, '0.00', 1),
(17437, 6202, 1, '0.00', 1),
(17438, 6202, 2, '0.00', 1),
(17439, 6202, 3, '0.00', 1),
(17440, 6203, 1, '0.00', 1),
(17441, 6203, 2, '0.00', 1),
(17442, 6203, 3, '0.00', 1),
(17443, 6204, 1, '0.00', 1),
(17444, 6204, 2, '0.00', 1),
(17445, 6204, 3, '0.00', 1),
(17446, 6205, 1, '0.00', 1),
(17447, 6205, 2, '0.00', 1),
(17448, 6205, 3, '0.00', 1),
(17449, 6206, 1, '0.00', 1),
(17450, 6206, 2, '0.00', 1),
(17451, 6206, 3, '0.00', 1),
(17452, 6207, 1, '0.00', 1),
(17453, 6207, 2, '0.00', 1),
(17454, 6207, 3, '0.00', 1),
(17455, 6208, 1, '0.00', 1),
(17456, 6208, 2, '0.00', 1),
(17457, 6208, 3, '0.00', 1),
(17458, 6209, 1, '0.00', 1),
(17459, 6209, 2, '0.00', 1),
(17460, 6209, 3, '0.00', 1),
(17461, 6210, 1, '0.00', 1),
(17462, 6210, 2, '0.00', 1),
(17463, 6210, 3, '0.00', 1),
(17464, 6211, 1, '0.00', 1),
(17465, 6211, 2, '0.00', 1),
(17466, 6211, 3, '0.00', 1),
(17467, 6212, 1, '0.00', 1),
(17468, 6212, 2, '0.00', 1),
(17469, 6212, 3, '0.00', 1),
(17470, 6213, 1, '0.00', 1),
(17471, 6213, 2, '0.00', 1),
(17472, 6213, 3, '0.00', 1),
(17473, 6214, 1, '0.00', 1),
(17474, 6214, 2, '0.00', 1),
(17475, 6214, 3, '0.00', 1),
(17476, 6215, 1, '0.00', 1),
(17477, 6215, 2, '0.00', 1),
(17478, 6215, 3, '0.00', 1),
(17479, 6216, 1, '0.00', 1),
(17480, 6216, 2, '0.00', 1),
(17481, 6216, 3, '0.00', 1),
(17482, 6217, 1, '0.00', 1),
(17483, 6217, 2, '0.00', 1),
(17484, 6217, 3, '0.00', 1),
(17485, 6218, 1, '0.00', 1),
(17486, 6218, 2, '0.00', 1),
(17487, 6218, 3, '0.00', 1),
(17488, 6219, 1, '0.00', 1),
(17489, 6219, 2, '0.00', 1),
(17490, 6219, 3, '0.00', 1),
(17491, 6220, 1, '0.00', 1),
(17492, 6220, 2, '0.00', 1),
(17493, 6220, 3, '0.00', 1),
(17494, 6221, 1, '0.00', 1),
(17495, 6221, 2, '0.00', 1),
(17496, 6221, 3, '0.00', 1),
(17497, 6222, 1, '0.00', 1),
(17498, 6222, 2, '0.00', 1),
(17499, 6222, 3, '0.00', 1),
(17500, 6223, 1, '0.00', 1),
(17501, 6223, 2, '0.00', 1),
(17502, 6223, 3, '0.00', 1),
(17503, 6224, 1, '0.00', 1),
(17504, 6224, 2, '0.00', 1),
(17505, 6224, 3, '0.00', 1),
(17506, 6225, 1, '0.00', 1),
(17507, 6225, 2, '0.00', 1),
(17508, 6225, 3, '0.00', 1),
(17509, 6226, 1, '0.00', 1),
(17510, 6226, 2, '0.00', 1),
(17511, 6226, 3, '0.00', 1),
(17512, 6227, 1, '0.00', 1),
(17513, 6227, 2, '0.00', 1),
(17514, 6227, 3, '0.00', 1),
(17515, 6228, 1, '0.00', 1),
(17516, 6228, 2, '0.00', 1),
(17517, 6228, 3, '0.00', 1),
(17518, 6229, 1, '0.00', 1),
(17519, 6229, 2, '0.00', 1),
(17520, 6229, 3, '0.00', 1),
(17521, 6230, 1, '0.00', 1),
(17522, 6230, 2, '0.00', 1),
(17523, 6230, 3, '0.00', 1),
(17524, 6231, 1, '0.00', 1),
(17525, 6231, 2, '0.00', 1),
(17526, 6231, 3, '0.00', 1),
(17527, 6232, 1, '0.00', 1),
(17528, 6232, 2, '0.00', 1),
(17529, 6232, 3, '0.00', 1),
(17530, 6233, 1, '0.00', 1),
(17531, 6233, 2, '0.00', 1),
(17532, 6233, 3, '0.00', 1),
(17533, 6234, 1, '0.00', 1),
(17534, 6234, 2, '0.00', 1),
(17535, 6234, 3, '0.00', 1),
(17536, 6235, 1, '0.00', 1),
(17537, 6235, 2, '0.00', 1),
(17538, 6235, 3, '0.00', 1),
(17539, 6236, 1, '0.00', 1),
(17540, 6236, 2, '0.00', 1),
(17541, 6236, 3, '0.00', 1),
(17542, 6237, 1, '0.00', 1),
(17543, 6237, 2, '0.00', 1),
(17544, 6237, 3, '0.00', 1),
(17545, 6238, 1, '0.00', 1),
(17546, 6238, 2, '0.00', 1),
(17547, 6238, 3, '0.00', 1),
(17548, 6239, 1, '0.00', 1),
(17549, 6239, 2, '0.00', 1),
(17550, 6239, 3, '0.00', 1),
(17551, 6240, 1, '0.00', 1),
(17552, 6240, 2, '0.00', 1),
(17553, 6240, 3, '0.00', 1),
(17554, 6241, 1, '0.00', 1),
(17555, 6241, 2, '0.00', 1),
(17556, 6241, 3, '0.00', 1),
(17557, 6242, 1, '0.00', 1),
(17558, 6242, 2, '0.00', 1),
(17559, 6242, 3, '0.00', 1),
(17560, 6243, 1, '0.00', 1),
(17561, 6243, 2, '0.00', 1),
(17562, 6243, 3, '0.00', 1),
(17563, 6244, 1, '0.00', 0),
(17564, 6244, 2, '0.00', 1),
(17565, 6244, 3, '0.00', 0),
(17566, 6245, 1, '0.00', 1),
(17567, 6245, 2, '0.00', 1),
(17568, 6245, 3, '0.00', 1),
(17569, 6246, 1, '0.00', 1),
(17570, 6246, 2, '0.00', 1),
(17571, 6246, 3, '0.00', 1),
(17572, 6247, 1, '0.00', 1),
(17573, 6247, 2, '0.00', 1),
(17574, 6247, 3, '0.00', 1),
(17575, 6248, 1, '0.00', 0),
(17576, 6248, 2, '0.00', 0),
(17577, 6248, 3, '0.00', 1),
(17578, 6249, 1, '0.00', 1),
(17579, 6249, 2, '0.00', 0),
(17580, 6249, 3, '0.00', 0),
(17581, 6250, 1, '0.00', 1),
(17582, 6250, 2, '0.00', 1),
(17583, 6250, 3, '0.00', 1),
(17584, 6251, 1, '0.00', 1),
(17585, 6251, 2, '0.00', 1),
(17586, 6251, 3, '0.00', 1),
(17587, 6252, 1, '0.00', 1),
(17588, 6252, 2, '0.00', 1),
(17589, 6252, 3, '0.00', 1),
(17590, 6253, 1, '0.00', 1),
(17591, 6253, 2, '0.00', 1),
(17592, 6253, 3, '0.00', 1),
(17593, 6254, 1, '0.00', 1),
(17594, 6254, 2, '0.00', 1),
(17595, 6254, 3, '0.00', 1),
(17596, 6255, 1, '0.00', 1),
(17597, 6255, 2, '0.00', 1),
(17598, 6255, 3, '0.00', 1),
(17599, 6256, 1, '0.00', 1),
(17600, 6256, 2, '0.00', 1),
(17601, 6256, 3, '0.00', 1),
(17602, 6257, 1, '0.00', 1),
(17603, 6257, 2, '0.00', 1),
(17604, 6257, 3, '0.00', 1),
(17605, 6258, 1, '0.00', 1),
(17606, 6258, 2, '0.00', 1),
(17607, 6258, 3, '0.00', 1),
(17608, 6259, 1, '0.00', 1),
(17609, 6259, 2, '0.00', 1),
(17610, 6259, 3, '0.00', 1),
(17611, 6260, 1, '0.00', 1),
(17612, 6260, 2, '0.00', 1),
(17613, 6260, 3, '0.00', 1),
(17614, 6261, 1, '0.00', 1),
(17615, 6261, 2, '0.00', 1),
(17616, 6261, 3, '0.00', 1),
(17617, 6262, 1, '0.00', 1),
(17618, 6262, 2, '0.00', 1),
(17619, 6262, 3, '0.00', 1),
(17620, 6263, 1, '0.00', 1),
(17621, 6263, 2, '0.00', 1),
(17622, 6263, 3, '0.00', 1),
(17623, 6264, 1, '0.00', 1),
(17624, 6264, 2, '0.00', 1),
(17625, 6264, 3, '0.00', 1),
(17626, 6265, 1, '0.00', 1),
(17627, 6265, 2, '0.00', 1),
(17628, 6265, 3, '0.00', 1),
(17629, 6266, 1, '0.00', 1),
(17630, 6266, 2, '0.00', 1),
(17631, 6266, 3, '0.00', 1),
(17632, 6267, 1, '0.00', 1),
(17633, 6267, 2, '0.00', 1),
(17634, 6267, 3, '0.00', 1),
(17635, 6268, 1, '0.00', 1),
(17636, 6268, 2, '0.00', 0),
(17637, 6268, 3, '0.00', 0),
(17638, 6269, 1, '0.00', 1),
(17639, 6269, 2, '0.00', 0),
(17640, 6269, 3, '0.00', 0),
(17641, 6270, 1, '0.00', 1),
(17642, 6270, 2, '0.00', 0),
(17643, 6270, 3, '0.00', 0),
(17644, 6271, 1, '0.00', 1),
(17645, 6271, 2, '0.00', 0),
(17646, 6271, 3, '0.00', 0),
(17647, 6272, 1, '0.00', 1),
(17648, 6272, 2, '0.00', 1),
(17649, 6272, 3, '0.00', 1),
(17650, 6273, 1, '0.00', 1),
(17651, 6273, 2, '0.00', 1),
(17652, 6273, 3, '0.00', 1),
(17653, 6274, 1, '0.00', 0),
(17654, 6274, 2, '0.00', 1),
(17655, 6274, 3, '0.00', 1),
(17656, 6275, 1, '0.00', 1),
(17657, 6275, 2, '0.00', 1),
(17658, 6275, 3, '0.00', 1),
(17659, 6276, 1, '0.00', 1),
(17660, 6276, 2, '0.00', 1),
(17661, 6276, 3, '0.00', 1),
(17662, 6277, 1, '0.00', 1),
(17663, 6277, 2, '0.00', 1),
(17664, 6277, 3, '0.00', 1),
(17665, 6278, 1, '0.00', 1),
(17666, 6278, 2, '0.00', 1),
(17667, 6278, 3, '0.00', 1),
(17668, 6279, 1, '0.00', 0),
(17669, 6279, 2, '0.00', 1),
(17670, 6279, 3, '0.00', 1),
(17671, 6280, 1, '0.00', 0),
(17672, 6280, 2, '0.00', 1),
(17673, 6280, 3, '0.00', 1),
(17674, 6281, 1, '0.00', 0),
(17675, 6281, 2, '0.00', 1),
(17676, 6281, 3, '0.00', 1),
(17677, 6282, 1, '0.00', 1),
(17678, 6282, 2, '0.00', 1),
(17679, 6282, 3, '0.00', 1),
(17680, 6283, 1, '0.00', 1),
(17681, 6283, 2, '0.00', 1),
(17682, 6283, 3, '0.00', 1),
(17683, 6284, 1, '0.00', 1),
(17684, 6284, 2, '0.00', 1),
(17685, 6284, 3, '0.00', 1),
(17686, 6285, 1, '0.00', 1),
(17687, 6285, 2, '0.00', 1),
(17688, 6285, 3, '0.00', 1),
(17689, 6286, 1, '0.00', 1),
(17690, 6286, 2, '0.00', 1),
(17691, 6286, 3, '0.00', 1),
(17692, 6287, 1, '0.00', 0),
(17693, 6287, 2, '0.00', 1),
(17694, 6287, 3, '0.00', 1),
(17695, 6288, 1, '0.00', 1),
(17696, 6288, 2, '0.00', 0),
(17697, 6288, 3, '0.00', 0),
(17698, 6289, 1, '0.00', 1),
(17699, 6289, 2, '0.00', 0),
(17700, 6289, 3, '0.00', 0),
(17701, 6290, 1, '0.00', 1),
(17702, 6290, 2, '0.00', 1),
(17703, 6290, 3, '0.00', 1),
(17704, 6291, 1, '0.00', 1),
(17705, 6291, 2, '0.00', 1),
(17706, 6291, 3, '0.00', 1);

-- --------------------------------------------------------

--
-- Structure de la table `menu_time`
--

CREATE TABLE `menu_time` (
  `id` int(11) NOT NULL,
  `label` varchar(50) COLLATE utf8mb4_unicode_ci DEFAULT NULL,
  `startedHour` varchar(50) COLLATE utf8mb4_unicode_ci DEFAULT NULL,
  `stoppedHour` varchar(50) COLLATE utf8mb4_unicode_ci DEFAULT NULL
) ENGINE=InnoDB DEFAULT CHARSET=utf8mb4 COLLATE=utf8mb4_unicode_ci;

--
-- Contenu de la table `menu_time`
--

INSERT INTO `menu_time` (`id`, `label`, `startedHour`, `stoppedHour`) VALUES
(1, 'MIDI', '08:00:00', '17:00:00'),
(2, 'MIDI ET SOIR', '00:00:00', '23:59:59'),
(3, 'SOIR', '17:00:01', '23:59:59'),
(4, 'NUIT', '00:00:01', '07:59:59');

-- --------------------------------------------------------

--
-- Structure de la table `oauth2_access_token`
--

CREATE TABLE `oauth2_access_token` (
  `id` int(11) NOT NULL,
  `client_id` int(11) NOT NULL,
  `user_id` int(11) DEFAULT NULL,
  `token` varchar(255) COLLATE utf8mb4_unicode_ci NOT NULL,
  `expires_at` int(11) DEFAULT NULL,
  `scope` varchar(255) COLLATE utf8mb4_unicode_ci DEFAULT NULL
) ENGINE=InnoDB DEFAULT CHARSET=utf8mb4 COLLATE=utf8mb4_unicode_ci;

--
-- Contenu de la table `oauth2_access_token`
--

INSERT INTO `oauth2_access_token` (`id`, `client_id`, `user_id`, `token`, `expires_at`, `scope`) VALUES
(6375, 2, 233, 'MWI3ZDkwM2UwMmUwNzM4YjY1ZjZlM2ZlNjQ2MTQwODVmNDFhNjMwODBmZDRiMWFhY2JmNTUxMjRkNjljMjRjNA', 1570700307, NULL),
(6458, 2, 234, 'YzU4N2JlYWQ1NjVmMGJmY2NiZjZiMTc4YjNlY2Q2MGQ3NTZjMmM5Nzc0N2Y4ZTQyZTMyZWQzYWMwMTkyNjk2NQ', 1574167229, NULL),
(6462, 2, 228, 'OWNkNjU1NTkyZjBkYTQ5ODhlMmQwYTlhYzdlNDFjNmFiN2E0OWI5YjY4OTFiNmUxZmNmZjhkYzRjZTE1ZTYwYQ', 1574361160, NULL),
(6467, 2, 76, 'YmI3OTliZmMwNjQyYzVhYzFlZmY2MTIwMWUzZWQ1MTQ5NGY0NGVjYjEzMDk4NzBhODkyOTdhMTRkNzNhNWUxMg', 1574667656, NULL),
(6474, 2, 230, 'ZmUwOGQxOGI1OGM0MWU2YjU0MDQ4Y2JiMjE4NmQ5MGJmZDY0MWFhMDc1MzFhZGFiZmQwMWJkYzhlZDFkMDI0Yw', 1574709112, NULL),
(6479, 2, 222, 'M2M1ZjgwMWUxOWVmYTVmYzQ2ZDFiMTc1YWU1OGFmZGFkODkyY2YzN2YwMDY4MzA4YTNiMmZmMWU5ODRlYjE3MQ', 1574781342, NULL),
(6498, 2, 225, 'YzYzOGE5N2ZkMzk0N2FkNmUwN2E3MTNiYmRjM2ExNjVkMWM2MTE5ODM0MDNhNjAxYjk2ZDVjZDA3NjM5ZmYwMA', 1575999824, NULL),
(6502, 2, 231, 'MTdlZmE3ZGU3ZmQ0ZjdlNzBkNTNjYmU2NmJkNTYzYWM4ZTRiMGMyZTBmNGIyYWUzMzFiMzNiNTA3ZGY2OGRmYw', 1576007776, NULL),
(6503, 2, 227, 'NTJhMWUyODBmNDU0OGEwOThlODlkOGFjZmIyOGUzMzkxMjI2YTEwM2I0ZWFkOTkzZmRiNzMyNDAwNWE0N2FiYQ', 1576009630, NULL),
(6506, 2, 239, 'MTY1MGIxZmQwMzQxYmYyNjcxYjVmMmY2NDFhZmU5ZjE4ZmUyNmQ5N2VkZDIxNjBkOWJlODI2MzIyMTg2MjQ3Zg', 1576058153, NULL),
(6511, 2, 224, 'MmRhNmEzYjQ1OTFjZmQ0OTA4NjgxNjg1OTAzMWFiMWFlZjJlNDUxYTdjOGM3NmVlMTU5NDUwODQ5OTAxYTkxNA', 1576078834, NULL),
(6514, 2, 235, 'NDQ3MzliODk4ZjZkYjc3ZGY3OWQyZDliNDljN2I3MTk5NTczZjdjMWMxYzhhNjg1ZTA1YTI0ZmRhMDYxNjg0NQ', 1576083734, NULL),
(6521, 2, 226, 'YWJkZDQyZGExMmM3YTliNWZkMTU4ZmQxYTE5MWVkNjgyNjBmN2NhNmYwMmRiMjcwYTA2NzM4NWMyMTFlZmYwOQ', 1576254731, NULL),
(6522, 2, 229, 'NDlmNzkzYmM1ZWE2YzIyOTFmOWIwMmViZjZlNTg3YTc1OGQyZWQyZWQzMzY4ZWVhNjJjODNhN2ZkZjk5NDEzOQ', 1576258173, NULL),
(6524, 2, 223, 'NDI3NDNmZmQzYTAwMTZhZmFiZWE1Y2JjMTY0ZDdjNTY2MGUxMTZhMThjMjUxMTk3OTMwNmY5ZjA5ZWUxNmY0OA', 1576593044, NULL),
(6525, 2, 1, 'YTIxM2JhMmFjMmY3ZWNiMGEwMTBiNDkzMDE1ZTliZmQ0NzZiYzY3YTI5ZDg4OTczYjVkNGMzZmEwMjc1YjhkMA', 1577460104, NULL),
(6526, 2, 66, 'ZjcyMDhiNTNlZDRlYWE2NDUyNWQ4NDY3MWNhNDcyZTNmYzVkMzg5NTk1YjJiMTc5NzBkYzZkNTU5YmUwOGNlZg', 1577563555, NULL);

-- --------------------------------------------------------

--
-- Structure de la table `oauth2_auth_code`
--

CREATE TABLE `oauth2_auth_code` (
  `id` int(11) NOT NULL,
  `client_id` int(11) NOT NULL,
  `user_id` int(11) DEFAULT NULL,
  `token` varchar(255) COLLATE utf8mb4_unicode_ci NOT NULL,
  `redirect_uri` longtext COLLATE utf8mb4_unicode_ci NOT NULL,
  `expires_at` int(11) DEFAULT NULL,
  `scope` varchar(255) COLLATE utf8mb4_unicode_ci DEFAULT NULL
) ENGINE=InnoDB DEFAULT CHARSET=utf8mb4 COLLATE=utf8mb4_unicode_ci;

-- --------------------------------------------------------

--
-- Structure de la table `oauth2_client`
--

CREATE TABLE `oauth2_client` (
  `id` int(11) NOT NULL,
  `random_id` varchar(255) COLLATE utf8mb4_unicode_ci NOT NULL,
  `redirect_uris` longtext COLLATE utf8mb4_unicode_ci NOT NULL COMMENT '(DC2Type:array)',
  `secret` varchar(255) COLLATE utf8mb4_unicode_ci NOT NULL,
  `allowed_grant_types` longtext COLLATE utf8mb4_unicode_ci NOT NULL COMMENT '(DC2Type:array)'
) ENGINE=InnoDB DEFAULT CHARSET=utf8mb4 COLLATE=utf8mb4_unicode_ci;

--
-- Contenu de la table `oauth2_client`
--

INSERT INTO `oauth2_client` (`id`, `random_id`, `redirect_uris`, `secret`, `allowed_grant_types`) VALUES
(2, '3u536ri3lfy8g8og48ogs4s0k00o00s4wk4gc48w0w44ockc0', 'a:0:{}', '45yz36t15lmo40kog8k4s4kww0440wok840o0ggs4ckookgsww', 'a:2:{i:0;s:8:"password";i:1;s:13:"refresh_token";}');

-- --------------------------------------------------------

--
-- Structure de la table `oauth2_refresh_token`
--

CREATE TABLE `oauth2_refresh_token` (
  `id` int(11) NOT NULL,
  `client_id` int(11) NOT NULL,
  `user_id` int(11) DEFAULT NULL,
  `token` varchar(255) COLLATE utf8mb4_unicode_ci NOT NULL,
  `expires_at` int(11) DEFAULT NULL,
  `scope` varchar(255) COLLATE utf8mb4_unicode_ci DEFAULT NULL
) ENGINE=InnoDB DEFAULT CHARSET=utf8mb4 COLLATE=utf8mb4_unicode_ci;

--
-- Contenu de la table `oauth2_refresh_token`
--

INSERT INTO `oauth2_refresh_token` (`id`, `client_id`, `user_id`, `token`, `expires_at`, `scope`) VALUES
(1, 2, 1, 'NzNkZWY2Zjk3MGRkMWVmYWY5MTViOWI5N2VlMDVmODhlMDAyZDRkM2FkYjU1ZTU3M2I0ZDQ3YmZhYTA4OGU3YQ', 1543222576, NULL),
(2, 2, 1, 'NDdiZmIzYTJjYWE2OTczYjAzNTMwMzczNDU3NDdkZDE3NWI3OTdjNTY1ODliNzUzZDI3MzNkMTQwNDM0YzMxNA', 1543231674, NULL),
(3, 2, 1, 'MzJlNTkzMzgwMmFjYjE2ZjNlOTg0YmFkYjYxY2QwNzExZDQwOTZmNzg5NzcxOTE1ODE0ZGYzNjRkMzEzMmU4MA', 1543245167, NULL),
(4, 2, 1, 'NmZjYWY5NTJkZjgxNGY1NWVmNTNiNTg2MjE2ZTFjMjMzOWM4YTlmZGUzYTYwNTUyYmZiZGZhMmMzZDkyZTNhZg', 1543246084, NULL),
(5, 2, 1, 'NzkxZjQ2MjFmZjhiM2M2OTkxMjg4YmQ1M2RhYWJhNmRjOGFjYjRiZWM5MjgwMzQ3MDZkMWViNGJhZDFiMmFlMg', 1543246104, NULL),
(6, 2, 1, 'MjFmMmIzMDgwYTliYzEwMGM3ZWI1YWM3MWUzZDUzNzgyMGEwZGEyMTgwMDM0ODZiOTlhOWE4MTlkNWQzNDE4MA', 1543246176, NULL),
(7, 2, 1, 'MjBlMDg4MWZjMzIyYWViZGE0ZThjNTgyZTQ5MmJkZDVmOGI5MTVkZGMyOGY1Nzc0NWY1MGMyNjkyNWExNTIwMA', 1543252726, NULL),
(8, 2, 1, 'YzI1ZjY2ZmNjMjk4NjhhNzMyODM4NDQ0MzlkYTQwNzJhNzY5ZGFkNzRhMTBiMGQ0MGQ1NDg0ZjRmNTk1MTlmYQ', 1543310058, NULL),
(9, 2, 1, 'ZTEzNWNiYWEwZDQwMGI3ZmYzZThmM2MwNmQ3MjMzZjU3M2QwYTg0YWQxZWY1Zjg1ZjQ4ZGNhOTFjMjIwNGY0Nw', 1543310767, NULL),
(10, 2, 1, 'YjU0MzZmYzJiMWVlOGRkNDA4NWZiOWM5Y2M2NDJjNzU0NDc4YmZkZDk5YjNmMGQxN2NmNzQxOTg3MDYzNzE1YQ', 1543310929, NULL),
(11, 2, 1, 'NGY5OTBhYWJjNzg4OGVjYzAyZWJhNTU0MTY2ZjMwMzBlNjY5ZWFhMDhjMTMzZWI2MDk0MmY4ZjJjNWEwMWQ3Yw', 1543313496, NULL),
(12, 2, 1, 'MTQ5MGMxMWFlZTM4MmVmOTgwZjJlMDIzOWYwMDc4MGVjM2RjMjQxYWUyYzkzNjQwODFlNDlmMWNmNmE5Zjk2MQ', 1543316087, NULL),
(13, 2, 1, 'YmJmYzdmYWZkMWNlOTNlNTZkOTU1NTIzNDg2MjJkNDYxODc1Nzg5YTQ4ZWY2ZDRmYzQ5Y2M2MjZiMDlkZWNjOA', 1543317316, NULL),
(14, 2, 1, 'NGZhYjdiOWJhNmVhYTFmZmEzZmVlNDhjMzA2ODRkNzMwMmE5NThlZDdlZTE3YmYxMjZhZjA3ZDgyYzUxNzRiMA', 1543317693, NULL),
(15, 2, 1, 'MzMyM2RiMjI2ODg1ZDFlMzA2MGM4NjAwZWY0MjJiZDA1NTU5OGMwZjZmZGEyMjczMDFhM2RjYWY2YTIxNTUwMA', 1543324279, NULL),
(16, 2, 1, 'NDI0NGUwZmU3NjVkN2JlYzkwZGZiODY0ODRjNmQwMzg1NWVkYTgzMTUwZDNiYTVjZjdiNWQ5ZTYyNjkzMDBkZA', 1543324342, NULL),
(17, 2, 1, 'YTNjOGZlYzQwNDY1YTVkNmUxZGU0ZGNmYmQ1NTdhZjcxZTU5NmZmNDczMzI1Yjc1YjM3NTBhZDJhZWFmZGM1YQ', 1543324694, NULL),
(18, 2, 1, 'ZWVkNTA3MTVhYWY3NGQ3MmU0NzJmYTY0NWZhY2Y0N2Y1NTY0ZjlhZDc2MWNkNDJkZTVjZGFjZjI0ZGM0YWM1ZQ', 1543326267, NULL),
(19, 2, 1, 'ZWJkYWYxODc1YzIyNmJiNjRhMWJhNTYyNGQ4MTgxOTIxYzZmMDdkMWZkY2EyODZiYTI3M2YxMDU0NjgwNTc4Yw', 1543326431, NULL),
(20, 2, 1, 'MzYzOGE3MTgzMTRiMmE0NDVhODc2MzY4NjRmYjIyNzMzY2I0MWNhZmExZDcxOGY5MTBjNGQ0NDFiZTVkZjhlYg', 1543328664, NULL),
(21, 2, 1, 'MGQyYTk0NmQ2MTQ2MGNhYzJjYzZkMjAwZGI3MjBiMzc0ZTUzYzFjNjFmOWRlZDk5MWU3MDY4N2FjOGFiNWMwZQ', 1543329244, NULL),
(22, 2, 1, 'M2ZjZGY5NWQwNGE2ZTRlMWZmNzBlZDI2Yzg3MGNjMDk3MDM5YTIyYjc2ZWIzYjdmY2Y0ZjdhOGY0NjZlYmZiMg', 1543330168, NULL),
(23, 2, 1, 'NzI1Nzg5ZmI3ZjJjMmUwNWM3YWRmNGVkMmFjYTNkMTM2NGQ2ZjRmNjZjYzMxNTU3MzJiNDA4YWY5NTE5N2RkZA', 1543330181, NULL),
(24, 2, 1, 'ZjNlMzc3ZjYyMDM1N2ZlY2Q3Mzg4YWNiZTgwYmU4YjVhYjFjZDg2OWViY2EzNWI1ZWU2ZTYwMWQzNDJhNjZkZA', 1543330290, NULL),
(25, 2, 1, 'ZWZlNDFmYTRhYzM5MmZiZGQwYjljMDFkNjAxODA2YTI5NTcxYWI4YzEwMTgyYWJmMjk1MGM0NDMxMzBmNmI1Mw', 1543330333, NULL),
(26, 2, 1, 'ZjdkOTJhNGM5NjcwZTcyYWJhODUxODRlMzE5NmJkMmM3ZjFkNGY3OWI0YjUwY2VlMjc2OTU1Yzg4YTc2NjVmMQ', 1543330464, NULL),
(27, 2, 1, 'OTk1NWMzNDU3ODg3NjNhYTY2ZmM2ZWU2YWZiYjg4MDEyZWQ5OTRlMzMxZmEwYTIzNDI4ZDkzNTQ5NThjNDZlNA', 1543330493, NULL),
(28, 2, 1, 'NWFlYmNlOTliNDVkZDQxOTc2MDY2YjJhNDVjNDgzZmE3YmEwNGU4YjdhZTE4NGJkMTcxNGJjNGFiOTI5OTQ1OQ', 1543330512, NULL),
(29, 2, 1, 'NzIzM2IwNjQzMmJjMzAzMGQ2MzU0OGFjZDZmNmZiNjAzYzkzMmFjNzZjZTY1ODdhYzFhYWUzMzU3ZmEyYzkxYg', 1543331976, NULL),
(30, 2, 1, 'YTc5YzZiYWUwYmVmNzVjZTZjMzYyY2NjYzYxNjAzZDVlYTM5MDMwZWY4MjEzZTJiYTZmMDZlNTA5ODM3YjlhOQ', 1543332001, NULL),
(31, 2, 1, 'ZTAwNTBmMjdkYTMzNDY1NTk0YmY5OGZmZTBlMTkyZWZmZjExODI1OWFiNDYyOTBhYjA2ZWMxNjk4Mjc0YTc1Zg', 1543332002, NULL),
(32, 2, 1, 'ZGNjN2FhYzVjNTA5NzI0NThlM2QzYjFhZDQ5NDJiYmM1MzgwYzRkZTg4ODk3ZGEzYWEyMDZhZWM2NWYyMTVmNA', 1543332041, NULL),
(33, 2, 1, 'MGM0ZWIxNTI2M2ZmOWIyMzM0ZGRiMTg2ZWYxODRjODEwODJhYjhmOWE0MDE4YTY5Yzg2ODA4NzIyMjc4NzRlMw', 1543332041, NULL),
(34, 2, 1, 'MjNjN2YwNmU3ZjI3YzQ3YWU0N2EyOGQwYmUzMzBkNTVlZDgyNjVjYTc2YWU4M2Q3NDYzYzYwOTQxNzI2NTE3ZA', 1543332190, NULL),
(35, 2, 1, 'MjI1NzUxYTkxMzViYzlmYmY2ZWI5ZmFjYjAxMjQ2MzA4ZThiMDUwNjU5ZTE0YmExNjEyNzI0MzEyMzEwNjVlYg', 1543333158, NULL),
(36, 2, 1, 'ZWY0ZWZmYTExNjQ2N2VkMGEyOGQ2ODQ3MDdlZDA4Zjk5ZjdiMDIwZWIxYWM0M2IwNzNhZWUwZWEwZGNjZmIxNQ', 1543337222, NULL),
(37, 2, 1, 'MjA3YzlmNzk3OWU4Njk1Yzc5NTBjOWMyNzg3ZjkwMmYxYWY3NDM2MTg1YjQ1NDQ5MTg3YmM2NGVmODFjMjMxYQ', 1543337247, NULL),
(38, 2, 1, 'YzIxYTZjODc2ZWM4N2VhODNlMGRiNGFkNGRmMzkzZDRkZDc1OTk4Yjk2OTkwZDQ0ZWUyMGZlZTczYTgwMzQyZg', 1543337385, NULL),
(39, 2, 1, 'NzQ4NDMyN2ZmYjc2NTVkOTI0M2Y3MDQwMzFiNzM1ODM0YjAxZTk2NTY2NjE4NzIzNDU3YjExZGIwOTFkNTMwZQ', 1543337735, NULL),
(40, 2, 1, 'ZjMzNjhjNTIxMDAxZjIzNWI1NGY5ZmI5ZDg0NTI3NDkxN2EyMWJmYTVhMGYyMjkwZWE2ZDQxMWU3ZDEwYjhjMw', 1543337821, NULL),
(41, 2, 1, 'MjkzMjBiMDVmNTE4YmYxY2MyM2JjMGZjYzU3MDdjYWQwZTc4ODkxNWY1NzY5OGY2OGEyOTM5OWY0YmU2Yjc0NQ', 1543337886, NULL),
(42, 2, 1, 'ZDA5MmRmZWM4NDA3YTdlNWNjYjdmYWRhNDQ0YmViYTcwMDVkOTdjMTZiNjVmZDEyYmM3NzliMTMyZTgxYjg1NQ', 1543337954, NULL),
(43, 2, 1, 'MjViMTY2MThjMDVkZDQ1ODFhMTE3M2U0NjJkZGVhNjU5MzBjMDEwYmE4ODgyYThmMjczNWQ4ZjQwNzRhY2YxMw', 1543337972, NULL),
(44, 2, 1, 'ZjU1NzU2ZjVhZjQ2NTM3ODgxOWRkMWZhNWE2YzUwMzQyYzI5MTcyY2YwMWZlZjA0NzZmODY3OGE2YzE1MWM3Nw', 1543338020, NULL),
(45, 2, 1, 'NDcyMDA3ZWRmYWU1MTM2NjU5ZGZlZmUwNzg3ZGJjNTVlNzlhZTU1MTJmNjE0M2E4NDc3MzU0YWI5ZjNhOGIwYQ', 1543339555, NULL),
(46, 2, 1, 'MDdmOGJiNTUyYTM0YTEyYmMxMjUyMWU1NjgxYTk0MjcyNGIxNDUzMWNhODdlZDM5ZTg3YTRiZDU4ZGYzZmU1ZQ', 1543339578, NULL),
(47, 2, 1, 'ZGU4ZTgzNTA3Nzc2NWZiNDRhM2I2MjIzMDI2NDdjYzAzZDZkZDlkM2M2MWFkNTFjNWZhZTBmMjhjY2Y3NWUwZQ', 1543339586, NULL),
(48, 2, 1, 'NjNmMWQxMjIyNjI1OTUxZDYxYTkxMDVmOGIxYzU5MGQ4NjM2OGZhMmE4OWJiZTAxMjhiNGE2MjkzNzQ5YTE0Mw', 1543339601, NULL),
(49, 2, 1, 'NTQwMzg3YzdhNjY4YjI1YzE0MGU4ZGM1Nzc0YmMyMzIyODE2YWRmZDBmMzQ4MWUyNmYyMjQ3NDE2NTg2YzNjZQ', 1543392463, NULL),
(50, 2, 1, 'M2JlMjM3NDQxMzcyNDc3ODExNTFkODBhOWI5NTE4ZmNhNTFjZTBlYTQwNDY5NDU5YTY4MjE1ZDA0NmM4NjZkNw', 1543398761, NULL),
(51, 2, 1, 'ZTE1YjVjMDA0ZGEwNDBhZDZlNTlmYzczMDNkMWJlMmQ5NTM4ZTY1MzZhZGMwMDA1OTU3ZThjMWRlMzQ1ZGFmMA', 1543399392, NULL),
(52, 2, 1, 'OWZkZjcxYzcwZTEzMDY3NWIwMzkzZTlkNTkyMTA5MTlkYTI4MmU3MmZlNThhYmZmMWI3ZWEzNjg5NDAzOGRiNA', 1543399458, NULL),
(53, 2, 1, 'NjczNWE3NzNmYjhmN2M1OGU4MzJiMjBiMGExYzdiZmVmN2IxZjEzMzA4ZmJmMTQzOTc2YjFlMmRjYjE0MmZjYQ', 1543399468, NULL),
(54, 2, 1, 'OTk5N2YzYTQ1YWMxMzZmZjIxOGNlYmMyZGRiYTM3ODJmZDE2YTViYzc1OGM0N2UzM2E2YWVlYmQ5NzM2NTdlNg', 1543399495, NULL),
(55, 2, 1, 'NDBmNmFlNzgzNDE0N2MyZTQ1MjhmOTAyZTNiZmVmYjM0YzBjMmM4NTllYjk3MTQzZDVhNzU0ZWViMjJhM2IxNA', 1543399499, NULL),
(56, 2, 1, 'ZTk5Y2Q4ZDc0OTkzMTdhZTdiZDBkZjM4OGNjNWU0MjcxMDRkMWYxNzU5MmRmZGE3ZGU4M2YxMTlkZThlZTgyZg', 1543399518, NULL),
(57, 2, 1, 'NDFlNTVkOWM3MTBjMmE2NDQwOWM0MzcwYTJmYzNjMjJiMTM5NThkZDQyZDNlZGZmNDNmNGQ1OTBkYTE1Y2Y1NQ', 1543399533, NULL),
(58, 2, 1, 'Y2Q1NGYxODc5YzFmNzBiNTA2ZTkyYzRkYWIwNjVjOGE2MTAzMjIzZGUyMWNlMjY3NDUwN2QyZDBjODUwOTBjZA', 1543399600, NULL),
(59, 2, 1, 'MGEzMzIwNzA2NDI5YmUwNmY3NmJlNjkzM2IwNmZjYzRjNmI2NjQ4ZWRlNzllOWY4OTk4NDFhNjRjYWE4NmFkMg', 1543400008, NULL),
(60, 2, 1, 'MDY4YjYxNmY4ZTNmNTMwYWIxOWQ2N2UwNjhkNTU2ZDQ2ZDVkZjEwNmM1MGY0N2FhNDc1OGY2MmQ5YjI0MTk0Yg', 1543400022, NULL),
(61, 2, 1, 'YjBiZDIzNjQ0YjViYjg4ZDUxYTY4N2M3NzQ3MGFlYzYxY2U2NGVmZWU5ZDY1MzllNGY1YmIzNGQ1MDRjYzMwMg', 1543401241, NULL),
(62, 2, 1, 'NjU2ODQwODc2YzhhNTVhZTZiNTNiNGFkOTJlM2E3NjMxOWE0ZWRjOGZiYTZmYTliODI4ZjdmYjM3ZThmZjM4Zg', 1543401383, NULL),
(66, 2, 1, 'NGM5MTQ4MTViZWNmMjU2YTA1N2IyOTJmNzUxYTZmNzM0OTIzMzc3YjU4YmJjNWEzMjQ3NDEwNmE1NGViMzM1ZA', 1543401835, NULL),
(67, 2, 1, 'MDBiMjdkOTJkZThjYWIwMTY3MDlkMjg0YWQ0MDkwNWJmZWEwZWY5OGM2OTQyMmRkMmRjNGFlNzdjOTc4YmU2Yg', 1543404485, NULL),
(68, 2, 1, 'OGRiODYzNjNjNWQyZWJmYTYxYWRiN2NlZWE1OTg4ZTA5MWU1OWIwZTljZDcwYmI1ZjIxMjU2YzFmZThhNWIwZA', 1543406196, NULL),
(75, 2, 1, 'YzIzYjllYzBjZWFjNGIxM2Q1MTJkM2JjYTcyODM3YjZkNTQ5Y2VmNjExMTc0MzBjYjY1NjRmYWVmOWZkOGUwMA', 1543481631, NULL),
(76, 2, 1, 'YmRjMDUwNTA2YWExZGU4N2UwNTczNDY3MmJjODA1NWFlNjdlYzQxZTlhMzg3ZTI1MTc5NzA5ZTZjYjQwNDM2YQ', 1543481874, NULL),
(78, 2, 1, 'MWY4MWRiMDBlOTY4MjU2MTZmZjBlMGM3MDM3MzU5MmY1Y2NiYWFkMDk1ZWVjMTdkZGI1MGZmMGI4OGM3YTFiMg', 1543482641, NULL),
(79, 2, 1, 'OTg5YzczOWQ4NzVmZDkwZjk0MmJmZTkzMjZlNGFjMTM4YTU4OWNmMGEzYzhhYzJlNGM4OTY0MDM5NTA3ZDYxZg', 1543482734, NULL),
(84, 2, 1, 'YTFhMDA5OTI2ODAzY2Q1ZTcyM2JkMzAwYTA3NWFhMzg0Yzg4OWIyNTNmZTA5OTE0YzAwMDhhNjYyZDY0MTk5YQ', 1543491285, NULL),
(86, 2, 1, 'Zjc3ZTM5ZjAyY2FmYzRiYjdlNWM0NTE5ZmRlZDVjMTZhMTNhM2I2NTNiMWVhZGY1ZjBjNzQxZjI1NmY2Mjk2ZA', 1543492235, NULL),
(87, 2, 1, 'Y2QyOTU2YjRjZWU5NTQ2N2JhMDVjZTFiODVhODFlMmYwNjA1ZjgxZTI1NGEwMmQ2M2JhN2ZkNjIwODU5ZjJlMA', 1543492304, NULL),
(93, 2, 1, 'ODhhM2VkNmU0NDYwM2U4NWUzZGJiYmUxZDA4ZDBhMGQyNmRhYWVmNjdmYmI0ZWM5MjRlNjBkNTUzZjM4OWEzOQ', 1543508765, NULL),
(94, 2, 1, 'MDVlZWI5MmIyNjFlZjJhZWY1ZTEwMDZmMTAzYzMzZDZkMDZkOGNkY2RkMTg2NzE3MzgwOWE2OGVkOWZlNjRhNA', 1543566456, NULL),
(98, 2, 1, 'ZjViYzg2MTU2ZWIyNWE0ODg0MGM4ZDZjMzVkYzNmY2RmYWM1NzhkOWRiMzJmNDEyZTVhY2MyZDI0YTQ5ODY4ZA', 1543575205, NULL),
(101, 2, 1, 'YzY0YTE3OWRkMzM1ZjY1ZmMwNGMwYWRlNWFiZTZkMGE3MjE1Y2E1YmRkYmU2MzhmN2M5YmRlOWU0M2ZiZjllNw', 1543594957, NULL),
(103, 2, 1, 'OTNiNDVmYmFjZmE4NGI1Nzg1OWVhOGEyMDhjNjEwMWJlYTBlYjMzOWZkZGNlMTUwOGNhY2FiMWEyY2ZiNDcwMQ', 1543597588, NULL),
(104, 2, 1, 'MDE5NWJiYTEwMDc1ZjBjNmRjYTg0NmQzNTUyOWU2MzJmZWE5MTU0YmMxYWM5ZDYxZmZkZmUyYjMwZTA0M2I2Nw', 1543600728, NULL),
(106, 2, 1, 'Mzc4OTQ4N2I3ZjhhOGJkMzc1NTNhYzlhNTU5YTUxZjU5ZDdlMWRhOWZhMDAyNjhjMTMzN2NhOTZiY2Q0NDRmYw', 1543602449, NULL),
(107, 2, 1, 'NzU1MmM3NTA2NTY5YTRiMzFmNmYyYzUzYzk3OTAxYzNhMjc0ZWFmZTNiZTE3ODM1NzI3OGU4ZGI3NzU4NTE5Mg', 1543661434, NULL),
(109, 2, 1, 'N2I2NGJlYTFmMmFkMWQzMDRmNDVmMzY0MTVkYTUxZDEzOWRlMmI2ZDI3OWQ4YTQ0NTIwY2YzYzYxZmFlYTVlMQ', 1543683353, NULL),
(114, 2, 1, 'ZDE5OGFiMDFiMDBmOTljNzI4MGNjYjk1MTg3OWI2NWRkYzhkOGQyZjRmNzIxNDQyZjRlY2U5NWIzOTM5ZGQ5Ng', 1543848665, NULL),
(121, 2, 1, 'ZDcxZGUwNGJmMWE5ODJhMjNlNmVmMDRlOTRkM2IxOGYzMDJhNjIxNDgwMWMwNjQxZjVlNTc3MTNlODUyMjJlNQ', 1543917143, NULL),
(126, 2, 1, 'ZTQ1MWExMzliN2RjMmUxOTBlY2RkMWI4NGFhNTY0NzcwYTUzZjBhYmJjYmU5YzU5MmE1YzA5MGZiMzVhMjA4OA', 1544002465, NULL),
(127, 2, 1, 'ZDY2ZDFjYmE0MGVmZDc3NDJlZjRjYzFhZDc5MmIzZTRkZWNmY2M4MzIzMThlZTkyOTIyYmQ2ODc5MDczZWQ3Ng', 1544003580, NULL),
(128, 2, 1, 'Y2ZiZTBjMDQ5YjA4ZDY0YWFiNzM3YmQ1ZDM3NGVkYWM2MDM1MjNhZmY1Y2Q3MmZmOWRmN2Y4YWUyNTg0ODNiOQ', 1544003608, NULL),
(130, 2, 1, 'ZDEwNGM4MTk1MTY0MGU1M2UwZWNjOGUxMjNjM2NkNzJiNWVhMzA2MzY0MDQ3YzcwZjNlZmNlMDUwOGNkNzYyYw', 1544003647, NULL),
(133, 2, 1, 'YTNhMmVjZWY0MmZiZjY4MTc3OTBmNzcxOTY4Yjc4ZWY1NTMxNDM0MjA2YWIzMDZkYjY3MTdjY2MzYTEyZTE1Yw', 1544004924, NULL),
(134, 2, 1, 'YWE3YmY5NmI0ZTIwMDlmZDM3Y2U3ODI2OTIxNzQ0YjY0ZTdhYTc5NDNhOGZiNDMzNzc0ZGQ5MWI3OGEzZmQ5NA', 1544005431, NULL),
(136, 2, 1, 'Zjg5ZWVhZjVmZjNkMjVkMTk5YjIzNDk5MDcwMWY1Nzc5M2RiYjc3OGY5ZmE0YjEzN2VjOWQyNWJlNDM0ZGY0NQ', 1544007446, NULL),
(137, 2, 1, 'NTEwOGQwZGNjNjdjODY4MDBlY2FmNTk4MmI5OTA0OWI4MzRkZjBmZjY1Y2I2MmRiZGFmZDQxZmRiZmNlYTY0NQ', 1544007576, NULL),
(138, 2, 1, 'M2YwYjkxMDI5ODlkYTlmYmUwNTA2ZGYxYzY4YTA5MGZhODgzOTdkZjcwNTE0MDIyN2IzMDEzOWU5MmU2ZDM0Yg', 1544007584, NULL),
(139, 2, 1, 'MWYwYWE4OTI5NjMzMWM4NDhmMTRiYjA0NmQzZTE3OWExYmZmZmYxNDA4YzI1Y2Q1YWU0NGZjNzdjMjIzMDhkZQ', 1544007587, NULL),
(142, 2, 1, 'YzU0ZDliYjM1NzY4NmEyZTRjOGNhNDAyZTMxN2Y2NTY4NDgwODRjM2E5OTNiNDE2ODFiYzA1ZGIzYmRhZWM5Mg', 1544007750, NULL),
(143, 2, 1, 'MDE5OTcyNTRhYWU0YmYwZGJkNGY3NGMzM2FjMDAxZGM3NjE5MTQ4MTQ4OGFkNDIzNDJhMTU4M2Q0ZDJlMjhmOA', 1544009726, NULL),
(144, 2, 1, 'ZWY0MWFjZGY2NjIzZmY2ZjdlZmU3MmE3OGU3MDcwN2ZkMWNjYzZhMWNiNzc2MWFkYjI1NDUxMTg2N2IwZGU5MA', 1544010265, NULL),
(167, 2, 1, 'NWVmZDgzZjU5YmFlNWJlYmE1N2EyMzU4ODViMmQ1YjYyYTFjZjFkZTNhNTU3NjJlODQyMWFmYWJiYzRlYjI1YQ', 1544084823, NULL),
(183, 2, 1, 'NDY5ZGQwNmE5NGQ4ZjI2NTQxMDg2YWFmYzJhNWQ3ODBjZjlkYWM2MjBkZGZkY2EwNDk4ZTlhNzIxNzk4ZjgwNA', 1544112149, NULL),
(185, 2, 1, 'OWIwMjVmMjQyODQ0MzIwNDc0MzEzNzI5MDdkZjIxM2VhZWZhYmIxNGQzZDFkYmU1ODk2YzY2MDZmNDdjNDhjMg', 1544115725, NULL),
(197, 2, 1, 'NjI0ODU4YzYyY2NjZjI1ODk3ZGVmNjc4MDRhZmU2M2M2YWYyNjg0M2JkZTVmMjEzNGIzMWIwNWViMGMxYmEzZg', 1544189490, NULL),
(198, 2, 1, 'ZTM3MzQ3MjNjYTYxOTA4MmEyY2Q1NmFjOTEwMjhiY2U0ZjQ3NDFmODU2MmFiZTc5ODlmMjk5YmFmMDMxN2ExNw', 1544429347, NULL),
(199, 2, 1, 'OTc1Yjg4ZDRiMzkzZTFhMGRlMzljMDkxNjhjZWI5OTA0NGRhN2UxOTg5NWExZjY0MGE2NWMyNGNlMjIzZjVlYQ', 1544431886, NULL),
(201, 2, 1, 'NWExODUzMmQwMDQ5MTI2YjQwYjAzZjg4YzE5YWZmYzZlMmI1NWUzZWM1YmUzMjFmNjM0NzhmOGE2OTI1NjZkNQ', 1544516903, NULL),
(202, 2, 1, 'MWVjNTkzYzQ4NWQzNmJhNWUyNTk4NTc0NTM1ZmNiYTdhMzMwMWUyZjlkMDRmODJlYjZkYjBmMmNjM2Y5YzRmNw', 1544517917, NULL),
(203, 2, 1, 'MDJiMWI3MzVmNDQ0ZWYwMjNiYjJmMDRhYTYzYzlhNjFmMjQ2ZjAwZTgwMWRjNTUxYmQ0MjZkZDcxMGZiOGIxMA', 1544518571, NULL),
(205, 2, 1, 'NjhiMWJjMDc0ZWEzMWUwMmJiNWY5NWYwM2VmY2I4ODA2MjBhN2JiNjhmMzgzNWE2YzVmN2Y3MjI3ZDYzZTkzYw', 1544527414, NULL),
(206, 2, 1, 'ZGE0OGYwNDYyOTRkMjczOTg2NmRkYWE0ZWRiYzA3YmNiNTAxNThmMGVmMGU4ODMzMWNkZTIzMmQxOTAxYzhmZg', 1544548673, NULL),
(207, 2, 53, 'YmU3OGE2NDc1Mjk0MzY5MTE0MzUyYzlhYTE3ODhmZTJlY2Q4NWQ4M2FkMzlkNDIzODU1YWFjZWI3YjcwNzkxNg', 1544603829, NULL),
(209, 2, 1, 'OTExOTNmM2IyOTk5ZDNmMDE3NmJiN2NhNTkzY2ZhMDVmMzM4MGI1OWIwNWNkOTk2ZGE1ODQ5ZGE3N2ViMDhjZA', 1544607155, NULL),
(211, 2, 1, 'OGQ5OGJhOTIwZWFiZTUxMDNlY2Y5ZDI0MjY2NDg3ZjZkM2ZmMjI1ZDEwZDRhNjdmYzQxMzE4NTI0ZmNjOTQ0MA', 1544607281, NULL),
(217, 2, 1, 'ODA4ZDVmZDUwM2U2MmYxOTM1NTEyYjVkODY2M2ZhY2RhNjMxY2YxYTc0MWQ3MzUzYTViZmY2OTg4YzQ4NWQ5Yw', 1544609584, NULL),
(218, 2, 1, 'OTliOGNmOTJmZjMzNzk5MWViMmJjZGJhN2MwMGMxN2I2Mjg0OGZkODRkMGIyOGVkMDM4MzBiMjJkZGYyNDA3Mw', 1544609712, NULL),
(219, 2, 1, 'M2JhYmRiM2E2MWNlZTYzZGEzOWJlMjk1YzRmNTM5YTAxMjZhZWM1MjBmYjI0N2U1M2QxMTRlNTBjOWQ0NTAyOQ', 1544609742, NULL),
(221, 2, 1, 'N2RjY2E0NmM0NzEzYmE1ZmQyM2M3NGVhODIxZmEzMmY0NmY3MWM1MGFlM2YzODkxZDA3YmQ0ZGVjMDg2MGQ3MA', 1544609824, NULL),
(222, 2, 1, 'NGJmZjhjZmJiMjgyOTM4ZjJjNzM1MjRjMWEyNDkxZjA2NTVkMTdiNjVjMTM3Mzk4YmFhODczZmU2MzVlNzNkMA', 1544609915, NULL),
(228, 2, 1, 'YjkwYjg3ZDEwYzcxNmE0N2NkY2NhNDcyNjk3ZjYzNDNhZjViNzRjN2YzMjU2MGUyY2JhN2RhN2UxODZmNDA5YQ', 1544613155, NULL),
(233, 2, 1, 'NjliN2RhOTYzYzhmNTU1MWM5MDljZWExMThhOTdjZWIzNzZlOWI0YjgyNDEwZDM1NjFlMmMyZDExMDQ1OTMwOA', 1544615218, NULL),
(236, 2, 1, 'NTlmYTRiZWQ3YzM4NGFjZDc0N2YzODBlNmQzODk5NGIxZTkxOTQ4ZWE4N2RmODVkOWM5ZTRiM2QxMWI2N2IxMw', 1544617189, NULL),
(237, 2, 53, 'NDRlNWFhNDliZjZkZTJlM2Y5MWI2MDU2ODVkOGY1MWJkMzk5MTJmYjI3NmQzZDQwMzAyMmIwY2QxYzY1MWZiNg', 1544623081, NULL),
(240, 2, 53, 'NTQyMTEyN2Y0YmQyMmJhYmRhZjQ5MjllZDUyMmNkZWVlNWM5YTRjYWMxNDE0MDY4ZmEwYjNiMjc0N2RmZDhiMA', 1544643020, NULL),
(242, 2, 53, 'OGJmMmMwOGNjZGViZjUxZjQwNjc2NmFhOTdkZjE0NTI3MzI0ZTlhY2UyMWU2YTkyZmJkMTM5ODk1ODhkZDdjNw', 1544690593, NULL),
(252, 2, 1, 'MmE5MTBiZWQ2MGRlNTFjNWIxODBlMDNhODc4OTZiNDk4MmE5OGY4NzRjN2U4NmJhY2Y2ZTVkYzM3ZTE4NTQ5OA', 1544698166, NULL),
(254, 2, 1, 'ZTc0OWZmMzEwYmUyMTNkYzgxMWVhMzQ2MTA1Njg5YTk3ZjA0NDg5YWI1M2IwZjg5N2MxOTQ0YTliOWRjM2JlNg', 1544698752, NULL),
(255, 2, 1, 'Y2IzMmRkNDVjZWU0NDQwMDRhZTg1ZjZkNGJhMWMwYmU3ZGYzY2M5OGRkNTVkMTBiMGY5OWFiNzY0ODVmYTczOA', 1544698950, NULL),
(257, 2, 1, 'ZDA1OTkzMmNhMzU1NDM1NTk5M2I0NjNlMDU3MzdiOTM3NWVhMTAxNjk1YWI4ZjQyNTQxNWU0ZmQ0NWE2N2RjMw', 1544700441, NULL),
(258, 2, 53, 'YTk4MDNmMzEyOWZiNjczM2YzMGRjNWQ4M2U2Njk4MjA1NzBhM2MzZTZmN2JjMTk3MDE4YmE4YzllMjBiMzM0Nw', 1544701155, NULL),
(259, 2, 1, 'NWYzMzg0NTI5NTliMTEwMTZjMmZkMzBkODA2Yjk3MDA5ODE4MWUyZjYzNzhlODIyNjdmMGE0ZWUyNzA5NThhOQ', 1544701234, NULL),
(260, 2, 1, 'ODE1ZDA1MDljNDIzM2ZkNTI4ZmVkOTQ1OGE2Yzc3ODJkZDVlMDVhNzllMThjODdiMGFkMDQyNmY1NWQyZjc0MA', 1544701664, NULL),
(263, 2, 53, 'MzQ3MTQwNGNiNWY3NGJjOTZhZjhlODE1NDhhMDlkODkxMjUyZjFiZWZmOWU1ZDc5NDJlZjcyNTBmYWVjOTc2ZA', 1544704216, NULL),
(268, 2, 53, 'ZGUxZTY2Njg3NjFjOWZiOWI5YzczMTQwODVjOTk2OTIwODdjOTBmOWU5OTA0NjMyZmExYzM0YTllZDU3N2RlYg', 1544708811, NULL),
(271, 2, 1, 'YTIwZDE0MDA2OGFjZDcxNzBkYzZlOWM4YmU4OGFmZmUyMmI1NWM1YjljNzU5NjY4MDA1OTQzMjY0OWQ3MWI2OA', 1544712582, NULL),
(276, 2, 53, 'OTgwZGUxNmNmMTIzYTIxYzFiYmJhNDNjOGI4ZTY0NzAwNzJmZDkyMmU1NDFjMDQxM2I0N2FhMWJiZWU1YjVkOA', 1544722837, NULL),
(286, 2, 1, 'MDRiMDgzZWZkOWM1YzU5OTJkNDcxYzJmYWJiYmM5ODQ1ZDYwZWQ1YTdhODI1N2VhODQzNTQ0ZmVmNjcxNWRjZg', 1544774939, NULL),
(287, 2, 1, 'NTY0NjNkOTU2NThlOGUyZDZjYTU0NjA2YjhhNzU4MjI2YmM2MTA5OTI3MTI0ZDI5OTYxYzhlYThiMGJkYThlYQ', 1544775701, NULL),
(288, 2, 53, 'NTI5NGMyMDJjOWQ3YWViNGFmNDM0NjU0OGM5N2QwOGY1MTgyNGZhZTIxMjcyOTQwNWFhYWY0NmNmNDEwMTIzNg', 1544778018, NULL),
(289, 2, 1, 'ZmYxMGNmMzhhYTI2YTNmOWRiYTc1MDYyMjA5ZTRlMjUxNjA3OGFmZWZhZmFlYjkyMTg4NTNjYzM0NjBlYTk5Yg', 1544778967, NULL),
(305, 2, 53, 'ODAwZjFlNTdlYTFlOGI3ZDU5MzFjODM1MDRmMWU2ODRkNTEzYjJjOTMwOGMxNjQ2NTFlMTZhYjUxZWUwY2NiNg', 1544785266, NULL),
(322, 2, 53, 'NTg2NDIzMTU4MmQwODA2NjZhYWNmNGIwOTVlZWI1OWI0NTVmZDNiNGMyNWI1YjZmMTdhYThlZGQxZjhlYjAyYw', 1544800554, NULL),
(325, 2, 53, 'MmMxNjY1YmNhZDAwZjNhYmM0NmYzYjNmNWVhMjg0YTlkNTNiYWQ1ZjRiZmRiZjM2MmU1ODdhYTA0ZDg3NjkzZQ', 1544863103, NULL),
(327, 2, 53, 'YTE1MjE3MTEwNGY5MWQ0Y2EzMDhjZmRiYjBkNWM0OTUwNmY1ZWQ5NjYyZWE0ZmM2MDI5NzEyYzNlOWM2NDgxMA', 1544869297, NULL),
(329, 2, 1, 'MGNiYzgwZjcyY2JhODAxMTFiNmUwMDkxOGM5MzhjMDczMmNjODRkYjc4NDMwN2NlYWQ1NjkyNzZiMWUzYmIxMg', 1545035546, NULL),
(330, 2, 1, 'NTlmZWIwNmIwOWM2ODJiNTlhNmJhMzMzNjQyMDcxZTk5ODk0MGZmYmU0YmE3MGE1Nzk2YzI2NDIwOWE0ZDJiOQ', 1545041836, NULL),
(333, 2, 1, 'NzM0NDkzMjFlOTk1ODJmNWU4ZDQzYWNhYzViMzhhODQyY2Q2MjJkNDU3ZjU2ZDQ1YWRkM2RkYWY0MTg2ZjY3Ng', 1545055754, NULL),
(337, 2, 1, 'ZjQ0ZDE4ZDdkNzA3MzI0ODMzNDNhZWJiZTliMmY3NDA1MzNjZTQ0N2M0YTU5YjcxYmI2ZDY1NTg5NmVjNDJlZA', 1545063960, NULL),
(338, 2, 1, 'N2MwMzBiODNkYjhkYjhhZGFlMzMwZTIxZDBjNjA1MzBmMTI2MjkwZWQ4M2VkZTQ0ODY2OGVhMGY5YTAwNjU4Yw', 1545065149, NULL),
(340, 2, 1, 'MTVkZDZhYmM4NDY5MDUxYTU0OTBkZmNlOGFmMjQ4NDAwOGMyYzc5ZTY4YTgxNmQ4MTE1NzhmZTlmM2Y0MzczNg', 1545128753, NULL),
(344, 2, 1, 'ZTExN2UxOWMyMDE4NmIxZWMzNWYzZjA2YWM1Y2I0Y2IzMjJhNTVlZjg4YjhkOTlmNTRmNjYyYWM5NDMyZTRlMA', 1545144491, NULL),
(345, 2, 1, 'Y2VkYTY1Mzg1YjkxZDM2MmMzMGM1MjUyZDI1ZGRmMWEzNGEyZjk4YjMwNjgwMmIyOWQ3OThjMDJjM2MzYjhlMg', 1545150589, NULL),
(346, 2, 1, 'ZWFjYWRlOTNjMzA3OWFhMTg3MGNiODYyYzZjYWQ2YmFlNjJkOTg3MzI1MWU1ZjU5NDMzOGFkZWFkN2Y2ZTBkZg', 1545151122, NULL),
(347, 2, 1, 'YzY5N2JhNGExOTJlODg4MDA3NGExNTM0ZjA4NWZkYTdlMmM0ZjkwZjliOWIzMDg4NGM2NzIwNGY1ODliMDAwMg', 1545151263, NULL),
(350, 2, 1, 'ODQyZWYwYWUwMGI0NTEwNjAxNTlkODg5YjEyMjk5NGM0ZTU3ZGFjNTEwMzljYTNkZmE5N2Y5MDEwMzY5ZDMwMA', 1545151361, NULL),
(353, 2, 1, 'ZGQ0ZDJlMTA3NDBlOGFiNTJjNTk5NjY0YjhlZTMxNmI1NDRkYTM3NzY2MzkyY2NhYjgwMzAzODg1Mjc1MDEyZA', 1545151494, NULL),
(354, 2, 1, 'NTZhNzcyZWM5ODk4ZmU5M2VjNWI5OTVlYjIwMGQ3MGU0MmY1YzhkOWQ4OWRiMTU5OTM1NDAxOTRmNmE0MmEyOA', 1545151642, NULL),
(357, 2, 1, 'NGFmODI1YjE2Yzg2ZjczYjg5NTQzMGRjNTUzZmZiZDYzZmM0Y2Q0MGRlZjJiYzQxNDFhNDQwOTFjODJmYzRhZA', 1545151878, NULL),
(383, 2, 1, 'OTNmMWM3ZmVmZjczMzkyZWI5Y2VjM2RjN2MzNzQ1ZjdkYjg4NmE3M2EwNGYxZTEwYzFjODRjOWEwYjM3ODY3MA', 1545206953, NULL),
(406, 2, 1, 'NGNiMzRiMTlkZGM3NTkzMDViYjViMzUyZGNjZDc4ZmJlNWRkZWY4MTg5NjhhOTgyZDI4NDBkOGU3OWQ3Y2VhNg', 1545227310, NULL),
(425, 2, 1, 'NWUzYzY3YWEzMzU5OGRlNjNhNmNlZDM4OTE2OTVmYWI0Y2QxNDg4YmMxMGIzODdlM2U4NmM0NmQyZTQyYzAxNA', 1545296171, NULL),
(437, 2, 1, 'ZjE0Mjg3MzFjYTIwYjJiZWNmYzRhZDJlODRmNTE5ZTcxYjQ0MTVmN2NkMzZjYmUzYmJkZmM3MmM2MTYwZTQ4NA', 1545311967, NULL),
(459, 2, 1, 'NTZlZmJiMGQ4NzQxZTUzM2RiODcxZDcxZjY0YTRkOGUyY2U5ODEzODY5OTIyNWNkOTI5YTc0NThmZjA4YWNmNg', 1545387174, NULL),
(466, 2, 1, 'YjM4OWZlNGU3N2JiMjA2YmRjOTRiZWIxODAwMjE0ZTVlMDYxM2UzNTE4MjE4MTY3NmI3MmE3OTI2YjIzNjNjMQ', 1545391211, NULL),
(494, 2, 1, 'MTNjYmU4ZjczYmU3ZjdkMmE0NGMxY2RmZDgyZTIwZTVhMzg3MzRmY2Q0NDhmYTllODU0ODcwNzM4YzVjMGJhOA', 1545414441, NULL),
(541, 2, 1, 'YTQ5MGFlM2E4MmM3MGFhYjQ4MzQ2ZGZlYWExMmJiMmNmMWM0MzZiYjUzMzE5MTMwMmI3OTYwMTdkNTI4ZmUwOQ', 1545644837, NULL),
(559, 2, 1, 'NGQ3MDFlZGQxMmQ1MTc1NTFhZmU0ZDViMDk3YjdlYTc5YTc0OWRkODFjNjU3M2VhODQ4NzdlYTE5Yzg2MmMxZQ', 1545665534, NULL),
(573, 2, 1, 'Zjg2MWM4NzM5OGFmYTY1NmZhODJlYTQ1YmM0ODNlOWQ5ZDVkOTkwOGU1MzllMjFhYzU2OTVjMzE1YjM3MmQ3ZA', 1545726271, NULL),
(582, 2, 1, 'NjI4OTE2MmQ4ZDRjZWJkNjE0MmE2YjU1OGVmMDc5NGZiYzFmNGJlMjI4YTk0NjdlNDE4MzYyZjVlOGM3MmVlZA', 1545732317, NULL),
(595, 2, 53, 'OTI5YmM5Yzk5NTllNTMxMjI5MmFlMzcxZTQwNTg5OTVhMjUyNWY4ZDY3MGY1ZTE5YWUzNTdmZmVkY2Q0MzI3ZQ', 1545747446, NULL),
(597, 2, 1, 'MjQzOWIyZTRmYzI0NzZmNWZiMzBmOWMzNTc3MmMyNDdiOTlhNGIzMTNmMTYxYjM2Mzc4YjQ3NDllMGRkYjgxNw', 1545748731, NULL),
(600, 2, 53, 'MDEwMmIwMjRjMTE5ZTExNmRmMzc3YjgxZmNhYjdkYTNhZTU4OTgwZjdmZTBkMTJmNGE1ZmQ1MTI3NzhjY2NjOQ', 1545748929, NULL),
(601, 2, 53, 'NzIzYTA0NWU5NTQ1NjQwYTI3OWUwMjA4YTU2NDZhZDE5ZjE0OWQ4OGM0NWM0MGJjYmVkMWQ0M2ExOGQxZGNiNg', 1545751500, NULL),
(604, 2, 66, 'MGI3YThiYjMxOGFjOTQ5YzViNjUyYzYzM2FiNThmYjU2MjQ2MTQ4YTE2NWI3Mzc2NDQ4OTAyYjVjMmJjOTBkNw', 1545758571, NULL),
(617, 2, 1, 'MjRkZmU1NGVkMDIyODg2Yjc3Mjg4YzUzMzNjNzYxZTEyNzk1N2YyNDVhOTI2ODIxMzEzYWVjNTM1MjM3M2M4MQ', 1545813383, NULL),
(619, 2, 66, 'NTBlOTM1YWI4MzMxODg4MzkyYTFkYTlhYmQ1ZGJhNWJmMTVkZWRiOTE5ODIxZjUyYjZjNzEwMWMxNmFkYmZjMA', 1545814076, NULL),
(636, 2, 1, 'ZWJhYjE3MGQ2MTQwYTVmOWUyMmIwNTIzYWQ2ZTc2ZTdjNDRmZmE2YmFlNmJkNTVlYWMxMGUyODliOGViMzY4NQ', 1545839685, NULL),
(638, 2, 1, 'M2Y1ZDY5NWJiZmJiMGI2Yjk2YjQxMWViMjdlN2JkNGM4NmE4MTcwNmExMjc3ZDAwY2NlMzNkMTg1ZWUxY2UxMw', 1545842925, NULL),
(647, 2, 1, 'MzhiNzBiODI0MjBmODlmZjc3YmVjYjIwZDdhODU4OWM5NzVkMmYwM2ExMTUyNWQ0OTViZjZjNjdmNmFjZjE5MQ', 1545900500, NULL),
(649, 2, 66, 'OTRhYmIzOTAxZjhmNjI4ZjkxMzI2ZWE3MjVmN2Q3NjBjMWE4YWI3YzQ1MDZhZTEzZjc4NTI2ZTM4NWJhOTlkZg', 1545902947, NULL),
(650, 2, 66, 'MjUwYTU0OTdhYmRjY2E4ZjY0NmYyYWMwYmUwNzEzMzM5NWY0NDhmNDA3ZTYxOTc3NmNiZTE4NGZiZTgxODJhOA', 1545903007, NULL),
(651, 2, 53, 'N2RiZjgxMzUyYzdlOTU5ZDQwMDMwMDUzM2RlNDdlZTRjYTM3YTZhYTg2ODVkNWYxNDI0M2E5MzFiNzE2MjNhMQ', 1545903018, NULL),
(671, 2, 1, 'MTVlYjIwMDYyMDBkNzA3YzU2OTEzMWI1ZTBmOWZiZTI3YWVjOTE1NjA2ZWY4NGM0NWUwMTRhN2YzYzBjMTc0ZQ', 1545909978, NULL),
(677, 2, 1, 'NzIzZWRiNjAwZGE0ZDE4M2VkZTExYzI0OWM5ZWIyYmVhNjMyOWZkM2JiYTA0YmFkNGJmOGQxODA0ZDI0ZmU2Mg', 1545917078, NULL),
(692, 2, 1, 'MzZmNTU1MWE3ZjJiZTFmM2NkMWY3NGI5NTBhMmRhOTI4ODkxMWExYzZkYzdlNzZjMGM1NGQ5MTYwZThlYjMwNQ', 1545984964, NULL),
(711, 2, 1, 'YmNiZmNkOTg1YTA3MWNjMTVlMThjMGRmNjA4NTJmY2ExNDBiYzljNjMwZGU3Y2FiOTM2NDdmOTYxMzA4NzkzYQ', 1545994439, NULL),
(730, 2, 1, 'MjRkZmE2NzkxZjgzZDBjMzc1Nzc1NTY0YmMwNjE2NzUyZDU1MDM3ZWRmMmM4ZWM1ZThjNDJlOWMxYWYyZTM1OA', 1546017890, NULL),
(753, 2, 66, 'NDEwMDg3NTBlNGU3ZjAyY2NiOGNjMmQ0MmY3MjBmYWZkYzZhNzJmNGI2ZTg5NGE4MzE1Y2NlZTc1NGNhYWM1MQ', 1546078836, NULL),
(757, 2, 66, 'ZjBlNjQ4NTE3MjQwNjJiY2RlMTgxNzYyNjUzMGI5Zjg0YjdmMGVmYzI4YWVlMTBmNTY0NWZhZGRhZDM4NGY5MA', 1546080163, NULL),
(774, 2, 66, 'ODZiMzBkMzYzZmRmZTZhYjYzMjA1NDRmMThmZGEyNjI3YmMyYzg2NzFiYTZiZjc0MGZmYzczOGFhMTNkYjYzYg', 1546115522, NULL),
(790, 2, 1, 'NTNmMDVlMmJlNjc0MjY5MTgwODY3NDA4NzZlNmVjN2JjMjA2Zjc3ZTI4MzNkM2NlMjc2Yjk0ZGZiOTc5YTQyYg', 1546246153, NULL),
(805, 2, 66, 'ODM2YzZmOTkxMDdiZmZlZmFhYmM1ZTc5NWMzMzY5NzIyY2I2YTIwOWE5NWEwM2FiOTdjNzQ0YTcwNGZmNDYyYQ', 1546258570, NULL),
(808, 2, 1, 'Y2RjYjhiNWRkNzBjOTNlYTU1ZDVhNmY0YjE4ZDBmMDc0MGRiYTRlYThjNDQ2OGNmMTA5YWM4NTJmYThjMjc0ZQ', 1546330256, NULL),
(809, 2, 1, 'OTVjOTI1ZjdmMWFjODQ0ZWNkYjVhMzIyMWE4MjFhMWE0ZTRkMGRhZDU3ZmUzOWIzYTI4MzE0YzFmMWJjYTM0ZA', 1546330258, NULL),
(823, 2, 1, 'NTMyZjliMWJiNDU2NDI0ZmJhYzRkYTE1ZjAzOTNjM2EwMmFhNDI4ZTg1ZGU2N2VlNGM3OTdiMDIyYjU1YTAxYw', 1546356671, NULL),
(836, 2, 1, 'YmUzMmNjZmI5MTIwODY4NTQxYTQzNWI0ZmE2NjVlZTllODc1OTQ2NTFlYTMyZTQ0NDU4YTgwNGJmMWU0OTI1NQ', 1546415648, NULL),
(837, 2, 1, 'ODM2NjYwZDdkZmQ5ZTY2NzA0OGE5YjE0ZThmM2ViMzlhOTYxYjhlMjg2OWMxODMwMmQ2NTRkNWNkNzc5NWJlMA', 1546420803, NULL),
(864, 2, 1, 'NmViNWQ3NjFjMzk2Yzg3Y2E4MmI0ZjU1ZGFiNzYxMWVkNmE5Nzg1OTIxMDQ3NWYwYzdiZWQ0YWZkNjc3YzA2Ng', 1546445668, NULL),
(874, 2, 66, 'Y2U4MGFmOWU3NWZhNTAwMGFkOWVhMjg0YTA1ZDkwZGM3Njg0OTQwMTY3Nzg0NWVhMDgzMmMzMzUxMmI3ZDE3Zg', 1546451485, NULL),
(888, 2, 1, 'OWRiNzU4NDM4MWQyNGJkY2VhYTJiNGFkM2Y0ZDMzZTgyODgxYzViZWMyMmM1NDVmNTYxNGNmNzRkN2ZiMTZiMA', 1546504020, NULL),
(892, 2, 1, 'NDYzNjI2YjE1NzZiN2VhZThhOTA2MDAxZTZjOGE2MjdhZWFiMjJlMmVkNTJhYTFhYzlhMDdhNzFlMDdhNWRjOA', 1546508587, NULL),
(899, 2, 1, 'YzhlOTE1NTU5MmExZDQ0ZDE4Y2QxYzRiZjVkZDA1ZGM3NWI1ZjViMWRiNTQxZGQyNTI1ZjY0MGNhMDUxMDY4Yg', 1546509869, NULL),
(906, 2, 1, 'NGJlZGViNjFjZDgyNjlkYWI1N2NjMTlkNDI5M2UwMzkyMWI0ODM3MjZlNzNkODBkYjIwZGM2M2MwMmUzN2E5MA', 1546512588, NULL),
(909, 2, 66, 'NDBlZWYzOTRjYWUwMWNlMTdjYzJhZDNkOWEwYjBhNzBhZjgzYTFjOGZlZmFlYzg1NjViNGU5Mzk0YzZkMTYwMg', 1546519773, NULL),
(910, 2, 66, 'OTU2ZWI2OWVhODJkN2IxZTMwOTVkMzgzNGY4MTNmOWJjNTZlMmM5MGY2NjgxY2MxMGMxZGFkOGE1YjZiNDRiNg', 1546522644, NULL),
(911, 2, 66, 'NzFjZWQyZDJmN2FhNTE4YjJlMzcxYzIwNzgzYzEzYjEwYTI2YmJhMDQ4ZmM4MzNkM2JiOGYzNmE1OWIzYTE0Mw', 1546522668, NULL),
(913, 2, 66, 'MTZhY2NkMDhhZDY4MTg2MjQ1Y2E2MWY4ZWNjYzE4OTY3ZTFkNWI0NzJmNjgwNDdkMDdmZWVmNGFiNTVkNDc3Yg', 1546526674, NULL),
(915, 2, 66, 'OTY1ZTM5ODIzYzI1NDVjODkxZmU1OTEzY2MwNjc0M2QxODliOWQwM2Q5MTY5YzY4MWQ2ODdjYjE2MjhlOWEwNQ', 1546528573, NULL),
(934, 2, 1, 'YjljNGU1NDczMTMxNTVhNmJkYjkyZjRhYjRhNjBjZWY3ZmI4MjNiNDE1NGVhYmRhYzNhODUwODUyNjllZjA5Yw', 1546589396, NULL),
(942, 2, 66, 'Mjc0N2MwZmE1M2M3Yjk5Yjc0ZGRjOWQxODAzZmNkMzM2NmVhNjZhYTUwNGYyOTUyNTY0ODliYTNkMDQ2NzEyOQ', 1546594888, NULL),
(958, 2, 66, 'MTNiZTlhMDRmNDE3MjY4M2YxY2M3ZjMyZTg0ZGMwNmYyOTkwZWM5ZGY3ZDhjOTM4Y2YyZGQwZWY3MzZjNTU5MQ', 1546611567, NULL),
(959, 2, 1, 'YmMzMjNiODdhYzNjZjkzMWM0ZTU2NjBhMTlkZTMzMjQyNjMyNWIwMWZmOWM0YmMxYjhhMzdlY2Q4NzFmNzY2MA', 1546618987, NULL),
(1039, 2, 1, 'MDRmYjVkYmJlMGVmNWNjZTk2N2QxZTQ5NWM0ZWI1NDhiZmU5NWJjODk4OWVjYmQ4YTIxMWY5YTBhYTI0MzNmZQ', 1546849128, NULL),
(1051, 2, 1, 'Yzc3MTZjMGY3Y2RlMzNlZWNiMGM3YWY1NmY2YWUxZjkyNTFiNTA0MmU0OTNjYWY5YzljZGM2M2JmOTAyNzZiMg', 1546855313, NULL),
(1059, 2, 1, 'ZWE2ZWJlYzhmOGRkM2E5ZWQzMmM5MDBkZGI5NGVkOGIzMjI3NjE1ZjMyNjFjNjYxMjIwOTgyYzg1NzE2NjQ0Mg', 1546870486, NULL),
(1061, 2, 1, 'ZGQzNWIyNDgxYmYwZTQxZjUwNjM1MWZhNzIwNzg5ZTBiYTEwY2Q4ZDVhNGRlNGYwYWMxODdjNWIzOGVhZGI3MA', 1546875374, NULL),
(1062, 2, 66, 'YWM5MTU1OTc4ZDAxYjg5ZDBhNGM3MjJiY2NkM2Y5MzBkN2NkOTM1YzExOTZhYWVjYjYyM2M0NzAyYWZmYjg5ZQ', 1546877499, NULL),
(1065, 2, 1, 'N2QxY2RkNGRiNzMxN2U1MWJhNzc5MmZiNzBhYTRjMmM5NTg2YmE2MjI5YjIzNmNlY2U0ZDAyMjU2YmJkYWQwYg', 1546878864, NULL),
(1066, 2, 1, 'MDIzODI0MzY4NDRiOTI0YTYzNjY1MTgxNDU0Y2IwMzU1MDFiZGNlNzc1YmVjODM0MTgzNGM2MzcyZDNhMTNmNA', 1546881854, NULL),
(1076, 2, 1, 'YjEzZmM4Yzk5YjViNjE3OGVjZmNjZjRmMTgxNGE3ODY4Y2RlYzFjMGY0YTQ0YzQ1MzZkOTM2YjMzZjI5MWE1Yg', 1546934967, NULL),
(1088, 2, 1, 'MTQ2NWJlNDhmYThhZWNmODlhM2MyYWVlNThiYTcwMjVmYWFkZjQ2OWRiZDY1YWI0NGJmZjkxYWQ2YzNmMGNkZA', 1546963475, NULL),
(1107, 2, 1, 'NzM2YzU2MjNiOTNkNTFmNDA5NGZmM2JjNWM1MjNlNjYwN2JlMmRjNzQwODY3ZTlhOWUyZTQzNmQ3N2RmYmEyMw', 1547022318, NULL),
(1130, 2, 1, 'MDgwOWM2ZjRjODM3MmM5OTQ0NTY4ZWVkZDIzNTAxODNlODc4MWYxNmJiNjUxOGUzMDE5NGI3MGRmMDViM2Q5Nw', 1547055806, NULL),
(1151, 2, 1, 'ZDk2YzViMmM4NGI2MzZhMTQzYzNjODQwNTllMzg5YWVhMGZlZDgwZDAzN2YzNGE1YTE5N2ZkMTU0N2VkNGI5Ng', 1547112739, NULL),
(1152, 2, 76, 'NmE5MGZjMzBlZTNiMjY1ZDgwNzg4N2YwN2Q5NWEzZDM1Y2EyNDU3YWFmZTYwMDgwZjRiMjAxZTM3ZGVkNTZkZQ', 1547112818, NULL),
(1165, 2, 1, 'ZWY0NWIwNTg4MmY3NDYzYWUyOTljMTI4OWVhMzVmODcyZWIxZGU2ODM0ZjE2ZjU2ZDQ5MjFiNTNlZjE3NmI4OQ', 1547121158, NULL),
(1295, 2, 66, 'MTAwOWNhZmZjOTk0Njg1MmNiZDEzMjc0M2JjN2UxZjE1ZWIxNzRlOGUxMGE5NzhkOGIzYzhkY2VlODE1ZDFlYQ', 1547486600, NULL),
(1349, 2, 1, 'ODMwOGUzMDFhNzVjN2M1ZGM3MWJiNzRlMTFkMjlkNjM4ZGJkNDM4ODdlNmQ1NzdlYjQ1ZDk1NWJiZjJhNzE3Nw', 1547650828, NULL),
(1386, 2, 66, 'MWM1MTRmODBhNjI5MjRmNWNkY2E3ZjBmMWQwZjNkNDdkYjQ2MGYyODA4M2ZmOWI4NjdiMTllNjc4YTNjZjkyZA', 1547750823, NULL),
(1396, 2, 1, 'ZGY4MDljOTQxMzRjMTFjOWY2ZDFmOGU2YzdiZTI1YzA5MTEwNjc3NThmZWY4ZDFlNjM5NzZkZmEyZjA0MDMxNg', 1547800382, NULL),
(1415, 2, 1, 'ZjUwMmU5NzBlN2Y4MWNlNjI5M2NkMmMyZDI4ODJkNjJlMGVkZTgxNDIyMzU2NTMwODE1YWU1NDM1ZmM3MDVhOQ', 1547819841, NULL),
(1416, 2, 1, 'M2U2NzVjODY3NTg4YThiM2JjZDk2NmIwMGEyNzFlMDNiN2Q1NmEyYzU1NjM3M2E1MDExMzA4OWRmOTI1ZDFkNg', 1547822736, NULL),
(1449, 2, 66, 'NjQyZGE4MGZkNTYwYWY3MDRlN2YxN2Y4ZDZhZmNhNjk4MTJmM2QwNDUwNTA5NTI3MmU5Mzk0ZTJjOWQzMWYxNw', 1547911648, NULL),
(1490, 2, 1, 'M2YxODY0YjU1YWI5MmJmMDEyZWRhMmFiZjM0MDhkMWZkOGIwMzM1ZmM5Mzg2Y2MwNjMzNjkzYThlY2U0NjA4Mg', 1548058716, NULL),
(1513, 2, 1, 'MDRlMmQyNTgzMTg4MTljY2E4OGIxOWFmODg2ZDY0ZGU4MzI2ZDAzYzM4MDYzNDUxZWEzOTk4M2Y0MzNjYmZkYg', 1548145897, NULL),
(1529, 2, 1, 'N2Y5MDM5N2MzMzYwNzI3NTcxYTZkZDdmNzY4MzRmM2Q5Y2RiMDc4ODY0OWUwNzliY2NmN2YyZWI3MmI0MGFiNw', 1548151299, NULL),
(1536, 2, 1, 'ZmRlMjVhOGM0ZTczODg5MmFhNDk0ZjExMTE2MGMzMDc5ZGQzOWU3NTBmYzlhYmRhMDNmNzk4Njg4OWQ4MWVkZQ', 1548152742, NULL),
(1542, 2, 1, 'YTk0ODQwMzVkZGY4ZDJlZmY2MDg5MDc0ZmYwMmU3YmQ2MmQwNTExMjRlOWQzZmMzYjAwZmQ4YTYzMDMzNjEyZA', 1548153515, NULL),
(1543, 2, 1, 'ODNlMzdmNjg2YjQyMjgyZjlhYTI2OThiYTBiYmY2NTA1YzAwZjNjMGRhMmQ3MDUyMTg1YjEwMTczNmYyZjkyZQ', 1548154193, NULL),
(1544, 2, 1, 'N2M5NTVlMWVkOWFiNGIwZWQ1YTc0NmYwYWRjYWE3MjA5NDVkMjYyNDc2MDMwN2JjYTgwNDJkZTY1N2IzNDJiNQ', 1548154449, NULL),
(1558, 2, 66, 'OTgyZjQ1MmQ5YWZjM2MxNTFjNjVkYTI3NTc0N2E4ZTRlMmI4MjNhMDEyMDk3YWM0MzQzYWU5NGExNzlhZDY0NQ', 1548160022, NULL),
(1561, 2, 1, 'ZWM2NTEyN2Y5OTVkMjRkZWFkZjY4ZjAwNDU0YTcxNTk2ODZhNGMwY2FkZDMwMDdkZTM5ODg2ZTJjNmU5MjUyZA', 1548173792, NULL),
(1562, 2, 66, 'OTA1ODNkMDhkODY2ZjAwZGY5ODY5MGM1NjBkYzYxOTFkOGU1ZjU1MmQ3NDY5ZjFmZWM3MjcyNDI5OWI3NDMxMA', 1548174898, NULL),
(1566, 2, 1, 'ZWM3N2FmOWRlOGRiOTNlYTU5ZTNmNzQ0ZjZkMDVkMzMwNWNhOGE0MzAwNTYxNmNhN2JmMjZiYWQ0MzQyOTFlNQ', 1548178474, NULL),
(1583, 2, 1, 'YzgyMjI2YzRlMzIxMWFjMjY0YjM2ZTI0OTY4MTg0OGUwMTY3ZGJlYTk3YTRjMzZjMGM5NGJlZjE5NjljZDk4Mg', 1548236395, NULL),
(1589, 2, 1, 'YjViMzc3MjljMGJmMTUwMTNiZjQzYmE5OTRhY2MzYzg2OGQzNWE4MDYxZmQ5ODQzMmM0ZWE5OWI4M2Q4ODI5NQ', 1548236766, NULL),
(1594, 2, 66, 'MzRlMjQyNjBiNzcwNjEyNTBlMjQyZjEwZDJjNDUzYTZkYzVlZmQ3MTc1YzIyNGViN2ZjNjc4MzQyYjI0YzQ3YQ', 1548237903, NULL),
(1602, 2, 1, 'MWVlMTI0ZjkwM2NjNzMzYWI3Yzc0NDM2NGUxM2I2NmM2OGYwZDkyNWFmMWFhMTQxYTI4NDhmMGE1ZTgyOGI4Ng', 1548240355, NULL),
(1603, 2, 1, 'Y2JlZjA2OGM0ODYyOGNhM2IxNWM1M2RhNjAyNDY5ZGE4YjNmNjU0YzU1NjhiMjU2ZTQ1YzNjNWRjZTM3ZTQ5OQ', 1548240791, NULL),
(1609, 2, 1, 'M2M4OGQxMmYzMThmNjhjMjlmMWQxMGM2OTMyNGEwMDIxZmMzOWU5NGEyZjA3OTBiMzYyNzNhZTE4MzlmYTMxZA', 1548242997, NULL),
(1611, 2, 1, 'MjM3MDEzNWE0Nzk2NjBhNTY1ZmMzNGQyMTM0NTdjZWViMTNkNmZkMjFmZjFmODkxZmYzODRlODJkOGRlMDEwYg', 1548251543, NULL),
(1612, 2, 1, 'Yzg0NmVmMjU2YjNiMzcxNDEwN2U4ZTBhZjY4YTFiMGZkOGEzZWM4YjM2YWIwMzhjNzc1NDM4NjczNzQ2NTlhYg', 1548252446, NULL),
(1616, 2, 1, 'N2E0NTBkNmVlZDA1ZWY3MjFkNDIzYWY0OTk5MmEyYmVmMTRiMTk4YzVhMDM5MzY4MTY0MTlhMzg2ZWMyZDQ1Mw', 1548258320, NULL),
(1625, 2, 66, 'NTM0OWU2MTg1MGM2NzVmZWVjOTQ3ZGU4MmY4N2Y5Yjg3ZTYzOTMwMDVlNzIzZmU5MjJiYTc2MWJjZTZhYmYxOQ', 1548264623, NULL),
(1627, 2, 1, 'Y2EwODc1ZTI4NTgyZWM4MjE4MjhlYmY5NmNiMDkwODBjMWMxNDk3OTFkNTA3YmQwMDlkM2U5OTM5ZjA5NjM5ZQ', 1548264932, NULL),
(1650, 2, 1, 'MzA3OTdmYTJlZDhjNWQxMTkyNmMwMzY0YzM1ZWY2MDhmNjYxZWM5ZjFiODI2YWNmZDYyZTIyZThlYWQzNjgwOQ', 1548317667, NULL),
(1652, 2, 1, 'ZTBjNGE1YWRmMDk1MDBlYzE3M2YxOTU3ZGJkMzFkOTFkYjAyZmQ0MzNhNGRhYTFlYzE4NzYwMTE0NTIxNmU5ZQ', 1548319492, NULL),
(1653, 2, 1, 'YmI5ZGZlNjkzN2YzMzA2YWY4YmIzZDdkZDkxYmMxNzE4M2MxMDUzZTBmZThmOTI2MzFmYTg1ZDJkYTRiZDY4NA', 1548319904, NULL),
(1676, 2, 66, 'OGVkYjVkN2ZlNzE1ZTQ3NWU5Y2IyODIzZjM0OWFhNDEwYTU5MWZkZTc0YWQwMDBmM2YwOTI1NDMwMjljN2Y2ZQ', 1548332687, NULL),
(1679, 2, 1, 'MDhmNTQ1NjBjM2EwY2JjNmZmNDcwZmIxMmM1YjhkNjg3M2QyNmMxMjkwODkxNjQ0MTY2YTE1M2E0YjVmNjQxOQ', 1548345147, NULL),
(1714, 2, 66, 'Nzk3NmM1OTYzODEzOGQwNTQxOTNjYjFhN2EwNDhhZTYzNzY2ZjMwOTlhYmY3NThhYWFjZDg0N2UwZmI2NjVlMw', 1548404305, NULL),
(1803, 2, 66, 'YjQzMTc1NTdjZjY2ZmNiZGFkMzc5ZjhmZjRmMTg0YzE1MTg3ZDEyZGJkZWQyNmE4OTgwYjcxZWI5ZjQ3ZDFmNg', 1548518790, NULL),
(1806, 2, 66, 'ZTQxYjUzNDNkN2RiNGVmZDMxZDdlNzEwZmJjYjk2ZWY3NzU4N2E2MWRjMTQyZTBmOTk2YWMzYWJlZjUyNzc4Yw', 1548519164, NULL),
(1807, 2, 66, 'OWY0MDk4MTE3OWQwN2FjOTkxMmNhMzU1ZGE4ZmU2ZjNiMjAyZDUxZTQ5NjkwOGY0YTdiMzdiMzk0ODhhYWE3ZQ', 1548519219, NULL),
(1886, 2, 1, 'ZTgzNzE4NzVkMjk4ZDEyMTJkM2FhNjhjMDRkYWExNmRiZDBmMWUzOTIwZjVhZjNhM2VjOWFmOTY1MzZjMjNhNQ', 1548663968, NULL),
(1887, 2, 1, 'NmMwNmI1Y2EzODcwZTA5OWI3MjBiMmYxNWI0ZTFmMmZhMDg4ZWYzZmYzYWFlMzRiMWUwYzE4MjMzZWVhZTRhOQ', 1548664448, NULL),
(1888, 2, 1, 'OGRkMjA2NzkwOThhM2VmNTNjMjRkYWE2YWVjZWQ1ZWM2NzIyODRkM2IzY2Q3MjM2MTA1ZTkyNTk5NzBhZWYyNA', 1548664652, NULL),
(1892, 2, 1, 'NjE5M2U4NjA4NGU1Yjk3NmQ3Mjc4YjhhMjIyZGJhMTIzNjRlNWFjOGZjOGZiYmMzY2MwYzhmZmIyMmIxM2YxNA', 1548666263, NULL),
(1895, 2, 76, 'YWM2OTU1NjZjMDNmZTBkYjNlMmY0Y2JhMzExZTIzYjQzNDEyYWRhOWUyZmNmMzg4YjU4ZDIyMzYwZjcwMzhhMg', 1548667602, NULL),
(1917, 2, 53, 'OGRkYTRhMmEwMmI1MjQ4NTZmNzRmNzc2ZjRmOTcwNWZjMGE4NmM5MjY5MGNmZjRiMTJhNmZlN2YyOTUzYWU1NA', 1548679423, NULL),
(1918, 2, 66, 'Y2VlMGMwNjhlNGViMzNhZWU3YzU3YzJiZWFjZjc3MTc5OGQ1MmYwYWYwNjA1NGI0ZDMzMWI0OTEzMjRkY2I0MQ', 1548679722, NULL),
(1919, 2, 1, 'OTFjZWQyMWFkOGI1ZTFjMWRmZTQzZTJhYTFkNWVjMjkzZGE0NWI5ZTc2NGE4OGMzYzg4ZWQwZDBhMjdhMGIwZg', 1548684291, NULL),
(1920, 2, 1, 'MWY5MTUxNTExMTg4Y2YxYmQzYmQ2YzA4YTBlMDcwYzA1Y2U4OTk4MzU4NDE1M2E0MGZlMDBlMDMxYzZmMDk0Ng', 1548684413, NULL),
(1921, 2, 1, 'M2RkMGM5YzY4NDcyZjY0ODQ5ZmI4ZjBlMjYzMDY0OTE4ODJiY2IwN2ZmODE1YmE3Yjk4OWI2ZDhhMDM1NzQxZg', 1548685660, NULL),
(1922, 2, 1, 'MzYzYzk3MzMyZWY5ZDcyNzE3ZDYzZmZhOTM4NjlkZDU1YzlmNjc2MzEzZTViNGI1MTlkNWIyMDQyNDhjZTFmNw', 1548686056, NULL),
(1923, 2, 1, 'MTU4MWQzZDk3NzY4MGQ0MTNlMTUzODllMjAxMWFjMDI0NTY5NmMwMzkzYWE0MzY2NWU4NjVhZjU4Y2JiMDY0ZA', 1548686956, NULL),
(1924, 2, 1, 'MzZjZWQ0ZjYzNDBhNGRiNjRiYTlkMjYxNWUzMDAwMWU5MTAyNDRmODgyNTMwMzI4ZDM5YjRmNjE4NGNmMzVmOA', 1548692275, NULL),
(1925, 2, 1, 'YWRiMDg4YjQ4NWRkOGMxNTljNTNiN2QzZWI2OGExMDg1YjMyZjNjMGFlMDgyN2IwNzJiNTllNzQ1ZDRmZTQxOA', 1548693661, NULL),
(1949, 2, 1, 'MmI3MmJiNDU4OTY1OGZiYWJjYjU5Yjk1MjY0ZGI3YzliNWVmMGViMTI1ZWNlYzlhOTc0Njk2M2UxNWVjMjhkYg', 1548752883, NULL),
(1952, 2, 76, 'MjY5Y2E3M2Y0NGU2NTBmMDc0NDU0ZGQ4MDQ2ZmY0MTc2NzM2YWRlODRjMDcwZmE3YWI5MDBmMjE0YmI5ZmRlZA', 1548755625, NULL),
(1956, 2, 1, 'ZTg2YTVkMWFhMGQ5OGZkYTJmZGExOTQ0ZGVkYzI1YjAxNGMxNjVhZDdmZjlkOWQ1ZmU4ODE3ZDE5MDZiZmU5Yw', 1548755882, NULL),
(1957, 2, 1, 'MGFjNTIwNTRhY2ViOTczNzIwNTFkMWQxMWYyODY3ZDIwYWEzZjJmMmNjN2EyOTc1ZDBlZGNjZjQ1NDg5ODlkMg', 1548755916, NULL),
(1963, 2, 76, 'NDI0MmRmMTBhZmEzNTg4YmJhNmQ4MThiZGU4MzBjNzE0MDc5ZjA2YTk0YjBiZTQ4YTM4YzQxY2M2NGM3ZWU4Zg', 1548756849, NULL),
(1964, 2, 76, 'NTRkNTMzNDQ4NjkzNjFlMGJjZmVlNmVjYjJmOWFiYWRkOWU5MDI0MzEyY2IxZDlmNDljMzk2NGRiNjBjZTM1NA', 1548757534, NULL),
(1973, 2, 76, 'Y2FmYTk1MmIyMzJiMGYxZjA2ZTUzYTAwYTVjZDZhNGRlYjI1MWZjYzVlOTMzNjQ0NjNiZTUzYWYxOWYzYjcyMg', 1548760184, NULL),
(1976, 2, 1, 'MzY0YjUzN2YyZjFjMjQyNzE2NmNlMTZjYjBlN2Y1YzRiN2U4MWM5Zjk4MWE3ZTk1ODRlZGUwZGM5MTliMTkxOQ', 1548768133, NULL),
(1977, 2, 1, 'YWU3NzA0NGMzMWMxN2YyMjIzNTdjYmZjMTFiN2FkYjk0NjE0ZGFjMDRiNmE0NGM5YTlhOTM5M2YzOWQ4YzAxYQ', 1548768848, NULL),
(1980, 2, 1, 'YWZmYzE3NDViMmM3NTAyOWMxZjQ4NGY2MDg5YjE4NTRjMjBhOTRjYzAzNDY2MDgzNzU2MTY1M2RkOWRiN2I3OQ', 1548770896, NULL),
(1983, 2, 1, 'MmY3NjZkYTA3OThmOTQxYWFiNjliM2JjODZkNDkxMDM5MmJlMDU4MjU5NTc2ZjhmOGZkNjdlMzBkY2Y2MmFhYg', 1548772373, NULL),
(1984, 2, 1, 'MTEzYzU4MGRmYTM1NWZhYzVlMzAxYzk1N2ZlNTFiNmY1NTljOTQ0ZjM3ZGI1Yzk2NDNkYjM0ZDk1ODJhODhiNA', 1548774360, NULL),
(2006, 2, 66, 'NWU5MGIyNGJkNjc0MmE3YzdhNjU5MDAzYmI2ODA0OGU0MWM3ZmMyMWE0YjE0ZjUzODY3NmQwOTZkMzdkYjg2Yg', 1548783963, NULL),
(2029, 2, 76, 'MmUyNTI5MDg3Y2E5Njk0OWJkYTJmNTIzNjBmNGQzNDk1NDhjODgwYTVjZmVhNzhlNzZjYTYzZWYxMjQxZThkOQ', 1548837627, NULL),
(2030, 2, 1, 'YjFjZjA3Y2RlZjZiNTA0NmU3ZWUzN2ZjNWZkNmQxNDE0YTBhZTcwYWUxN2U5MzhkYmYzY2ViY2E5NGZlNTNmNA', 1548838230, NULL),
(2065, 2, 1, 'YzQ4MTFhMzNjOTg5NzdiNjRjNWQ3ZTMzM2Y5NTFmYmRlNTA5ZDI1ZGI0YWE5NzBhMWZiMjBhMTFhOTUyYWE2Nw', 1548853541, NULL),
(2066, 2, 66, 'ZmQwMjkyYTZmMjA4YWU1YWQxYzUwNDVmMTUwNzM1Mjk0NmNmMDQ4ZjA0ODlhMjVjN2MzMDg4ZDQ0NmMwNGY2ZA', 1548856740, NULL),
(2069, 2, 1, 'OTg5MmFlMjc4ZGJlNDljMjEzMzA1YmRkYWE0ZDBiMTU0YTQxMzZmZjc5MTFjNDBhOWEzOTZmZjBlMGE0ZDE2Nw', 1548867154, NULL),
(2107, 2, 1, 'NDI1MGJmN2YxNTY5NjBjNTcyNmI0NzI0ZmM0YTk2OWJiZjM4MDhkMTJlNGQ5NzI3NmRiYmM1YjljZWY4OGQzMw', 1548926169, NULL),
(2130, 2, 1, 'ZTdkOTg0MDU0ZDFmMDg1ODVlYjQ3MzFiNGQxNzBlN2FlYmE2ZjBkMjViNzljYjBlN2RiOTAyNzExNGZiM2FhOQ', 1548932883, NULL),
(2132, 2, 1, 'MDI4NmJlMTMyMjk2ZjEyZDM2ZDMwYmZkNGRmY2FjOWZkMmYwM2VjNGIxYWMxYWI4NjYwOTc2ZmQ4ZGUzM2E3MA', 1548947451, NULL),
(2139, 2, 1, 'MDRhODI1MmI1MDA2ZjM1NjZiOGQyY2E5ZWU3OTlmZjczODUxZjBhM2UwZDE1YThkOWZhOTY0MjMxZTM3ZWQzNg', 1548956144, NULL),
(2174, 2, 1, 'ZDA4OGQ3YWE3OTNlMDg3NzZhYzBiNThlMzQyMTFhMWM0NDBhOWE3N2I0ODlkNGYwNzg2YzI2MWQ5NDU2N2Q0NA', 1549012646, NULL),
(2176, 2, 53, 'YTZjMjVhZTI4YjYxZTJhN2EyMGU4MzEzYTA4NjIyYzBkMjNmOWI4NzBjNmMwNDM1YTk0MjJjNDI3NjM2NDVkOA', 1549014126, NULL),
(2181, 2, 1, 'OThkM2Y4MThmNTk3M2E3YTljYjFkNDRmNWMzNzRjNjBkZWY5OTNjNmYwYmQwYWU2ZGQxMzBjMzI3YzUzMWQ2NA', 1549015109, NULL),
(2188, 2, 1, 'NWQ5M2U5YzkzMTFlODJlODNmYTlmZjI0MTVmNzg5NmJlYzJlZDMzYzdkNjUxYThkNWZmNDFiMjljNjc5MDU4Mg', 1549016611, NULL),
(2189, 2, 1, 'ZmMxMzczZjEwYjk0N2ExNmJjNDBmNmQ3NjQ0NTFmYWU0Y2YzMzIzZjdlZjAwYzgxYmVkZGVmOWI3YTEzZWI2Ng', 1549016675, NULL),
(2211, 2, 1, 'ZWEzMjk1ODhmY2I1ODA4NTlhNDQ0MmI4NmQxY2Q1NzdmNjFiNzc1NzMxOWU3NGVmZjc0ODBlMjI4OGFhZWE2ZA', 1549019575, NULL),
(2216, 2, 1, 'Y2M2ODJmOTNhNzk1YzNiYzM2ODcxYmQyNGM3YTM0NWEyMGZhMDVlNmExYWIzNzVhZGM3ODk0NmE3YjVkNzE2Nw', 1549021173, NULL),
(2218, 2, 1, 'MjRjNjQ5NDkzYTY0YTc2NTA0NWY0NWM2MTZiNTM4M2ZjNWE5NDY2MzY0OTdmOGJiNjI3MWY4NzEyMjY4OTQ0MQ', 1549021515, NULL),
(2220, 2, 1, 'OTQxZDMzZDZlMjQ1NDU3ODRiNmZlN2RiNDNjYWQzZDM2YThkODU3Y2E1YjBhMTNkZDE4MmNhMWNhODc0ZDcyYw', 1549021761, NULL),
(2224, 2, 1, 'YzM3NTg4YjQ3MDNiN2NhMjVmZGIxZTVmYWI4YWJkMTZmYmJkODM4NjQ2OTZjZGNiYWNkNzc4OTVhYTI1OGZlMg', 1549030559, NULL),
(2226, 2, 76, 'YjY4MGYxMmEyNmMzZGI3NDM3ZTQyZTkyOTAzNGY4YmI4YTQ1ZTBkM2E5MTU0MDY5OTUxZmJmNDMzMGFkMTBlMQ', 1549034746, NULL),
(2269, 2, 66, 'MTAwOWY2OGNjNmNjN2I3NDViOThjOTFhMDE3Njk0NzljMjM5ZWFkYTc2M2IxMDdiMDYxYzA4OGM4ZDNkNTk5OQ', 1549050919, NULL),
(2323, 2, 66, 'NWE5ZjFjNWQyZGMxOTc1NjFlOTFlMTNhODE5ZDZjNzM2ZGViZjdlZjdjZjkwMWMwYjg0MDUzNTkzZTEzYjVlMQ', 1549106156, NULL),
(2330, 2, 66, 'MDk4NjcwZmJmOTgxNzEwZGE5MmQ3OTEwZTlmNjk1N2UyOThiYjNkYWJiZjQzOTU2ZDBjN2FiMmQ3YTQ0MGYxYQ', 1549114627, NULL),
(2353, 2, 66, 'YjdjMzZhYWNkZGE3NzAzMmZkODQwYThlZWQyZTg3ZDA4ZTdlM2MwNjczOGYwZWMxNmU2YzY4ODIyOGJlZmMyZQ', 1549134593, NULL),
(2466, 2, 1, 'M2U2NGIxYTg2OWM0NDhlNWQwMDQ5Y2ZkYTgwNjFkYWU5ZTEzNjQyZTBkYzE4ZTE1ODIyNzI0YjQwM2QyZDZjMA', 1549268413, NULL),
(2468, 2, 1, 'Y2EyYzcyYTIyZDZhNWNlYWY4Y2EzNmUzOWM3NTFhMjNhNWFmNjNmZWYyZjY0NzBjZjQ2YWRlYjBmNWY3NzhhOA', 1549269309, NULL),
(2469, 2, 1, 'ZTRkY2U3YmFkZTVmYWMyOWVmNmMyNDM0YjNjMjRmMWNiYzY0ODNlYzMwYzM3YTMwYjdkZjJmMzNjZDE5NmQ2MQ', 1549269575, NULL),
(2471, 2, 1, 'YWRjNjM4MTRhNmIyMjFiNGIxN2EwOWQ3OTgzMGQ2MTFiMTFjNWRlZjI4YTZjODg0ZjM5NGIxM2MxMGU3OGIyNw', 1549269613, NULL),
(2495, 2, 1, 'ZTMyM2NiNTQxMTJjMDNjMDk3YjQ2MzkxMzYzMDE3NmY1ZDhlMzhkOTQ0NDQ1ZDkwNDJjMDhjMmIzM2NiZGUyNQ', 1549276590, NULL),
(2508, 2, 1, 'ZTY4NDg3YjBkMWMyMWY4YjViZjBmMDNlMGVhNGU0YzllZGJhOGU5ZmYyYzA1OTliNDUxNDE0NzFlYTVkOThlZA', 1549280710, NULL),
(2510, 2, 1, 'NGQ1MTZlMWIxMWI1MmMwM2E1Mzg5NzAyMTk4MmM0NDgxYWI4YmRiOTljZDM4OWZlNGMyNzllYzkwZWRjZjVlOQ', 1549281247, NULL),
(2511, 2, 66, 'YWMwZWY4YWM1NWVmOWFkNjFmZjU4ZWI1YWFiZDE0Y2Y1NTEwOWY4MDU4Yjk0OWNiMzE5MWI2MWQxYjAyNmY2NA', 1549281770, NULL),
(2532, 2, 76, 'ZmYwMjkwNjA2OGEyZTRhMzcyOTNhOWFiZTkxODFmNzg0NGU3YWU0NGZiN2JmNjFiMDljYTM3Yjc2MTVhY2QxZg', 1549294936, NULL),
(2545, 2, 66, 'ZjlmZTQ5Y2UxMzZkM2U2Yzk2NWM2MDlkNDRiY2Q0OTE5ZmI2ZmRhMDUzYWY0MmQ2YWNjMzgzYTg1ODI0Y2IyNg', 1549309060, NULL),
(2568, 2, 1, 'MjcwMTVmYjdkZjExMzRmMmExYzg0ODcxMzZiMzZjMjQ2ZTU0Y2VhOWMzYzIzYzc3NTJhN2ZiNGU5ZjI1NjkxNg', 1549358614, NULL),
(2573, 2, 76, 'ZDY5OWY3N2I5NGM4YWNlNzYzOTc1YjUzZTU4ZDI2MTY1YjZhNWViMDY0YjQxMDVhOTIyMjdlNzJjM2UzZDMyMw', 1549359203, NULL),
(2605, 2, 66, 'ZGNjZjkxMjExODBkZTBhOWRmYjU5YWVjNmJhZmEzMmM5MDgxODIyNTBlNmRiMDBiMTJkZDU5YTgyMjMyZGM4MQ', 1549369287, NULL),
(2616, 2, 66, 'YjgyYTM1MDk3ZmNjZThmZGYzODZmNjQ4NDVkZDQ1ZjhkNWI5Zjc0NDlkNjA2ZTY0ZTRjMzIyNDc4Y2RlMmNlMw', 1549383018, NULL),
(2626, 2, 66, 'NzVlMGE0ZDlmZjBiYzIzMmQxZTgxN2EzYTZjZGZlNTBjNzNhYjVhOWYwZjFjZWRiNjdlOGUxNjIwNjFkOWUyMQ', 1549392583, NULL),
(2650, 2, 76, 'M2I0ZjZhMGY5MjU5Njc3MTc5NmU0MGY4ZDZmMWVlZjA2MTFkMmJmZTc2MzYxOTQ4Mzg5NzQzYjY5NWJiZjUyZQ', 1549440716, NULL),
(2651, 2, 1, 'ODk0NGFlYWIwOTA5YTllZDA3N2U0NDA2ZDg4N2Y4YjM1MGE5YWNlMGJmNzczYzlhZTZiZGQzMzA4N2M0YjQwMg', 1549442206, NULL),
(2665, 2, 76, 'ODc0OGViNWU2OWVmNTUxYjAwNGM2ZDdiZTQ1OWE0MjAyNDFmY2Y3MjdmODA0ZDBkMzE1ODcwMGY0ZTNkYzhhYg', 1549446993, NULL),
(2667, 2, 76, 'ZDEyNzUxNTQ4NDdmNGM1ODdkNDk2Yzg1MzUxN2VjYmZlMjI2NzJlODA1ZTBlMTJmZjRkNTQzZmVhMTU4OTkwZg', 1549447039, NULL),
(2675, 2, 76, 'OGY2MGRmZjM3YjNmZTc5NTQxMDE5NWVlYTg3MGM2MzAzYzdmOTBkN2RkMzgwMTQ2YTg1OWEyNGI2YTVmYzdhYw', 1549447564, NULL),
(2676, 2, 76, 'MDA5ZTU3MzAyMjk1ZWYxM2FiZTE3YzJkZDc4MjZiODA5ODlkN2I5YWY0MWY1NmI5YWMzNjM1ZWMwYTIyYjM5OA', 1549447673, NULL),
(2678, 2, 66, 'NDkxZTc1MDk0NDk0Mzg3ODRhMTBjNzIxZWMxMTVlYWQ5MmQzZTIyNWU1MmU1YWRkNzBiYzBhYTc2OGNjNDE1Yw', 1549447808, NULL),
(2697, 2, 1, 'NDM0ZTJlZTk5MTIwOWY0ZGVjNzE0YmUwM2ZhNmFhMWRjMWMzODllOWQ5N2UxNTUyMGE1NTk5Y2ZkMDdmNWUwYw', 1549450487, NULL),
(2701, 2, 76, 'YjAyMjk0OTNhOWFjYmM0YWFhMDhjMjI5ZjgyN2VhMmFhZjMzYmVlMGVlMmZjYzE4ZjQxZTQ3YmMzNjk4NzJjZA', 1549451865, NULL),
(2702, 2, 1, 'MDFlMjljMGYxMWNkYjg3MDliNDlmZTcyMGNlZWY0ZGQ5Mzg3OTA2OWE3MTdlMDlhYjAwZWUyYWQxN2JlNWM0Mg', 1549452102, NULL),
(2703, 2, 1, 'MmFjNmE3NzgyNDU2ZTJkZjNhNDVlMzI3NDg5YjZlYTE0OWYxNGE3NzFhZGRmYjlhZGUyN2M5MzZjODZiYmYzMQ', 1549452665, NULL),
(2711, 2, 66, 'MzdiN2E2ZjY2ZjhlOGJmYjU2NGQ3ODM4NzQ5MzdiOGI3NTEwMWRmY2YzZGQwNzBiMzFlMzZiMTMyMzU0NjU0Mw', 1549458929, NULL),
(2712, 2, 66, 'MzJmNTRiOWI1Zjc3ZDg5YmFhOGQ4MmIzMTBlZjg0MDAxM2E0ZDczY2M5ZTdhNzZmMzA1MzM2N2FjYWZkZTViNw', 1549459459, NULL),
(2713, 2, 1, 'ZTc0YzhjNDExZjIzMGM5NTE0ZDdmNTc2ODg1ZjQ2NGIwODMyM2MxYjViNzJmZDMwMTQ1ZGUxZjJlNGI4N2NkOQ', 1549459491, NULL),
(2714, 2, 66, 'ZTdlMDdlMjI3ZmJlZTViMmIzOWIzNWIwNTYwYzIwYzNjN2QwOWViOWIzNWI0N2FiYTA1NjE0MzI2N2U1NTgxYg', 1549461955, NULL),
(2715, 2, 66, 'NmJhOTAxNjhiYWQwNDY4N2Q1N2EyYWE0NDNiMzBmOTQ2ZDNjMDBmNzE2ZWUwMDY0YTNmYzMxZmFjZjlkMTQ2Zg', 1549464191, NULL),
(2723, 2, 1, 'NGU0Y2EyMzVkMTNkNzI4ZTE1MTBlZmViNDBiNDNiODMyMWQ1NjhlMmFkNzM1OGUyMzZhMDkzNTZlOThkMTBmMQ', 1549467536, NULL),
(2724, 2, 1, 'OWQ4NjIwNjk0NGEzYzJhNTkwZWI2OWQ2N2FmZDJlZTBlOTJiMzc4NDlmN2MwMjdmYTI5YTcwZmI4NWZkMGQwYQ', 1549467905, NULL),
(2725, 2, 1, 'OTBmODI4YzMyMTgzZjZlZWU0Mzg4NjAwYWNhYTQ2ZTg1YjNiZWNmZmY1NDhjNDAxMTZiNGYwYzRmYTE2NTI3Mw', 1549468049, NULL),
(2731, 2, 1, 'NDAyMzBjMTVhZGNmZGEwYWQxOTRkMTM4ZGViYTlhNTM3MzJlNDVhZTdmNGZjMzBmNzBlMGIxMjllYTVmZTU5MQ', 1549472770, NULL),
(2733, 2, 1, 'ZjMxMjAxZmM4ZDA3MWIxYTdmMjQyZDdkYmUwMTVjNzU0MjE1MTFlY2VjMzYwZWU5MmY4ZDA3YTU1M2NjN2RhZg', 1549473802, NULL),
(2734, 2, 1, 'MzhiOWU4MWIyNDFiMzgzOGMwMThkMTY2M2E5NWU3OGM2YjBkYmIxYWU2MWNlYjFjMTI1YjZjMTVlMTYyZmExMQ', 1549474726, NULL),
(2735, 2, 1, 'ZWQxMzg2YTZkOTRkOWYxMDgwYmUwMjYwZWEyMzlkYWZiZjM1YWE2OWJlZjk1NzViMGJjNzYxYzhlZDQwZDkxOA', 1549474860, NULL),
(2771, 2, 1, 'NGVkYTAzMWMwNWMyMzZkMDRiNDA0OWIxNWU0MGY0YzViMmUxNDQ2ZDU0NTVhMWViNDBkZjA2NjFhMDk3M2M4OA', 1549527294, NULL),
(2772, 2, 76, 'MWNmNzA4YTg4YzkxMDMwMzBjNzg5ODcyYWJhZjE0MGY1ZjMwOTRmMTMxYTZhNjY5ZTQyYjM0NWU4NzczMWFjZA', 1549527372, NULL),
(2773, 2, 76, 'ZTJjMzRhYzA4Yjc4ZDBlZjUwZGVlZjkzMDZjNDkyNDU2MThmMzkxNzY0NTc1YjllNDFiYmU5NWViYjU2YzI1Mg', 1549527823, NULL),
(2777, 2, 1, 'OTM0MWMxNGUwMjIzZmJjYjIzNzkyNWZmOThkMjUzNGIzZjNiNWE3MGI4OWQwY2NkZjEwOGJmMGJhODU3NDc4ZA', 1549530680, NULL),
(2778, 2, 1, 'ODJhODk2YTVjNWVhZGFkM2M5YTE4YTc4ZmFjMTliOTQwYjUyZDhhNzlhYWViOTYzMGQyOWUwY2ZjYWRlODZhNg', 1549530845, NULL),
(2791, 2, 66, 'MDZjOTFmYWZjZTU0OTM4ZGZkM2I3NTM3NmVjYWZkYTNmNzA5ZDk1YzUyZTllMmVhYzM3ZmI5MTNkM2E3ZDU4OA', 1549533445, NULL),
(2814, 2, 66, 'OTUxZjA0MTBkNGM0OTUxMzc1YzBiMTFmODY3MTg4MWUzY2I4NzMwM2Y0ZDczMzQ5Y2Q2M2RmNmFjMGZiN2MwMQ', 1549543948, NULL),
(2819, 2, 66, 'MjBmNDgwNjAxMjM0Mjk4Nzc4NzdhMWUzY2NkODkzZDg5YzdmMmFmZjk2MGIzZjQ0YzYxZDhiMjA2MTBjZmE1Mw', 1549545066, NULL),
(2823, 2, 66, 'MDE1NDVkZDAwMzgzZDNlZGY3Y2IzNzUzZmJkZjRjMjY0OTBkZDViNjgxM2Y4Yzk5MjM0MjNmMmY1YjhmYmIwNg', 1549546164, NULL),
(2827, 2, 1, 'NTdmNzE2YjQ2ODY1MTVhMDFjZDQyODBiMWZmNTVmZWMxYzhhNjBlZWU5ZTQxNTAzNGU5YzA3OGJjOTBjZmNiZg', 1549549437, NULL),
(2829, 2, 1, 'M2IyZDJhZGI3Yjk3NmYyNzc0NzVkMWU3NDgzNzZiN2UzZjJjZTMxODFhN2IxMzFlN2MzZjg3MGRiNTE5MmNhYQ', 1549549797, NULL),
(2832, 2, 76, 'MDAxOGQ4NWNiODk5MWY0ZTI3ZjAyOGU3OTg1MGUyZDM3MDI5MjkzMjRlM2U4NzY0NTMzMGM2N2EyYzg4MTlhYw', 1549557311, NULL),
(2834, 2, 76, 'ZmFjNjgzNTExYjVkNGYzN2ZkYTJmZGUzZTViZDUzNDIzMzRjOGVjMmZiMDU3ZjBhNjg4YmQ5NGY5MGNjZWYwMg', 1549557678, NULL),
(2835, 2, 66, 'N2JkOTE0ZDM0M2E5ZWNlOWI2ZDQ3YmNlN2VjMjZiNzYwMjE2NWVjMTVhZWNlMDgwMDM3MzIyMmU1ZTk3ZThjYg', 1549558316, NULL),
(2844, 2, 76, 'NGFjY2I3MTc4NTg4NTZhNTk0ZGE0MTFkNDk2M2YyYmQ5MTkxYTQzZTQyMTI5NTcyYjllNWVkNjJhMjI5NTc4Mw', 1549559999, NULL),
(2845, 2, 1, 'Y2MxMDUyOWFkM2M3ODI1OThmYTI5MjQ5NDJkMDQ0MTAyZDYxNmUwZGY0Zjg4NWFiYjg3YjlmMTJkODk1MDE3Ng', 1549560435, NULL),
(2846, 2, 76, 'ZjY3MmVkMzdkYzVhODgzODcxN2RkMGI1MWQ3MDA2MmUwODZjMzFlODMwYThmZjQzYzE3OGY1MzMwNDdiYmU4Mw', 1549560473, NULL),
(2848, 2, 76, 'ODBkMTU3Y2YyZjRiMmUxNGI5ODU2ZmJkZGFmYTg1MTliMWZkNzU0ZmIxOTFkYmY3MTIzZWJhMTJkM2VlMDkzNw', 1549560698, NULL),
(2849, 2, 76, 'M2E5MGY3NGVjOWI1MTllZTY0NDUxNjc0ODNmN2M0YTUyYTZkOWRjODQ2MjBjNDRlOTcyNTE2MDAzMGI0ZTVlMA', 1549560749, NULL),
(2850, 2, 76, 'N2Y5ZjM1YWViMDY2M2Q3YjQxZDUzMmIwNTYyMzNkNTM5YmMxNGE3ZjdjYTU0NzRkN2Y5NTBmY2Q1NjNjOTE3Yw', 1549560771, NULL),
(2854, 2, 66, 'ODBiMGYzYmRiNmRmODA0MTUxNzZiNGU0YWQ5Mjc2MmVlZGI3ZjNiNTBiODg3YTcwZTljOGVmM2RjNWIxZjVmNA', 1549565824, NULL),
(2888, 2, 1, 'ODdlZTQ2OWFhM2FhMjdhNmQ5NzUwMDQ0ZmQ4M2JiNzdhYjFlODk1NjkxNTlhYjNhOGFhMTJlYjRkZmNmYzc1Zg', 1549615287, NULL),
(2889, 2, 76, 'NmVkNjlkNTIwNzU5M2JlODk3OTFhYWM4MDgwOTMwZmU0Y2U4NTU5OWRmNzQ3NzQwNjFhYzhiZDQ4OTNiNjdhNA', 1549615312, NULL),
(2900, 2, 1, 'YWMwNGRhNDc5MDNjMDNkYTJiMTdiNDM5N2UyMTA5NTc3NmJmMTBlMzhjODY4NDFmYTQxNWQ4NGFiNTYzMjEwOA', 1549620262, NULL),
(2915, 2, 76, 'NDkyMzEyZGYxNWQ2ZmVmODY3NzQ4YWE4YTliMWVjNTg2YWJhMGJhOTU2N2FkNjNkYTc3MGM5NDczZDUwNWQyNA', 1549623198, NULL),
(2926, 2, 66, 'ZjdlZmMwZjM2ZjUxYWFjOWVjZGYyMjZlYzc5ZjJmZTNkZDU1YTMyNjE3YmRhMGNkNThiMGE5YzFlZTc3ZjYwZQ', 1549631075, NULL),
(2928, 2, 66, 'ZmM0MzFhODExMjRjYzUzZjIzNTQ1ZDI1ZDZkMWJkNTFhMzUyN2YyMDczMmEwMDRkYjU3YjljY2FkYjMyNjhjYg', 1549631528, NULL),
(2930, 2, 1, 'MGM4YjVkMDZjNGNhZWNkZTY1NmU3MWNmMDM3MjlhOWM3Nzk3OTA2MGVlNzM0NGZmZTZhNmUxMDg2ZmRkNzY0Zg', 1549635435, NULL),
(2932, 2, 1, 'ZjU1MDMxZGQzYjFkNDBlNTAxMThhMzU1N2QxODRlNDFkN2Q5MTk4NDI0OWZjMTRjZjE3OTg4Njc5Y2NlMmE0MA', 1549638318, NULL),
(2933, 2, 1, 'YjIyZTQ1Yzg0MWZkNjIxNTE1YmEzODk1YWVmZTAxODU0OWFiNjI1ZDczOTI0NGEwZDZkMTk2OGFkMjc1MGFkYw', 1549638462, NULL),
(2956, 2, 66, 'NWUzNTFiM2E3YzA2ZjIzZGFkOGI2YzkzOTBkMTA5NGRhYjEwNjVjNzdjZWU2YzJjZDFiNDI1MGNjYmQ2OTU1Yw', 1549646619, NULL),
(3026, 2, 66, 'YTY3OWQyZDhiMjUwZDlhYzAxODQyNzQ3ODFkNGQxZGI2ZmQxZmZmZmJmNDkzMmQ2ZWM3NzljOTQyNTEzNGEwOQ', 1549713621, NULL),
(3028, 2, 66, 'MDhhM2FiNGFhZTIwYzg3ZjVmYzQ5MGI2MzU4OGRhZTc4YTIwMjBhYzc3NzE0ZDcyZDRlMjdlODE0NzdlNjZlNg', 1549716054, NULL),
(3031, 2, 66, 'Mjk3M2M5YTM3ZDljZjY5ZWEzYWE1MWNhZGYwZDcxZDU2NzFjNTI0NmMzMTA1MjY1ODQ1YzhhMzY0ZDI4NjRjNQ', 1549723435, NULL),
(3175, 2, 1, 'NDVjZDQwN2I3NjA5N2YwZGI4N2MwM2I2ZTNhMTJiNWFkNDY4Zjk2YjE1OWVkM2RmYzQwMjJkY2E0NTNlZjZhMw', 1549874680, NULL),
(3204, 2, 66, 'ZjI0ZDk2MTc2NmViNjMzMDA1ODNlMzRmZTI5NjU2NTVkNzM4ODU3YzcyMDA1NmQyNmRmYWJlZjQ2NjIyYjA5Ng', 1549880608, NULL),
(3215, 2, 1, 'YWE2ZDVhYTZiYzRiOGJhYTRlNjA1NTJjODVlYzlhMmVmMTU3MDZiZDc0ZDgzZTI4ZjEyZDU1NTFhMGQ1M2I1OA', 1549882524, NULL),
(3217, 2, 76, 'NWY5MjViOGRhNDA3NzdkM2NlNDllNDk0NDg1NWUyNjEzN2RjNWY4NDM0YmYyYzFiNWExYzU4OTllMDRhMmQ4Mg', 1549883945, NULL),
(3218, 2, 76, 'NGRhMDA0MWQxN2E1ZGE0ODg0Y2E0OTlmNTU0ZWE2YzU0NDgwZDhiYTJkMmViYTNlMWY2ZDk3NTU1ZWQwYzEyOA', 1549883998, NULL),
(3219, 2, 76, 'NmNkNDAxMzFhZDRjNGUwMzY0NDQxMmJlNTEwNmNhNmFhNzg1YTQ3ZmI2MzBjY2Q3MzhmMzRiM2MxMDVkMTY4NQ', 1549884311, NULL),
(3221, 2, 76, 'YTU3MjQ0MThiNDM1MTBlZTVmOGI5ODdlMzFiN2UwOWM1M2I3ZGQzYTMxMTliNjk5MTdjMzY4ZTJiYWZmZWQxMQ', 1549884564, NULL),
(3222, 2, 76, 'NzllNzRiOTU1MTcxMjk4MjI2ZDlmYmVhMTFjZTNmMjgzODQ0OWRhZTc3YjVjMzkwMGY5ZDI0MTE2NmZkYmM3YQ', 1549884756, NULL),
(3225, 2, 1, 'YjY3ZThkYWIxOWY3NWYxNmYwOWVmMGQ1MzY3YjE3NzljZDQ2ZGI5MmJhMDhhZDFkOWRjNjM3NjlkYTRhODE5MQ', 1549885140, NULL),
(3227, 2, 1, 'NmE3MzVlOTlkNzVhZjQwZjQ3N2M2MDljMmZkNGNjNGE0N2ZkNzkxODlhNjcxZjQ4NmNhYjI3MGM0OGNjNGQzOA', 1549890435, NULL),
(3228, 2, 1, 'NzNhZmY3YWNlMDFkNjFmNWM5MWUyYjBhN2M3ODIyMDc3MDk5MmJmMmRkMjNmNzcwMjI1ZjE2YmMzNTJjNTM0MQ', 1549891345, NULL),
(3229, 2, 76, 'Mjc5NzY3NmI3ZTViZDdiYzhhYzM4OWI5YWQ2NGIwZjUwOWY4NmI4ZTM0OWY3ZDNkODUyOWVkNGU4YTg5ZTc3Yg', 1549891485, NULL),
(3230, 2, 1, 'NWU0Y2I4ZDAwZDVmNzNkNTE3OWI1MWE5NmE3MjZiYWYwYTBjNzZhMTBhM2U2NGZlMGI2NTIyNDE2NTVhZjA5Mw', 1549891696, NULL),
(3231, 2, 76, 'YzRkZGFjZWM2YmJlZDgxYThlMzUyYjAxMTkxNzEzY2NjMmQ1MDg2MDkyZWE1MDI5NDllZDVlYTE2NGEzNWM5Mw', 1549891719, NULL),
(3232, 2, 1, 'MzhlMTU2OGExMjFmOGI0YzlhNDFkMTU0YWVkMTA1MWZiYTllNzZkNzliYTZlZmRmYjE4NjAxNDRhNDU0YWRlZQ', 1549892467, NULL),
(3234, 2, 76, 'NjQ3MGYwNWY0ZjU3MGI0Y2U3N2Q1NWEyMGVmMjY0YmUxZmM2YzlhNjBjODNmYTI2MjIzYzA0NmI0NDE3NmNiYg', 1549896060, NULL),
(3235, 2, 76, 'MDg3NzM3NjBiNmU3ODI5NDhkZGZlM2U0M2I0NDU5MjI5N2E1OTg4YWNlNDkwYTg5ZTZkYTg1NzM1ZjUyNjE2YQ', 1549896134, NULL),
(3237, 2, 1, 'YzAwZjQwMDBiYTE1ODVhNjRhYzI2N2RiNWFkMWQ4MDdkM2YxODVmOGI5YjBhOGExZWZmZGQyYWE0YWQ5NTViMg', 1549896853, NULL),
(3242, 2, 76, 'YWMzZTY5NjU4ZGU2NmVjYjNhODdmZWYzNGU1OTExMjE0MWI3NjQzMjI5NGY4MThkMGY0NThmNDA1ZjY1NGEwNQ', 1549900709, NULL),
(3260, 2, 1, 'OTY5YzdjMzg5NDMxOTcyODJhY2JmZmEzNGE3YTA4OWU1MGM5MWViNmVlODRlMTVhMzNjZTMyNjhlOTU5NmI1OQ', 1549959888, NULL),
(3261, 2, 1, 'MzMzNGZlNzE1MDM0YmIxMTFhZDM2NjEwY2I2Y2JiMGYwN2RmOTVmMmFkNDllYmQ2NWQ0MTUwNGMyNGJjNjM5Yg', 1549960535, NULL),
(3263, 2, 76, 'N2RmMmM2OWQ1MzYwNWI2OWJiOTg2YTFlYjBlNjRiYTA0YWU2ZTVlODhlYjU0NWJlMTA5NzMwYjE1MjYzOTgxMg', 1549965687, NULL),
(3265, 2, 76, 'ZTBiNDdiZmIwYjNhYjFmNWEzY2YyZjdlYjEwZjFmNzNiMGIxN2ZhMzJmNTE5OGM4MDcwYTgwZDMxNTdiMjZmZg', 1549967070, NULL),
(3271, 2, 76, 'Nzk1NTA4NTNmNzBlZDMyNzU1Mjk0YTM2ZjIyOWNjODRjMGM5YTVhYzQ2MmYxZTU1MTdlYzk3YmU5NWZlMzBjYg', 1549968805, NULL),
(3272, 2, 76, 'ZGI2YjE3NDQ0MmQ5Y2VjOGJiMzMyYWM3ZGM2ZmQ5NWQ0ZGZkYzVkNzEzYTAyNWQzZmJiZTgxODdjNDMxMDMwNA', 1549969144, NULL),
(3276, 2, 1, 'MTE2ZTFjMDRiNjVmOWI3NWQ4MTllZDI4ZTk4ODhjZmRlNjI4MzA0NDhlMmNhNDZlYTY5ZWIxNTY2YWQ0Mzc0Yw', 1549978659, NULL),
(3277, 2, 1, 'ZWYyNzljYzNkOTYzMTYwNTEzMzQ1YjgwMTQzYWEzOTljZmQyOGEyNDYyOTFhNGY0ZmZjYzVhYjA2ZjczM2E2NQ', 1549978948, NULL),
(3278, 2, 1, 'ODE4NDg3NjA3ZjBhOWNjMmI5ZDFiY2U1MzRjODk2ZGE0NDEyMjM1NjZiZjJiZTRkNzA5Y2M2MThiMTljNjJjYw', 1549979224, NULL),
(3281, 2, 1, 'MzZlNzZjM2NlNWVhNGE2NGY3NDlmM2QyYmMwYWZkNGViYTUyZjA2YTZhMjU1MDZiZDJmZGMyODAyYmI2ZGNhNA', 1549989349, NULL),
(3290, 2, 1, 'MTA2YWEwMjY1NWRhMGRiNzU1Yjk4ZGQ3ZmUxOTg2ZDkxNzg0YjVkOTE5NmQ4OGIxNzVlMWJmZTk2MGNhZmI0OA', 1550049505, NULL),
(3294, 2, 1, 'Yzk5YWI1ZmFkZWQwNTBjMzc2YjRkYjBmYzZmNzcxYTQxNzkyYjcwYmU5NjZkMmYzMzFiNjcwZTM5YTJjOTllNw', 1550053275, NULL),
(3299, 2, 1, 'ZGIxYjhjOGI1NGRmY2Q4MDk3NDk0YjkxNGNhMjZhNmU3NjQ2YmJkYjlhOTk2ZGMxMGRjMzdlY2Y0NGM5MzFmYg', 1550057521, NULL),
(3306, 2, 1, 'NmFkZTRhZGZkNzMzYmViMzU0Y2JiOGMyNWFjZmQ4NWU3MGQ0Y2ZjZThhNDY0YmIxNzU1YTQ5MzI0MmM4MWFmNg', 1550065679, NULL),
(3310, 2, 1, 'MDBlOTFjYmEyNGU1ZTY4MGRmYzI0MWVkZjI2Y2FhNTQ1M2Y2NWYxNjU2OGZkYjRmYWZhYjgwNDMyYmVlZTFhYQ', 1550071742, NULL);
INSERT INTO `oauth2_refresh_token` (`id`, `client_id`, `user_id`, `token`, `expires_at`, `scope`) VALUES
(3324, 2, 1, 'ODZkODZlMGZkNzU1OWUzODcwYTllYTFkMTQ3NGY4NjliOWM3ZmVlYjU1ZWU4NGMyODNjMWUyZWFkODNjZTYyMg', 1550132355, NULL),
(3325, 2, 1, 'OGM3MGJkNzE2YjY2OTBmZmEzMmQ1ZDg4N2IzNTI1YWJjYmJlZGY5MjdhMmU3M2Y1YTRlMjY4ZGVhODEwY2JkZA', 1550132378, NULL),
(3326, 2, 1, 'OTgyZTcxODdkMTIwMjE1ZDg2YjBmMTVkZWU3NGViMmIwZDFmMGQxOWJkMWJiNzJjMjA4YThiODc1NmYzNjBhZg', 1550132444, NULL),
(3327, 2, 1, 'NTViYTRhNTQ2MzdiZjJkZTY2ZjQ1YWNjMWIzNDY1YzNmMTU1OWU2NTg2Nzc2NDdjMWM1Y2FhMWI1ZmY1MTgxNQ', 1550132457, NULL),
(3328, 2, 1, 'ZGRhMjAxZWUyNmExMzhlYTRiYjMxM2Q4MzcyNmY1ZGE4Y2I3Nzk2YjZmY2E1OWM3MjYzM2U2ZWI1YTE0ODY3Mw', 1550132545, NULL),
(3329, 2, 1, 'Zjc0OTg4ZGRjZmY4YTQ0MDYzYjU0YzUzMDliZTE3YTAyYWE2NDIzN2VlMzI1ZGE1NWQ5ZDUxYWFlMTcwYzY5ZA', 1550132579, NULL),
(3330, 2, 1, 'MDY2MDg0NTUyZWYwYjc1Mzc2N2RhMjBmOTA2Zjg2ZmFjMjIyOTZmZGI2Y2ZmYmQ3NDE0NzhhYzdiYjg0ZjczZQ', 1550132623, NULL),
(3331, 2, 1, 'NzM1ZGIzMzM1ZTVhMDc2NWQxM2ZmNDU5ZDJjOGRlNDc0N2Q1NGMzNWEyYjExZGQxNzNmN2Q3YzY3Zjc1N2UxZQ', 1550133547, NULL),
(3332, 2, 1, 'YzVjYWVhNDI5YjY1ZDJiZTk0MzlhMDhjNzAyMGJlMTdkMGVlMTE1MTQzYWRkOTBkMDgxMjkxYjFiOWJjOGQ3NQ', 1550134366, NULL),
(3333, 2, 1, 'ZGNiOWQ1OWQyYWY2NjA3YWI4Y2Q0MjllY2Y0MThkN2M1OGU5YzYxNDQ0ZGY3ZjNlMDA1OWJmY2RmZDE4NjJjZA', 1550135399, NULL),
(3340, 2, 1, 'OGEyMWY3MzliNzYwYjEzNTc5NWU3NzM2ZjUzYTkyNGIyMGY0Y2FhYTlhYWU1MWMyNjc0NTU2OWYwYWMwYzM4MA', 1550141574, NULL),
(3343, 2, 1, 'MDNmYjdjODgwMjM5NGFiY2M2ZWIyNTk5ZDhmZjUzYjI0YjFmNDY5NjE1NzJiYWFlYTk1ZWZlOGJkYTc0NWJmNQ', 1550152884, NULL),
(3344, 2, 1, 'MWQyMDM5MmFkZjg0ODY0MjJkOTQ4YmE1YTE0YjM2YWNjOWE2MjAwMjk3MDQ1MWQ5N2JiZGY1YmE3OGRiMjU3OQ', 1550153577, NULL),
(3345, 2, 1, 'N2NiMGI1MTFjYjE0YjI4ZjQ4ZTIxYzgyODQzZmI0OWYwYjQ4NzMxODUyMWY3YmI2MWRlYjIwZjFkYTllYzJkZQ', 1550157594, NULL),
(3364, 2, 1, 'OGZhYjQyZjViZGVkYzAzMDQ1ZWUyN2U0YjI0ODcyYjFlOTY4ZjY2N2Q2NDFlOGQzOTczMzk1NWRiYmUzODgxZQ', 1550238772, NULL),
(3365, 2, 53, 'MDY5Y2E1NTMxMGJmOTViYWQ4MTQwMDQyZTVlYmM1YWQ2NmFiZjkyYjBiM2UwYTZjMGZjMjZjODBiNjQ0YjlkYw', 1550238962, NULL),
(3375, 2, 1, 'MDQ0YWIxZTFhMTEyYTJiMjgyM2U2NGY4NGU1NTA4NjBlMzEwNTVjZWM2ZjEyZWNhMjE2OWRiNGRiMWJmZGVhNA', 1550251985, NULL),
(3379, 2, 66, 'NGZlOWIwMjg3MWQ4Y2NmOWI0NDViMTkwZmUzOWMwYzA2Yjg1OThjMjE3NjNlZDViNGUyMjBkNzYwODcyNDVlMg', 1550258029, NULL),
(3392, 2, 66, 'ZGI4ZGM3NWQzZTUzMzViNmNkYWI4MmQ0MmU5OWU4NDlmMDRjMDRlNDlhOTU2NGRmMWU1ODY4ZWZlMGRmZjkxZQ', 1550325448, NULL),
(3410, 2, 66, 'NjA3ZWMyMDZhMmI1NTc2MDM3MzgwYTU5YTAzN2YxOWI3MjRlOWQ1MmQwMzZlZTgyNDdkMTIzMTEzNDkxNGVmNw', 1550480811, NULL),
(3411, 2, 1, 'MTYxNDIxNTYzZTExOGVlYjIzZjQ1MWQ5MDAxMTIyZTRiZTg3NDlkODMxYTg5Njc5MTQzNmQ1MDk0ZDc2Y2ZmZQ', 1550482940, NULL),
(3418, 2, 66, 'MzM0YmUyMWJhY2NmYWQ4MzY1M2NlOWY1MTQ2NzM0MGE0ZmEyNTMxZGE3NmZkNjM1MjBlMDdjOGQzNGQ1ZTYzYQ', 1550496453, NULL),
(3419, 2, 1, 'ZDU5ODE5OWZkYTcyNzJhMTI0NmUxNTk0YmY2MmExOWI3YmQ1N2MyZGI3MDk4ZWQ5MTEyYmU2YTY5ZjJiYTVkYg', 1550509900, NULL),
(3423, 2, 66, 'YzE2Y2MzYjQxZGEwZTFhNDNmZjMzNjJjMDE5ZjJmODliOGExMzU1NzY0MjJkMzE2ZGY0ZjU1NGExYThkMDQxZg', 1550518928, NULL),
(3427, 2, 1, 'M2M1YWYwY2Y2NWZmZmQ5ODc4NGRjNzhiZWM4MTI1ZjdkNDllMjc1YjVmMmYzMmViOThlYTFiNTEzNjU5NzgxZg', 1550523702, NULL),
(3434, 2, 1, 'MGM4NzA1ZGUyNWRlZmYzZjNlZWU3YWVhM2M3MTJhN2Q0YjcxMjA3ZmM0MjYwMmIxYTlkMjI2Nzc0OTUzZGViYw', 1550563392, NULL),
(3437, 2, 1, 'OWU3YmJmOTgyNTkyM2FjYjg3ODBkMDFkMDk1Nzk4MTc4OGFmMTgxMzMyM2Q4MDgwNmQ5N2RiZTIzYmRkZjMyOQ', 1550570735, NULL),
(3438, 2, 1, 'ZmRlMmM2N2FkNjU4NTk2YTRkY2I4ZTRmM2UwNTY0NjM2YjY3M2QzOTNhYWFhN2MyZmU1YjQ1YTE2NWI5YzBlOA', 1550573824, NULL),
(3440, 2, 1, 'OWQ3YjdmMThkYzE2OTZkYTNhZmQ4OTU4MWMyZjViYjMxYjU0Y2Q4MjMxYTVlZDg1N2QwMmNhZmIyYjYyMjA2Yw', 1550584597, NULL),
(3441, 2, 1, 'Y2Y3ODQ5NmNmYWZhYjFkYmNjMTZjMzgwMWFkMzFkNGIwZTI4NzljODM3ZTVjZWI2NDc0MzQzN2U4ODgxNThiMw', 1550584620, NULL),
(3442, 2, 1, 'NmJjNDRhYWM5NmU3YTNiMGE3MmE1NDRhZWY1ZjQzZWNhMTZiMjc1YmJjMzE5NTRiMzdmMDI2MWYxMjdjYzhkOQ', 1550584654, NULL),
(3443, 2, 1, 'NmNkMTU1Mzc3MzMyNjNiMmVkZmEzOTNmNGExNDJiNTc5YTFjY2RlZmRmYjgxNDZmMjAxOWUzMTllNWJkYzJjOA', 1550584662, NULL),
(3444, 2, 1, 'NzMwMjEwNmVmMTk2YTMzZDMxMjU0NzBlNDNlZmI1MTljODkzYmE5NmYzZTExNjZiNjczZDE3ZmM4NGI5OGY4Ng', 1550584688, NULL),
(3445, 2, 1, 'YjQ5OWI2MjVhMjgwNzY4MTRlMWZiOWYwZjVhZWJlNWIzYWUzZDIwMjE2ZjRlYmQ1YTlhNGQzYWYxNjgxYjExNQ', 1550584715, NULL),
(3446, 2, 1, 'ZmRmYmMxZTY2OTQ0ZGUxMjk2NzhmNWIxZWMyMTg1MWJmZjRlNjVlZTJmNGQ3NWI1NGIxMTNmMWY4YThkMGE5OA', 1550584723, NULL),
(3447, 2, 1, 'OWNiYmQ3OWIzM2E2YzJjNmZhMGQ0NjEwOTI0ZmY1ODQ1NDRmOTQ2NDBlYzA2Y2M0NTMzMTI0NTllNDNjZTYxOA', 1550584745, NULL),
(3448, 2, 1, 'Y2YyYTZiNmVkOWI0ODExMDc3YzMyMmU4NGVmNzJkMzJjZmIxMDBmMTM2ZGYxNDQ2ZWVhNWUzMDU4YzhkZTQxNQ', 1550584852, NULL),
(3449, 2, 1, 'YWU2YTI5NmJlY2E5NmIzM2NjZGY1OWE4YWVlNzlmMjk3YWI5MjQ1NzQ5ZWMyYTU0YWMyNmFjODYzOTRlMDgxOA', 1550584953, NULL),
(3450, 2, 1, 'MmFjOGJiZDQ4NTE5MTViM2RmMDc3M2RiNGY3ODJjNDNmYmExNWNiYzNlNmI2NWQ5OGUzNzY0NGE1MDM3ODBjMQ', 1550584965, NULL),
(3451, 2, 1, 'YmUxYjM5NzAyODYzZjM0OGQ3ZmQ5ZDIxZjdlMzc3MGJhNmRlYjEwYjQ0ZmU0N2FlMGE3YWMxZDZkM2QwZGZmNQ', 1550584970, NULL),
(3452, 2, 1, 'NjBjNzNkMTE4YzZmYzcyZjI4ZGYyZjYxYmUyMzQxNmIzY2UwOGYzM2Q2YjIzMzRjY2Q5MWM2MjhjNDRmOTcxNA', 1550586348, NULL),
(3453, 2, 66, 'MmJlOGUyNThmYzhmZmIxYjcxMTM2NTJmMmZhZTliMWRhMDk5ODQ5YmM1MGU1ZTU0ZTgzNzVmNjE0MjY1OTk2ZQ', 1550586928, NULL),
(3455, 2, 1, 'ZmNiOTYzMzFmZTEyMWQ2YzA4YTgxNzcyMzA0OGYwZTg2NzZiZTNjYjY0YWNiZTFkYjBlMDE2NjViYzk3YmEyZQ', 1550591543, NULL),
(3456, 2, 1, 'NGNjY2UwMDY0ZTk1MjUxYzAxMjg2NjRkNzU1MzAyZDAxYjA5ZDUwZmMzNTJjYjMzNzFiOWU5NzkzZWExZDhkZA', 1550591613, NULL),
(3457, 2, 1, 'YWRjODI4Nzk3ZjUxMDk5NzM5ZmM5MTdlZjE5ZjQwNWM3NTYyMTg2MTI1NjRmZjlmNTUxNzlkOGY1OTUxY2Q0YQ', 1550591699, NULL),
(3458, 2, 1, 'YzJjMjU2YjEyMDExYjQ2ZWJjOGMzODE3ZWQxYmVkOGQ4NDlkYTcyMzRkYjEyYWQ0ZDUyYjg2MmViNzA0NGNiYQ', 1550592754, NULL),
(3460, 2, 1, 'NzQ5NDQwMDhmMTAwZDk0NmE3YjRjOWI3YjlmNWQ0M2JkMjk1YTIwZWQ0NDE3YzBjNTEzZWE4OWY2YTNjN2NhYg', 1550597150, NULL),
(3466, 2, 1, 'NTI5NGM4NjRmMDk3MDk2ZDczYzJhOTVlZTdjNzMwMTJhNWQzNTkxYTE5OTBmOTgyZTFjYzYxODJlZTAwMDAyNA', 1550650180, NULL),
(3468, 2, 1, 'NWI5MTIwMjI5MTk3NGJjMjcwYThmOWE3YmE4MjVkYTA3Zjk4ZjdmMDM2ZmVmNDQzNmRlOTVjZmFjODBhMTMzMA', 1550653647, NULL),
(3473, 2, 1, 'MjFjOTYwOWE5ZjczMzllNDZkYzJlN2EwZTU3NzAzOTgwNDBlMzZmZmI3YTM2YmIxNTI4ODAyZTM3NDM5MjZkMQ', 1550655429, NULL),
(3485, 2, 1, 'ZmEwNzg3ZTMzNDU0OGYyZmRlOTg4ZTNiYTI2OTRkMDkwYmFjZDJmZDI1ODMyYjI5M2QxYjcyMTQ5ZWI0NzEwMA', 1550679110, NULL),
(3493, 2, 1, 'NDJkMGFjYjYzODNmNGI2NjRlMjM2MWRmODI1OGE1YTJkZTBiYTU4M2ZkZDU0MTJhZmM0MzE2YzlhMDY1MjQ0MQ', 1550738555, NULL),
(3497, 2, 1, 'NDYzZTRkZDBlNTUxM2YzYmQyYTA3OTFiOTFiMTYwNjk4MjViMzc5YTZjNjg4YTQyNzE5NGQyMjY4YWY3M2MyYQ', 1550749011, NULL),
(3499, 2, 1, 'NWE2NDNhZmIxNGViY2VlNGFjYTNkZGQyNzRkY2JjNjVlOTI4ZTAzODNjMWZiMDM0M2QxN2VkNmFmN2ZiNjQwNQ', 1550760317, NULL),
(3501, 2, 1, 'ZjMwNTNjOTNiMTZjMjJkM2NiYTMzYTk4MGYzMzk0MDQ1ZjZmOTA1MWYxYTZlYTk2ZGI4YWViYjFiNmYxNjNhZg', 1550761015, NULL),
(3502, 2, 76, 'Y2ZjNzhhNTI2YmY1MzZiN2IwZjAzMGE2OTE2YzEyZGZiOTExYmJjMjAyYTkzMjMyNjRlZmFjMTkyOWY1ZDExYg', 1550761643, NULL),
(3503, 2, 1, 'NzRkMzMwOGMwOTg0NTI1MGUzYTQ2YWFhMmZlMGM1N2Q4ZjM4YTFhYjFmYzhmMmY2YzlhOGNjNzIwN2UyYTkzOQ', 1550766413, NULL),
(3518, 2, 1, 'MDk4MTFhZDkzZTk1YWY4NTY0ODJhMGYyYjJmZWI1ZDBjZDIzYzAxYTg0NTg5ZTljNWQ5NGY0NmRhMTZlMGMzYQ', 1550831507, NULL),
(3542, 2, 66, 'Yzg0OGI2NmZiZWY5NDVlMTgxMjY4YjgzZDgzY2E2ODQ3NThhZWNlNzYzYzVmODk2ZmU1YjhjMGM3NTRlMmYwYw', 1550870769, NULL),
(3608, 2, 1, 'M2YyN2M5ZTM1MDQzMGQwNWQ4ZjMyM2I0MDhjMTU5OTllNmFhY2E3ZmYyMmVlOTAyMTc3N2U0ZjAyOTg1NjRhNg', 1551082298, NULL),
(3609, 2, 1, 'MWRhMWZlNWYyNTAyZDZjNDVmNTUwMmU5Zjg1ZGEwZDViZDBlYzliNWY0NWFlMTExOWYzZjUzZTBjOTEwYjNkNw', 1551084810, NULL),
(3610, 2, 1, 'NDc0MTg5OWNjMzhkOTRjNDliYTcxNWY0MzM1MGRkYTg1ZWYzYTk4NjlkNDlhODgzYzk1ZDNkNWVlNjJiMTdlMQ', 1551084904, NULL),
(3611, 2, 1, 'ZmZkYmI1M2UwOTdhMDFiMjgzNjQ5OGM3MzRjMGMzNDliMzQxMTlkODNhN2E4ZjcyYTJhZmJjYWEyZDZjYjA3YQ', 1551085177, NULL),
(3612, 2, 1, 'NDg3ZGYzOTg1NzNlMjA3Y2Y3NGMxZTU1MzliYzM3ZTk2NWFjNDhlYmQwZmNlYzdjNmUwMTg2ZTM4OTNhNTE5OQ', 1551085191, NULL),
(3613, 2, 1, 'YmVmYzg0NmRlM2VkNzkyZGU1NjI5Y2MwNTc0ZDVmNWI1MjJiODEwNjlhZGVhY2RkYjU4MWIyZjBkNmFmZTgzNw', 1551085756, NULL),
(3616, 2, 66, 'MGRjNmM1YjVlZGQwYjc4MmQ4NGM0MmFiMjIyMjhmYzY3NDJiOGY0OTM2NDY2Mjk3ZTEwMDM1MWQ3NjlmYWMwZg', 1551090281, NULL),
(3621, 2, 66, 'YzdiZmIxZmI3NWJmNjc4NjM2ZTlkMjU0N2M3MmZlY2Y2ZTI2MGU2N2Y1NDA4Y2YzYTUzZWQ2ZjZmYmMyMjFlOQ', 1551094664, NULL),
(3622, 2, 66, 'ODJkMGQ1ZDJkZjdkYjE2MmEzZTYyODRhYzg5ZmZjODkwZWM0NzJkOTRkY2U0ZTc3YzRmODE2MzA3NDA2YjhjNw', 1551094761, NULL),
(3624, 2, 66, 'OWNiODM4YThmMzIwNzlhYTZlZjYyOTdhYTJmMTk2MjEwNWNiOTJjNGY2YzQ0YWZkY2VhMWRjNjNmMjk4MTlmOA', 1551101720, NULL),
(3625, 2, 53, 'Y2FjYTA4YjdiNGMxMmEzOTUxNjEzOWFmYWM0ODc0ZGJmNTg2MDcyZGI0ZmE5YzZkYzFjOWFhNTg2ZWM4YmE5Mw', 1551102112, NULL),
(3626, 2, 53, 'MzVlMWEwYjczMTcxNDU4YTU2YzFjN2Y3N2Y2MjkwN2ZiNmFiOTJjMWJjNDRlMjgxZmI1NGRiNjk3YmM2MmIzMw', 1551102283, NULL),
(3627, 2, 1, 'YjNlZmE5YmU1NjJmZmM4YWMxMzMyMTFjYzYxMDlhYzljZTBiNDk4N2RhZWEzOWUyOWRmNmUyZDQ3NmU2YWIwNg', 1551103666, NULL),
(3628, 2, 1, 'ZWY0MzU5NzZlZDBkZTM3YmNhODA4YjU5MGQ5MzYwNGEzMTJjNmU0YWM4ZDIwOGUzYTcwZDFiZTYzMDAwMTFmNg', 1551104328, NULL),
(3629, 2, 1, 'ZDA5NDFlMzM0Yzk0Y2ViYmVhMGM1YzMxMmI5NzA1NTczYjUzYmFlZDNjODUwNzUzZGEwODEzN2IzOGY2ZDNiZA', 1551104879, NULL),
(3630, 2, 66, 'ZWQ5MWI0ZjU1YTUwODA1YmEzOWU3ZmJhZjc4NjBhNzQ3MzZmMmI3MTUwN2Y5MDkzM2IzMGM5MGYwNzI3N2QyNA', 1551107096, NULL),
(3631, 2, 1, 'MmRkZWY1OWNkMWRkMDFkM2Q2MjM2Y2RjYTI4Mjk4NTRjNzVmYWZiZWRlOGE0YTNhNTA0NzU2MGI3MDQ5YjZlYQ', 1551107738, NULL),
(3632, 2, 1, 'M2RhZDQ0MjdhMjQ0YjE0MGFkNjAyNmJlM2E0MzQwN2MzZjhkYTQxMDAxMGQyYzI3MDYxZmRkZjgzMjQ5NTdlMg', 1551108748, NULL),
(3635, 2, 1, 'OGE5OWYyYjE5MjM0MmI0Mzk5Y2Y1YzYzNzI0YmU3ZTNlOWJiYmU4MjIyODM0NmY0ZDk2YzYyODk2MjYwMDI0Yg', 1551109578, NULL),
(3636, 2, 1, 'ZjIwMDMyZDM0NzgxNTJiMTI1Zjk5ODE1MzZmZmI5MTVjNmQ2ZjJmYTU5ZWQ3ODkyZmEwMTA4NGRiMjlkN2VlNA', 1551110667, NULL),
(3638, 2, 66, 'ZjhmMWI3NDMzYjgwZjdkNmQ2MmU4ZDlmZDg4Mjc4YjcxODljNzhkOGQ4ZDhlMGU3ZjU2Zjk2YzFjMGM1NGQzOQ', 1551112616, NULL),
(3640, 2, 1, 'OWFlN2Y0ZTVjODM1ZTdlODYzY2U5ODE2MDg5MGViZWU3YzgzYWVhODgwNzc1MWI1YzE3YzU1OWQyZGNiOWU4Nw', 1551112853, NULL),
(3642, 2, 1, 'YzNlODEzNzI2ODFjODFkY2VmMGQwZmQ3NGM2ZjlmNDEzNTVlZTU1ZDVhOGE0OWYzMTQyZmJmZTVhYTM2NmU0OQ', 1551113798, NULL),
(3645, 2, 1, 'MzY0N2E3OWRiM2UyY2YzOTg5NWQ2MDRmMWM4ZmY2NWIxMmI4YzFlMmI3NjU0MTVmN2VhZTdkNzdmNWFiMjhhZg', 1551114501, NULL),
(3650, 2, 1, 'N2MyYzExZWRiN2RmYWVjNGE1ZTA4MWQxNDcyYzMyZGJmYTU3MDAxNGZhMmU2MWIxYmM3NWQ4NDM5Mzc0YmI0NQ', 1551174624, NULL),
(3652, 2, 66, 'M2U5ZmY2MDVjNGE3OTg3NDM4NzE1N2NmZjcwOTU4ZjIyZWVmYmIyMDcyMTdhMTI5YjRiODYxNzg2YzA0ZWY0YQ', 1551176415, NULL),
(3654, 2, 66, 'MDAzZmZmYjQwYmQ4MDdjNTBkYzYwN2RlZjY0ZWViMTk1ZDkwMzUyYzViNWU3ZDY4ZjE4MDQ5ODA2OTczMjQ4Mg', 1551182969, NULL),
(3656, 2, 66, 'MmY3OTRhZTRmMWJiNTE1ZTVkOTAxYTQ5Yjk4MDgyOTk1ZmEzNDZkMzUwNWU1ZmMwMTA2MTAyZTdlZDc2M2M4ZQ', 1551184837, NULL),
(3665, 2, 66, 'MDlkZWFkYTExNDQwOWQ0OGY5NTgxODU4YTI5NGY4NmM3ZmRhODc4NjQxNjVkYzEzNWUyZWYzZDRjNTNkMDM3MQ', 1551196333, NULL),
(3672, 2, 1, 'YjRjYjE2NzI3NjQ3OGIyMDY2MWY0MGE2YWViN2UwMTFlMmJjNzJlY2U4YjIzZWRkY2EzZTdkMWY5ZGY4ZWExOA', 1551201908, NULL),
(3675, 2, 66, 'NjUxMTI4MGU4YWNlYThmZDZjYzA5ZmVjZDQ1YzFiMTlmZjk5M2UwMDRiY2JiNmIxZmU0MTA1N2UxZjdlM2FkOQ', 1551203267, NULL),
(3681, 2, 66, 'OTNjZDZjMWYyYzcyNmY3ZjIyZTIyZWZmYWExNjUzNTFkMjg5ZDk1MzE2Y2Y3OTUyNzQ4YjJlMmFhN2U0Yjc5Ng', 1551215307, NULL),
(3684, 2, 1, 'MGYzNTJmNDM4MjdmOTcwOWYyYzc1MWVhMzMyYjJlMGY4MDA3YWI1NzgyZDIxZjBiNDVmOGJmZDdkODQzY2M2OQ', 1551258846, NULL),
(3686, 2, 1, 'MmEzMjY1ZThmMjhmZjEyMDczZjkxYWQ1ZGFlZmFkM2NiZjFhODdmZjI3NzI3OTI0ZmVlMzFmNWU5MmFiYzEyNg', 1551260808, NULL),
(3687, 2, 66, 'N2M1MWQ5MDhkMDEzNjljZDAxYzIxYWQyZGFkZTg0ZTk1NWJkN2ZmODFlNjkzNjNiZmYwNDMyYmFhZjBiNDk2YQ', 1551261288, NULL),
(3695, 2, 1, 'ODc1MmRhMGQzNzRlMzU1MDVlZTNiZGQ4YjMxZGQ3Y2I0MThjNmZiM2MyZTVhNjc5NWRlNGRlOTc2ODI0ZDA5OQ', 1551277241, NULL),
(3696, 2, 1, 'MTdiNTNjZDZkN2JjZDQwZjBhNmU0NTk5MjRkNGE4NzdhMWJhYmRlZmExNTFlYjEyY2RiYjg3N2NjNTEzNmZmMw', 1551277617, NULL),
(3697, 2, 1, 'ZWMzMThjZmY1MDZmYTFhOWUxNjM2YjI5NzQ5YmU5YzkwNzg3NzhmOTE3MDMwYTU1OTZlNGE3OWYzZTE4MDYxMg', 1551277745, NULL),
(3698, 2, 1, 'OTRmODA4MzIzYjY5NmQ0YTY0YzAwMzNhODQ0NmVkNDQ4YzViMzkxMDVlM2Y5NjIwYTZjYzAwYTUxZWE2Y2RjMw', 1551285153, NULL),
(3711, 2, 1, 'MjRlZTlkMzFiMGY0MmZhMDIyZGVmNjU0MmIwMzJmMmM0NzQwOTNhNjZmNTZhMDZlOTllZjI4OThmNmYzZTkzMg', 1551343131, NULL),
(3712, 2, 1, 'ZWYyZWNhMjUwYmU3YmQ0MjRlYTkxODFkMWM5MTFjZGFlODRlYWE0YzFjMWNmMTIzYmI5NmNlYzU4ZDkzZmNiZg', 1551343734, NULL),
(3716, 2, 1, 'ODE4MjJlMWQ4OTVmZmNhYzYyMThiMjAzODlmZTMyNzM2ZjcyOTZiOGJhN2I1YTNjNWVmZDQwOTgwZDA2ZjA0NQ', 1551350794, NULL),
(3722, 2, 66, 'NjQ4MmFhNGYzOWEzYmUxYjgzZDAwZGRmOWQ1YmU2OThlMDJmOGI5YjBkZGU5NGQ2NDM5MmI2NTE5MTAxZDlhZA', 1551360058, NULL),
(3724, 2, 1, 'Nzk4MTUzYjYwMTE5ODAzMjJkMmNlNWUxNDUxNWMzNjViZmUwYzQ2NWYzODFiMTkyNjA3ZDlhM2M1NzhhNTcwOA', 1551364057, NULL),
(3725, 2, 1, 'YzhkYmNmOGM5OTgyYjI4Zjg3NmE4YzJjZmM2NjdhYmIyMDk1NmFmYjgwNmU2NDg3MTM0YTViZDA3YzZjN2FkOA', 1551365072, NULL),
(3726, 2, 1, 'Yzg4OWVlNTJlMmEyOTJjNTc4ODE5M2E0NGFhNmM3MGFlMTlhOWE3YTY4NTY4OWI2Mzc3MThlNzVkZjljZTQ1Yg', 1551365852, NULL),
(3727, 2, 1, 'MDEyOGM5MTc5MDBlOGRjZDgzNDI4MGJmYTM4MmIwZmVjMWY0YzliNTFjZmU3OThiYWM0MzI4ZDkzMzM5NGRkNA', 1551367462, NULL),
(3729, 2, 1, 'MTNlODMyMjlkNmZlMDc1Njg0MDYwNjQzY2E1NGEzMDJiYzZlNzdkNDdlMTM1MDE4NThjYWJlYjVjZWZhZTllYw', 1551373490, NULL),
(3733, 2, 76, 'ZjIxNTk2ZTMxMzYyNTE2ZGE2ZWM1MDJmOTIxMWI0YWRlYmM2MDBmZGVjNjcxYjllYjdmOTBiMmU2NDZlYzk1Yg', 1551375404, NULL),
(3735, 2, 1, 'MzMxNjc4YjQ3MDVlYjgwNzQ4ZTFlNzc3MmM5YjJhZGJjMjE2MjhmNDdjODFjYmNkZmFmNTMyZGU3ZWNhYTFjZA', 1551375979, NULL),
(3736, 2, 1, 'ZDQ3MzY3NjMyNDg5OWQyNmNmZTlhZTg4YzJhN2Q5NzRjZWE1MDI1M2Y4OTNiNDZlN2U2NDE2OWMwMGFhNmExNQ', 1551376189, NULL),
(3738, 2, 66, 'NjU1OTM3YmVjZDM2N2Y1MGVkMDRiOWY2Yzk5YmVkOTYwYWYzMjdjZDc2OTk5ODllYWI3YzQ5NDVkMDk0NDU4MQ', 1551376831, NULL),
(3740, 2, 1, 'NWQ3Y2RlY2I1ZTgzOWMyZTVlNzg2ZmFmOTIyNDIyNWJhNGQ5ODcxYjA2MzY1Yzg3YmYxOGY5MmMzYmJiZmYzYQ', 1551377343, NULL),
(3751, 2, 76, 'YzZjZjAwYTBlOGJlYTIwYzk1MjkyM2Q4Yzk5ODUzNzk4ZDIyZjc2YjFmNjk3M2IxODYwOGExYjhjNTYyNzRlZg', 1551427634, NULL),
(3755, 2, 1, 'M2Q3ZTRiZjE0MGJhYTViMmNhYzZjMDEwZTFiNWI4ZmQxNTY4YjFmNjg0NTc0YTFiZTA2MDNhZDcwYzNhZWJmMA', 1551456485, NULL),
(3759, 2, 66, 'YTg1ZjZiYTk2YjI1MjQ0NzRkMjc0MjNlZGFiZDNmYjU0ZjNmY2U1YzAxZDE1MTRmN2ZhNmY0ZTkzYTFmYWQ5Mw', 1551459798, NULL),
(3762, 2, 66, 'OGEwOGQwYjU2MDQzMzUzYWE0NjhlYzA1NDljNGMzMzUxYWE1YWY4NWRmYTYwYzE2OTQ2MjcxOGQwNmViYjQ3Nw', 1551475093, NULL),
(3770, 2, 66, 'ZjMwMjliNDIwOWRkMWI0MWIxZjE2NDA1ZWU0NDYwZmE4NDQ4MmU4M2VhMDAwYjRiZWU4MGNhMTE1ZjZmNTQxNg', 1551541191, NULL),
(3806, 2, 1, 'NmZjNzc4NzlkYTlhNWQ0MzY2OWVkY2U0NWQ1Mzc3ODNiZmU2MTNlODMzZmJiNjI4NWYyNGQ0ODE5MzNjYjg3MA', 1551687088, NULL),
(3817, 2, 66, 'MDIwYWZhMjZlZDhlMmIwNGI4NGNjODg0MmU0YzVmMzk0YjRhM2Y5YWU5YjYyZTRmMGMyY2ZlZDY3M2JhZTUzNA', 1551690120, NULL),
(3818, 2, 76, 'Y2QwZjJkNjdhYjliMWM2MGYyMjIxOThlZTRkY2E1ZWNlNzIxMmRlMjBiMzUwODZjOGI0MjI4YzgwZWZlN2NkNg', 1551690386, NULL),
(3859, 2, 1, 'MDMwNDExYWZjOWZkMGIzOGYyMjM4NGI5MmFhMjZlMjQ2YzRiOWRlNTBjNDBmOTc1MDYyMjI2MGVmMTI1N2UxZA', 1551708587, NULL),
(3860, 2, 1, 'NGEwNmIyMWEwZTQwZjk3OTE0NTcwNzc1Nzg1ZWE2MTgxZGJhMzk2YWRmNGViOThlY2Q1NDUyMmFiMGE4ZDFiNQ', 1551708587, NULL),
(3862, 2, 1, 'ZDY5MmRkMTBkZGFkNGY3MWIyNDNlYmE1OTgyMWFmY2JlZjM5ZWFhYzUzZDMzOWNjNTJiMGY0ZGViMDc5MmNiYg', 1551708587, NULL),
(3869, 2, 1, 'NDM5YTU4ZDhhY2E0OTA1NDg3MjMzZDNkZWFiMzM1ZTA4YjFhMWRlY2IwZjIyYTFlZGQxM2QzZDFjMGI0MzVhNg', 1551708609, NULL),
(3872, 2, 66, 'NGZmMDhmODI2ZjQ5NmNlZWE3OGFlNGM0ZGY5MTk1NzcwYWFjMTc3YmQ0N2Q2YTUzZTQ5MGM3OWQyNzEwOGM4Nw', 1551708843, NULL),
(3897, 2, 66, 'MDUzY2JmMjZjNmQ2NTBkZDRjODljMzEzMTcxMTgzODk5YTk0MzhiN2IyNmFhMzU0YmVjZDAwYjIzZDM1Y2EzOQ', 1551714798, NULL),
(3898, 2, 1, 'NDViMzA5MmM0OTNhZDAyZjZhZTgxODM4OWVkNjY0MmI1ZWUyMTJhY2NhNmE2ZDNhZTJhMGFmZTRiZGI0YjM3OA', 1551714913, NULL),
(3908, 2, 66, 'YzM0ZWIxNTlhMmEzMjBjMGYwMTRlYmU3YTkyMzFlOGZkMTllNjA5ZTc1ZTFmMThiZjM3NDM0MzM0MGY2ZTczNA', 1551718850, NULL),
(3923, 2, 1, 'YTJhN2Y2ODcxMzJhZmY3NWRlN2YwNWZlZjE3MWFiNzNhOWUyNDRhYzVkMmEzNDg4ODk2NWVlMjlkMzVkMjQ2NA', 1551773765, NULL),
(3929, 2, 66, 'MmRhZDIzMTU1M2JjYzI0OTZjNDM0ZWMwNzMwMGJkNmQyZDkwMmNkNDQzZmE3NDY1NTBkNjVjYTEzYTFhNGU5Zg', 1551783668, NULL),
(3931, 2, 1, 'NTA1OTIzNjM5Y2U0NTNiZTZkYjA2N2RjYmYyYjhiMWU1MjlmMTIxM2FmNDZkMGI2Zjg4NzgzZDdlZjEwYjAxMw', 1551786307, NULL),
(3932, 2, 66, 'YjNlODZlYjRjMTkzNjM5YzM1ZDRiNzNiNTgxMTI5YWQ2Y2Q3MDRjMDZmMzkwMGFhNTYyMTk0Y2FmNWM5NzM2Mg', 1551801015, NULL),
(3937, 2, 1, 'ZjE5ZDEwNTg5MDk5YzYwMTA4NGViMTc4MzNmMzM0ZGNmMDUyNjFjYzNlMGYwZmNkMjM4NmFkYmRjZmQ5ZGFlOQ', 1551805934, NULL),
(3944, 2, 66, 'ZTA1NTc5NTU4NTAyZTg2ZWEzYzI3NThjYzhlZDE4ZjdkMTVhNGY4YjgxMGQwZmRjZjRmMzg3NDgwNDdiNDNlMQ', 1551822099, NULL),
(3947, 2, 1, 'YjA3MDY0Yzk5ZDcwYzk1N2EzNGFkMDFkZTVlMzlmNjZmMDUzOWUzNjgyMmExMWRkZDEwZmE3MWIyMzJiZTBmOQ', 1551865382, NULL),
(3948, 2, 1, 'YTQ3MTg1MGQxN2U0YzhhYThiNzI5ZWY4N2UxMTFkZTE4OGZiYjk5ODgxYjcwMjRmNDk5NGEwMGZiMDMxZTkyYg', 1551865530, NULL),
(3951, 2, 66, 'OWUzYTY2Y2I5ZWMzMjAxODFkY2I5NDQ4ODVmOWQ2ZjhmMDk2OWViZjA0NmViYTFhZjcxNDExZTNiYTQ0NzRhNQ', 1551866601, NULL),
(3952, 2, 1, 'ZjJkZDMyYzg2MjNiZGZiMWU3MDZlODJjYWQ0YjdmZGEwNWQwZGNmZTc4YjU1ZDllZmVjZDFlYzg3YWNjMTQyNg', 1551866866, NULL),
(3953, 2, 76, 'NmRjMDZjM2U4YWE4YTM0Yjg5NDg5Njg3N2JlMDNlZTU1NTIxYzMwYzEwYTY5YmE4MzU4Y2U1MTUzZWYxZTU3OA', 1551867291, NULL),
(3958, 2, 76, 'ZjRlZjg1MjhiMzhjMjJhZDMxYmU1MGU0NDIxMTg3NDBmZGRiMDM0ZTVmZGI0ZWVhZDFlNmM4ZmUzNmU3OTg3YQ', 1551881894, NULL),
(3959, 2, 76, 'ODAyMTI1OGQ5NDIwYmY2ZjNkNjIyZTVhODk3ZDNjMGY0NDYxYzA5OTk5NmRlZTk5ZDlmYjYzMDEwMWI1OGE0Ng', 1551883961, NULL),
(3960, 2, 76, 'M2U3MGM1MzM0MzU0NzYzN2FjMzA0Y2Q5MWFmMWEyMTRiNzM5NGY4ZWU1YzRiYzQ1NWZjMTc1NDAxOTMyMjJlOA', 1551886447, NULL),
(3962, 2, 76, 'ZmVhMWY3OWQ3NDIzNjJhOWQ2Y2NhZjljM2VmYjc4Zjc1NmY5MmY5YzBiZGM5MThmYjE5MDY5ZTI0MGJiMzFmOQ', 1551889213, NULL),
(3963, 2, 76, 'ODA3MjYwODY5NWI1ZDIzNWM1ZTg3N2YxMzAxODZiMzkwZTgzNTdmNzI4NmVjNzIxN2UyZGM2YzgwNWZhOGI4YQ', 1551889430, NULL),
(3964, 2, 76, 'N2E4Y2JlNDg3NTRkNzEwM2M5OWU2NDE0ZGRkNzdlZDhjNTM5OGUwODRiZmM4MDk3NzFhYjY0YjNlNzIxM2M2Zg', 1551890884, NULL),
(3965, 2, 1, 'Y2QzZmRlYzhjNmZkNDdkYTZmZmFiMGEwMTExMDUyYzZmNTNjYWVhNzk3ZmQ5NmIxMTY0OTA0NGMyMGI4NWQwZQ', 1551890902, NULL),
(3966, 2, 1, 'OWVmZDJmMTQxOGYzNDQ0ZTQ3MDExZGJmMDg1ODE0ZGFhNGZmZDQ4ZTBkNDc2MjhhYWI4MzlmNzU2NjZlNDcwYw', 1551891531, NULL),
(3970, 2, 76, 'NjkxZGZmNDk0NzFhYTE1MDcwZDVkZDJmY2UyYWIwOTk1NGFlNzgyYmVlMDc1YmM2N2ZmYzgwYTI4MGNhZmYzNw', 1551894466, NULL),
(3974, 2, 1, 'YTEzYjExM2Y2MTQ5MDlkZDBlMjJlNjdlYzEyM2JlOGIwNTgwZTIyMDU5ZTkzMTQ0YzAyM2M5ODE0YjlmMTBhZg', 1551947368, NULL),
(3977, 2, 66, 'ZGM2NGJmZDM0OTU4MzI4YmUwM2IwYWNiYjYxMTZjOWVkODEzNTQ1NmEzNTI0YzMxMjBjOWQ2ZGVhOGM3Mjg5Mg', 1551954176, NULL),
(3982, 2, 76, 'NGIzMjI5ZDk1NDMzZTkxZGJkNGJlODFlMTkyOTdhYzRiNGQ0NmQ3ZTU0YWRlYTI2OTI1YTNkMWZkNmVhYWUxMg', 1551968023, NULL),
(3983, 2, 76, 'MjYzZDQ0N2VkODViNjlkYzI1YjkxZWNmZTljY2QwMGYzMjdlYWI0ZDMxZTI3YTE1NWMwNTkzZTRiODdlYWRhYw', 1551968023, NULL),
(3984, 2, 1, 'ZGZiNzQ4ZjNiYTFiNDZmNDAyYzA5NTcxOWY4YjQyYjMwNDgzY2U0MzVjZGJmNTA2NTFmMWY3NDJhMDI0NzI5OA', 1551968023, NULL),
(3985, 2, 1, 'YWFlNjQ0OGQ2YjI5ODE0YjFkMDU5N2U0M2Q0MmJjOWFlMmU2MzM2ZTdhYWZmMWE2NDFjMjBmNGE5ZTIxMmM1Yw', 1551968028, NULL),
(3987, 2, 66, 'N2QzNTg5ZWI1OThlYzY0ZWI4NTdmNjNhYWVjYTc3NGEzZGM2NzZiMGM1N2M2MDE2YWIwMjA5MWE3YzQzYzYwMA', 1551970743, NULL),
(3990, 2, 1, 'MDhiOGU5MDNiMTk5NzI4MzVlZThhNDc0MmFiMmI0ZDk5NWVjMDAyZTEwMzk1YzQ2ZmQ4NjU2NTczYTc1Yzk0Yg', 1551971559, NULL),
(3992, 2, 66, 'MjQxMmFjNTkwOWVmYzE1OTRiY2UwMzNiYzAzMjkyMThiNjUxYjE3ZmNiZmMwZDNkZWI2MjhlZTJkNzM5NWVjNQ', 1551975489, NULL),
(4004, 2, 76, 'OTFiNTZlN2YzMTVlMDc5MjY4ZjM1MmEzZTZlZjhhODgzOGVjNWMwNzUyYjUzOTZmYWVjYzZkYWViYjY5ZWU2Zg', 1552038713, NULL),
(4006, 2, 1, 'ZTkwOTE2ZGM0ODY0YjNiNmUxODllZWQzOTZkN2U3MGZhZTk1ODQ5NmU2ZjQ5ZGE3ZWVhOWZjMzA0Y2E3NTg4Mw', 1552040557, NULL),
(4007, 2, 66, 'NGE0NjQ2YTFmODM5M2IyZDc1ZDFlMTJlOTU3ZmUyYjhlYTg2YjA5MDBjODg1YTExY2ZiMTUzMDFjYTQxMzU3Nw', 1552042312, NULL),
(4010, 2, 1, 'ZTdkNzE2MzU2NjdlMDUwNWM2YzU3MzA5MDdmMTQ5ZjE5ZWFmOTJmNDljYjdiZDg3YjAzYTNmOGY2MDkwMGM1MA', 1552055625, NULL),
(4011, 2, 66, 'NDZmMTZiOGI5MDhkODE5ODZkMzk4NGVmZGQwNWM2MTE3MzI4YTY0MTg4ZmYzYzM5YzhjNmQzNGEyYjZhOWEyNQ', 1552060303, NULL),
(4017, 2, 66, 'Mzk2MDc5YzY2MzkxYmRlNzU3ZjlkOTY5Y2Y5YjhkNzNkNzA2ZGU3YWQ5NGE1MTZhNDUwYTM3MjFlZGM5MmQ5ZQ', 1552064801, NULL),
(4025, 2, 66, 'YzY0Yjk2N2Q4Y2NmNDNkZTJjMWM1NTY3NzVhMGZlOTQ5MDNlYzJhNmQ1MDk5YWZlMzRkOWQ2MmJiYjgyMWI2Nw', 1552125095, NULL),
(4039, 2, 66, 'ZGE3MjVhZTJkMjYyMTUzNzU4OTY2MjQ3MzcxMjk0NGMxM2ZjNmJkMGE5NjExODI4NGY5MGRhNTIzNTk5ODdhZg', 1552151266, NULL),
(4058, 2, 76, 'NTMxZmNhZWMwNDMyN2FhYjExZjhiYmE0MTQxOGJlYWIyZTdhOTAyMWJiMzNkYzU4MDUyYjRiY2NkYWE2MmZkZA', 1552327120, NULL),
(4059, 2, 76, 'MWY1Nzg1Y2YwOWU1MTE3YTIwOGMyZDcxZjY1OWU1OGFmMjRhOWY3MGJiNmNmM2M5ODJmMDAyYjMzOTE1NjA2YQ', 1552327122, NULL),
(4060, 2, 76, 'NTk3YjA1OGViYjZjMzVjMmZiYjQwZTI0MDMwYzNhZjRiMzVlZDc2NmQwYWYzOGQ4OWY0MzU0YWY5YmMzMzVkZA', 1552327124, NULL),
(4068, 2, 1, 'MmZiNjlmYTZmYTA1Njg1YzAzMmYxNGFhMTRiNTg4MTM1ZDM3Y2E3ZTRmZmIyNzBlZGUyYThkY2U1MDU4N2MxYw', 1552327713, NULL),
(4070, 2, 66, 'MzU1OTJjMGM4MjEyZWZiODllMGEzODBmM2E2MTYzYTA4NGUwOWYzYTkzOTQxYTllZmZmNzc0OGYxN2ViNGEyMA', 1552327868, NULL),
(4075, 2, 1, 'OTU0NDUwZTdiZTg2MDRhZjEyMmU5MWM5OTAxYjFkZDI2NzgxNDA4ODU4ZTEwOTBjZWQ0YjI3Yzk0YzY5OWI5Yg', 1552329731, NULL),
(4083, 2, 1, 'NjFiNTkzOTdjYjY4YWIyMjMwYTE3YzFhODM2ZTUwNjg0MjdkMzAyNDJjZDEzZWM1N2Y0NjA2YTBmMWEwYjUyZg', 1552377984, NULL),
(4084, 2, 76, 'N2YzYWM1ZGNjMjZiMTZkZmMyMjIzYjc4M2RhMzAzMzIxYTc4NTYwNWNmYjIxOTEzNWQ1NjdhYTU4OGE1ZTE4MA', 1552379089, NULL),
(4091, 2, 1, 'NmQxNDFkODFiMTZkN2IwZjI3ZTkzYjc0YTAzZGI3OGM5ZjNkODUyZDBkMDZhMTM1YjgwZjY3YzI0YjlmZDAxNA', 1552406283, NULL),
(4104, 2, 76, 'YzkwYjQ5NDkzOGM5MDlmMjg3NDM1NDYyZTNiYjk4ZDZhOWU1N2NlMmExMjg4M2VkNjg1NDhhMjY2YTIwMDlkMA', 1552470772, NULL),
(4111, 2, 76, 'NDgyNmM1NjkyZTA5YWY5NTYwZGFlZjYwNGI2NWJiODMzN2VjYmE4Yzg0M2Y2ZjU3M2NmNTRmYzA0MWI4ZDFhNA', 1552474040, NULL),
(4119, 2, 1, 'MjI0Y2JjYWFiNzg1OGRmYzM0NTZhNjNhMmUzZmFlNTVhZmYyMTY3ZmY5NjM4NjRhMzFlZjY3NzRmMGU5MDcyOQ', 1552476972, NULL),
(4135, 2, 1, 'ZjVjZGFlNDAzYjYzZTkwYzRlMDBmMThhZDE3ZGJlYWNmNDEzNGRiNGE2ZTQ1MTA4YWU2NzczYzBhYjMzZjNlZQ', 1552555167, NULL),
(4144, 2, 76, 'ODg1Yjc1ZTdjYTE2MDYyNDk2ODJjYWUzZTlkZjQxZjk5ZGQ4MzliNjMzZjBjMGYzNjY2YjdkOWVmMjQ4ZTlhZA', 1552562387, NULL),
(4145, 2, 76, 'MjFmYjE0OGYxYjNhYzE1MDIzMWQ0MjJjOWU2MTlmZDZiZWQzZmQyOGNmMGFjMjczNWU3YTMxMWVhYTFmZTE5NA', 1552563293, NULL),
(4149, 2, 66, 'NjBiNzQxMmU1NDgzNTk3ZjFiYjg4YmU3NzdlYTYzMDA5NmMzMTg0ZTVkMWViYmI3OTAwMGZkMGEyZWY2OTAwZg', 1552566396, NULL),
(4205, 2, 66, 'YzRjM2RmMjNmNTg3YzFhNjBkMTUxNWFkYmIxZTkzNTczNjY2N2NkMTIxOTg0ZTViODQ3YWUyOWY3NjFiZjhhYQ', 1552683325, NULL),
(4281, 2, 66, 'ODc5YjliOWM3ODM5YjhmZjU2MDZhOTc0YTM0ZDIyZDI1ZTVlZjBlYzE2OWZhZTRhYTlkMjRiNzYzZDNhYWFjYQ', 1552909735, NULL),
(4286, 2, 1, 'YThjYzcyMzlhMzBlN2VkMzQ4ZDNiYzIwYzBmYjc1ZTA1MjQ3ODliMWZmN2M4M2RlM2JmZmMzYWIzOWJiNjgxZA', 1552920578, NULL),
(4288, 2, 1, 'MjgxYTk4YjNkZTIzYTc3ZjE3ZDU5YjVkNThmNGRhYTcwN2U5MTQ0NzEwYmMwMTJkODQwZmM0NzViMWIzODQ5Yg', 1552927749, NULL),
(4300, 2, 66, 'ZGZjNThkZTBjYTIyZWY5YTBjNTYwOTA2ODhmMWM1MzFhZWY3MmY2ZGU1NWVmMWVhNzkyYzVkNWNlN2RmYTlkMg', 1552995123, NULL),
(4304, 2, 66, 'Mjc4OTk1ZTIwZTk4NTA2MTY3NzQ2YmZmY2Y4OTg2NDQ1YjIxNTRjYzM0MmMyM2Y5YzFjYTkyMDQ3NzZlM2E3Ng', 1553014285, NULL),
(4313, 2, 66, 'OGQxZjkzYjVjNDM5NjA1M2EyMTA5M2M2YzQzMmIxZjk3NTIyMDA5ZDdjMjkwZTM4NzY1NGM1YjU3MDdlYmZhMg', 1553082740, NULL),
(4335, 2, 66, 'NTRkZTMwNWNhYzRjYzZhYWI3OGI3MzViZmM1NzA0ZmE1YmI0ZGEwNTI2ZjdhY2NlZDFlNTdhMjkxNDRmYzMyNQ', 1553163510, NULL),
(4343, 2, 1, 'ODQ1NjM1ZTNmMzk4ZDlhMTNiOGZkZThlODEyYzhjMjRiOGU5ZDEzZDViMjZjMDYwYjk3OWU4YTE5NDcxNDRjMg', 1553186152, NULL),
(4356, 2, 66, 'MTk5MWQxYTNjY2ViMWM0YzY0YTBlMzRkZDE2Y2EwYjhlMzNlNGI5ZGNjMGYwNmEwZDYyMzJiYjIyZTk5NjQ0MA', 1553204309, NULL),
(4358, 2, 1, 'YzI2OGVlZGFmODIxMjY5ZDM3NmQ0ZmJmMmM1NWVkMmFlOGJlZjc5YTUyOGUyNzU2ZmVkZTYwOGFmNDVhYTEyMA', 1553245273, NULL),
(4362, 2, 1, 'Y2UzZGRjMWJjNGM2ODE2YmEyZDIyNzhiOTc1MzkxMDJiNmQ0ZmE5NjczN2I1OWFmM2QyNjgwZmI2NjE3MmM5MA', 1553265072, NULL),
(4363, 2, 1, 'Mjk0NjM5ZWEwMThlODg4NjcxMjNlNTU0ODdlZTVjNWNjNWE1Y2ZlZjA2ZjFmMWQ2OGYyMTMyMjAxYzBjY2JmNw', 1553270101, NULL),
(4364, 2, 1, 'ZTc1NmM2ODA0MmQ0YWVjMTVhMTI1MmY1OWViMDJhOGNhNTQ4MGY5Y2Y2ZWI0NmFkZWMzNTAwZjlkMDhjZjZhMA', 1553270339, NULL),
(4392, 2, 1, 'MDRkZjEyYWRmMDM1YWNjN2Y1ZjE1ZTQxZmI3NzJjOThhNmQzM2E2ODJkZDE5YTAyNTAxZjhiZDg1MTQyMDFlMg', 1553338335, NULL),
(4404, 2, 66, 'ZmQ3MWM4ZDYyN2ZiOGVmNDg4MDA3YTFmNjYxMzAxNWI3NDNlZjdjNjZlMjYwM2NjNTlhYmIyOGU3NTU5ZWUzZA', 1553370226, NULL),
(4405, 2, 66, 'ZjI4NDRmOTAwZmViMjkzZmQ4ODUzYTliNWQ2N2IzNTBhY2M2YWM1NTcwNTExY2Y1M2U2Mzc5YjE3NTI3NzcyMw', 1553379346, NULL),
(4423, 2, 66, 'MjYzZmU4ODU4Njc4OWRjYzJiMGIwYjk3MjE5ZTgxODZiMmZlNWNiMWFlMjg1OGYyNDVkOGQyYmI3ZTNhZWQ1MA', 1553464720, NULL),
(4424, 2, 66, 'Nzc1OWM2NjAwNmRiMjgyZTMzMDcyYzhjMGQ0NDNiMzlmN2ZhYzQ0YjZkYWMwYzRjNmQyODQ2MWY3Nzc4OGZmZQ', 1553505031, NULL),
(4431, 2, 66, 'NWY0MzBhOTczNmJhMjI1ZGZmOTkxMzE1MGRlYTZkMjM2ZTUxNDFhZDZiMmQ5MWE5MWZlZDkyOGNiZTQ0NGNhYg', 1553513551, NULL),
(4486, 2, 66, 'MjQ4NmU5NWI5YmY1YzZlMTYwNGVlZTM2ZTUzNzEwOTBiYjJkYmVjMjgzZjE3MDI3ZjdlMzdlNWZkMmIxNzMyMg', 1553700970, NULL),
(4538, 2, 66, 'NzI5MTdjYmRmNjc4MTMwNGM1MTg3MWRiMjE2YmI0MjNlOWFmNjYzMjhiOTNmOTY3YTA3YWEwNjM1Nzk1YzVkZQ', 1553778629, NULL),
(4549, 2, 66, 'YTE5NTIwNTg3MzJiOTZmODhiMDE2ODQ1MzI2ODEwNWIyZmVjNjk0ZDZiOTc4NDA5ZTdjOGIwYzMyY2E2ODQwMw', 1553801926, NULL),
(4592, 2, 66, 'NzFjMTk3MjQ3MGIwZTlhYjk0OTIyYjNjMmI4ZGRkNTA1NzYzZWQ3OGJmMjFjNDdhMDcxZjk5ZmIyYjkyM2RmOA', 1554033041, NULL),
(4613, 2, 66, 'NDhiZDMxZDE4ZGQ2ZjU1ZWE4NGFiODk1NDBlYWEyMDAzOTA0NWUxODQ3MGUzZTA5YmZlNmEyNmM4OWUwNGJkNQ', 1554119611, NULL),
(4615, 2, 1, 'OWU5MDA5MDNjODQ0MjhhNWYxOTg1ZDFhM2Y5OTNiZjgzMWU1YTM1ZDJkMzJiMTI1NGZkODQ5M2IzNzRmYWUzZg', 1554128616, NULL),
(4616, 2, 1, 'NWE3YzUzMTJmY2ZhMjcwMGU0ZTM3MjdmZTFjNzU4ZTk5MTI3N2MwMjFlNWIwOTFlMTJkZGE4ZjZkOTk5MjhlMw', 1554133287, NULL),
(4626, 2, 66, 'N2M5NjJjOWI0ZWVkODRjODg3NmI4YjEzYTI0OTM4OTYxMmE5ZDE5NzRhZDY1YjA1NjBiNGVlN2I5MDYyYTkwMQ', 1554144077, NULL),
(4630, 2, 1, 'Njc5MDgyMTgyZjZiMGU0OWYxZDg5N2IxYWZlOTI4MDkxYzBmMDgwNGUyNTliNmYzNzBjMzZmNmU2YjMwYTk4Zg', 1554198812, NULL),
(4634, 2, 66, 'N2UxZTFmMGMwNmJmN2ZkMmI3MDlkZmNmZWNiMzAyZDViOTljOWU1OTdjZDlhMDc4N2MyMGFkYjkyMGNmY2IzYg', 1554204221, NULL),
(4638, 2, 1, 'Yzc4MmE2N2ZhOTY0MzYwNDQxZDFjMDBmNGNlODkxYzljZjQ5YTU4ZmMwZTcyYjA4NmY3YTMzODM3YzRjM2MwYg', 1554214503, NULL),
(4644, 2, 66, 'MGY5YmIwNDA3YTEwNTYxZTFmOGJjMjZjZDZiZWQzYWJkNmFlODE2ODZlNjExMTAxZjVkNGUzYmY3ZjY5YWEyNQ', 1554229091, NULL),
(4650, 2, 1, 'Mzk0ZWI4MWI4OGQwN2VjNGVjMTJlY2U4ZjE4NDc4YzViZjZlZDA3Mzk1MjJhNDllYjQzNGJiYWE4M2VjMjFhMw', 1554280675, NULL),
(4652, 2, 66, 'MzJlNTIxOTc2MzhkNzMxM2M5MGFkNDNhYzZiMjQ0NmM1N2NhY2YxMTkwZTY1MmVjZDcwMzMwY2Q5ZjJkYmQ2Yg', 1554285852, NULL),
(4656, 2, 66, 'ODU4MWQ5YmY4YzRmYTEyZTgxYjc2YjQ0YmFmZDE0MjRjZTFmODA4MDAxOGQ0MThkNjYzN2ZkY2VlMjc4OGNlZQ', 1554297555, NULL),
(4660, 2, 66, 'ZTEzMTQ4YjVlZTVmNmUxNWUyZjU5NDI2YjFhYmNiYTExNWE3OGE5MWY3OTAwYWMyYmIwMWEwMjVlOWFlMzM1Mg', 1554314314, NULL),
(4662, 2, 66, 'YTEyNTMyNzRhNzdhNzhkYjA2MGM4ZjgxNmQ4ZjA5MjhmNTNmNjAxY2I3YTkxNjYyMGRlMmZlNzhlODE2NDM0ZA', 1554369946, NULL),
(4664, 2, 1, 'NzA4ZTUzYWNmNTkxNjUyMjFkYmJjNjc1MGZhMWVmMDgyY2RlZTFhY2Q5MWRlNjcxMzk0YWEyYTI4MTRhZWRhOQ', 1554383747, NULL),
(4669, 2, 66, 'M2Y4ZjU5YzE5N2NiODljZmVlNmIzYTBhMmI3ZjdiOWRhODAzMzFiMDljNjRiYmJhOTllMDY5NTE3ODMzZjE4MQ', 1554406691, NULL),
(4677, 2, 76, 'NDM3MjAyZDJmYzk2YjM4NjQ2NWI5OGMxYzc1MTUwNzVjZTE2NGQwNWQxODdjNjRhYzFkYzBiMDg0NzhhOWIyYQ', 1554452257, NULL),
(4678, 2, 1, 'ZDEwMWRhNTI1MGNlY2ZmY2Q5YmQyMjJkYzU2YzliNWM4MGE1MTYwNGUzMzMyYzZhYTYyZTRlYTJmNDU4ODQ4OA', 1554452752, NULL),
(4684, 2, 1, 'OTg3ZDE0ZjNjODQxNTRjOGI0MjYwMmQzZDNiMTgzNWZhNzFhZTQ5YmQxYWU0NmU4Zjg2YmFmMTc1ZjQwNDQ1ZA', 1554474704, NULL),
(4729, 2, 1, 'MWI1M2U1MzA2MDBmNWNmY2ExOGRiMzZjODhhOWE3ODQ2OTY0MjBlZWUwOWNlODU2YmVhN2YxNjQ2MDQ4YzdhOQ', 1554708776, NULL),
(4734, 2, 76, 'Y2I5N2M0YmQzNjFhYWMwNTViYjgzMjI0N2JjODZiZmFmOGU0NmVhZGFmNGVhZjIzMmNkODkzYmJhMWE3ODc2ZQ', 1554721048, NULL),
(4736, 2, 1, 'OWRjODM5ZTdlMTc5YzhiMDQ1ZjE2MDIzODJmMjJkMWE5YjhiYjEyOThiNTg4Y2YxOGI1YTVkNGRkMWY0NGJiYg', 1554733021, NULL),
(4737, 2, 66, 'NzAxODAwMjU2ODZhN2UyNmE2YTQyMDdlM2UyOTU4MTgyYTMyMTA2YzkwYmQ5YTA1NjNkNTk5MmFmNmFkYzUwZg', 1554737664, NULL),
(4742, 2, 1, 'YWE4YmNlZTQ2MTQ2YjAwZmVjNzliZDVhMGFlODE4ZmIzNTllZjA3OWQ5NDJkMDBlMmM5MDdjM2YyNzc1MGFkYQ', 1554743630, NULL),
(4744, 2, 66, 'OWJjM2EyZTYxNjNhNjliYzk5OTk1OTUxYmFiODNkMTRlMDk5ZDBiOWJmMWExYjNmZmRhM2E5MTFjMTQ1NGIwNg', 1554748493, NULL),
(4750, 2, 1, 'Y2ExYTVmNTlkMmYwNjViYTY4NWRhNzFkZGNkOGQ4NTE5N2JlOTExNGU0NjBmMTE2MGJmY2M5YTYyOWY4ZTQ1Mg', 1554795535, NULL),
(4751, 2, 1, 'NDc2NmM5MGNlYjdhYWMzM2U3YmYyZmRjZjY2MDI1YjM3ZGY5Mzg0NzIyOTQ1Nzk5OGE5ZmQxYTg1ODA3YTM0MQ', 1554800829, NULL),
(4757, 2, 1, 'OTViMDNmODdlNmQyNWUyZGMxYWM4MDdjOWI4YzJiNzY0OTliNmYzNmViYzA4N2Y1YzI4OTRmNGMyMWJmMTE0ZA', 1554817768, NULL),
(4758, 2, 1, 'ZWZmMTMzYjE2ZDZhMTA1YTc1MzJlZWM3MWRmZDRiOGY4NDRlM2M4MDNmNGQ3MjhiZTliYTFiYmM1MzIxMzA0Mg', 1554820112, NULL),
(4763, 2, 66, 'NDYwOGViNmEyNThlZWFhMmNlMmM4YWQ1ZTMyYWFiMDAyNWYyMzMwOTFlYWY1MGE0NmZhN2VhYzQxM2I1MWNhMQ', 1554832830, NULL),
(4766, 2, 1, 'YTBjZTg1MjEzYjhiYjhlZWRiNGNhZjAwMWFkMGZiODI0MzMzMWFlNzAwOWUxZmJlODUzZDBiNzRhYTM5MGJmOA', 1554887997, NULL),
(4775, 2, 66, 'Zjg3MWU4YmFkN2I0NGEyZjBkMTFiNDY5NmViODcyNjAwMzg2ZGVkZTI5MTI2OWZmMTk0OTk1MmIzMzEyMTVkOA', 1554914314, NULL),
(4783, 2, 1, 'MGIwNTY0YjBkYzUxZWQyODdiODhlY2RhNDNlM2MxOWE5NTNkYTM4N2FlNjY4NmFmYWI1ZTA3NzkzMDQ2YjdlMw', 1554975829, NULL),
(4788, 2, 66, 'MWQ0MzlhNTk4NTc2OGQ3MjU2MjIxY2MwNGNiNzA3MTJmNWI4OWNkOTZmMjEyOGE5Zjc0NGZkNmY3NDdiZjRjNQ', 1554993361, NULL),
(4789, 2, 1, 'OTkxMDk2MGZiY2NlYThhOTgyMWMyY2RjNzVkMzJkOWU3N2FmMDhhZjUyMTUzZGRjMjFjM2MyMDQ5NDVlZmM4MA', 1554996344, NULL),
(4796, 2, 1, 'ZTdlZTAxMzlkZWM5MDY4ZTcwYThiMGFiNTIwOGViMzgzMTMyYmJlZjY1Yzc1ZjIzZjRjNTUwMWFjMTYwOWQ3Mg', 1555069139, NULL),
(4815, 2, 66, 'ZTMwZjQ1ZDdkMWQ0YTJhNzVkODQxMDBjZjY4ZWJhN2U5YjEzZmQzZTlkZDIwNWJlMzgwOGM0Yjg4ZTRkMTQwNg', 1555093713, NULL),
(4828, 2, 66, 'YmM4MDAzZTUwZDliZDQwNDFjZjFmMDRjZjdmNzcxMmM5MWEzMGM4ZDMxOWZmZWNmMWUzMjM3YjMyZjVhN2Y1Mw', 1555178282, NULL),
(4851, 2, 66, 'Y2NkNGQxN2E2ZTE1ZTVhY2JiZGIwNzJiOWVmMmVjNmYzOTE3NjdhZjYxNTAxZjVmZTAzMTBmMWRhNTE4OTM1Yw', 1555245184, NULL),
(4864, 2, 66, 'YzBhZWY3MmJhZjQ0NzA3MGFjM2JlYzYwYjE1NDRiYTQyMDJhMzNjYTVhM2Q1NTNiMGM1NmY2MTQ4NGVlMTMwNg', 1555261383, NULL),
(4871, 2, 66, 'NzJhZTFmYzMyNzlhNjgyZGY0MzBmODJkYjQxOTdlZWVkNjUzYjQ4MzhhMjlhOThmZTg0ZDcyMmYzN2YxYmY2MA', 1555279049, NULL),
(4878, 2, 1, 'MjNhODc3NTZkZjIyMTg3NzE4OGFhNjUxNjY5ZjFhNjAwYTIzNmY2MGQxZDQ3Mjk3ZTUwZGQ2YjhkMzE2Mjg3NA', 1555334880, NULL),
(4879, 2, 76, 'Mjg5YWM1NGI4MTM2ZDExZTBhZjRlMDIzYTM5MGY4YTYzOTk1MTk1MDIzM2U3MjUxNjgwMDVlM2Y5ODExNmFjMA', 1555334898, NULL),
(4887, 2, 1, 'MzA4YmIyNjc0NjNhOTg5YzM1ZTJhNjMyMjUwODhiMmZmNzliZjk2ZGY0ZmNjMzk3ZTVhMWU3M2QwNzAyNTljNQ', 1555404902, NULL),
(4889, 2, 1, 'ZjY5ZDk3YmQyZjQ1ZjhiZTE5YWIxZjJhNWUyYTUzNDhhNDljN2Q0YzhkNDk3NWZiNmFiY2I1Y2Y4ZGZkODU2Mw', 1555407379, NULL),
(4890, 2, 66, 'MDYwYzg4YTQzZWU1ZTQyZGJkZWVlNThiMzcxMjliNmMzYmNlY2Q1NmYxMTAxZmNjZmI0YWQwODBmZjU5MGY2NA', 1555407812, NULL),
(4895, 2, 66, 'YTA4YjIxNzE3MmFiNDczMDE3MDViNDBjNTc2MDM5ZTdhODIxMWQxMGRiZGQzZmY0ZWM2OWIxNTQyMzRmYTNiMA', 1555423244, NULL),
(4901, 2, 66, 'NzRmMjVkZjYwYWY4NjcxNDg2NTdjMTZiZTdhNmI2YTc4MGE5ZmUyYjA1ODNmNTYzMjE3MWJmNjUxMWZjYWE2Mw', 1555441229, NULL),
(4912, 2, 66, 'ZTFjZjAwZmE0NTdjMDA2OGUwODM0MDk0ZWU5MzI2NmVlZjRhM2Y4YTQ4Nzk3ZDNlMzFiMmI1ZjRlN2RhZTg4Yw', 1555507396, NULL),
(4915, 2, 66, 'NmViOWYxNTc5MTgwYWQxMzUyZTVlZGU1ZTM3NDU2YzBkYjRjODc0ZDgzNDQ3NDU4Y2E2MTVmZjYxODYzMzA5Ng', 1555518360, NULL),
(4921, 2, 1, 'NGU1MGRmM2U5ZjNlM2QyODQyNGVkOTU4YTc4ZTI5OTFhZjc0YTIxMTVhOWIxZmZkNmE1MDY4NmQ5OGJjM2ZhYQ', 1555576294, NULL),
(4925, 2, 1, 'YjAxYzc2ZmU3NWMxZTg3YWZhZmRhZjcxOWVjYWFiMzg5YTMxYTg2YWVmZDQzZTAwZDNhMTliYWMwMjBhMTI1Mw', 1555580340, NULL),
(4927, 2, 66, 'MThhZmU4Y2Y2YTkyZjU0ZDg1MTJmNTUzYzAxZjk1NGYzY2Q1ZDUzZjZmYzVmYTE2OTViYzAzMTdlMmVmM2QzOQ', 1555581459, NULL),
(4928, 2, 1, 'NzA0ODBiMjY0OWM3M2EzZTA1OWI3NWU3ZTJmYTZmMTA0OWRhYWQ3N2JjNTg3YzJkYjc4Mjg0NjNiOWI5ZTcxOA', 1555584640, NULL),
(4938, 2, 66, 'ODhjYzkxYzg2YmFiYTcyN2Y2OWIzMTNkOGE4MTIyNTQ0MjNiZGVmYjc5N2JhMmFlZTdlZGJhMzk5ODUyYTc2MA', 1555607599, NULL),
(4945, 2, 1, 'NzEyOTI5MzQwNzkzZDM3ODAxMjY4ZjUxZGRlZWY4NmU1YTU4MDljYWZhZWNmMmI3M2MxZWQxZjQ3YjMyYTFjYg', 1555659199, NULL),
(4946, 2, 1, 'OWYyNmU0N2QyYzMxMDMyMDMyOWQwZGFhMjMxZTNiNzk1MTM1NTc5M2I3YTNlM2EwYmQyNmEzMDI1ODdhMTliZQ', 1555660872, NULL),
(4947, 2, 1, 'MThjOGRkNTZhYmI1MWZkNWNjNTAxN2UyNTE5ZGY1OWRiZGQ4ZjYyM2IwZWQ4MGQ3ZjFkOTYxN2UwYTA3YmU0OA', 1555662536, NULL),
(4949, 2, 1, 'Mzk3NmEzMzQ5ZjczMDJjMjBjNjg1N2M5Nzk4NmJkZTgwMjhlMTdlYTBiMTMxMWU0M2EzYTgxMTZhZTdlYjY1Nw', 1555665938, NULL),
(4951, 2, 66, 'ZWUwZmEzZDVlNzg5ZTc1NWIzYmIwYzFlYjY4ZmQ3YjlmYjIyNmFmMTZmNzgzMjRiMTNiZWY2MzU1MDQ1NGE4Yg', 1555673241, NULL),
(4966, 2, 66, 'N2MyYzJlNjgzNjEzYTQ2ZGJmNTA1MzJhNTE3MTFiMTA4ZTU5NmMyMGY2M2NjN2IwZTFjOTYxZTY5M2NlZmZmOQ', 1555770631, NULL),
(4967, 2, 66, 'ODY3ZWMwMWZkYTVjZWZkYmZkNGJjYzQ5YWQzMWFlNTc3OTE3MzAxMzk2YzIzMzFkNTdiNDNiMzFhN2JkODdkOQ', 1555772253, NULL),
(4988, 2, 1, 'MGZhZTg0M2EwNDk0MmQyMzY3YWFiODNlYWI0MWQ1ODliZjVlZTczMzA5YTEzNzY2YjA0N2I2ZTY3N2FkNjIxYg', 1555944172, NULL),
(5003, 2, 1, 'ZjIyNDcyZmYzMWM1MzA3MjYzZDczNGNlYmE4ZjZhMzBmODk5MzJlOTRiMzMzNDZiOWRhZjVjMzdmNjA3YzFkMA', 1556004596, NULL),
(5015, 2, 66, 'YjE3MjIxNWNlZGNlM2Q2ZTEwMmFkNjNhYTlkZjY2NmU1NzdlMzU0NDhlNDQxNTYyNTdjYzRmNWIyNjUyOWVlNw', 1556025715, NULL),
(5016, 2, 1, 'ZmY3NTg3ZTAwNjM5ZjI3ZmNhODhiYmNlN2YzNTg1MjM0ODg2YzBmODQwOGM3OWIxMTQ1N2Y0YTQ3MDBmYWY5Nw', 1556031449, NULL),
(5028, 2, 66, 'ZjQ5YzA0MmVlMTkxZDcwMzc1NzA1N2ExODM2Njk4OWVkYmZjNzA4YTMzMTU1ZGE4NGFlMzkxMWJiNmY0OTg3YQ', 1556042346, NULL),
(5029, 2, 66, 'ZjA0ZWNhNGE2NzZiYjAwZTcwNDFjZGMyZjM2ZDNkZjY4NmY5MmRjYmFiYmI1OGM5YjkwZjI1NTVjYWJmNTExYg', 1556098478, NULL),
(5030, 2, 66, 'Njc3MDZiY2MyODE4NTI4ZjU2MjVmOGRjOWYzZWUzZjU1YTM3Yzc5ZGJmODkyNzBlOTE2NDRlYWFiZGY0N2YwZg', 1556113166, NULL),
(5041, 2, 1, 'NTRmODM2NTExY2RlODFiNWY2NWNiOGQ1N2UzMDg4ZGY2NmRmZWYyOGE4YzAwMzdlOTVkOTQ4Njk1NjM5NTA0OA', 1556197603, NULL),
(5108, 2, 66, 'OWU2NTg5MWU5Y2VmODMxZDg0YTEyZGMyMTA3NzkyNWUxMzUwOGIwMDg5NjVhNGNmNWVlM2QzOWEyZDlmMTU0Mw', 1556533290, NULL),
(5110, 2, 76, 'YWY2NzJmZTFmNTM2ZDE2YTJhODNmZjQ4NTVjM2JkZDAyODU3MTViOGZlY2UyYzI5ZDlkYmU0NzA2NDQ0NDkzZA', 1556538412, NULL),
(5111, 2, 1, 'ZjJhMGEwMDY0MmRmMmY0ZWNjMzY2MzY5MTQ2OWM2NWYyYzlhYTE4OWM4OWRkMWJlYTI0M2UyNmM0MDIyODAxYg', 1556538547, NULL),
(5113, 2, 66, 'MDk0ODA3MDMyMTM0YmEzNzc0ZGRjOWQ2Njc4YmI2N2RmMjM1Y2Q0MWUyZGE0YzE3Nzg2ODQ0N2JmMTdmNGYwYw', 1556541876, NULL),
(5115, 2, 66, 'NTVkMDBkNjczOTMwYTkzMzc2ZjQ3YzllODEwMWIxMDAzMzMyMmI4ZjA3YmJkODE1NTg5NzFiNTJlZTE3NDk3Yw', 1556543853, NULL),
(5116, 2, 1, 'OWY4MzE0NWY5OWExNTJiYjkwZDMzMTA4MWE5OTcyMTRjNDUwZjAzZWZmMDM1NTkyMTg5MWViMjY2N2NjMTU2YQ', 1556547023, NULL),
(5121, 2, 1, 'MzVjYWEzNWMzZTc5NGNlODlhNzBhYTYxY2I0YTcyOTM0ZWJjZDhhZTM4MjY4MzdhY2JmY2E0NWZjYmFmNjg3Zg', 1556550998, NULL),
(5125, 2, 1, 'Mzk1Mjg0MjAzNDE2ZThmNjI2YWY1NjBkYjM0OThlYWYxZWVlYjg4Nzc3OTE2YmU0OWZhYzJmZGZiMDJkMjJiMw', 1556612489, NULL),
(5126, 2, 1, 'Njc3NzFlMGQ4MGFhMDFkMjU2OTg4ZjlkYzM3ZmYxOTBmZDUyOWNjZDhlZDJlYjQ0YjMzMzE2OTg5YzMwODc2NA', 1556613783, NULL),
(5131, 2, 1, 'YjI3MjIzMGUyOWI0ZTY2NjcxOTQ4Y2U3MGE4YzM3N2FkMzE2MDJlNzkxMjcyNmNhOWJhYTc4NDEwMTQxYTdmOQ', 1556617240, NULL),
(5145, 2, 66, 'OGE1NTZmODc4MGM3YzUyZDkzZWE1Y2UzYjY4ZTNlMmJmNGQwNmVlODE4MDg5NjA5ZDEwMjk5ZWVmN2I5MmU3OA', 1556629320, NULL),
(5149, 2, 66, 'MTZlOTAzOTExN2Y1NjM3YzIxNjg0MTJjZDk5NzQyNjA4M2JhYjRlZjAwNTQzMWY5ZWJlYzQ0NzExODAxOTgzNA', 1556636478, NULL),
(5151, 2, 66, 'MDRhMzRiNDFkZjYxMjRkNTgzZDNkY2E1NGQ1YjBmOTdkZWJiZWY1NjcyYmEwMjU0MWM0YmVkOGY4YjY4YjllMg', 1556641722, NULL),
(5158, 2, 66, 'YzFjMDViZjQ1N2IzYWY4ZTBjNTA2NDlhNjEyMmQ4MDk4OWNlZDU5MWJjMTVmZDlkMTI2MWQwMzVlYWIwNWU3Ng', 1556709662, NULL),
(5159, 2, 1, 'NzczODY1NDQ4OThiZGE1NDA0Y2I0ZDFiYmFkMmI3NjVkNTU5OWFhMzI0MWE5OGFiNTNmODNlZmQ2YjZjNWI2ZQ', 1556720038, NULL),
(5164, 2, 66, 'MmUxNGJmZGU0M2QxZDE5NDJhYzc1ZjA2N2I1YTU0ZGNjYzlhNzRjYjIxNDM0YTYwNDhiZGJlYzU1ZjJlYjdhNg', 1556728113, NULL),
(5176, 2, 66, 'NmNmZmVjN2Q0MGVhN2EzY2JlZjhjZGJmNDYyOTNiZTNhMDBlODFkMGY2YWFlNDVlZTg0Y2M3MzdkOWQ2ZWNiYQ', 1556798947, NULL),
(5182, 2, 1, 'YTEwZTc4ODhmYTk0ZDVmZDBlZDQ4NDI2NzIwMDhlMGRhMmZkODY5MzE1OTYzOGQ1MTBiODAwZGJhNmJhNTMxNQ', 1556871699, NULL),
(5183, 2, 1, 'YzRlMzNkNmUxOTNhMzEzYTU2NjUyMTNjZDIwZDFhYzhjMDIzYzZhZjMzNGQzZTg0OGE5NDNhZWRjYWE3Y2NjMQ', 1556881623, NULL),
(5184, 2, 66, 'NDE3ZjI2ODE5ODRhM2I0NjUyZDg4MzBjZDFkMWJiMjUwNGY0M2JhNjUxZTkyNThiMDRmMWI0ZmNkYWNiMjQyNQ', 1556888775, NULL),
(5185, 2, 66, 'Yjc2NWZlZGEyYTZiZDI2ZDg4OWE2NDdlZjczZDJmMmE4MWMxMzRkZDE0NWZiNGM0MDZjMjJkZGRhNDFlOTMwMA', 1556897887, NULL),
(5191, 2, 1, 'ZDFjMWYxYTRlNzZmNjk4YjIyOWQ2YTM4NzUzZGFiM2E4NzY1YmU0Y2RmNjQyYjMzNzRiZmU3YzM4NjY0MTZkYg', 1556901795, NULL),
(5193, 2, 1, 'NGRlYWZlNjZiNjViNzFkOWM0Mzc0MGMxMTZhMjk2ZmNhMDkzNDk2MzY1OWY2Y2IxMTFiNzYxNzc1MTMwMmEwOQ', 1556902072, NULL),
(5199, 2, 66, 'ZDNjYmU5NjljMGQ0NTgzZTU4NjJkNDRiNTNjZTQ3NDViYmZkZDc2YTc0NTE0MjllYjYyNDEyZDQwY2ZjYTg5Mg', 1556906561, NULL),
(5204, 2, 66, 'MTYzNWZkYjZiMjhkOTY3ZWNjMjQxMDA4NTM4NTY0YTE2MDk5Y2RiY2U2MTRkOGVjM2MxNmMxNWRkYzAxMjk5Zg', 1556983494, NULL),
(5211, 2, 1, 'MmMzY2IyN2YxY2E1YzBkNWJjN2E2ZmEyYWYzZmY5Yzc3MmJiYWQ3M2NkMWVlN2RjYTQ0YWYyYjRmNDczNzBhOA', 1557127383, NULL),
(5212, 2, 66, 'OGFlMmM2NDMwOTk0MjRjMDM1NTE1YTA2OGZhYjQ3ZTRkYzhmMTU3NDY1MzliMDVlNjQ3NDJlZDhhYTk4MzI5Zg', 1557129495, NULL),
(5213, 2, 1, 'M2QzZWIwNzgyMjUwNWI3N2NlMTIyZDA5NzU0MTgzZjIzZTlmMDQyNzZhZTE1MTU5NWM3NmU3N2Y4Y2UzZWM0Ng', 1557133435, NULL),
(5215, 2, 1, 'MDYyNDRiOGQwYjZiY2Q1Njg4ZmU3YTQwZWQ3MmMzOTMwMWFmM2ExYmZjY2VjMTBiYTYwYTEzYWU3NGUxNTlkOQ', 1557134030, NULL),
(5216, 2, 1, 'ZTdhMjAyMmFlMTBjZGUwN2M5NmRiODQ5NTc4NjI4YjJjMmY3MzUyZmEwNWIxOTVlZDc0NmE0MzcyMTExYjQyNQ', 1557134206, NULL),
(5221, 2, 1, 'ODA4ZjhhNDVlOGZlMjBhMzZhY2Q0NWI2YTUyMTA1YThmMDE1YjE5ZjEyNjkyYTUxMTBmMGI1Mjc4MzExYWFlZQ', 1557137812, NULL),
(5226, 2, 66, 'NWQwNmM4OTU4Mzk4ZTBhMzFmNDA0ODc1NTE2MTdlZGFkZTRlNTRlNGUwZDNiNzNlZTQ2ZWYwOTZjMGI3NjgwZQ', 1557142282, NULL),
(5228, 2, 66, 'YjYzZWIxMTE4OGRkZmM2NTc4ZDY3NTRhZmU3M2M5MWM1OWM1YmQ2YTY4MGZkOGMwMmNkMzE1ODQ5MDI0ZGFjNw', 1557154279, NULL),
(5233, 2, 66, 'MWQ2YmIxMTRlNjYzNmUzZWRhYjNjOTFhZjViZTg3MTMyOTMwMjYzYTI2ZDYxZjA1MmFlZTNhOWNhZTc4NjlmNw', 1557157188, NULL),
(5237, 2, 66, 'MWNiYWUyZGYyNDhkNmQ4M2M0N2IxZDQ0MGIwYzkzMDUyNGI3ZGRhZmU3NzYwMGZjNDU1MDRlOTI5MTZhYjViNg', 1557160692, NULL),
(5244, 2, 66, 'NzY0NWFkMjg0ZTBlY2I4MzVhMGI1Y2ZkMWQ2NWE3YjgzOWQzMDQ1OGU0NWFlMGQ1ZjMzZTM5OGZkZjhjMTFiMg', 1557226290, NULL),
(5259, 2, 66, 'N2YxZWE0ZTdmZTUzNjAwMmMzMWMyODhmZTFiOTA4YzE1NmE4MGNjYjdjOWVlYjI5NDNmMWI1ODM5NzBhYzhkYQ', 1557313339, NULL),
(5262, 2, 66, 'NmM4OGRkMGQ4MTg3ODk5MGE2Y2ZlODE4NjYyMzFhMzI5NDlhNTIzMTc1YmUzYmIwOGU5YjY0MzFmZGVjODg0Yw', 1557322773, NULL),
(5269, 2, 1, 'NTBiMGMxNzRiMzQ0ZDYzZDhlMjQ1ODExNmFlZTVjYTVmM2FiNTg2NjRkZDg5MDI2OTk5NjE2ZDdhMjM0NGNiYQ', 1557332663, NULL),
(5291, 2, 1, 'NGUyN2NlYWMzY2E0ZmZmYTI1NjQ4ODgzZDQzMjU5NjBkOWIwOTA5OWRhZDI5MTU5M2MwOGJjZGFkOGZmYTYyMg', 1557399516, NULL),
(5300, 2, 66, 'Njk4YjAyYWQ0MzI0Y2FjMTIxNWU3ODYyOGUxN2I2ODUwMWVkMzlhODAwMmU3NTA3NmIyYmJkZWNmY2ExODlkNw', 1557415200, NULL),
(5304, 2, 1, 'NzNkZDc2MTQ2MjFkYjQxMjM2MGNmOWVlZTNhMzFlNzNlMTYxMjI3ZjdlMmJjMzhlOWRlYzc0MDNmNTgxZTc4MA', 1557476425, NULL),
(5305, 2, 66, 'YmViMDQ0NzI0YTAxNGU3ZjI5ZjhiZjM5ZTJmODIzNmMwNGQxMDQ5MjNlMjI2M2Q5MDU1YTgxMDk2NzE1OGNlYw', 1557478013, NULL),
(5311, 2, 1, 'NzkxYjNlNTA0MWYzZjg5YzQ4YzYzZTZlZGJjZWU0Yjk5OTE4Mzg4ZDlhNGYxOThkMmY0NWU4ODJiMDRkYjM3NQ', 1557484328, NULL),
(5312, 2, 66, 'ZmY5NjI2MjFmNzA1OWRjMjlmNmMwOTU2OGJhNDQwNGQxM2RkN2U3MzI3MTc0ODdhYzViYzQ3YWY3NDE4OWE4MQ', 1557486703, NULL),
(5314, 2, 66, 'ZDc0ZWMwYWE2Mjk1Y2U1Y2RlZmU0ZjA1NDFjOGJkMjNjYzA0YWZjZWZhNGMzZjM3NjUwYTVmZmU0ZjMyNDY1Yg', 1557492356, NULL),
(5319, 2, 1, 'NWZjMmM3ZWI4OWQxMDRlZTI4ZGUzZjAzOGNlYTM3YjMyZTlkNTM4ZjExMGYzYWRmYmM3ZDUzMTIxZmYxZDQ5Yw', 1557500343, NULL),
(5326, 2, 66, 'OGE4ZGMzOWFkM2RjYTdhYjRlZDBiM2U4ZGFlOGI3ZmQ4ZGZkYmY1NWZmNWVmOGEwMGUzYWFkZTZmYWMwYWFmZA', 1557509344, NULL),
(5340, 2, 66, 'ZGE0YjVhNmJlMWM1Y2ZmNzZiMjlmZTY3N2NlYzZlYTNjZDM2ZTFiZjhkODI5ZDI0NzZhNzk1OGJkMjRhYjIwNQ', 1557603413, NULL),
(5343, 2, 1, 'MzE2ZjIyNDA4Y2IxNGNhZWE1NTc3MzdiYzEzOTM5OGI4N2ViZDI0MjUyYjA1Y2I1NTg2MDdmYjZjM2M1MzVlZg', 1557733661, NULL),
(5348, 2, 1, 'OWZmZjlmY2NmMjk0NmU0OTBkYmY2MzY2ZDc3MzMwM2Y0NDBlYTRkMjgxYTBiNzI0OTdhMWM4ZDFjYzUxYWIzOQ', 1557756976, NULL),
(5362, 2, 66, 'NGY4NzhiYmZhOTAxMGZkMzNkODFkNTU3YzU0NjIxNTQ5NmQ3YTUyY2QyMGVlNzljYWI0MWQ1N2U1MzE5NDQ3MA', 1557842277, NULL),
(5365, 2, 1, 'NDZkYjYwYTA5N2Y3MTYwYTBkYmFhM2FjNGRjY2M3ZjVlMGI1ZmE3MzI2YTE4OWJkN2U4MGVlN2M1ZDEyNzExMQ', 1557845054, NULL),
(5389, 2, 66, 'ZWNkMDZjMWI2ZTBmZDVkNzNkMGQ1ZGU3NWJmMDEzYjJhZTJlMjhlOGEwNGM0NzA2YmEzOTMxOGYyMDk2MTc5YQ', 1557998470, NULL),
(5393, 2, 66, 'MDI5ZmViMTEzOGY5MzAzNTQzMTRhZTFhOWY3ZTYxYzc2NjMwNzEyNzIwNWY0NzQzZmEyZDFhZTM5YjU0MzRmOQ', 1558017679, NULL),
(5402, 2, 66, 'MmQ2YTViNGFhMzZkNjZhNTFmMzc1ZmI0M2I5MzliZmExNWQwNTYwMzM5OWQwODQ3MTdmODRjMzA1OGUyN2JlOQ', 1558100594, NULL),
(5413, 2, 66, 'NmRiOGVjY2QwNmM3ZGE2NTIxMTEyZTkyZWI0NWE0NzJkYTRiYWIxYTIwMzllMDM3NTU5ZmU4Mjc0OGUwN2E0ZA', 1558180251, NULL),
(5422, 2, 66, 'MzdmZjcwOGU4OGEyZmIzNGNiNzAwNWI5YWU3YjU5MDk0ZjI5Mjg1NjYxMzA5Y2U5YjU5MzZkMTUwNzQxNTJhOA', 1558199018, NULL),
(5424, 2, 66, 'ZDQzOWU1Zjk5ZmQyZDEwNjg3MGI4ZTk0MTdjMjJhZTJjZDk4N2U1ODgwYzZjM2UwZjM0ZjU0MGNjMGQyZjU2Ng', 1558206476, NULL),
(5435, 2, 66, 'MTU0M2QxODU1MWY5NmIxOWViOWY0ZDYzNTZkNzRjMjkzOTcwMmVjZDFjZDEzNDM3NTY2NDBkNDc4ZDBiZWI0NA', 1558286457, NULL),
(5442, 2, 1, 'M2FmNDhhZDYxNWM0N2IwN2NjNjRlODRjZmNiYTcxMDM5YmQzYmRlOTYxNmUzMDY0ZTRiOTZlMjYwZDQzOWMxMg', 1558348773, NULL),
(5443, 2, 1, 'YmIxYjY0MGZiMjhlMmI0Y2RjYWM0MTc0OGJlOGEyN2NkZDI4NjU2MzE1ODVlNjk5ZTJmZGUwMWY4M2VkNWQ2Mg', 1558349502, NULL),
(5445, 2, 66, 'MDkwNDEzNDY3OWE4ZDdiZTFmNzM4NGIyZWE0MGQ4ODk4MmEyY2UwY2MxM2M2MmRjZjY4MzBmNzM4YzI2OTY2Yg', 1558351291, NULL),
(5447, 2, 66, 'MmM3OWJlZTkzNjNlODRlZjE4OGIyYTM5YTFhNTg3Y2Q1ZTUyOGRmNmE4NGIyNzQyNThjOWQxZjA2NDRkNjI5Zg', 1558352148, NULL),
(5459, 2, 1, 'YmY0M2E3ZDg0NThlOGRkNmEzMjczMjU4YTEwMmFiZDNiNmUyZmE3MTRlZmE1NWQ0MWY1ZGMzNTNiZjgyMDhlNw', 1558431096, NULL),
(5465, 2, 66, 'NTFlOWU1YTM3OGQwZDM3YjkyNzkzOGVlYmVmNWVjNmFhZDdlODkzMGI1N2U2Y2EwODFhODFhOTBkN2FiNjQwZA', 1558461162, NULL),
(5477, 2, 1, 'Y2ZlM2MyYWZkNmE4MjA2ZTkxYjYyMWU4ZjAxMTBlMWI0NzlmNzA4YTYxZDc3OWUwYTFlM2U3NDFlMzU0MWY4ZQ', 1558603736, NULL),
(5478, 2, 66, 'M2FhNzIwNDRmOTdkMDI3N2M0NDE4MzExNDVlNDYzNWQzOGUwNDkzNjgwODFkNWJhNTIzZWEyNzEzNDBiZDQ0NA', 1558603891, NULL),
(5482, 2, 1, 'ODNhYTA3NzA4Y2MwNzM3MTMzMTczMzdmNjMyMTcxZDIzNTBhNzZkMDRkM2MyYzQxZjI5YzRkMDkwMTNhYWZkMg', 1558613796, NULL),
(5488, 2, 66, 'YjUzOTI2YjhiNDIzNzhlM2ZlNDU3NjNlODJjMWEwZDU1Mjg3ZWU4OWFjMTdiODY1NTYwYzQ0NDhjODMzOTJhOA', 1558635688, NULL),
(5492, 2, 1, 'YjFmNDQ3MmMyOTFkMTAxNGM0MWE2NDU2OGUzODA0ZjExNmI3YTc5NjNiZmNjNjc4ODQxNDRjZjM4NWU4ZjJmNw', 1558690851, NULL),
(5493, 2, 1, 'NDg2YWVkNzIwOGNkNzc0ZWNlODBjYzRmNGEyZmY2ZTczZDM0ZDk3MGNlNzJjMzY4OWM1ZWUxNWQ0YzRiZGFmYw', 1558691896, NULL),
(5494, 2, 1, 'MjI0MWVmMzE1YzM5YTNkZjlhYWFhYWZlNTgxZjYwNDYyYTQ1Yzc5NzM3Y2Q1ZWM4YzVlOGYyODAzNjdjNWViNg', 1558692442, NULL),
(5495, 2, 1, 'ZmM2NDI4MmE5MWUwYmIxOWZkZDIyNDM1OGI0NWFmYmE0MTc1ZWI0NDA4OWU3OGQ2NjRkNzA5Nzc2NmZmYjY3MQ', 1558700187, NULL),
(5496, 2, 1, 'MThhMDlmZmIxMWNlYzMwMDA2ODQ1MTc0ODRmNTMyZjZlNGQ3YmFjOTEwYmM5MWJkNjU1ZDVlZDdjOTUwMTVlYw', 1558704879, NULL),
(5498, 2, 66, 'ODYyMDA0MmM1N2EwMzNlZTQ5ODdjNzVmZDE1ZTQ4MmNjYmI0ZWIxNDE5NmFhMjcyODE4MjQ4NGY2YzY3NTkzYg', 1558706427, NULL),
(5510, 2, 66, 'NmE2Y2U5MDZjYzhkMDc0YWRhYzY4ZjRkMjE2ZjMwZWNkNjYzMDdiOTc2YWM4NzgxNzVlMjc5MmQ5MmMwMGU4ZQ', 1558780123, NULL),
(5513, 2, 66, 'NWYwZjAzNjU3NTAzYmRlODE4MzU4NDcwYzZlZmFkMGE2ZjQyODc1NjRmMzRiODY2Y2I2OWJiM2M5MzExMTcwYQ', 1558783645, NULL),
(5514, 2, 66, 'ODcxMzA4Nzg1N2NiNjAxNzE5ZDFjYjk1OGIyZTllMDdkMjBmZmY1MzA0Y2Y3M2VhZGRiNGVjMzBkMjU5YzkyMw', 1558788802, NULL),
(5516, 2, 66, 'Yjg3ZmMyZmI4ZTk3ODk4YmQ1MTY3NTdjMjJhNDFiOTlmYWM1OWJhM2IxZDUyZGM5MGNkNDQ0YmU3MTQ5NjhiYQ', 1558798882, NULL),
(5521, 2, 66, 'YTdhMjk2NDRhYzc5NzVmNWE1ZTFhNWY1NjRkMzBlOTUyMDIwZDIwNGRjYTFhMWQ0YWYyMDc1MWE0MmJiZmYzYg', 1558819680, NULL),
(5534, 2, 1, 'NDcyYjIyNDIxZmE5ZjNmOTFmZGY4YmE5ZWIyZGY0MjFkYmZhZjAyYjg3YWE5MDM4MWIzOGIwYWMwZmVlM2YzNA', 1558949885, NULL),
(5535, 2, 1, 'N2UxZTlhODE3OGE1Mjc2NmViN2YwY2UzODZhYWM3ZDBmM2E1MWM5MTI0NzBmMjIzMThlNjY4ODZlZDMwMzQ0NQ', 1558950570, NULL),
(5536, 2, 1, 'NmFlOTM0MjczNGIwOGNkNWNiOGQzODkxM2JiNjlhYmU3ODQyOWQ2NzI2Njk1YmYwOGYwYWE4ZTUwNDg2ZTczYg', 1558950983, NULL),
(5538, 2, 66, 'Njc3ZjFmNTI0Zjk5ZmZkNDk0YjVhMWE4NWFhNGJhZGQ1ODBhOGQ3ZDI1MmY3NDI3MjM3M2FiNWFhNzhjYzk3MA', 1558957450, NULL),
(5560, 2, 1, 'N2NhMDZlMzcxMjNmMzhlMjU3MGUyMzI0MTEyYzc3ZTZjMmU4NmFjNzUxZjFlZDNhYzdhYjQ3Y2E5Y2FjNWZlYg', 1559036099, NULL),
(5564, 2, 1, 'ZDlkMGVlYzllZTNmYTliYjZjZGE4ZGZlM2YzNmRkMWRhYjBlMTI0MjZiYzc4ZGMwZTllOWFmMWE2ZjI3M2ZkMQ', 1559045969, NULL),
(5569, 2, 76, 'ZTA0ZmI5NzE1YTVlOTRiOTlmM2M0MzcxNWJkYmYwOTRkMmEyYWQ0MzU4YWI0Yzg3MjIxNzNjNTg0MDkxZGE0Mg', 1559049721, NULL),
(5577, 2, 1, 'MWZlYzBlNjQ3NzE4NTVlMzUwMDhhZjUzZTdjY2E2NGVjMzgxNzFlYjU3MjcxYTFmZTA3N2YxNjg2NTA2MTFmNA', 1559126056, NULL),
(5579, 2, 66, 'YWU2OTFlMjE3YWU3MzJhMjIyYTJlZDliMzQ5NjRhYmRlODBhNjJjOWYxZWViYjA5YjNiNWE5ZTFmODAxZDM4ZA', 1559127834, NULL),
(5580, 2, 66, 'Y2YzNmRlYjlhYjE0N2M2MTcwMmQwOWFjMmZiOTU1NmIxYjU3Nzg0Zjc1YzI3MzZkMzRmODQxZmE3YmIyNmIzYg', 1559131219, NULL),
(5582, 2, 66, 'NjUyYmI5ZTEzZGJlYzkzOTIyNWIyYWFlY2ZiNDEyYWQ3NDc3ODUzODcwNDUxZjg5MWUzYjg2NjIxOWViOWZhNg', 1559131384, NULL),
(5585, 2, 66, 'OGI2NDZmMjhkMjllMTdmNDQyZjZiY2M2ZDMwMjAxZjc2N2NhMzYwYzYzMzZlMmZjNWM3ZGY0YTY2NDAxMDA5Mg', 1559140484, NULL),
(5590, 2, 66, 'ZjhhYjUwMGFmYjgyNzMwNDc3OGRlNjNiMzRjOWUxYjE1N2I3MzliNzdiMGE0YmY1ZmE2ZDdmOWNlYmJiNzU1MA', 1559162788, NULL),
(5593, 2, 76, 'ZjFjN2E5Mjg3Yzc3Y2QzN2MzMzZmNWMwN2U5NmViNGJiMTExNDdiMDJhYjYxOGVhMjIzYTM3YTU3ZTZlMzdkZQ', 1559209185, NULL),
(5594, 2, 66, 'MTk3ZGZmOWZjOTc3OGNiYzA0MmU2YzEzZTcxN2UwOGUzNDQ1NDZjYjBmNGQ2MzFmNTk3ZjNjNzVmYjIwY2MyNw', 1559212568, NULL),
(5595, 2, 1, 'NDA3YjlhZjI2YzY4YTBkMmU3MjZjNjYwOWUwYjVlZTUxNDFjNTNiMjMxNWY3NzUwMjU4NzI5NDg5ODk3NjRkMg', 1559216094, NULL),
(5599, 2, 76, 'YWU2NDFlYzllYTYyMmM0ZDJkM2Q4ZDBjYjgwMzQxNzYxZDBhYmE0NWJjZTc5YmU3ZDM3OTkwN2IwNzc1MDUwMg', 1559219616, NULL),
(5601, 2, 66, 'ZDY3ZmE5MzQzOTczMjE1NDcxOTBmNmQxNDY5NjMyMDlhMThmYWM4NjhkMjdkNGQ1MjE3ZGRlMmMwMTY0NGFhOA', 1559220582, NULL),
(5602, 2, 1, 'NGIyZGZlMmQ0NGZmZGNmNDFhOGUwMTBmMDliODZkYjkyNmE1MTkyNWFkMTMxNTFjOGU4NDIxYzQwNTFmYjhhYQ', 1559223812, NULL),
(5603, 2, 1, 'NGRkYmViNDlmZTZkYjcyMjI2ZTcwYTBlMjE1MGY1M2IwOTFkYjY0YmNlYzY0NjdlODJkODUwZDY5ODJlOGZjMg', 1559227505, NULL),
(5609, 2, 66, 'ZmU1OTM4M2FhYzUzYTEyNzI2MjQxMzEzMmJkYzk5MTMwYTdhYWY1YjEyYWM1OTY5MzE5NjNlN2I5NTUyMjE4Yw', 1559249106, NULL),
(5615, 2, 1, 'YzlmYmVhMTkxNTg3MzdmYTExMzdjOWQ0NmJkYWFmMTIxN2VjM2ExZmZiNDFiOTA5OGRlNTUwMDFlYmRhYjQ1MA', 1559302447, NULL),
(5617, 2, 1, 'NDhhZDg2MmZhYzgwMGE5ZWUzMDlmNjIxODIwYzU1ZTBjYWM0ZWU1ODBjNWY5ZjhkMjY1NjJmYmIyMTg2OTYzMw', 1559309789, NULL),
(5622, 2, 66, 'ZDk3NTg0NzQ0ZWMzZmMzNDg0ODcxMTE2MmM5ODM1YzFiYTk0NGI1MzViNjA2ODViOTczNDllOGIwMTZhMzQzYQ', 1559330093, NULL),
(5625, 2, 66, 'NDdjNjM2ZmFhZGU3MjM2YTEwZWFkOTdhYjBhNWU3NjYyYjA1MTcxY2Q2ZWRjNmQ5MWI4NzU4Mjc4YzBjODlhYg', 1559407794, NULL),
(5631, 2, 66, 'ZDljMzI2MGIzZTJjMDExMzNhYjM5ZWJkM2JkOTI4Y2RlNDQ4YzU2ZWYxNmU4NDE1MWIwOTQ4MDViOGYwYjg1YQ', 1559497220, NULL),
(5633, 2, 66, 'NDE3MTYwMmJhNmM5NzdhZmRlMmEzZjA1OGYyMmE4ZjczNjMwZjJmOTJiMjEyODlmYTY0OWVkYzJhZThjY2RkZQ', 1559507121, NULL),
(5635, 2, 66, 'NGFmNGI3NWMzYzZhMDM1Zjk5MWViMmFiYzUxYmFmOTU5ZjhmMjAxOGYxZjNiYTFmM2E0ODZjZDU2OTRhNWM3YQ', 1559511362, NULL),
(5637, 2, 1, 'NDg3MjdlZTkyZjcyNTM5YTZmY2UyOWRhZTViMzA0ODUyOWY4OGU3NjIwYTNhNmNmNTE1Y2I0NTdmYjBmNmIyZg', 1559553980, NULL),
(5639, 2, 66, 'ZGMwN2I1NTFhNDE4MDc1M2RjODM4MDY5ZWVjZWYzOGNhMDFlNjk5Y2I5NTViNzNhNjUyYTMyYTNjZGJmYjk1NA', 1559555438, NULL),
(5642, 2, 66, 'MGEyMTg2MDA2Yjc5YWQxMGU2N2VkMjYxMTFmYTZmMjY4NTVkY2UzZmFkZDYzM2JhYzkwNmFkZTBhNWIxNmQ2NA', 1559561859, NULL),
(5643, 2, 66, 'MTQ1ZjM3NDYyMWNkNTVkMjNjMGY4YjE1Mjc2YjEzN2FmMjc3MTc5NWM5Nzk0MjJiNTFmM2IwNmQyMGNlMTlkZg', 1559562146, NULL),
(5644, 2, 66, 'ZDc5NjAyNTJmYWE1OTViYjE5ZGM2ZmU5NDBkZGNhMzE2NmZiODNkY2JhNjFjYWZiOTI5NzNkZmI1NzUzYThhZQ', 1559562246, NULL),
(5645, 2, 66, 'OTI0YWU1YjViMjI0OGExYjZlOTYyYzU1NTlhZGYyNzEyYWI0Mzk0NGNhYmQ2YWQxNDIwYzVlYmRiNTU3NzBiYQ', 1559562252, NULL),
(5647, 2, 1, 'NGFiNjZkZmE0MGRjMGM5NmJkNTE1ZmFkNWMxZGI4MzVmMjA4ZjlmNjA5MzI2NTQ3ZGViY2FhYjEzYmIzODQ4NQ', 1559571450, NULL),
(5651, 2, 66, 'YmVkMGU4NGM4MDk4MGU1MjZjZmZlOGIzZDI4MTNjNDNhYTU3OTBlMjFiYzI5NTVjYjE4YTQ1ZTM5ZjEyYzBhMw', 1559583083, NULL),
(5652, 2, 66, 'MDQwZGE2OGI1Mjc3ODVjMjlmNWU5NmRhOTk1YzJmMzg0ZGRhYzAzOTIzNjJmNjdmYmY2NDQ1OGQ5OGMzMmE4OA', 1559620817, NULL),
(5653, 2, 1, 'NTAyOTI4ZWE1ZmIxOGQzZmJiMDA1NTYwODQxYmQ2MTQwODgxYjlkMmYxNWI3ZWU3YmEwNzUwZTViNzk3NjQ1MQ', 1559639468, NULL),
(5654, 2, 1, 'Y2I0YTRmNzljNzY4N2Q3MmJhYTM1YzQ5MjQ1ZDViYjgyNWQ5YTBlODU3ZTAwNmU5M2E4NDlkZTBmMDhiMDBmZQ', 1559641708, NULL),
(5655, 2, 1, 'Nzc5MTNhYmZlNjg0YzkzNDZkZTljOGNlYzE4ZWRjNmI3NWU2YWVlZWY5NzQ1NGVlMDM4MTlkYjFjNzVhNjk2Zg', 1559641713, NULL),
(5656, 2, 1, 'Mzg0MjQ4ZGNhNWMxZTA0MjVjN2JlNjZlMzRkMDE4Y2E3ZTQ0OTUyNjYwZDk1YmZkMTU5NWI0NjYyNjJlZDgwYQ', 1559641874, NULL),
(5657, 2, 1, 'N2ViYWQ0NTQ1OTQ0ZTIxMzcyYjIzNTEwNjJmZWM3YzcxMGUzNTQwNzBjYTNiYTYxYzZkNmE0YTBhNmNlZDg2Ng', 1559645116, NULL),
(5658, 2, 1, 'MmI4NjBkMWM0NzJhNTJkODc4NTY3MDBhYTI0MDQ3YzY0MTg4YzRkZmUwMTQ4YmJiNzQ5ZmQ3MTNjNzBhNGIzZg', 1559645928, NULL),
(5659, 2, 1, 'OTc1MzhhOTc2MjZjNTllMGMxYmEyYzcyMWY2MTMwN2I3YTFkNTgzNDg5Mjk0YTYxZjgyY2JkYjQxNTZmMDI0ZA', 1559646689, NULL),
(5660, 2, 1, 'MTExMmViNzk2YTk2ZmU1N2RmMzkzMDc0YzJmZDY0NDYzY2ZjNTg3YTc5ODFlOTgyMjA3OWY4MzI1NmQwNDllNA', 1559649208, NULL),
(5668, 2, 1, 'ZTJlOTJlYjYyYmRiNTZiMGYwNDRiMGU5MmM1OWRkNzg1ZWNkMjc5NDNmY2Q5ZjdlN2EwMTlhZTY2ZTM1ZmVkMg', 1559728833, NULL),
(5669, 2, 1, 'YjQ4ZTVlMzJkM2RmMWU1YTRkOGNiMDE0N2Y1OGE4YmQ4Mjk0OGNmY2IyYzJkYzM5ODQ5NDA3NzZiOGM4NDg4Zg', 1559733098, NULL),
(5672, 2, 1, 'NjQ5ZGU3ZjlhMzZiYzM2NjdkMTczNGJlZTdhOGYwMDA1OThkMTQ5NDQxYmE2ZjhjNzllOWE3MGVjNTQ1NDMyYw', 1559738568, NULL),
(5674, 2, 1, 'ZTFiZTE5MDkxZDRiNzNhMDk0MzMxY2RjZTZlYjY0NWZjNzk3YTllZGMxNDlhZjAyMjQxMGZjZWM2N2FkYTFhMw', 1559738889, NULL),
(5680, 2, 66, 'MWIxNzE5ODFiNDYxYjA1NzUyYmM1OTUyZmZlZDYyOGYwN2ZjM2NkODZkNzYyZDFmNDc1Y2NlY2ZjMjM1OTZmYg', 1559773064, NULL),
(5683, 2, 1, 'ZjY4MWY1ZWEzNmY2ZmQ2MTMzNzNkMTM1NTc1NjljMjNkMTg5NTNiNzNhMWQ0MWQxYzA0NGE1NzhlMzkyMzdlMw', 1559813250, NULL),
(5685, 2, 1, 'MzQwMTFiMjg3ZmNhMTYzOGVlNDA4YWJlNjg0YjliMTM2NjJjZDk1MzI3ZTEzOTg4MWU1Yjc1YTcwNWZkMDA4Mw', 1559814849, NULL),
(5687, 2, 1, 'NWRmMmMxNThmZDNiNjMwMTViYjRhNzNmYjc3NTk0MDQzNzc3NjA3NDM2ODA2YzQ3NjU4ZGJmM2M1MjE3MmVlYw', 1559819092, NULL),
(5688, 2, 1, 'MTYzNTY4ZTg5ZGY4NWViMmE0MjU4MWJjZmQzYmNmMzJmYmVjNGE1MzVhMzQ4ZDhmYzA2NmE0MzhiZDlmZDgxZA', 1559833015, NULL),
(5692, 2, 66, 'MDE4ZThiNzliMWRmZTI4NDI3ZDI4ZWU5ZjVkNzFjNDYxMWJhZTRkNTkxZDNkZTBkZTIwYjcyZTYzZWFjNDY2ZQ', 1559898137, NULL),
(5703, 2, 66, 'OTE5MzU3OTcxOWFjYTM1NmI0NDUzMDU0YzA4OTgzZDQ5YjkyOGMwNmY5YTE4NDNkYzI5MjEyNjI5NDNlM2Q3YQ', 1560013194, NULL),
(5709, 2, 66, 'OWM3YzZhZTkyYTMwMzZkNmE0M2JmN2M3YjNiY2Q1NDJlZWY1OGIwNzkzNDdiN2UxNDBjNjkyODA4ZDc0NjcyOA', 1560099518, NULL),
(5715, 2, 1, 'YTMwYmE1NzdjNjIyMzI1MDk5NzZkZmJmOGRiYWRjZmVjNDNmNDFlYWE1OGY1ODU4NDllYWMzMDUwMjZmYjI2OA', 1560170083, NULL),
(5738, 2, 1, 'ZTQ2NzU5NjNhZjE2YmNkYmNkYjc1M2VjYjkwNmUxYWNiZjcyNjdiY2Y3YTcxYzFmOGI4MzQ4YTRkOTQzMDk1OA', 1560245235, NULL);
INSERT INTO `oauth2_refresh_token` (`id`, `client_id`, `user_id`, `token`, `expires_at`, `scope`) VALUES
(5744, 2, 66, 'ZjdiYjY5NGMwZGIwMDM2Njc4NTYzNTRiNDIyMzQ3MWU2YWM0YjNhNDQyMTdkOGZmODQ0NTNhNjE0ZTMyZTQ0Mw', 1560275720, NULL),
(5751, 2, 66, 'ZjIwNTFkZjI1NjU3MTMxYTg2ZTI2ZjliMWVkZTk4ZDg1ZmRlYTM4ZmExMmNjNGZlOGE1ZTVmMmY4MjYyZGM3Yw', 1560290392, NULL),
(5754, 2, 1, 'NzE4ZjRkMGNlNjAwODI4MmNmMzBlZWI1NGE2ZTIxZWYyOGU2YWUwNjdhOGNmNGJhYmNkOTE0ZmJiZTZmOGJhMQ', 1560333026, NULL),
(5758, 2, 66, 'MzBkMjIxNDgzMGYxNjY4MTlkNzU0NDBhN2VjNzNhYzc4NzYxMjdlMGFmNDc4MjQwMjc3NDE2NWVjNWRmOGQyMA', 1560354794, NULL),
(5769, 2, 1, 'ZTlmMWRhMDUyMmQxNWFiNmIyZjRkMGQ2YTczNmZjMmZmNTQ3NzNlMTY3MGY4YTEzNTViYWJkNzMwZjJmYjVkMA', 1560420500, NULL),
(5772, 2, 1, 'ODdjODQ4ZmE5MWU4Yjg4YTUzYjFlNzk0ZGJmNjM3ZDRlNDI0MjBlOTc4NTU5M2ViY2Y5MzQ4ODEyMGFlM2NhNg', 1560424390, NULL),
(5773, 2, 1, 'YWVkYTM5NTY2NDBmZTRlYTJjNzNkY2RlODU2ZmM0YmNlMmNiNTFjM2E0NGYzMzg1NGNkZmNmNTliZGExYzczYg', 1560435365, NULL),
(5774, 2, 66, 'YmIxMzg5Mzg0ODZkMDNiMDU2MmFmMDgyNGI4YTI1ZDQ2M2M5ZWY4MGMwYjE5NTNmNjJmYWZlNGZhNTE5MjY5MQ', 1560435620, NULL),
(5780, 2, 1, 'MmVmMzdkMGY1Y2IxYTY2MThmODM1Yjg3MDdiMzQwM2JlMzA1NDdkNTc3Zjc3NTdjYzliMWRjNGQwNDQwMzQ2NA', 1560505958, NULL),
(5782, 2, 1, 'MmM4ZTYxNGEwZjU0NmM5NTRjZWFlYTI2NTc4Yzg1NTY1MWQ0Y2E1NmNmMWViNGI2NWZlMjFhYjNlY2Q0MTdkYQ', 1560514823, NULL),
(5783, 2, 1, 'OTI4Zjk0Y2ZkYTBiNmM5ODllNmFkZGU2MmQzYTRmZTlhNjY1NmU3NTA3YjllMjZhNDczMTU5YTdkMGRhNDc5Ng', 1560519400, NULL),
(5784, 2, 66, 'ZTM2NjYyNmEyMWRlNDVhNGMwMzRmZGZhYzBiYzdlYWU0NWNiYmNhMTY0YzUwNjc0MTAwMzUwZTNhOGEzZTlkZg', 1560519799, NULL),
(5785, 2, 1, 'ZjU4NDY3ZjM4OTA3OWVhNzI2Yjc4NjhjNDA2N2Q1ZDJkMzQ1OTQzYTJlNmM4MTMwYmY5OWYxYTUwMTdiMGE4OA', 1560526641, NULL),
(5786, 2, 1, 'ZTNlZGE5NzNiYjhjMzQxOGM1NGJlMjQzZWViNDBlNzNkYzhhYWNmNzhhZWQ1OTI5YTY0ODRiM2ZmYjJhNjM0NA', 1560526860, NULL),
(5787, 2, 1, 'M2VmMWQ2M2RhNWE4MzRhNWEwMjQ0MWY4NDIzOWUzZDBkODNmY2YwNmM0MTE1NzQwYzEyZTEwYzNhZWU5MjlkMA', 1560527294, NULL),
(5790, 2, 66, 'NmNkZWQ1MmNhMzE5OWI0ZDQ2MmExODkxMzYzMTJlOGY5ZWVjNmQzMDQ4YWJlM2Q2YWQyOWYxZDdlOGQ5MTEwYg', 1560533364, NULL),
(5806, 2, 1, 'ZWVhNWY3NzQ2ZmZhMGQ4NzEzMmZkZDBkNWQzZTQ4YWZmM2UxMmY3MjA5ZTBhOGQzYmFhNjczMWU5YWNhNTdkNg', 1560549316, NULL),
(5807, 2, 1, 'Y2I0NTA0ZmZiYjJjOWUzOTI4OTQ2YzE0YWRlNzYyYWY4NzY4NzI4NzNlZWQ3NmZiMDJjYTUzNjJkYjYwYjFlZQ', 1560563379, NULL),
(5808, 2, 1, 'MWIxMGEwNzEyZjU1MTM1ZDY3YzAxZTcxNTgzYTllMGVjNTRiMzNkN2M5ZGIwODI0NTk3MzBjMjUwMjI3OTQ4YQ', 1560582475, NULL),
(5809, 2, 66, 'OWQ2ZGM3ZDJmMjk4YWY0MjYxOTlmODc3OTE0MmUwMGFmMzk4MjIxYzdmNDQxNTk4NmU2MmU2NDU2MDI2Mzg1OQ', 1560603238, NULL),
(5812, 2, 1, 'ODlkYjVhNzY4YzhkOGQzNzJkM2I0YzcxN2RkMjM2YTcwMGRiYzBmMWZmM2ZjMGI2NmMxMDA4YzQ1Y2JmOTJjNw', 1560625981, NULL),
(5844, 2, 1, 'ZGUzYTE0NGQ3OTlhMTk4OTcxNmI2NGNjMmE4ZWE5MjY0ZGE2OWU1ZDBkOTIzMDUwYmU3NWE4NDI0OWVkNDVjMg', 1560774321, NULL),
(5861, 2, 66, 'Yzc2ZWNhYzQxNTFkZmQxOTc4MjQxMjg0MGZjYmMwMTgwNmQzZmEzOTc2ZDVlMmQ1MDdmYTBiN2VlYTA1Mjc2NQ', 1560962257, NULL),
(5864, 2, 66, 'OGYwMzJjZWQ1YmNkZmE2MmM3NjEzZjY1N2M0MjNlMjkwYmQ0NGNkM2NiYTEwMzEwNzNjNDhjYWYwMDBmOTIzOQ', 1561023813, NULL),
(5877, 2, 66, 'MDA0YmZiNGUxNDEzN2JhOTE0ZTdiYTczYzY2YjE5NjFkOTA5NmJkYWI5NWU4ZmEwYzM0YWM0YzcwNTA5NmY0NA', 1561073825, NULL),
(5884, 2, 66, 'NzExMGVlMzg2NjhlMGNhNjYwMzExZjAwM2FlMDAwZjBjZTcxNzdiZDkyOGM0ZjZlNTdhYTQyZmFkNDc4YmQ3MQ', 1561127630, NULL),
(5889, 2, 66, 'ZTkxMjMyMjI4NzhkZTFkZWFlZjdjN2FlNjQ0OTZjNTBmZmFkNTY4OGMzNzRmMDQ5YzIxNDQwZTUzNzBjODQ4NA', 1561140017, NULL),
(5897, 2, 66, 'YWRmMDdlMzY0NzEwNDhiMzFjYWNjNDc0ODQ1NDJjNTFkYjJmMTIwYWY1MTllYTllYjZiYmI2YWUxMDljNmRjNw', 1561213346, NULL),
(5900, 2, 66, 'NzA2ZDRmNDNhMjY5MmMwNTU5ZDc0MjU1YmY3MDUzNjFkMzIxMmU5MDIxMTlkZmMwNzYzNWFhMTc2MDE3ZDdlMA', 1561233591, NULL),
(5906, 2, 66, 'MTRkMThjZDY0ZDBkNjg4M2QzZjVhZDZhY2Q0YjNlNmYwMTg1ZjFkZTdjMDU1ZDBiNjE3MTZlM2M3ZTM4NGNjNA', 1561298739, NULL),
(5914, 2, 1, 'ZjhmYjgxOWZjNTEzM2MwZjg1NWQxY2Q4ODM5NzgyNGEyYTQwZGJmMDFiYjc3MzBjYjVjZDE0ZTc5NWViZGE2NA', 1561360090, NULL),
(5919, 2, 66, 'OGYwMWQwZTZmYTc3YmJlOTMwNmIxYWUzNWZmMGZjYWYwMjFhODQxNGFmODE4MzA5MmJiZDhkZDdiNDNlNjY5Yw', 1561376486, NULL),
(5932, 2, 66, 'Y2M0NTY2Yzc5OTUyMzE3OWMxNTBlZTJhNGVmOTZlOTFjM2FhYjZlMzllZDliNDEyNWU2YjI0NTcwMDJmYjEzNg', 1561453744, NULL),
(5933, 2, 1, 'OTQzY2RmZWRmOGZiZDdlYTIxOTRkMDNlNjdmYjE3ZWNlZDQ2MWFhOWJkZTk2ZGYzZGI2Nzk2NDgzY2JjMzMyOQ', 1561454150, NULL),
(5935, 2, 1, 'NTUyOTA1MWFhNDJmZTg5MmI5Zjk0NzhiYjU1YTUwYTY4ZGJiNGQyNDQ2ZDE2OGU3MGVlNWJjMjBkNTYyZTA4OQ', 1561454531, NULL),
(5936, 2, 1, 'OTliOWQ2YTNkMjg4NDg0OTIzODFhMjY0ZDQ4YzJiOTE5OGRlMjVkNWE3ZDZlZDhmNDIyMDRlMGQ1Nzc4ZmIwYw', 1561454705, NULL),
(5938, 2, 1, 'ZWEwOWNhNzZjMjczZjZiOTAyNzU3ZGJmYmVhOGRlZGJmY2MyNjQyOTI4MDMzYWYzMTkzMDVjZTYwMDkzZDk0Yw', 1561456702, NULL),
(5939, 2, 1, 'N2JjOWEyMzJlNzBiZDE4MDhiMmE0M2IyNjhiN2M5Yzc4ZTVlNTExMDZhYzcyODUxNDlmOGFmZDFhZThkYjRkMQ', 1561459306, NULL),
(5940, 2, 1, 'ZjVhOWM3ZmY3MGYzMDFiN2EzYjdlNTE5ZjJlYTFlMmY4MmMyMDA2ZTZkM2VjMjA1ODQyZmY1MTViZmFiOThkNg', 1561461551, NULL),
(5941, 2, 1, 'ZmFkMjQ2MmUzYTI3MzEwZTZkOWJhZjI5MDRmOWJmZDQ2YTNhMTZlZGU0ZDFhZWJkYmI3YzU2Y2I3MjY4ZGNkMQ', 1561463344, NULL),
(5942, 2, 66, 'MGFkYTdhMDcwZGViM2UyMGRlNGFjY2Y4N2Y3MDg5MDM2NGFhZjg4NzlhMDAyNzkxMzk2MTVhY2NhZmI3YWJlMw', 1561463718, NULL),
(5944, 2, 1, 'ZGZjYWM1ZjgxOTljODZhYWRkZjEzYjg3NThhYWQwNGI0NGVjN2U5YWEzNGM4MWUxN2MxYzEzYzRkODQ4MDc5YQ', 1561469607, NULL),
(5945, 2, 1, 'YzBlZmY1MmNjOGFiYzUwZDIxMTUwZDg3NWRmY2NlYmFhYTc2NjNiODAwYTFmYzgwOWM5NDExNWQwNjIxNzM3YQ', 1561469753, NULL),
(5946, 2, 1, 'ZDQzZTA2MTJlMDRjNTk0MzBkZGUzMjQ1MzQyODg0Yjg5ZjAxNmM4ODhiNTNlYjc4ZTQ5MmYzMjgzY2Q0ZWMyMQ', 1561471009, NULL),
(5947, 2, 1, 'ZTFjMjAyMjk3YjMyOWI4Yzg2NmM0NTk0YzFjY2U2MjMwZjgwZGI5MGMyZGVlNjdhNzE2YWE0NDU3ZjAxOGZmNA', 1561476344, NULL),
(5951, 2, 66, 'YTUwNDA5OTdhMDY0NDliYzRiYWRjMGZkOGZkZTc2ZDIyODY1ODczNzEyZTRiZjAwODcwNjMzMjRiNTJhMDlkMw', 1561488453, NULL),
(5955, 2, 1, 'ZDczMDYxMTVhYjE3Y2YxNzc4NjcwMmYzODk3YTNmZGYyM2NiZTdlOWI2ZGJhYmQwNTgyMGQ5ZDIyNTI1NmQ5YQ', 1561535098, NULL),
(5961, 2, 1, 'NjU1NDg4YTM1YTA1Njk4Mzg1MmY0NjY5MTNlMDE0YWRjM2I1ODIwNjdiZTI5ZTExNDE5Nzc5ZTI3YWI2OTk1Ng', 1561543303, NULL),
(5966, 2, 66, 'MDlhMTVhYjA2MGFhZGY5YmM1NTYxYzlkMTY3ZTFmNTQwMTBjY2M4MTM5ZjVhN2U1YzZkOTUxZDgzMDM5M2VkMg', 1561546814, NULL),
(5972, 2, 1, 'MmZjMWZmNDE5OGViNzdhOTY3ZmZiZDNiYmIzODYyNDFjYWViODljODA4MWFhMWFkY2U4Y2Y2NjgxMGU5NzE2MQ', 1561560174, NULL),
(5978, 2, 66, 'M2U0YWRiNDA0N2VkNTBmOGUwNjAyMzQxOTIwMTI2ZjllN2Q1YmI3YmRhMWE3MjIzMzFjNWZkMDk5NTdmNjdmNQ', 1561566330, NULL),
(5980, 2, 1, 'YTMzODFkZGFhODdiMGYzMzhmMWZlNTNkODMyMDUzYmMzMTc0NDE3Y2Q0ZTA0ZWU2ZDc0YjdhZWE1ZDU3NTY5Zg', 1561567589, NULL),
(5993, 2, 66, 'ZGUxZGZiMDlkY2Q2MzMyYWQ4NWMzYWZmODNkYTU2ZjMxZDhhMWFhNDg1YzNkMmEwYWZjOTljMmQzNTMyMzRlMg', 1561577967, NULL),
(5999, 2, 66, 'ZjA2YzAzNDUzNzU4NTZkY2E0ZjNmZTg2YTQzNzkyNTdiNmQ1MjgzODNiNzMyZTMxNzk4MDhiYjE4ZDlhZTg5NQ', 1561648257, NULL),
(6024, 2, 66, 'NDExZDNlMjk2NzEyMmRhNWYyYTdjZDZmNDAyODBmYTk0OGE3NGEyYzNiYzIwM2RhZmM2OGVjNzg2MWYxYmUxNQ', 1561731340, NULL),
(6025, 2, 66, 'NmQ1OTQxNzZmMDgxNDljYjMxYmNlM2NmOWM1ZTQ1ODVkZjM1NThhYjYwYzRkOGMxOGVlNmNiZDBjMTY1MDI3YQ', 1561742349, NULL),
(6033, 2, 66, 'NjA4OTczMTUxZGFhY2Y5NzJiMGJhZjAxZGU4OGViMDk5ZTQ2ZGMwMmFhMjE1MTMyY2NkZmRkYzE3YTQwN2U4NA', 1561804805, NULL),
(6034, 2, 66, 'OTU2NDk1MTcxMTQxNTViOTJhMTdhYTczNWQwZWZjZmU3ZmQ3MDQxMjQzZDg5NmMwMTZmZjA5MzFmZGI2NDhjMQ', 1561816853, NULL),
(6036, 2, 66, 'MTk0YWMyMWIxMDQ5M2JjNjVlZGU1MWRkMmI4MjhiNzAwODM0MTVmN2IxZjc1Zjg3NGExYTk5M2I5MmQ4MzYxMQ', 1561825975, NULL),
(6038, 2, 66, 'MzgzYWM4NzNlNWFjN2FhMDYyMzIxMTM5YTFiNjY2MzkzYTJhZmY1NjZkMGMzNDJhOGZmN2JlYjQ0NGNjMDMwOQ', 1561837653, NULL),
(6045, 2, 66, 'ZGViNWYwMDEwZGI2M2JiZjYxZDYyMGM5YzdlZWQyZjQ1YWE0YmQwNGFkNWZhMDBjOWE3MmE4NjUwNDAyZjkyNw', 1561900050, NULL),
(6049, 2, 66, 'OWIzZGE1YmYzNzM2MjNkNWNhZTRiNzE5NzkwNGE0MDY0OWRmMjU0YmViOTI0NDBkYjM5OWFmMzU1YzQzYzNlZQ', 1561925321, NULL),
(6061, 2, 1, 'MDBkNmE3NDlmZTc5ZGE1MjQ4OGJiYWYzMGFjZmVhMzk2Y2I5ZTNjOTg0YzcwNDQ0ZDUzNTNiYzJlZTM3NTJhOA', 1562054862, NULL),
(6064, 2, 66, 'YjlkNGQ2YTY0ZWZiMWMxNmQ2MDhjYTM1Y2YxN2IxNDI2NDM0OGUzYzVmOWZhMmNhNGVlNjYyNWVjZDE4M2E5NA', 1562069835, NULL),
(6065, 2, 66, 'YmE1N2Q1NjM2MjdhNzNkMzMxZjkzMDAyZjAyNzEyNDczMTVkNDEyNjZlMTM2ZTBhNTkyMjVkODk4MjM3Y2I1OA', 1562072223, NULL),
(6079, 2, 1, 'N2Y3MTBjNDMxOWNlYWY1ODBjMjE5NDVmOTBkZjAzZTYxNDA5NzRkZTI3YTc5MzI3ZGZjZGVjZGQwZDUxZmRmZQ', 1562167358, NULL),
(6082, 2, 66, 'MmVhODkxZmU5ODVkZTAzMjk4YjQ4ZDk1ZWU0MjhjOWE3MTRhNjk3ZGRlNDcwMzRiZmE4N2IyNzM5OGJkYmI2ZQ', 1562177556, NULL),
(6094, 2, 1, 'NWRkNzRhNzA1Njg3ODhkYzJjZTZjYzNhNmQ0Y2ZhZmZhY2EwM2VjMzk2Mjk3MTMzNDgxNzhmY2M5MWJiNTlkNQ', 1562240268, NULL),
(6097, 2, 66, 'ZDY2Yjk1ZTA5ZDk1ZGY3N2Y3ZGQzMjQzNWJhM2I5ZjUzYjY1YzNjOWVmZTQ5ZmY4MWM4MTU5OTRmMjMxMTlmNw', 1562261486, NULL),
(6098, 2, 66, 'M2Y4MGZmOGE5NjNkZjQ5NTc2YWNmMjI4ZGQ2ODVhMTg0MDg5YzU3ZjQ5Yzk0NjhiNjAyMjllNzAyY2M3Y2E3OA', 1562272868, NULL),
(6106, 2, 66, 'ZjhkZjAxMmVjY2U5YWVjMzAzMGFkYzViODRhNjk3YjM4N2I1M2QwMGE0Mjc2NGIyYTcxMDZiNGUyMDhjYWQxNg', 1562341197, NULL),
(6108, 2, 1, 'YjBmMTE4NjllODZlYzFjZjE0ZjZkZDNkZjMyNjk0NzNkMjJmNTc2MTAxOWE4ZWQ2NzhhZTcyMTJiMDA1ZTM1Yw', 1562352226, NULL),
(6115, 2, 66, 'ZjZjMDZkNDVlM2VlMTg0OGVhZGRiMTAxNTA1MTk5MjY2ZTg2YTUzZDRiZTM4YTA5M2NhZDkxNDdmNGIxYmRjYg', 1562419205, NULL),
(6156, 2, 66, 'MzkzYzc4NDU1YTgzZWU2MTlmZWFjZTA1NTFiYWRmYTkxZDkwZDAzMjE5ZGM3ZDk5MGM1OTUyYWQ0MDU1ZjMyZA', 1562517057, NULL),
(6158, 2, 1, 'NDA5ZWI4MmE2ZDdkNzQ4M2YwZDU2NjY0ZDRlMWI1OWMzOThlM2M1ZmIzNjdkZDcyY2Y0OTA1Y2RiOWM4YjJjMg', 1562523108, NULL),
(6167, 2, 66, 'NGFiZjE2MTllZjAyNTQxMGM2ZGU0YTY0YWI3ZjgyNWFlNzYxNmQ1Y2NiMDVmYTc0NmZkMTAzNWEzMDAyNGE5OA', 1562585488, NULL),
(6168, 2, 66, 'NGFhNzZhNDRkZDQ5MWYwNjA3N2RjNGU2NjFjNmRiZDE0YzcwZDUwY2MxMjNjMzBjYWE1YTk1YmY3MzlhY2I2Mg', 1562588919, NULL),
(6170, 2, 1, 'ZDU1MjQ0NzM2ODViOWU4YWQ2NTAxNDIwZWI0Yzg4OTdjZTE5Yzg5MDk3NDYwODAwMjRmMDgyY2JkNTQzMDllZg', 1562594135, NULL),
(6171, 2, 66, 'ODUyYzk3MjU2NzVhY2M5OWY4YjJlZmU5MTkwNzQ1N2MxOTEyNjUwYWVmODc1YzI3MTA4YmE2Zjc4Mjc5MTMxZg', 1562596830, NULL),
(6178, 2, 66, 'NmZjY2NjMGFjYmQ5MDY3MjMxNDA5YzllNzc4ZTI2OWM1YzI2YTVmZDUxMjMxM2VjNmVlZDRiZTMyNTdjYTdlNw', 1562612977, NULL),
(6180, 2, 1, 'MjlkOGRiYzVjOWZmMTcyYTBkOGNmMmVlODMzN2ZkM2ZkOTBjOTgzNWU3MWJlY2YwYjZkM2I3OWExNGM2ZmNiMQ', 1562658469, NULL),
(6189, 2, 1, 'ZGNjNDVhOTllZDAxMDdiNWYwODdjZDcyMDAzYTVmZGNjYThjNWY1M2U2ZTU4MTA4ZDY4ZjFmYjFiNzVkNjMxNQ', 1562680045, NULL),
(6190, 2, 66, 'ZDkyOTNiNTNhNGM5MzcwNGM5YTJlODZiNmUzNjc1NTNiMmFhY2IxNGEzYjhhNTY0Y2ZiZDhkZDE4YmVmYmMwYw', 1562685518, NULL),
(6193, 2, 1, 'ODgyYjY5OWJmNTg5ZWRhNzIyY2VjMmJkYzI5YzRmYjIzYjkxNzE4MjNhNWZlMDkxZmM5Mzk0MmZiMjQ1ZWJmZA', 1562690727, NULL),
(6196, 2, 66, 'ZWM5YTRhOTJkODBmNjhkY2E1OTM4ZjM2ZGJhNDQ3MTg1ZWNkOTUzOTliZjY5MWIzY2E0N2YxMWE5MTRjOTUyOQ', 1562705545, NULL),
(6197, 2, 1, 'OGE4YjI5NTQwY2E4ZmEwY2Y3YTZhZDc4YmNjNzMyMDBkNDc0MzY3NDQwOTYyMzIxYmJiNmUzYjZjNzA4ODBjYw', 1562744011, NULL),
(6204, 2, 1, 'YTdkN2FhMmMwZjI1ZDM1NTMwZTI5OTI2MTU1MDEwMjQ4MDNkM2VjODkxN2U0MGUwOWJlNmFmOGI0N2JiNGIzZQ', 1562753352, NULL),
(6236, 2, 1, 'NmQyZmNmNTE5MDMxMTExNmY1NDdhYzJiYTczMDc4OTY5NTFjNDBlYWNjNjgwZDJlZWU0ZDFlZDFjNDEyODdjYQ', 1563877725, NULL),
(6238, 2, 1, 'MDViOTczZmFlMDk2ZTBjNjYxMjk4ZjQ3NDEzZjYyNDBmYjFhNzk3OGJkM2Y3NjU5YjE3NDFhMmQ2MjNlMDFjZA', 1563878586, NULL),
(6241, 2, 1, 'ZTM1ZWI5YTFlYTJkMDQyNTM5MzM5NjQ0ZmY4MGIzODBlYzQ2YjZlYmQxNzZkNDJhYzYwY2Y1NWY5MWYwYWQyNw', 1563893945, NULL),
(6242, 2, 1, 'MGI4ODhjNTFhMjIyMGE4YWQzYzAyMWY1MDlkOTkzMTk0ZjY3NDY2MzE2MjM3MmJhOTUxMzBlODM3MTU0NzE4NQ', 1563894508, NULL),
(6243, 2, 1, 'ZTkzYmY0YTA4YTcxOWZmYWZhZjE5ZDY0OWY0MzBjZTYxNGQ4OGM5OTE4MDU0NTlhZDk4ZjI0OTUzMWM5ZWUyMQ', 1563955563, NULL),
(6244, 2, 1, 'NjczMzU2N2Y5ZmI2Y2ZjYTBjM2VkN2M1ZTZlMGZlZjI0Yjk1Zjg1YTdkYTdmN2FmMjZhYjgzZjYzZGFhODhjYg', 1564071263, NULL),
(6245, 2, 1, 'YTVmYzljZDM5NjliYmJmNmQ5MzkwZDQyZjMwMTNkZDk4ZjYxMWM3NDI0M2NmM2I3MzgzOWNhNmFlNWI2MDkxZA', 1564071276, NULL),
(6246, 2, 76, 'ODNkNmQ5NTIzNDI3MzQzMjcwZTI0MTUxNWVlNzVkMGQ5MTVhOWM5ODFkNjJiNThjMTBmNDdmZjg1MDM3MjFmZg', 1564071285, NULL),
(6248, 2, 1, 'OGFkMmU3YjY2YjllODk2MmYwNWMwYzRlNWE5NTc1MWQ4MGM0NDBhM2Q3YTc2MTk2NDcyYzRiMWQ3NjA5M2FmMA', 1564071347, NULL),
(6249, 2, 76, 'MTM0ZTZiZGEzYjYxMTM0OGRkMzAyN2JiMTBhODQxZWUwN2ZkZDNkZTdlNDg1YmMyMThjNThhMzZhYmNhMWI5NA', 1564072608, NULL),
(6250, 2, 1, 'OTFmYjUwNzcwMmE2YjkxOTkyY2I2NWRhY2U3NjFlZDZhMWEzOGM1OTlkYjFiZTQ0NjM1OWJlODA5NGJkMTZlYw', 1564072686, NULL),
(6261, 2, 66, 'OTk3NDUxNzE5MDAzYmExZTFmZThmZDEzZWNjNjM1YmRiY2JmN2Y0OWU2ZDY3Y2EzZjc4ZTkxMzIzOGQ5NzYxOQ', 1568562348, NULL),
(6263, 2, 76, 'M2FlY2I3NGMzZGQyYzBjZWRmY2JhNjdjZWQ1MDI1N2Y3ZWU4MjdjY2JlMzczZThkMGEwMGJiYzhmMjE4MGY2Yw', 1568720153, NULL),
(6264, 2, 1, 'OTJkYTVjYTZhNmI0YjE4MjllNDFlNjY2YmQwNzc5NmMwYWVlNTJmN2NmMDI0NjBjNjgyODhmYTFhMjZlYjUyYw', 1568720169, NULL),
(6266, 2, 1, 'M2VhNjliYjUzNTM2YWU2MjI2NGQ1ZDRlZTQ5MzZiMDNmN2I4Zjk0ZDQ5ZjliZjUyMzc5YjBhZWQyZjM0ZGZmMg', 1568721995, NULL),
(6267, 2, 222, 'MWQ4Y2JmZGU4NWM0MjVjY2NkNmIwNjdhMzdkNTYzNzM0NjY0YjEzYzU0NDNiNjg3Y2UxZTE0YTI0NDU0NGU2MQ', 1568727595, NULL),
(6268, 2, 222, 'MTFmNjg4ZTg4MDA0NWJiOThjYTBiYjJjZDdmOTE3MmQ2ODEwYzIxZGU2YWJjMDFmODAwZmY3ODFkZTQ5NjZiOA', 1568730228, NULL),
(6269, 2, 1, 'MmIwMmZjZDA2YWE1MjFiNzYzZmViZTUxMTYyNTExYWIzOGQ2ZjM1ODVlMGNmZDA4YjA2YjRiMGMzMmYwMjk4Yw', 1568730242, NULL),
(6270, 2, 1, 'M2Y0YzVlYzc2N2U3NWM5NjgxYWRlMDYzOWQxZGQzYzRhNGI4NTIwZjlkNTdkYThkMTcwMDkwNDJhNmI2NmJlNw', 1568733103, NULL),
(6271, 2, 1, 'YjFkMzE4OWZmMjg1MjIwNWQyM2U4NzM5ZWUxYWVhOGNiZWRjOWFhMTZiOTYzNjZhNjlmYjNmNjdkMTkxY2JhNg', 1568733113, NULL),
(6272, 2, 1, 'OTczMzRmMGIyYWM1N2MxMTJjNWQ4MTBkY2NmY2U2NWEzMzIwYTZiNzliMWU0MTE4ZmQ3ZDA1NzU1YjAxZTdmOQ', 1568734687, NULL),
(6273, 2, 1, 'NWQxMGNmOTRiOTJjYjkzZTVkY2QwZmVkZGM2NjRkOTlkYzE4OGYwZTJhZWIyMDFiZjRlZmVmZjhiMTkxN2EyMg', 1568734792, NULL),
(6274, 2, 1, 'YzRmMzNlMDk2MmRiNGM0MzJiMmE1NWRjOWZjMGYzYzhhYTdjY2IxZjNlY2EzMzFmMjExNTg4YTQxYzRmNDQ5Yg', 1568734801, NULL),
(6275, 2, 1, 'OTVjZDMwZTcyY2FiOTkwZGUzN2I4MDFhMzE2ZTFiY2NkOTgyMzUxNDJmN2NlNmYxNWM4MTcyNGMwNjE3OTI1Yw', 1568735723, NULL),
(6276, 2, 1, 'NjE5NTUzNDBmYTU3ZDEyODQ5NmJlMjExNzE2MjU3ZjI3NWNkMmI5MTgwODI0OTkxYzk0ZTM5NjNhNzI0YzdmNg', 1568736009, NULL),
(6277, 2, 76, 'ZTc3NzM3ZTFhOTIxNjc5MDIxODc0ODY5MTFmNGVlYjU0ODhmOTliZjk5MmIzNDEyZDA3NjU2NjEwY2ZjMjhlNw', 1568736187, NULL),
(6278, 2, 76, 'ZjU0NjNiMTY1MmRhYzkyOTNjMmY2MDE4NmE2Y2I2OTY2ZmIyNTgwZDRkNDNhZjIwZTNkM2E4ODA1M2FmN2IzMA', 1568738754, NULL),
(6279, 2, 76, 'N2I0MmZjMzdhNzZjNjE2NDc4OWVkN2VjOGMzNmMzMGJlMmFiZDhmOTI1M2YxZTRkZmZiMjdhODdiMjI3NTVmYg', 1568738954, NULL),
(6280, 2, 222, 'OTQxYjhkNjYzODVlOTYwYzc3YTIzYTM3MTk2NGYyMWRjNDFlMjliMDY4NzY3YjZkNTY3Njc5N2JlNzY0M2NlNQ', 1568739766, NULL),
(6281, 2, 222, 'YmIxZWYyN2RiMDQyOTg5NzJlMTJkMWRhNTQ3NTZjNjhmOTYzMjc1Y2NiMmE3NTg1MDdhMWMzZmVkYmI3MWE2NA', 1568793964, NULL),
(6282, 2, 76, 'MjNkN2M4NzdiYWUwODQ1MDRiYzJkNDI4NDYwZDIzOThkNWQ5M2MxODI5ODk1NjViM2ZhYTJmYTU1Yjg3ZDZkMA', 1568915531, NULL),
(6283, 2, 76, 'ZjBlZDk4NmRkYjdhOWM3ODJmMTNhNTRjZjcwZWJkYjI3MmE5Yjg4MTQ0MDM2MzU1YjdiMDMwMmVmZTI3ZTk0MA', 1568915535, NULL),
(6284, 2, 76, 'ZGQ2ZjY1YmI4MzkzNjMwMGQ2MWNkODhmOWQ5MTM3ODEwNzNkMDFkMGI1YWIxZWZhYmY2Y2U1MDUyMjdkYTBmNQ', 1568915560, NULL),
(6285, 2, 66, 'MGFhMjRlYjkwYWZhZTMwMmNhZjQ1NDdmNzUxOTM1ZTQwYWI1ZmJjODE1MzhmZTliODIzODVlMDEzNDY5OGYyNw', 1569515235, NULL),
(6286, 2, 223, 'MmY0MGE0Y2Q3ZWNkNWMyZjQ2MGEzZDVlZWIxZGMxMzU0NDNlZGQ2YzA3YmYwYzg4YjJiMGVlOGZlNjc1Nzc0Mg', 1569515784, NULL),
(6287, 2, 66, 'YzY1NWFmNGY5MDAxNDM3N2ZiOGEyZWY0YzZjYTdmN2ViMjZkOGJmYTYxYjVjMjA0MGNmYWZhOWRhNTc3NjliZA', 1570471172, NULL),
(6288, 2, 66, 'N2U2NWFkODNmYjNlOWU5MmNhMzYyODEzYzliZDE2NTA3NTc1Yjk3MGJkYWU0ZGFlNmFlNGE3NzkyNjdkZTA1Mg', 1570716480, NULL),
(6289, 2, 66, 'Yjg1ODE1YTEyODY0MTcyNDIxNDljZWJjMGY5NzkwYzA1ZGY3Nzg4ZWUzNjdhNzQwMTg1ZjhiNzVlNzBjM2U1Mw', 1570723589, NULL),
(6290, 2, 225, 'MzNiZDFjYzMwMmJkMDc4MTc4OTRhYTMyMDYwZjMxZjU5MjMwNmUwMTNhNDk1ZjMxY2VjMDVhZjI4OTYzNmZlZA', 1570723637, NULL),
(6291, 2, 225, 'ZmFjYzJkZGQ1NmZkMDQ1NDlkMTkwMWM4NDA5OWI0MWJmNWI3NTI4YjAyZWFmM2YyYTBkOTI0M2YyM2Q1NzNmOA', 1570724139, NULL),
(6292, 2, 225, 'ODljOWU1MzQyZjFlMWIyM2UxZTAxMzUyMjQ0NmYyNzM3MmJiMjRjNjQxN2I2NjRlZTJlNTlmOGI4ZThmZTU0OA', 1570724183, NULL),
(6293, 2, 224, 'MTA0NWY5MTFmMzNhNmNkMjI4OTNhOGEyNDk4MDUyMTNhMDM5MzA5MTc0OTcxNWI5NTcxOWFjMmEzMDkyZWE5Nw', 1570724184, NULL),
(6294, 2, 66, 'Yzc3ZDRjYTFkOWM4OTgyNjcxY2E1ZWI5MGNhOTAxNGY1OTRiMmIyOGIxZTExZmMxYWZlMTkzZjc0Y2QwOWE1Mg', 1570724256, NULL),
(6295, 2, 225, 'Yzk0ZDljN2QyNTRkMzM4NTcwZWMzMmM4YjQ3YWQ1Y2VkODQ3NmI0MGRmYjRkNmRiMjE2NzA5N2MyN2EyNGZmNw', 1570727693, NULL),
(6296, 2, 225, 'MmIwYjY3NTMyODQ1ZTgxMTQzMjI2Yzg3NTQyZGMyZDQyNDZmZmU5OTM5MjU3ZDA5N2E1YmU1YzZjM2YxZjVkZQ', 1570728833, NULL),
(6297, 2, 225, 'NDgzMThmOTVjYzgyNjY5ZWQ2YmY3NzVjMWEwMjRmNTNjOWIxNTFmY2RmZjZmYjc3NTViYjFmNWRhNGFmNjNlYg', 1570728930, NULL),
(6298, 2, 225, 'MTk3ZjcxYWQwYzQwOGEwM2Y3YTk0YTExMzIxM2Y5ZmNiYmM1Mjc2ZjY0ZDk1ZGMxNmZmODc1ZDNlNzJkMjgwOA', 1570729155, NULL),
(6299, 2, 225, 'ZWY2ZWNiZTdiODg0MmM1Y2MxZTBjNmIyYjZjOTA1MTEwMmQ5MTI3YzE0OWQ3M2ZmN2FkZDdkMDgxOTc3YjFhYg', 1570785026, NULL),
(6300, 2, 225, 'ZDJjZTBmNmY0NmYyNWUzNDdkZjY4YWYwMDI3YzZkNzlkZGM4N2Q5NzEyOWJmMDkwODQ4MjVmMTY1MTU0ZmZkNQ', 1570798468, NULL),
(6301, 2, 66, 'MWRlZTYxYjY5MmIxZDVhNDQ3MjFiM2RiODMzNjZmZTUyOTM5ZjkzMGVhMjQ4OGRhYzgxMjc5NDk1NjNiY2EzMQ', 1570810001, NULL),
(6302, 2, 66, 'NjRlN2I0MWIzNzc1MTFhNjNkODMyNjllOTY4Mzk0NjA4YjMzOWJlZDQ1ZTllZTVjNGEyNzA1MjBmZWNkNTc3Nw', 1570810107, NULL),
(6303, 2, 225, 'OTFmZjcwZDZjY2ZjNzhjZGFjOThjMThmOTc5Yjc4ZmY0NTBlMTFkOTExYmZiNTE3NzQxODAyNzJjNThkZWM4Mw', 1570871461, NULL),
(6304, 2, 225, 'ZWM3YjczOGFmMGQ4YzE2NDg5OGU5OTA5MTI5M2FlNmE2YTdjOWJiYzE4MzFjOTk5N2MxNjU1ZTJiMjg3N2UzMw', 1570877710, NULL),
(6305, 2, 225, 'NDIzNTRjMDM5YjJkYmY4Nzc5M2U0ODlhMjRjZTNlNWZjZTY1MjNhOThhZDJhMzNiOTFlOWJhODIxZTk3ZGQzMw', 1570877714, NULL),
(6306, 2, 226, 'OTJhNzA3NDQ3Yzg0YzhhYjgyZGU3ODU5OTEyODAwMGU2NWUzMjMzN2Q1M2NjZmE2ZTAzYTIyYWY4ZTJmYmI5NA', 1571131209, NULL),
(6307, 2, 226, 'MjgyMTZmNjg3YmIzMGJhMmRlODhlZGQ4YmNjZTFiYTdiNGIzN2U2MmNlYmEzOWQzNjcwOTRkMDViNTk4NTNiOQ', 1571131288, NULL),
(6308, 2, 226, 'YjEyOTc1OTFhOWVlMzhmYmNjMzk4NGE3OWVlYzBkZjU4NzQ5MmFkMTE1MTMzNWY3ZjQ3MTI3NmE5ZjlkOWVkNw', 1571131537, NULL),
(6309, 2, 227, 'NzAxZTA3YmJlMGZmZjM1MmZhMmZiMzg1NTIyZDA4NWYwM2YxMGY1YmYyYjgyNjVjOTIzZDdjZmVmYjkxMmU1Zg', 1571131825, NULL),
(6310, 2, 228, 'ZjE3ZDA3M2I1OTNiYTMyODdkODRlMTViMjk2OWI0MzVjMzU3YzhlMDVhZDBmZjU0Y2I5YmYwOThhOWViZTc5MQ', 1571131927, NULL),
(6311, 2, 229, 'MGVhOWRhNmJmZjhjYWM4YmZkZTk4NDg4NDY4Zjk0Mjk3ZjA1ZjY4ZTQwMmNlMzRmMzcyY2Q3N2MzOTg1MWI5NQ', 1571132047, NULL),
(6312, 2, 66, 'NDFjZTI3ZWZlZTU3ZTMyYjk2MmZiZDAyMDhhYjU2ZjNhZGI3ZjQ3MDBjNWQxMTNiMTU3YzI4ZjNiNjYwYWM4ZQ', 1571147467, NULL),
(6313, 2, 223, 'NGZjZWUxNzI3YjllYWFkNzNmYTJiNTI2MzYyZjhiZGQ3ODIzNDA5ODI4MTY3NzI2OTZkZjBmMTYxZTRjYTgwOQ', 1571149153, NULL),
(6314, 2, 223, 'YTU3N2JhZjBlOTVlMjg2ZWFjMTE5Mzc2NWVkOTEyYzcwOTJjYmQ0ODkxMTFhOWQ2ODE4OTI3MmJiN2YyMzkyOQ', 1571149498, NULL),
(6315, 2, 225, 'NDRiZmUwOWEzYjIzYjIyM2QxNzBmMWE2MGY1MjliNjM0OGUzZmE2ZWM5MWY1OTA2YjllN2Q4MjJlY2U0MTAzNw', 1571150264, NULL),
(6316, 2, 225, 'Y2NkZjZjODJkMzllZWQyZjIwYmY2ZGFjZDg3NzI5YzE0YjU1YThhOTYwN2Y1ZGRiNjEwYWI3OWZhOTcyMWMyOQ', 1571150595, NULL),
(6317, 2, 225, 'NTA3YjlkMDM0MDY3YWFlMTAzZDc2MWE4MWJlMzIwODYzYmU1NzAyYjkxMDI5MjBjYjViZDcwMzhhMzUyYmM2NA', 1571150924, NULL),
(6318, 2, 225, 'ZTNjN2ExNGZlNzc5ZTRiMzdkMDQ2ZjI4ZDFjNmFkNThiMTNmYjc0OTA3YTI1MWE5MWY3OGFiMDAzMmJiMTA0MA', 1571152190, NULL),
(6319, 2, 225, 'OGNiNDRhYjMzZmUyYWI1NjlmNWZiZWRhMmI4MTdiZmQxMzBhMGY0ODg1NzY5ZWQ2OWZhZTk4MGU4MTc4N2UwNA', 1571152462, NULL),
(6320, 2, 225, 'ZDdlZTIxOWJmNGVjZTRmMjk3NTcwYmFiMmNhZGViNTQ5NTQwMWEyMjRhZmI1ODU2Zjg4YzI5YTI3N2NhOTRiYQ', 1571226793, NULL),
(6321, 2, 225, 'MmZhMzU1Zjc3ZDdhNjQ4NjgyYTcwNDAyY2FkMmQzYTQ5ZjAyMTIxYWI3ODNlOTQ5YjUwMGZlYTIzOTMyOTFhNA', 1571230745, NULL),
(6322, 2, 225, 'NzYzYTcxM2VmYzVlOWZhNTQwZTA0YjdhMTU5NjIzY2E4M2Y5ZmM1MmUzZDZhMzUzMjU4ZDJjNDQyZDdkNDU2Nw', 1571245793, NULL),
(6323, 2, 225, 'MjE5OTc0ODk0YzI5ZTk3YjBlNWY2NDBjMmVlMTBmODRhNzRjMTI4NWViZjk3ZDJhYTZmYjY0ZDZjNjAxYzFhNQ', 1571303161, NULL),
(6324, 2, 225, 'MWMwZjc1OTUxYmExMWE3YWZhYmMyMjNmNTlhOTU4Yjc5MDQ1MDkwYjI4MWRkMTNjZjViYmU3MDQxOTQxOWI0MQ', 1571304434, NULL),
(6325, 2, 225, 'NjRjNjk1ODdjNzQ4ZjMxMTkyYTdlMjFiYmFhM2E3MDUzM2VmNmRkZjc4OTIwYTQyNTM4MWQ4MjEzMmQyYzJhYg', 1571307219, NULL),
(6326, 2, 227, 'NGQ3OGU2OGZmMTRmMGUyMWUwZDg5Y2Y4NGE3NDE3YmQ2ZGEyZjAxNDJlY2VjMmM1NWM5ZGVmNzFlZDdmNTllMg', 1571312763, NULL),
(6327, 2, 225, 'ZjE2OGExYWI0NGMxZmJhY2U5ZmRiNjljZDNmNzQ0NjhhYjllODAyNDQxYThlZDBmMjJlODMwMjVjZjljYTUyZA', 1571318278, NULL),
(6328, 2, 225, 'NmQ3MTUwZDdkYWI2MWM4NWIwM2QxMjBkZjM3YzRlM2ZmZjk3NGVjYzk4MDVmMWZlMDEwNTYxN2E4ZWI3NzIzNg', 1571322080, NULL),
(6329, 2, 225, 'MDg0OWU3NzJkMmIzZGRjZGQ1OTczMmUyZDdkN2RmMmFmMGY1ZTZjMjVmYTJkMzcyOGMwMjhjNDk1YmI1NDgwMA', 1571326342, NULL),
(6330, 2, 225, 'MWJlMjI1NGQ2YmI5MjljZGIyY2EzZmY5N2ZkZDkyMWVlOTYzZDNiMjk5NzY2NmRhM2M0NThhOGE0Y2M2ODNhMQ', 1571391011, NULL),
(6331, 2, 228, 'YzgxNDZkNTUwOTg2MmQwMThiYmMyNzI0NjZmYTEwMjRkN2NjNjE2Y2FmNTY4YzRhMjU3YzUwY2Y2MDVjY2U1YQ', 1571391023, NULL),
(6332, 2, 225, 'NDU0MzNmNjIwODk1OWVmMzUxZDU4MjRlMzVhNjFkMmE5NzAxMWE0Mzg2MzUzZWJjZTgyMDBjOWM2MmM0NDEwYQ', 1571396487, NULL),
(6333, 2, 225, 'NzYwZTEwOGQ3ZjM5MWNhMTllM2ExZDQ4M2NhM2U1YTk3N2NiODRiNjEwY2M5NGJjZjcwMzkyNjAwNTE5ZTMzNA', 1571397906, NULL),
(6334, 2, 225, 'NzQ5MWZkMDBlN2E0NjFjMjk3YzcyNjcyMWMwNjJlMGUzOTlkOWM0NmE5Y2ZhYzZiMWY5ZWRmMGQ4ZDIxNDNiYQ', 1571398236, NULL),
(6335, 2, 225, 'YjZhMzYyOWViMjI2NWE5OTAwNGM1NTQxNzQ2MTk2MGI1NmFlNDc1ZDhlMzkxYmM0OWY4YjQyOGJkY2FiZjgwMw', 1571399536, NULL),
(6336, 2, 225, 'YTI4MDhjYmUzYjIxYzhmOWUxZmQ4NjQ3ZDU0YjIxNmMyNzE2YTUzZGRkOTc0NmMwODQ0N2ZiNDQxYzFjMWIyZg', 1571399922, NULL),
(6337, 2, 225, 'MmFjOTAzMjM2NjQyOTkwYzI3ZWMyMmEyYzg3ODJiYjY5NGIwNmM1ODA0YjcxYWM3M2QxNjY2ZGJiNWY2Zjg2MQ', 1571475209, NULL),
(6338, 2, 231, 'NDg0ZGRmZTEyNjUyZWZjZDNiMTMzYTBiMThiN2E4ZjdiODk1Y2ZjOWY2MmQ2OGIwMjhhOGY2NzQwOGI0ZDE4Mw', 1571475659, NULL),
(6339, 2, 231, 'NjM3NGI5OWU1ZTE4NjQyYWEyYzY2NjZmZDQ1OTFlNTllMmE5MTI1OGM3ODQ5OGRkOWJjNTcwYWFkZmM5Y2VkZg', 1571475771, NULL),
(6340, 2, 228, 'ZWJjYjVkZDFkMWJmMjdiYzA1YzU4OGJmYzEzZDcxOWU1MTIzMmYzZTczNDVmZjM5MjdlYTk4YmFlMGFkYWNiYQ', 1571476038, NULL),
(6341, 2, 229, 'OThmMWI0MTVmZWYwMjNkZDI1OWYzNjI2ZThkN2E1MmY5OTcxMTY0NTI1OWZiMTVhYWI1NTk0MTIzZmVjNjNlMQ', 1571477764, NULL),
(6342, 2, 228, 'MWMxZTdhNjAzYWRkZDA3YWM5ZGI0Yzk3MjIxZDNiY2UzYjRlMDRmOWNlYTI5MWQwYjEzNjJkNmE1MzE1NWNhMQ', 1571649926, NULL),
(6343, 2, 225, 'NWM3ZTRiOWUwZDliMWZmYWQ4YWQ4Njc3M2UxZGM0MWIyZjQ4NmYzYzdkZDYwMjdmODEwNmIzZDQ4YTg0NmFlNQ', 1571649993, NULL),
(6344, 2, 66, 'M2RjZjg2NzllZDU3OTNjMmVhYTZmMTU0NjM0YTBiYTNmZjEzYzRlMDM3NTRmNjdhNTgzNTdhMTVkMDA3OWE0Ng', 1571680844, NULL),
(6345, 2, 66, 'ZjUwMzEzZDY1OWRhNWE3ZmFhN2EzYTVhOWI2MGM2ZTI1NzkzNzNhYTQwOGIyNzM3Yjk2OGMxZTdhZGVmN2FhYg', 1571681134, NULL),
(6346, 2, 228, 'MjFjNDExZTA3YjMzOGJiNGQ1NGY4YWE0Y2VlMjU5Y2U1NjRmMjMxMjQwMzVlNTVlMzhmMjU4MGM3NmYxMDY4OA', 1571734948, NULL),
(6347, 2, 225, 'NDgyNGM3MWRiYmU2OWY4NDgzZDIwYTU2YTNiMDEzM2Q0OWY1NWU4M2M3NTg5MmQzNmFmODI0NGM0OWEzMDdjMg', 1571734979, NULL),
(6348, 2, 227, 'ODY3MzRjMmZiYWYzZTJmOTE1YjAyZDA5OGQ4ZWI2YjE0YjU0NGE3ZjlkNjNlMmZhNjliMDhhYjg0MjczYzJhYw', 1571744807, NULL),
(6349, 2, 229, 'OTE4ODk5YjcyZjhhZTUwZTE0ZWYwNTFjODc4OTExZjZiZTkzMGQ4NzQ0NDQ1YTc0ZjU0YTk2OWQwMmNlMDAwOA', 1571744855, NULL),
(6350, 2, 225, 'MjM4MjQ1YTZkNzg0ZTRkMGU4MDQ2MWYxMGJmZjE2ZjA3Zjc1ZWIyMTVjMWM1YzEyNDE3YWY5MzJkNTUyNGI0OA', 1571752090, NULL),
(6351, 2, 1, 'MjQ1OTgwNjk4ZjdiNGUwMzE4N2Q1Y2U2OTczOTE0NzBkNDZhN2RkYmQzMmY4OWIxM2JlYmIxODc5ZDA1Yjg5ZA', 1571752411, NULL),
(6352, 2, 1, 'NzZjZWJlZGQ1OWUzMGIyNDY1MTE5ZjM5ZjU1MWMxN2EzODM2ODdhMGUzYTk1NWVmOTkzNzExNDQ5NDdmM2E2ZQ', 1571752426, NULL),
(6353, 2, 1, 'MTUzN2QzZGVlOTdhYjIxOWFjYTc2MWUzMWU4YzM2NGYxNTJkMDBiM2MyY2Y5ZTE0OTRmN2RhMzFhMTQyMWI4NQ', 1571753937, NULL),
(6354, 2, 225, 'NjM4ZDNmNDA2MDg3MWQwZTkzNDlhYzY3NGIyODkyNDA2OWE3M2UwZDZjNGY5ZjA1NDI2OGExOGUwNmY0MzNlMg', 1571760714, NULL),
(6355, 2, 225, 'MWRhYmVmOTUyM2MwMDFhNTA1ZGMwOGFiZWFhYjgzMGZjYTgzNDc4Yzc5ODgwNzdjNGEzZjVjOTRjZDMxYWQ0Yw', 1571762052, NULL),
(6356, 2, 226, 'MmM1YjZmOTYwN2NiNWRkMmM2M2YyYjBkZTJmNzBjNjJmOGEwOGZlNDI4OWM2ODhlZWFhMjBlMjRmZTE0NDliYQ', 1571765618, NULL),
(6357, 2, 225, 'NDMzNDllYjk4NjdlZjg4ODY0ZDlmODk4ODIyYTg2YjY3YTc4NmM1MjQ2NmEwMTFhODE2ZDk2ZGNmMGYyZGI3NQ', 1571821528, NULL),
(6358, 2, 228, 'MGVmYzFmYmQ1MDM0YTQ4ZmEwNzcwZDM1NjEwN2Y5MWViMWM1ZTFhZTQzMjg2YTU4OWQ0NDlhM2NiZjFmMGUxYQ', 1571821761, NULL),
(6359, 2, 229, 'ZDE5NTAwN2JhZDlhODdmMDQzMGNlY2Y1NmNmNGZiOTQwNTJjMDkyYWVhNjNmNmQyY2Y0MGQ1Y2NhNzRiZTZiOQ', 1571822111, NULL),
(6360, 2, 226, 'ZmZkYzU1NzVkMTlmMmJhNmYyMjYxMWUyYTUxNTQ3ZmU2Y2RkODMzYWI3YTUzYWY5MmE2NjhmZjc0ZjZmNjJkOA', 1571822238, NULL),
(6361, 2, 228, 'Y2UzZWY0NTkxNTA2ODIzMTRlNDk4ZGExM2MzMTk2NTM0ODQ4MGYwZDdmNzgzZjc5OTNmZGI3MmIzOWJjYWQyMA', 1571822456, NULL),
(6362, 2, 227, 'MzE3OGVlZGZiOTM5MGIxOWU3YjgyNGFhMWE4ODNhY2FhZDdkMWE2MjRjNThlNjRhMTVmOWEzOTRlMTA0MmMyZA', 1571822935, NULL),
(6363, 2, 229, 'NmQxZjc2NzMyNDJjNzk5MjhiZDAyNDY5MTEzOGMyYmQ3MzcwODllOGQ4ZDhkNjRhMGY0NTc2YjlhNTNiNzVhNw', 1571823080, NULL),
(6364, 2, 228, 'NWY2NjIzMDBiMmM0NjEwMmVmMjc0OGQwNjQ5Y2UxNjE3NGE4OTNhMWQ2MjFiNDZjYjRjZmMzODRiMmNlMDVhMA', 1571823118, NULL),
(6365, 2, 226, 'YTg0ZDFjMDM2NDAyZTg1MDk3ZWVkNjZiY2M0YmJmMjQ5NTdjMzZmOGMxMzUwYjBlYmU4YzVlMzA1MzJlY2FkMw', 1571824774, NULL),
(6366, 2, 226, 'YjdiNTg3NTVkNmQzZWY4ODE4YTA0ZTBjMWEyOWMyMDhmYWM4NTRmYmExMzE3NDYwOWMxOTBjMTk1ODBiYjVhZQ', 1571840970, NULL),
(6367, 2, 229, 'MGEwYzg1MjMyYzVlOGZhYmMzYWU5ZDBkNTFkNjk2OTQyN2RiMjBhNDc3NzZlNGEzZThkNGFhNzFmMjViNGUwYg', 1571843866, NULL),
(6368, 2, 225, 'MjIzZDMzOGM3ODUwYjdmOWQ1ZDhiNjUxNDc5N2ZiZmE4NDk0MTVjZjQwZTg4ZTI3MDZkZjRjMjliOGIzMzZkYw', 1571852716, NULL),
(6369, 2, 226, 'ODcwZjg2YmIwNDRlNjY4NTVmOTBkNzlhNzE4YjIxNjI5NWM0NWI1YzM1NWEyOTQ4YzUxYTU3OTM5OGNkMGYxYw', 1571908780, NULL),
(6370, 2, 226, 'NjgyYjgyNGZjYTQ3NDgxMzQ5OTc5ZmEwNDAxNzJmMDNjMjExMzJiOWJkOWEyY2EwYzQ1Y2M0ZTZlMTU1YzMyMA', 1571909045, NULL),
(6371, 2, 228, 'ZjJlZTAyYjIyZjQwMjVhNDMxMjAxOTlkOGQ4ZjBhYWJhYjNlOWE4MmNhOGQ4YjVmYjEzMzhiNDk3NWZhZGM2Zg', 1571909056, NULL),
(6372, 2, 228, 'YjI4YzQzNDE5NjE4ZDIxNTZhYzIyZjBmNjUxOWI3NGQxNTZkNWM4ZWE5NGMxYTQ0NzdhMDc3N2NlNGM2Zjc0Zg', 1571909240, NULL),
(6373, 2, 226, 'NjY1ZGI0MTgxMTM0YzIwN2RlYTFlYTk5YzcxNDdjNjU1NzkyM2I3YzQ5ZmNhOTFlZmMzNDY5NmYyZmNhNGU5MQ', 1571909282, NULL),
(6374, 2, 228, 'MzVkMGNjNGEyNTJjYjNiODM1YTFmZmE1ZTVhMDI2YTI4MjBhMzg0ZTUyM2NlZjNjZTBmMGZhMjBmMGNlYzU5Nw', 1571909289, NULL),
(6375, 2, 233, 'ZWNjNDhjODVjMDlmOWFkY2JiZjA5NGM3ODEyZGNlMDU4NDdjZjcwOWRjZGQ1MjE3ZGJkYTczMjMwZGU2MTIyZQ', 1571909907, NULL),
(6376, 2, 76, 'NTI3N2ZhNjczNGI4YjExYjlkZDZiYWQwNGE0NzJkZWNiZWU4ZWUzNTliOGRhNmZiNWNjZDkxZmY1YTcyODRmMA', 1571909932, NULL),
(6377, 2, 226, 'ZWM1NjE2NDY3NDYzYTRkZWY3OTNkYjAyY2I3NDc5MzVkNTMxYmM1YWMwM2JlMGU5ZThhYmM5MWMxOGI1Y2Y0Mg', 1571912649, NULL),
(6378, 2, 226, 'MjdkOTJmYWRiNmQ0ZmI3OTEzNTFjNWJlOWQ5NjRmNGM5ZTljMzNkMjU1NTRlMjkzMDkwMmZiOGY1M2QzYmIwOQ', 1571913096, NULL),
(6379, 2, 228, 'YjBkYzEyNjBiMDg4MzAwM2E4MjJiOGMzNGUzM2M5NmUwOTdlNzEwMjE0YjNjMTMwMTdjYjdhZjQ0NWEwMDZjYw', 1571995542, NULL),
(6380, 2, 225, 'ZTRkOGY0YjI3YTU1MmEyNzNlOWI5MDIxNjVmYmE4ZGJmOTc2OWQ1NTY1ZjM3ZTVhMmY1NWIwNTJlYTVhZWI3NA', 1571995607, NULL),
(6381, 2, 225, 'MTAzNWE2MDk1NTlkNjFlYzU1NmU2MjA4NjY4OGMzNmI2OTJiMDk1MWUyNmI5ODMwM2QyMjdiYzY5MTVjMzg3NA', 1572006949, NULL),
(6382, 2, 66, 'MDBkMDRmY2FiMTBlOTNjYmZhYTdiOWYyZWYxZTJhMTVhODRlMjY0ZmMxYzkzYWVmYmY0OWMxYWIzODIzZGZmMQ', 1572083948, NULL),
(6383, 2, 224, 'Y2JlZGQ0MTMyNmZkODUwOGFkZDdiMGM0YmVmZGI0ZTcwN2ZhODE1Zjc3ZDlhOWY5ODJhZTFiMWEzMWM1NmNjNQ', 1572084104, NULL),
(6384, 2, 230, 'MDhkZjUwZGU1M2I2YWUyOTM3ODZjZGU0YWFiMjBiMTA3M2JmMDk5OTM1NGQ3Mjk0NDIyNmVhZDUwYzMyNWI4ZA', 1572084291, NULL),
(6385, 2, 228, 'MTQ0ODM5YTE1NzczNDRmZjU1MWNlOWJmNjUxZTU5ZjVkMGNjMDMxYzE1OGE4MGFkYWVjYmJlMTUyZmIzMzRjZQ', 1572254622, NULL),
(6386, 2, 225, 'NDNlZDhlYTIyYTEzODc0YWFhZjYyYTIzNTZhOWExMzUwMTkyNGFmNGE0YjQxMTUyOWM2ODlkNTk3MjE0ZDNhNQ', 1572254622, NULL),
(6387, 2, 229, 'YTkxZGVlNDhkNWNhM2ZlNjM4NjBkOGNhNTlkYmI2N2M5ODY3MTQ2YWExMDc1NWQ2MTUzYmFhZGVmMDE3NzNmYQ', 1572254633, NULL),
(6388, 2, 225, 'NzliY2M1OTJiMzJhMDc3NTMzNDJhYzFkYTY0ZmI0MzU2YjJjMjA1NzFkN2IyNmQyYmU4NjdjMzczNzM5Y2Q0YQ', 1572272254, NULL),
(6389, 2, 1, 'OWFlNzk0MzI1N2JiODRiOWQ2NDU0YjA5MDczOGRhYWY5M2E0MTljMGFjNTEyZTNjMzY5ZTBlMmIxYTg1ZWZmNw', 1572345845, NULL),
(6390, 2, 228, 'NDE3YzFhOGIzNjBjNDI3ZTRhMWY5N2Y5M2M2NGM3NWU4YjRmZTRlZGI2ZWZkZTA4ZWQwNTkwOGU5NWQzYjkzYg', 1572426113, NULL),
(6391, 2, 225, 'YzBlNGFlMzYzY2Y3YmQ1ODZlZDY5OWUzY2YxMTVhZjQ4NDg5ODc5YjYyMTMwNDhmMTI1NTMwNzc4NjFkNTRjZQ', 1572426382, NULL),
(6392, 2, 66, 'NDRlMmRiOWIxMzQzZTFhMTQwMDcyNTVmNTMzZjliMTM0NzhmNmI1MjU4MmMyMzQyNWE4ZTc3Y2MxZGVhMjExYQ', 1572431187, NULL),
(6393, 2, 76, 'MjE0ZjIxZmE4YjY3NTk5N2I4MWU2NWIzNDIzYjUzZmM5MWY2NWNhYzQwMDViMGJmNDU5NjY2MTRlMjgwMGU0ZA', 1572432028, NULL),
(6394, 2, 76, 'MWRjNmIzMTE1OWNjNzdlODdiYWVlNjExZWYyMTMxZWEwNGUyODlmYmUzMTllMjdhOGNmMGI5NThjNTk1NWZkMQ', 1572433540, NULL),
(6395, 2, 76, 'NzdhMmY1ZWM5NjI3OGNhYWExNDJkNzgxZTgyNWEwMjhmNTk0NmQ5MTcxN2UzYjUxNzdjZmRhZTMwN2EyMmVjZg', 1572433662, NULL),
(6396, 2, 76, 'NjU4N2YxMTUyNGI3NjFkMDZkMmI5OTE2MDA0MmM5ZGJjZDEzZjcyNTBmNTNiMjYzYmUxYjU4ZGY4NzhhMTFhNQ', 1572433675, NULL),
(6397, 2, 76, 'OWQyNDdjMzVkZjdhYzMxYjJjZjM3Mjc3YmYzYzEyNjEwZDJmNTQ4MDYyMGI5ZjFmMWMyMDZlM2NmYTQ3YmUzMw', 1572433728, NULL),
(6398, 2, 222, 'MGQ2MTEzNjc5NmZhNmRjYjI3MmY1NTc4OGE3MjkzN2FkZTc0MzY5OTNhOGZiZmMwZmZmMzc3NGE4NGFjZmQwYQ', 1572433904, NULL),
(6399, 2, 222, 'ZjYzNzczODQ5Nzg3NjA2NmNhMzNlM2MzNDAyODZhZTAxNDVjMjNiODkxNTIzYzZhMDkxMGUyYzcwMGYyYjFmMQ', 1572433918, NULL),
(6400, 2, 223, 'OTc5NThkOTdiMzVhODI3MDAyYTZhOTkxZjUwOWU5ZDk0MGUwYjhhNTg5YzBjNGY0NjdiNjYxMGFjYTQ2NmEzMg', 1572434359, NULL),
(6401, 2, 1, 'ODgxNmM0MzFjM2FkNjE0OWY4ZTVkOTEyNmViYzE0MzFiOGFkNzM1ZjExNDIyYjYzNzUzYTBkYjJmNzIzYjViYg', 1572434366, NULL),
(6402, 2, 227, 'MWJjMTFlZjA5NmQ5YmU1YzYwYmFhYTNkZGE2YTA3YjczOWMzYWQ3Yzc3NDRmY2Y2MDE3YzdmZWEyM2NhMWMxYQ', 1572449258, NULL),
(6403, 2, 225, 'YjYyYTA0N2M2OTY0YjkyZDA1NTk1ZGI5YmZhYjMyNDk5ZTQ1OTBjMDAxNmZkYzEzYzU0MmZkMGU1N2UxMjNlYw', 1572512593, NULL),
(6404, 2, 227, 'ZjgzMjc2ODZjZGI0MDA1NDQxZmRiNTljOGVhZjg5ZjU5OTA5MmNkNmQzZjAwMGJiYzZiOTg3M2Q1MWJlN2Y5ZA', 1572513381, NULL),
(6405, 2, 229, 'YWIxNjJlZmQyOWUxOWY0ZWUxN2UxMGU3OTQ5NmNmYjU0M2I0YTBhZDk4NWQ0OWQxNjZmM2VkYjE5MjkwYjgwOQ', 1572513667, NULL),
(6406, 2, 224, 'ZmU5ZDU2YjBhZTQ3ZWYzNTM1NjhkYjAyZjM5MmIzMmY4MWU1ZDIyNTQ2ZmRmZmJiYjk0NjI1OTc5ZTNmYTNjZQ', 1572513718, NULL),
(6407, 2, 230, 'ZjViYWE0NmQ1YWRlZjYxNjAzZGIwNmQxMjdmYjZkYWM2NDJkN2MwZGFkYjc5N2QwNDUyNDQzOTEwYTg5YjFlMA', 1572514065, NULL),
(6408, 2, 76, 'NmRjNGVkMTNiOTYyNGQ1MGMxZjI2OWZjM2M5NzRhNmI1YzFjN2ZiNGI5ZmFjMzg5MTY4NmNjYzlhYTlhMDg3ZA', 1572519551, NULL),
(6409, 2, 76, 'Mjk0N2EyOWZlMzI1MzUyMGJjYTdkODA0ODAyMzYwN2IzNjhlMTk3YmUwNmMyMTMxYTRiZGMyN2U5NzI5N2VkMQ', 1572519731, NULL),
(6410, 2, 76, 'NGMxYjE2MzIyNjI0ZDY1MjA5NDIzYTYxZWI4ZjQ5Nzk1ZmQ1MDAzYzZlZThlZDNlNmYwODY0NmZjYjlmODZhYw', 1572520189, NULL),
(6411, 2, 222, 'NWEwZDhhNjYxNzg4ODdhYzU1MGIzMmU1ODdiYmQ5ZjgwNzE5YThiYWIyN2E4NzYzY2ZkMWYxYjY4ZGQ0ZTkxZQ', 1572520413, NULL),
(6412, 2, 225, 'YjNjZDYzMWQ3ODExOTY0NTZlM2RjMjVkOWIwMTJhNDM0ZGE3MDA5MWZmMWFjZGEzNTNlMWYyNmFlMzhhZWJlOA', 1572609780, NULL),
(6413, 2, 226, 'YzdiMDY2MTJmY2E3ZmY3MjNkM2E3NmQ1MGNmOWVlNTYxMTA5MDg3OTMyZjAwNzc4NGE0ZTM1ZWZmZjI1ZmFmOQ', 1572609814, NULL),
(6414, 2, 226, 'MzljNWJlYTQ1ODlmZTc4NzU2Mzg3ZTk0NWM2MDRlMzkzMTRjMDRkNWE5MGJkYzNiNDNlMTRhZjIwMTkyZmM3Mg', 1572613264, NULL),
(6415, 2, 225, 'OWVhMDUyNjk3NjMwMzAxMGIyZDIyZWI2ODE0OWNlYWFhZjhiOTQ5N2Q0OTk1YzUwYzBjNTNmYmExMDhjMzgyYQ', 1572613847, NULL),
(6416, 2, 229, 'ZDYzNTRhNDYxYmFkNzNkNzYwMjQyZTI1ZTJiN2ZiOGU4ZjgwMzZiNDk2NGMzOGNkMDVjM2YzNjhhMTU3ODQzMQ', 1572614245, NULL),
(6417, 2, 229, 'ZWI2NzUwZjUxODJlMjQ5M2VhMDQ4Yjc5Yjg1YjljZTVhZmMzOTgyMWJkMjE1YjM4ODEwYWUxZjAyNjk5OTgxYw', 1572614258, NULL),
(6418, 2, 226, 'OTI0YjgyMDA0NWFjOGMxNzU4ZDA1YzE4MGU0NWExNjM0ODdkNTdjODIyNDkxNWI0ZDZlYjU3YmUxMDg1OWE4Yw', 1572614273, NULL),
(6419, 2, 229, 'NGIyOWM1YjY4ZjY4NTE2OTdmMDhmNTBkZjBjMTI4NWU3NjFkYWQwODc5MjM2YzQ0NDBkYjgxM2M1MTNmODAxNQ', 1572614373, NULL),
(6420, 2, 223, 'NjU3NWMxZmM2ODc5N2Y1MjI5MjViZmQwZWE2Y2M0ODJiMDUyNDk5MGVhYmEyYTVjOTZhOWU2YmNlNTlkZGRhOA', 1572615410, NULL),
(6421, 2, 226, 'NDhmNTQyZGNjZTFiNWJmMjMwZDc1MWYwMmQ2YThjNjc5OTcxYjM2OWY3NjI2Y2E5YzE0NzZkNDg4MTNiYjdhMg', 1572618999, NULL),
(6422, 2, 226, 'YThjY2ExMDhiMWVkMDU0NTM0ZGFiZjE0ODIyMTNlOTEwYjAxYmYzZmJmZjY3ZDhkY2Q3MWFjOWYxZjNjYWFmMQ', 1572619055, NULL),
(6423, 2, 228, 'ZGViY2M2Njk4ZmU4YmIyMzJlMjczODBiNzYwMGM3MzY4MTkwM2JkY2Y4YmE1OWFhMGM5OWVjZjRiNDNhY2EyNQ', 1572619285, NULL),
(6424, 2, 226, 'MmZiMmIwNjdhNDExYjdiZWFhYmNhODY3MzQxNjJlMzNmMDFiNTc2MDE4NDg2N2JiMTJlMGMwYzdlZmU3NzE4Yw', 1572620657, NULL),
(6425, 2, 226, 'MWQ2OGY5ZWJmZGNlZmY3M2Q0YzFjYjVkZGYwNTk3ZmVmOTVmMWEzY2JhMGJiMGM2NWE4MGI1YjA4ZDE3YjUzNA', 1572620896, NULL),
(6426, 2, 227, 'ZGQ1YzY2NTQyODVjMGYxNGI3OTY5MTRjNzM3NmM4NjYwM2NmZTgwNGRmOTU3NTE2OTQwMmIyZjUyOWI4NjA2Nw', 1572621489, NULL),
(6427, 2, 223, 'MzdhMDk0NmQ4YjQyY2UwY2QzODlmMzFmMWU3NGI0YWYyNzMxNTYzOTg0NjE2MzlhN2FiMDUyODk1MTAwOTU3Mw', 1572626002, NULL),
(6428, 2, 225, 'ZDY2NGVkNjRkNjZiN2RkY2FmOGU0YmMxN2U2MjYyNDFmZDAzYjVmYzA5YmE3NmJjMmVmZTBkY2IzYjhiMjBiZA', 1572699725, NULL),
(6429, 2, 230, 'NjM2Yzk0M2I5YWVhNzUwMGUwMDM1YTBmNGQ1OTJkNjU2ZTE1YWJjMTAxM2Y0NDRiM2NhODg5MzdlMTY3YjBkZQ', 1572867260, NULL),
(6430, 2, 222, 'NjIwZjQ0Mzk5ZTdhNjFhNDBkNTczZjZiMjAxOTZjODExZjAzYTBmMTZmZmRjOWNiODI5NGZjNTFiZGI1N2FhOQ', 1572946813, NULL),
(6431, 2, 222, 'NTQwZjAxZWM0YmEyMzhiZmE3M2Y3NGU0ZWY0OTk4OTNiZGUxODIyZGMyYjIzMDY0ODA4ZWJjNzkyNTNkZDI1Yw', 1572964936, NULL),
(6432, 2, 222, 'NTVjMjg0ODhlOTAxODcyMjc3YTQ1MzRlN2Q5YzE1YzE2NjQ3YzY3YWE2MjRkZWJkZTE0ZWUwNDg5NDczNjZmNg', 1572966512, NULL),
(6433, 2, 222, 'OGEzZDBmN2M1YzUwNDE3MWQ0ODA2OGU2ODFkYjk0ZjNkNzZhNDY2N2JkNTA5Zjc3ZTg4Y2UyMjczMTg2Y2YwNg', 1572966906, NULL),
(6434, 2, 76, 'Yjc5NjlhNWFkNTgxNTMwZDI5ZmI0ZGM1ZTQ2OTUzOWY5YTNjM2E2NTZhNTBjYmExMzAzY2U1MDkxYmY4ZDk2OQ', 1572967365, NULL),
(6435, 2, 76, 'ZDM3YjM0MGZmZjg5YmM0M2EwNWJiNWI3NWZmZmUwODRlNTQ1YzdhMGU0ZDIwYTlkMjMzZGEyNDYzNGQ2ODVkYQ', 1572967421, NULL),
(6436, 2, 76, 'YjdlMzRkZjUyZTZkN2MwMDg2MGNkNTVkYzY1MmI3NTAwYTk1MTgwNWE1NmViZWIwNDM2ODAwNmQwMmIyZTQwMw', 1572967443, NULL),
(6437, 2, 222, 'YzFlMmEzMGQzZGRiYTlhMjVmY2ZlYWY2MzE0MjAxMmVhNGRiNzdhYTA2ZGRjNTE5MDg1MTYyOWVmOTRkODIwYg', 1572969932, NULL),
(6438, 2, 222, 'ZTQyMWViYmU2MzBlMGU4YjllMDQ3ODc0Yjg4NDg0M2E4YWM5M2E4MTg5N2FmOGRmNjBiYjNjMDdkYjUwYjU0NA', 1572969987, NULL),
(6439, 2, 222, 'YmQzYTA1NjA4OTNlYWZmOWMyYTMwOWFkMjY1OThiOGY0YzQxYTQ2MDE4NTdhN2M2MWVkZTcwODA1ZWNkYTYzYQ', 1572970483, NULL),
(6440, 2, 222, 'MTVmODM1YjQyZWVmYjRjNzdmYzBiYWVmNDBiNTNlNmE3ZWJhOGRiMGJjZmQ2YzI5ZjNkMDE0MjhmNmY0NDBiMw', 1572970573, NULL),
(6441, 2, 222, 'OGJmZWFlYzgxNzlkNjQ4MzNiYjU5OTM1ZmY3OTAzMTJjMWRhN2JiNTFhNmYzODIxNWM0YmNiOGJhMzQ1YzQ4Nw', 1572970581, NULL),
(6442, 2, 222, 'ZWE2NDgwZTVmNDMwOWM4M2YwM2M3NGY3ZmE3N2Y2MDBiNzA0ZDFhMjZmNjg2YWQ2Y2Q0NjljN2E2ZjczZDdlNA', 1572970600, NULL),
(6443, 2, 222, 'ZTkwYjU2MDE2MzEwZDliNWI4ZWIzYzZjN2E1MTgzZmI0M2UwY2U5OGQ1M2Y5NTU5MDA1YjAwYzdkNWQwMzdkMg', 1572970670, NULL),
(6444, 2, 222, 'OTA0NmNhZjk2OWYwYjUxMjlkODA4NGRiOTFjY2FhODEwMjZkNjZhYTI5OWU0MWQwMzE0YzQ0YjcxZWFlNzRlZQ', 1572970975, NULL),
(6445, 2, 76, 'ODNiMDFjMGFkMWEyMmZiYzlhY2YyYjdiNGMwMTRmYzdmNTExNWY4MDRjNzgxOTczZmZiNWEwODFjMWMwYzdjNg', 1572971228, NULL),
(6446, 2, 222, 'NDFiMDQxMWVjNjZjNzVlOTExOGNiNjZiZjI2ZThmMGE0NmIzMWFhNDIzZTY2M2JmNzYzZWYzNWIyYTU4ZWU3YQ', 1572973242, NULL),
(6447, 2, 227, 'NzBmMjI3YmMzZjdiZWJlZDNmYmJlM2NmZjk2ZTcxOTRjOTRiOTdkNDkxNWQ2OGYzOGUwZWYyZDRlOTNjY2VlNg', 1573135860, NULL),
(6448, 2, 226, 'MjcyZjQ3MjkzM2Q0MDRkMjdmNDUzOWUwZGJhN2E3YzFhMzljYTI5NGNjN2U0Zjk0ZTM0ZGE2YTYyMDM5YTI1ZQ', 1574184256, NULL),
(6449, 2, 66, 'OGJiMWRkNmRlNTAyNjZiMjU4NDEyOWY0MTc3ZjBkZTU5OTdiNjMzMjkyNzUyMjJlMzc4MjI0MzFhYzI3ZGYyNA', 1574191837, NULL),
(6450, 2, 222, 'MzRmNjA0MWJlMDdkM2IwYmZmOTVmMzJiODlmMzI3ZmUyNWMxNTkyOTQ1MGU5NjlkZGFiMTIyOTEwYThhNWY5Nw', 1574272645, NULL),
(6451, 2, 229, 'NTcwZDNkNTk4MmE2YWY4MzRmOTljMjAxYTNkMmFiNWQ1YWNmNDZiOGYyNzBkOGRjODFmMDM2OWMxYWFiOGFmNA', 1575023040, NULL),
(6452, 2, 225, 'ZmEwYmJjYTExYzEzOGQ0MjU0ZDQ1ZDM5ZmI3OTY1MmQ5YTg2OTQzNzAzY2Y0YjA5YmYyNzI2ZWVlYzMwZjZmMA', 1575116631, NULL),
(6453, 2, 224, 'NGM2OTRiNzY2MzBmOGM0NmU3ZmNlZjJiMWZkYTA0NDJhNWQyMWEwOWJjNjRiNTUzODE5NWM0NjVhZDA2YzU1ZA', 1575116883, NULL),
(6454, 2, 226, 'Y2JmZTBkMDFiNDY4YWUxMTcwZTQwN2NmMTA0ODRiY2Y2ZDEyOThhM2M3MWI4ZTVjOWE1YWEwOGM2MDNkOTAzNw', 1575117112, NULL),
(6455, 2, 230, 'YmJiNGQyYWJmOTY3ZGFmMDlkNDRjZmE4Nzk5OGRiZGIzNGQ0ZmVhYjMzMTk1MjNjYTkwM2RiY2NiYmI3OTJlNQ', 1575126722, NULL),
(6456, 2, 226, 'OGEwYWY2N2IyZmIwZTQ1YmMyZmMwNmJjMmIwYjk3ODAxMTI4NzVhYzVmZDcxZGM0OTBiZjIyODk2NzMzNDJhOA', 1575230542, NULL),
(6457, 2, 225, 'NTE1MmM0YzFmY2ZmMDIwNTgwZGZjNzY5OWY5MmVmNDZkZmYxZGVkNjI5ZDRkZDFjNWY1MWIyNjg2ZjI0MDRlYQ', 1575376643, NULL),
(6458, 2, 234, 'ZjJmYTRmNGFlODc4MjE1NjJmOWMwNTViMThiNDUxMDNhYTgwZDkwNmUzY2Q4MTc0YTNjNWNmZWFmNTcyYzhlZQ', 1575376829, NULL),
(6459, 2, 228, 'OGMzOTM0NjNkMTc3ZmU4MjAyYjA0NzIyZjAyYjM4NjQ2MjQyY2RhMmYyZDAyZDM4MjA4MWE1NzE0MTMzODc4NQ', 1575409255, NULL),
(6460, 2, 225, 'YmQ5MGU0Mzc4NTZlZWNjODA1OWFkYTM0MTYwMTYzNWNjMmI2NmQ1OGEyMzg4OWNiMThjODc3ZWFjYTE5ZWQyZg', 1575484659, NULL),
(6461, 2, 227, 'ZWEwMWEzNWM4NDc0ODhhYTYxYWQ3OGZlMzg5ZmUzYzhmMjM4YzcxYTVmNzJiYmM1ODg0ZjE0MjU2NGNkNDc5OQ', 1575550818, NULL),
(6462, 2, 228, 'MzEwYTgwMjBjZTUxOWRiYjQxZjM1MjhjYzYyN2VlYzY0ZmE3NzhlMzhmNDQxZmM2MmZhZDBjNzA0ZDYyN2VmOQ', 1575570760, NULL),
(6463, 2, 224, 'ZmY0MWMwMTgwYjhmOWUyN2IwMGIwMWNjZGNjOGMwMGQxMmRiZmQwMTZiMTJkZjlhZjU3YTI0NDczNTA0NjQ3Yg', 1575728534, NULL),
(6464, 2, 66, 'ZDhjYmI1YmUyODZlOThhZTBmNjBiZGM4ZWJjZmZjYzFiMmE5YWU4NzYzYzUwMzE1Y2Y0ZTZjZTNkNmNkNjY2MQ', 1575731107, NULL),
(6465, 2, 222, 'ZTRiYzBjOTk5ZjIzY2JmYWE3YWIyNzUyNTY0MTcwMjUzYTg1NWMxYmQ3MWQyMmE0Y2I2M2U1NjlmYzFhNWE1OQ', 1575731451, NULL),
(6466, 2, 222, 'MTZhYjM4MGFmNzU0ZmI0ZTA1Nzk2OGUzMzQ5MDI1ZmVjYmQzNzc3NmRjMGY3ZjE2YjQ2YjFkNjY3NjAyZDA4NQ', 1575877246, NULL),
(6467, 2, 76, 'ZjhkNTZlM2I4MzFmODdjMjA1OTQ0NGQxODQzMWM5MmRhNjg2NjVkNTUyOWYzNDQ5Y2M4MWY2YTg0N2U2MWMxYQ', 1575877256, NULL),
(6468, 2, 222, 'NmE3OTE3Njg3Njg0M2Y0OWRkYTlkNzA3NThjMDhhY2Y2Y2E3Y2EzMjcyM2VmNWNiYTNkNmFiZmFmYWI3ZWQ2ZA', 1575905419, NULL),
(6469, 2, 225, 'ODgwNjJmM2E0MzljYjQ2NGM5NDg5NDQwNjI4YzVmMGQwZDRjYmNkMjRhMjEzNDIzYWE4YzQwZWYyZTBhNDFjYg', 1575910053, NULL),
(6470, 2, 224, 'MjFlNzg1YTg0OTk1OWEwOWJjMGQ3MDBkZmEwNmRiMjJkMTc5MjhmMzlhZDFhNjdhNTE4OGJkODhkMmZlNDAzMQ', 1575910345, NULL),
(6471, 2, 230, 'MmU5ODlkYzViNDdkMjNjYWNiZGM5ZDYyZDY2YjdmMTE4OWRiMGYzYzFiMWZmMDAxYzZhZDVkMzhjNzNiZWEzOQ', 1575910474, NULL),
(6472, 2, 224, 'NmE5NzkwNGZjMmIwNTU0NTQwYWY3YjJmOTM2ZTE0NGFhZGIyOTVmZDFlNDA5NGY5ZTg3ZmYxZWM3MWFlMmY1NA', 1575913401, NULL),
(6473, 2, 224, 'NDgyZTNkY2E4NGY1YTBkZGY3ZTBmMGNmZjAxZmQ5YjdmNzQzZGFmNjQzNzFkZDcyZWIyMDJmOTQ0NTdkOTA0ZA', 1575918640, NULL),
(6474, 2, 230, 'ZmEwMWYwNTg4YTQwMzJiZTZkY2NhODJmYTljYjY3ZDk0M2JhZjA0YjZhODRhOTE1MTAwMTM5ZjBlMjU4NjlkMg', 1575918712, NULL),
(6475, 2, 222, 'N2VjYWZkN2FiNzgyNTI5MDVjZWE2OTg3MzE4YzZlMWU5MjFlNDgyYjgzYjgyMTE5MDRlNDAyYzNhZDRhZDU2NQ', 1575987103, NULL),
(6476, 2, 222, 'MTQwMTQ0YzRlYWViNWU2ODhmOTlmYWEyMzg2YjZkMDY1YzY1ZThkOWIzZjc3MDVkZWNlNzc3ZjRjZDAyMDIyZg', 1575988602, NULL),
(6477, 2, 222, 'OTkwMmIzYjQwMzFjZDcyY2MwYjg4NzdmMzUzYmJjYWJiYTAyYTlhMzQwYWE2NTg5YzllZWZhODlhYTc4M2M1OA', 1575988610, NULL),
(6478, 2, 222, 'NmNiOTg1N2U2NzY1MTNiMGYwMGU2MjYwM2NkZWM5ZTIxMmUwNzM2YWRjNWIwZmRlMmM0MGY2NzVhMjBhM2EzNg', 1575989348, NULL),
(6479, 2, 222, 'YTU0OTA2YjhhOGZlM2IwOGExMTg3M2I5NWNiNzhjZDgyYzNlMzIyNjBiNjJkNDMzMjNlMTYzYmVjMGE2OTg2NA', 1575990942, NULL),
(6480, 2, 224, 'YmY2NGRlZDk1OWU1YmY4OGQ3MjA1MzVkNDViZGZhZDVkOTc2ZTM1YTY5MzM5NmVjNzNmYTRkYjEyNTUyYTljNg', 1575991619, NULL),
(6481, 2, 66, 'NDBhOWIyMmE2NjRlNzc2ZWE4OGU0MzY4NzBlMzc0MDhkZmJkNTAyYzMzNzk4ZGJiODNlZjRmOWE5ZjdmNTU3Ng', 1575991828, NULL),
(6482, 2, 224, 'ZTkyMTIwODIzMDM4M2IyODZlZTUxYmFmNTgzMWIzOTg5ZjBiZGEyNjhjNTJhOWQ1OGMzMWJiMzkyZDg0NmI5NA', 1576014549, NULL),
(6483, 2, 224, 'MmMzYTBjOTgzNDYxNzVlNTgzYjRiNzA2ZmRiMjIyZGUyMDJmNmQ2NDY4OGQ1NjU0MjI1NDZiNGUwZWM4NzBiZA', 1576062814, NULL),
(6484, 2, 66, 'ODg2MTk5YTRkZTZhM2M5NzA5NTdjN2ExN2IxYzdkN2ZiYmM3NmFmMDI1NzE0YWQ3MzUyMDA3MTkwOTJkMmViNg', 1576087077, NULL),
(6485, 2, 224, 'NjU5MzliMDRhMGY4NWMxYWI0NTU4N2JlZTM3MDgyZTBkZTI1YWRkOWZkNWE0NGVlZGYxYjkzMmRkMWFlZjU4Zg', 1576228217, NULL),
(6486, 2, 224, 'M2E5YjY0OTBiMWZhOGFiZDJiZDdkOTVjNDJlYjkxMjAwZTA1MjFlNzc2NmZlM2JiOTQ2ZTJhYTc5ODBkMzNkMw', 1576319501, NULL),
(6487, 2, 224, 'NDg4MmZlOTcwOGJkYjk5NTVkMjZhM2U3NmEyNzlmZTg0MDhlODIxOTcxZWJiNjI2ZDE1MTUwODQxYWUxNzc2MQ', 1576519873, NULL),
(6488, 2, 224, 'NjAzMjBmZjQ3YzY2MjA1OTFkOWFhMWQ3YjEyYzg0OGU3ZjZhZGM1ZjQ0Zjg3MzY4MmFjMjMwMDFmM2ViODk3NA', 1576521597, NULL),
(6489, 2, 224, 'MjE2ZjJhNzQxODM5Zjk3ZDAyNTUzYWRjYTMwZTNjMjQ4MTg3NWNhYjliOTk5MjI1NTA4NDg5NWVkNGVkYzUxMw', 1576654084, NULL),
(6490, 2, 224, 'MWU4OTQ3YTdmNDc4N2RiOTNhMTM0YzEyMTgyZGFiNDA0ZjEyN2VmZTUyNTcwMmE0ZTc2YWI3YzQzNmU3ZWNmOQ', 1576862765, NULL),
(6491, 2, 223, 'MzBiYTA4YzgxNmQ3OTI3N2NjM2U3OWJlNzJlMGM3YmE3NzEyNjYwNGUyZDY0MTdjN2NhYzc2ZGY4YWU2MTJiOQ', 1577120646, NULL),
(6492, 2, 66, 'YmRhYjk4MTM0NzdkZjU0ZGJmOTZmMjUxYTg4MjM5OWY5MzgwMjRjNjkyZWVhODdkZWEyMWJiMjM4M2JmZTM4OQ', 1577188237, NULL),
(6493, 2, 235, 'MDc2MzcxZjA5NzljNTA0YWNkYzY0Mzg1MTU2NTk1ODZhYWFlZDRlMWQ2ZDFjMDAzNDJkY2NkZGJiMGM0OWYyOA', 1577191642, NULL),
(6494, 2, 224, 'YzQyOWQ5ZDFjNjdhYzg2YWE5YWIxNzY5MzQwY2Y2YjZhMjc0MTg2NzQ5NzJiNTQ1Nzg5ZjEzM2IyN2FjZDI3Mg', 1577191754, NULL),
(6495, 2, 235, 'NDU2ZGRhMjk4Y2Y0Mjg4MTRiMmQyYjI0ZTJiOTRhYWJmNDRiNWM2MTViYmNjNDQ3YjM5YzQ2OTkwMWRjZDBjOA', 1577192781, NULL),
(6496, 2, 235, 'MTUxNDUwZTUwOGE0YzFjODljMmRkYTY5M2VhMTA3ZGY2M2JiZmE3OThlYzFlYTViY2I3ODc0MTFlZWIyMzNmNQ', 1577193220, NULL),
(6497, 2, 226, 'NjUxZjkwZDFhMDM5Mzk2OGRjMGY0NjMyNmNhMmNkNDdkOTU3MGIzN2U5MmE5YmQ5NjllZGNhZTE1MWZhNjc5MA', 1577209413, NULL),
(6498, 2, 225, 'OGY0YjU1ODA3NDFmYzViZjEyY2MyZWJlMDk2YzViNDRjM2I1YTgxMjljNGZkY2RmMTU3YzE4MWExOTIxOWQ4NA', 1577209424, NULL),
(6499, 2, 226, 'YWQzOTNjZjU2NzFiMGZkZTYwOWJlY2RmZTZkMWVlNWQ4MTZkN2ZlMzM2MzM1Y2ZmN2YwYzkzOWI5ZmM3NjFjMg', 1577216083, NULL),
(6500, 2, 235, 'ZDI4ODIxNjA0ZTI0ZjJkYTg4NzA0NmRmNDQ3YWRjNDY5OWJhOTgyNGRjYTQ5N2MzYzJlZjY1YWFiZWUxYzgwMQ', 1577216122, NULL),
(6501, 2, 229, 'M2QxYjIxMTQ5ZjRiMDg0NzViMzk5MWFlMTRiYWFmOWRiMGQ1NTQ0M2M0ZDg1YjYyZGVmOWYwMjIzNDQ1YzBjOQ', 1577217327, NULL),
(6502, 2, 231, 'ODViMDU5NWQ5NmVlNmI0ZjljZGE4NTg1ZDFhNmFkNWNkZWM4YjI4MGRmZWQwYjQwZDExYzczYzU0OWZiMmZmNg', 1577217376, NULL),
(6503, 2, 227, 'NGYyNzMzYmU0NGY4YWI1ZDI3ZTgzYzJkMzk1N2I2NDBlMGQ1Y2Y2YmIxMzNmY2ZmMGU2YjQ3ZGUzMjc2MGI1OA', 1577219230, NULL),
(6504, 2, 239, 'NzZmMTRkZTkxMGY3OGVlMjk1YjJjYzUyMGJhODg0ZTA0N2JiN2JmMjlmZjE1MzU2ZjFmZTYxZjJmNjg3ZTFjNQ', 1577220140, NULL),
(6505, 2, 226, 'OWUyNTE1Y2E4ZTVkZGM3Yjg2MmU2NWQ4ODE2MzlkMjgxZDFiNzEyNDVjZmIyY2NiNGJlZjI1NTNhZWRhZmNjMg', 1577220507, NULL),
(6506, 2, 239, 'YzdjZjBlMDdmYjMwZmMwZGQ0ODQ1NDY1Y2MzYTllMWYzM2FkYTQ1NGM5ODk5YjJkN2RjODYwMDI1OGQ0ODIzNw', 1577267753, NULL),
(6507, 2, 229, 'NDJmYzYyNTAwYzczN2I1MjI3OTkyMTZiZWYyZGJjYzM3YmU5MmQ5MjRiZWE5MDJmNjY2YzI5Y2VlOTExYzQ3NQ', 1577268092, NULL),
(6508, 2, 235, 'YWVmZjJlMTdiZGJiNGRmOTZmOGVjZTNkZTYxNjk4NDAwNGEwM2Y2OWFhYjEzOTYyNjIzYmEzNmI3YzFjNjEzMQ', 1577268167, NULL),
(6509, 2, 226, 'NDhhZmI4NWYyMzQyZDQxMDg1Y2VkNDFlMGEyOWY1MTgzNzlkNDIwODlmOTFlYTdkMzFhM2ViYzA5YmU5YjZkYQ', 1577276318, NULL),
(6510, 2, 224, 'NTUxZWMyZDNjNjY3YjdjNDIxMDNlMTYzN2RkZWI3YmNkZWMxYTE2M2E1YTA3OTAxZWM1ZTAwZDVhMTY5MWJlYg', 1577286903, NULL),
(6511, 2, 224, 'M2Q0Yzc1NjlmN2U4ZDlkMDAxNzIwZThmODkzNWU3MzdkNmE4ZGQ0MDA2NmUyODhhZGMwMWNhYWVhOTZmZmU0NQ', 1577288434, NULL),
(6512, 2, 226, 'YzUzNjgyYTA5OTFmNzgzYzdmMTk3NDExODEzNDU5YzNmYjI4Yzg1ZTgyODIyYjM5NzhmZmIwMDVjMjk1NjZiYg', 1577291603, NULL),
(6513, 2, 229, 'OTNjNzJhZDA2ZjAzN2IxMzg3Y2M0OWI0ZDNmOTBlM2I2ZjBkMmZmOGRiMTFjYWYxYzA2YjY2ZTcyZTU1Zjg2Zg', 1577292845, NULL),
(6514, 2, 235, 'MzA1NzA5NmEyOTI5YmM0MGY5MTM2OWNiZmU3NzkxODdkMWM4MTQ0NDU3ZWNlZTU1YjhmYzI2ZjA2NmU2NzMyYQ', 1577293334, NULL),
(6515, 2, 66, 'N2U5MTg3MjlmNjBkOGIwMjc0N2UwNzU5MzUxMjFlYjM3ZDFkNzQzNGZkMGVlYmFlZTc2ODFlY2NkNmI4NDkwMQ', 1577294708, NULL),
(6516, 2, 229, 'YjUxZjE1OGU1NGVjMDkzZDIwOWRlMGNjNjBlZmFkNTg1OThmYjFmMDdjZjQ4ZTYyNDE5NzliMGE5ZGE4MzE4Yw', 1577353805, NULL),
(6517, 2, 226, 'YTJiMGM5YTNkMzhlYzM1MjU2ZmMzZDBkZTc4NGRlNjJhMTJhMzhkZjdjM2U2NDZmOGU3YjdiODMyOWIzZDQ4OA', 1577364332, NULL),
(6518, 2, 66, 'NTkwYTkwNjI3YmE1OWM1ZDkwNzdiNWZhNDFlYjM2NTU1ODE5MTg5NDc0NDExNjRhZmQ5ODcxOGE5NWYzZWRiZQ', 1577367473, NULL),
(6519, 2, 229, 'MzM5YjdmZWJiMGUyZDY4YWYxZmZkNDc2OTY0OTkyYTk0Y2E2OWNlMDA4MTE1ODE5OGFiMDdjYTQyOTg4YTNmYg', 1577376125, NULL),
(6520, 2, 226, 'NmIzNWI2OWQyMjdkYjk3ZWFhZWNkNTUxN2MzZGM4MjU0N2MyMjViZjA1ZDA2YjQ0MDU5NzExOTI4YzFkZTNhOQ', 1577381918, NULL),
(6521, 2, 226, 'OWFmOTBmMjQwZWE1NGM4OTY3YmRlZWYyODM1MTYwNDk4OGQ3ZDhlOGQ2YWIwZGJmZDk3OTg4ZDRmZTQ0NzI0ZQ', 1577464331, NULL),
(6522, 2, 229, 'NjkyYzA1NzVmMmUwZWRhNDk5ZDAzN2M0ZDJiYTMzOGI5YjY0ZjUzYTg0NGU1MzNmYzVjNmY4YTBiM2NiMmQzNw', 1577467773, NULL),
(6523, 2, 223, 'NGY2NTUzNGIyNjRlMWQzOGRmMGQ1YWFmZjZjOWE4ZDFhOTMxNTliMDg4YjI4M2UxZDU0MTg2MTI5M2IxNjUyMQ', 1577788100, NULL),
(6524, 2, 223, 'ZTZkOTdlMzMwMmU3OTI2ZTE1MDY5MzNhZTk5NTc4MjM5NzRjMGJiZDk5MTkxMTVlMzQyYjc2MGQ0YmRjOGNmYg', 1577802644, NULL),
(6525, 2, 1, 'YWU4NjIyN2Y3ZjQ2OGJiM2U4ZjZjNDMwOTA2YTYwZjljNGQxN2IwNjc3MzE0OWJlNWY0ODZkMjgyNGI1NDQ0Yw', 1578669704, NULL),
(6526, 2, 66, 'ZDc1YTVhYTJkZGQ0NTNmYjA4YmE2ZjA1NDcxYzhkNGQxYzliMzEwZmExNThhZTA0NWE3NzJjZmI5MzVmZmU2OQ', 1578773155, NULL);

-- --------------------------------------------------------

--
-- Structure de la table `offer`
--

