INSERT INTO `pdv_customer` (`id`, `customer_id`, `pdv_id`, `created_at`, `comment`) VALUES
(473543, 416480, 191, '2019-12-11 22:04:57', NULL),
(473544, 416481, 191, '2019-12-11 22:04:59', NULL),
(473545, 416482, 191, '2019-12-11 22:05:02', NULL),
(473546, 416483, 191, '2019-12-11 22:05:04', NULL),
(473547, 416484, 191, '2019-12-11 22:05:07', NULL),
(473548, 416485, 191, '2019-12-11 22:05:09', NULL),
(473549, 416486, 191, '2019-12-11 22:05:11', NULL),
(473550, 416487, 191, '2019-12-11 22:05:14', NULL),
(473551, 416488, 191, '2019-12-11 22:05:16', NULL),
(473552, 416489, 191, '2019-12-11 22:05:19', NULL),
(473553, 416490, 191, '2019-12-11 22:05:21', NULL),
(473554, 416491, 191, '2019-12-11 22:05:24', NULL),
(473555, 416492, 191, '2019-12-11 22:05:26', NULL),
(473556, 416493, 191, '2019-12-11 22:05:28', NULL),
(473557, 416494, 191, '2019-12-11 22:05:31', NULL),
(473558, 416495, 191, '2019-12-11 22:05:33', NULL),
(473559, 416496, 191, '2019-12-11 22:05:36', NULL),
(473560, 416497, 191, '2019-12-11 22:05:38', NULL),
(473561, 416498, 191, '2019-12-11 22:05:40', NULL),
(473562, 416499, 191, '2019-12-11 22:05:43', NULL),
(473563, 416500, 191, '2019-12-11 22:05:45', NULL),
(473564, 416501, 191, '2019-12-11 22:05:48', NULL),
(473565, 416502, 191, '2019-12-11 22:05:50', NULL),
(473566, 416503, 191, '2019-12-11 22:05:52', NULL),
(473567, 416504, 191, '2019-12-11 22:05:55', NULL),
(473568, 416505, 191, '2019-12-11 22:05:57', NULL),
(473569, 416506, 191, '2019-12-11 22:06:00', NULL),
(473570, 416507, 191, '2019-12-11 22:06:02', NULL),
(473571, 416508, 191, '2019-12-11 22:06:05', NULL),
(473572, 416509, 191, '2019-12-11 22:06:07', NULL),
(473573, 416510, 191, '2019-12-11 22:06:10', NULL),
(473574, 416511, 191, '2019-12-11 22:06:12', NULL),
(473575, 416512, 191, '2019-12-11 22:06:14', NULL),
(473576, 416513, 191, '2019-12-11 22:06:17', NULL),
(473577, 416514, 191, '2019-12-11 22:06:19', NULL),
(473578, 416515, 191, '2019-12-11 22:06:22', NULL),
(473579, 416516, 191, '2019-12-11 22:06:24', NULL),
(473580, 416517, 191, '2019-12-11 22:06:26', NULL),
(473581, 416518, 191, '2019-12-11 22:06:29', NULL),
(473582, 416519, 191, '2019-12-11 22:06:31', NULL),
(473583, 416520, 191, '2019-12-11 22:06:34', NULL),
(473584, 416521, 191, '2019-12-11 22:06:36', NULL),
(473585, 416522, 191, '2019-12-11 22:06:39', NULL),
(473586, 416523, 191, '2019-12-11 22:06:41', NULL),
(473587, 416524, 191, '2019-12-11 22:06:43', NULL),
(473588, 416525, 191, '2019-12-11 22:06:46', NULL),
(473589, 416526, 191, '2019-12-11 22:06:48', NULL),
(473590, 416527, 191, '2019-12-11 22:06:51', NULL),
(473591, 416528, 191, '2019-12-11 22:06:53', NULL),
(473592, 416529, 191, '2019-12-11 22:06:56', NULL),
(473593, 416530, 191, '2019-12-11 22:06:58', NULL),
(473594, 416531, 191, '2019-12-11 22:07:01', NULL),
(473595, 416532, 191, '2019-12-11 22:07:03', NULL),
(473596, 416533, 191, '2019-12-11 22:07:05', NULL),
(473597, 416534, 191, '2019-12-11 22:07:08', NULL),
(473598, 416535, 191, '2019-12-11 22:07:10', NULL),
(473599, 416536, 191, '2019-12-11 22:07:13', NULL),
(473600, 416537, 191, '2019-12-11 22:07:15', NULL),
(473601, 416538, 191, '2019-12-11 22:07:18', NULL),
(473602, 416539, 191, '2019-12-11 22:07:20', NULL),
(473603, 416540, 191, '2019-12-11 22:07:22', NULL),
(473604, 416541, 191, '2019-12-11 22:07:25', NULL),
(473605, 416542, 191, '2019-12-11 22:07:27', NULL),
(473606, 416543, 191, '2019-12-11 22:07:30', NULL),
(473607, 416544, 191, '2019-12-11 22:07:32', NULL),
(473608, 416545, 191, '2019-12-11 22:07:35', NULL),
(473609, 416546, 191, '2019-12-11 22:07:37', NULL),
(473610, 416547, 191, '2019-12-11 22:07:39', NULL),
(473611, 416548, 191, '2019-12-11 22:07:42', NULL),
(473612, 416549, 191, '2019-12-11 22:07:44', NULL),
(473613, 416550, 191, '2019-12-11 22:07:47', NULL),
(473614, 416551, 191, '2019-12-11 22:07:49', NULL),
(473615, 416552, 191, '2019-12-11 22:07:52', NULL),
(473616, 416553, 191, '2019-12-11 22:07:54', NULL),
(473617, 416554, 191, '2019-12-11 22:07:56', NULL),
(473618, 416555, 191, '2019-12-11 22:07:59', NULL),
(473619, 416556, 191, '2019-12-11 22:08:01', NULL),
(473620, 416557, 191, '2019-12-11 22:08:04', NULL),
(473621, 416558, 191, '2019-12-11 22:08:06', NULL),
(473622, 416559, 191, '2019-12-11 22:08:09', NULL),
(473623, 416560, 191, '2019-12-11 22:08:11', NULL),
(473624, 416561, 191, '2019-12-11 22:08:14', NULL),
(473625, 416562, 191, '2019-12-11 22:08:16', NULL),
(473626, 416563, 191, '2019-12-11 22:08:19', NULL),
(473627, 416564, 191, '2019-12-11 22:08:21', NULL),
(473628, 416565, 191, '2019-12-11 22:08:24', NULL),
(473629, 416566, 191, '2019-12-11 22:08:26', NULL),
(473630, 416567, 191, '2019-12-11 22:08:28', NULL),
(473631, 416568, 191, '2019-12-11 22:08:31', NULL),
(473632, 416569, 191, '2019-12-11 22:08:33', NULL),
(473633, 416570, 191, '2019-12-11 22:08:36', NULL),
(473634, 416571, 191, '2019-12-11 22:08:38', NULL),
(473635, 416572, 191, '2019-12-11 22:08:41', NULL),
(473636, 416573, 191, '2019-12-11 22:08:43', NULL),
(473637, 416574, 191, '2019-12-11 22:08:46', NULL),
(473638, 416575, 191, '2019-12-11 22:08:48', NULL),
(473639, 416576, 191, '2019-12-11 22:08:51', NULL),
(473640, 416577, 191, '2019-12-11 22:08:53', NULL),
(473641, 416578, 191, '2019-12-11 22:08:55', NULL),
(473642, 416579, 191, '2019-12-11 22:08:58', NULL),
(473643, 416580, 191, '2019-12-11 22:09:00', NULL),
(473644, 416581, 191, '2019-12-11 22:09:03', NULL),
(473645, 416582, 191, '2019-12-11 22:09:05', NULL),
(473646, 416583, 191, '2019-12-11 22:09:08', NULL),
(473647, 416584, 191, '2019-12-11 22:09:10', NULL),
(473648, 416585, 191, '2019-12-11 22:09:13', NULL),
(473649, 416586, 191, '2019-12-11 22:09:15', NULL),
(473650, 416587, 191, '2019-12-11 22:09:18', NULL),
(473651, 416588, 191, '2019-12-11 22:09:20', NULL),
(473652, 416589, 191, '2019-12-11 22:09:23', NULL),
(473653, 416590, 191, '2019-12-11 22:09:25', NULL),
(473654, 416591, 191, '2019-12-11 22:09:28', NULL),
(473655, 416592, 191, '2019-12-11 22:09:30', NULL),
(473656, 416593, 191, '2019-12-11 22:09:33', NULL),
(473657, 416594, 191, '2019-12-11 22:09:35', NULL),
(473658, 416595, 191, '2019-12-11 22:09:38', NULL),
(473659, 416596, 191, '2019-12-11 22:09:40', NULL),
(473660, 416597, 191, '2019-12-11 22:09:43', NULL),
(473661, 416598, 191, '2019-12-11 22:09:45', NULL),
(473662, 416599, 191, '2019-12-11 22:09:48', NULL),
(473663, 416600, 191, '2019-12-11 22:09:50', NULL),
(473664, 416601, 191, '2019-12-11 22:09:52', NULL),
(473665, 416602, 191, '2019-12-11 22:09:55', NULL),
(473666, 416603, 191, '2019-12-11 22:09:57', NULL),
(473667, 416604, 191, '2019-12-11 22:10:00', NULL),
(473668, 416605, 191, '2019-12-11 22:10:02', NULL),
(473669, 416606, 191, '2019-12-11 22:10:05', NULL),
(473670, 416607, 191, '2019-12-11 22:10:07', NULL),
(473671, 416608, 191, '2019-12-11 22:10:10', NULL),
(473672, 416609, 191, '2019-12-11 22:10:12', NULL),
(473673, 416610, 191, '2019-12-11 22:10:15', NULL),
(473674, 416611, 191, '2019-12-11 22:10:17', NULL),
(473675, 416612, 191, '2019-12-11 22:10:20', NULL),
(473676, 416613, 191, '2019-12-11 22:10:22', NULL),
(473677, 416614, 191, '2019-12-11 22:10:24', NULL),
(473678, 416615, 191, '2019-12-11 22:10:27', NULL),
(473679, 416616, 191, '2019-12-11 22:10:29', NULL),
(473680, 416617, 191, '2019-12-11 22:10:32', NULL),
(473681, 416618, 191, '2019-12-11 22:10:34', NULL),
(473682, 416619, 191, '2019-12-11 22:10:37', NULL),
(473683, 416620, 191, '2019-12-11 22:10:39', NULL),
(473684, 416621, 191, '2019-12-11 22:10:42', NULL),
(473685, 416622, 191, '2019-12-11 22:10:44', NULL),
(473686, 416623, 191, '2019-12-11 22:10:46', NULL),
(473687, 416624, 191, '2019-12-11 22:10:49', NULL),
(473688, 416625, 191, '2019-12-11 22:10:51', NULL),
(473689, 416626, 191, '2019-12-11 22:10:54', NULL),
(473690, 416627, 191, '2019-12-11 22:10:56', NULL),
(473691, 416628, 191, '2019-12-11 22:10:59', NULL),
(473692, 416629, 191, '2019-12-11 22:11:01', NULL),
(473693, 416630, 191, '2019-12-11 22:11:04', NULL),
(473694, 416631, 191, '2019-12-11 22:11:06', NULL),
(473695, 416632, 191, '2019-12-11 22:11:09', NULL),
(473696, 416633, 191, '2019-12-11 22:11:11', NULL),
(473697, 416634, 191, '2019-12-11 22:11:14', NULL),
(473698, 416635, 191, '2019-12-11 22:11:16', NULL),
(473699, 416636, 191, '2019-12-11 22:11:19', NULL),
(473700, 416637, 191, '2019-12-11 22:11:21', NULL),
(473701, 416638, 191, '2019-12-11 22:11:24', NULL),
(473702, 416639, 191, '2019-12-11 22:11:26', NULL),
(473703, 416640, 191, '2019-12-11 22:11:29', NULL),
(473704, 416641, 191, '2019-12-11 22:11:31', NULL),
(473705, 416642, 191, '2019-12-11 22:11:33', NULL),
(473706, 416643, 191, '2019-12-11 22:11:36', NULL),
(473707, 416644, 191, '2019-12-11 22:11:38', NULL),
(473708, 416645, 191, '2019-12-11 22:11:41', NULL),
(473709, 416646, 191, '2019-12-11 22:11:43', NULL),
(473710, 416647, 191, '2019-12-11 22:11:46', NULL),
(473711, 416648, 191, '2019-12-11 22:11:48', NULL),
(473712, 416649, 191, '2019-12-11 22:11:51', NULL),
(473713, 416650, 191, '2019-12-11 22:11:53', NULL),
(473714, 416651, 191, '2019-12-11 22:11:56', NULL),
(473715, 416652, 191, '2019-12-11 22:11:58', NULL),
(473716, 416653, 191, '2019-12-11 22:12:00', NULL),
(473717, 416654, 191, '2019-12-11 22:12:03', NULL),
(473718, 416655, 191, '2019-12-11 22:12:06', NULL),
(473719, 416656, 191, '2019-12-11 22:12:08', NULL),
(473720, 416657, 191, '2019-12-11 22:12:11', NULL),
(473721, 416658, 191, '2019-12-11 22:12:13', NULL),
(473722, 416659, 191, '2019-12-11 22:12:15', NULL),
(473723, 416660, 191, '2019-12-11 22:12:18', NULL),
(473724, 416661, 191, '2019-12-11 22:12:20', NULL),
(473725, 416662, 191, '2019-12-11 22:12:23', NULL),
(473726, 416663, 191, '2019-12-11 22:12:25', NULL),
(473727, 416664, 191, '2019-12-11 22:12:28', NULL),
(473728, 416665, 191, '2019-12-11 22:12:30', NULL),
(473729, 416666, 191, '2019-12-11 22:12:33', NULL),
(473730, 416667, 191, '2019-12-11 22:12:35', NULL),
(473731, 416668, 191, '2019-12-11 22:12:38', NULL),
(473732, 416669, 191, '2019-12-11 22:12:40', NULL),
(473733, 416670, 191, '2019-12-11 22:12:42', NULL),
(473734, 416671, 191, '2019-12-11 22:12:45', NULL),
(473735, 416672, 191, '2019-12-11 22:12:47', NULL),
(473736, 416673, 191, '2019-12-11 22:12:50', NULL),
(473737, 416674, 191, '2019-12-11 22:12:53', NULL),
(473738, 416675, 191, '2019-12-11 22:12:55', NULL),
(473739, 416676, 191, '2019-12-11 22:12:57', NULL),
(473740, 416677, 191, '2019-12-11 22:13:00', NULL),
(473741, 416678, 191, '2019-12-11 22:13:02', NULL),
(473742, 416679, 191, '2019-12-11 22:13:05', NULL),
(473743, 416680, 191, '2019-12-11 22:13:07', NULL),
(473744, 416681, 191, '2019-12-11 22:13:10', NULL),
(473745, 416682, 191, '2019-12-11 22:13:12', NULL),
(473746, 416683, 191, '2019-12-11 22:13:15', NULL),
(473747, 416684, 191, '2019-12-11 22:13:17', NULL),
(473748, 416685, 191, '2019-12-11 22:13:20', NULL),
(473749, 416686, 191, '2019-12-11 22:13:22', NULL),
(473750, 416687, 191, '2019-12-11 22:13:25', NULL),
(473751, 416688, 191, '2019-12-11 22:13:27', NULL),
(473752, 416689, 191, '2019-12-11 22:13:30', NULL),
(473753, 416690, 191, '2019-12-11 22:13:32', NULL),
(473754, 416691, 191, '2019-12-11 22:13:35', NULL),
(473755, 416692, 191, '2019-12-11 22:13:37', NULL),
(473756, 416693, 191, '2019-12-11 22:13:40', NULL),
(473757, 416694, 191, '2019-12-11 22:13:42', NULL),
(473758, 416695, 191, '2019-12-11 22:13:44', NULL),
(473759, 416696, 191, '2019-12-11 22:13:47', NULL),
(473760, 416697, 191, '2019-12-11 22:13:49', NULL),
(473761, 416698, 191, '2019-12-11 22:13:52', NULL),
(473762, 416699, 191, '2019-12-11 22:13:54', NULL),
(473763, 416700, 191, '2019-12-11 22:13:57', NULL),
(473764, 416701, 191, '2019-12-11 22:13:59', NULL),
(473765, 416702, 191, '2019-12-11 22:14:02', NULL),
(473766, 416703, 191, '2019-12-11 22:14:05', NULL),
(473767, 416704, 191, '2019-12-11 22:14:07', NULL),
(473768, 416705, 191, '2019-12-11 22:14:10', NULL),
(473769, 416706, 191, '2019-12-11 22:14:12', NULL),
(473770, 416707, 191, '2019-12-11 22:14:15', NULL),
(473771, 416708, 191, '2019-12-11 22:14:17', NULL),
(473772, 416709, 191, '2019-12-11 22:14:20', NULL),
(473773, 416710, 191, '2019-12-11 22:14:22', NULL),
(473774, 416711, 191, '2019-12-11 22:14:25', NULL),
(473775, 416712, 191, '2019-12-11 22:14:28', NULL),
(473776, 416713, 191, '2019-12-11 22:14:30', NULL),
(473777, 416714, 191, '2019-12-11 22:14:33', NULL),
(473778, 416715, 191, '2019-12-11 22:14:35', NULL),
(473779, 416716, 191, '2019-12-11 22:14:38', NULL),
(473780, 416717, 191, '2019-12-11 22:14:40', NULL),
(473781, 416718, 191, '2019-12-11 22:14:43', NULL),
(473782, 416719, 191, '2019-12-11 22:14:45', NULL),
(473783, 416720, 191, '2019-12-11 22:14:48', NULL),
(473784, 416721, 191, '2019-12-11 22:14:50', NULL),
(473785, 416722, 191, '2019-12-11 22:14:53', NULL),
(473786, 416723, 191, '2019-12-11 22:14:55', NULL),
(473787, 416724, 191, '2019-12-11 22:14:58', NULL),
(473788, 416725, 191, '2019-12-11 22:15:00', NULL),
(473789, 416726, 191, '2019-12-11 22:15:03', NULL),
(473790, 416727, 191, '2019-12-11 22:15:05', NULL),
(473791, 416728, 191, '2019-12-11 22:15:08', NULL),
(473792, 416729, 191, '2019-12-11 22:15:10', NULL),
(473793, 416730, 191, '2019-12-11 22:15:13', NULL),
(473794, 416731, 191, '2019-12-11 22:15:15', NULL),
(473795, 416732, 191, '2019-12-11 22:15:18', NULL),
(473796, 416733, 191, '2019-12-11 22:15:20', NULL),
(473797, 416734, 191, '2019-12-11 22:15:23', NULL),
(473798, 416735, 191, '2019-12-11 22:15:25', NULL),
(473799, 416736, 191, '2019-12-11 22:15:28', NULL),
(473800, 416737, 191, '2019-12-11 22:15:30', NULL),
(473801, 416738, 191, '2019-12-11 22:15:33', NULL),
(473802, 416739, 191, '2019-12-11 22:15:35', NULL),
(473803, 416740, 191, '2019-12-11 22:15:38', NULL),
(473804, 416741, 191, '2019-12-11 22:15:40', NULL),
(473805, 416742, 191, '2019-12-11 22:15:43', NULL),
(473806, 416743, 191, '2019-12-11 22:15:45', NULL),
(473807, 416744, 191, '2019-12-11 22:15:48', NULL),
(473808, 416745, 191, '2019-12-11 22:15:50', NULL),
(473809, 416746, 191, '2019-12-11 22:15:53', NULL),
(473810, 416747, 191, '2019-12-11 22:15:55', NULL),
(473811, 416748, 191, '2019-12-11 22:15:58', NULL),
(473812, 416749, 191, '2019-12-11 22:16:00', NULL),
(473813, 416750, 191, '2019-12-11 22:16:03', NULL),
(473814, 416751, 191, '2019-12-11 22:16:05', NULL),
(473815, 416752, 191, '2019-12-11 22:16:08', NULL),
(473816, 416753, 191, '2019-12-11 22:16:10', NULL),
(473817, 416754, 191, '2019-12-11 22:16:13', NULL),
(473818, 416755, 191, '2019-12-11 22:16:15', NULL),
(473819, 416756, 191, '2019-12-11 22:16:18', NULL),
(473820, 416757, 191, '2019-12-11 22:16:20', NULL),
(473821, 416758, 191, '2019-12-11 22:16:22', NULL),
(473822, 416759, 191, '2019-12-11 22:16:25', NULL),
(473823, 416760, 191, '2019-12-11 22:16:27', NULL),
(473824, 416761, 191, '2019-12-11 22:16:30', NULL),
(473825, 416762, 191, '2019-12-11 22:16:33', NULL),
(473826, 416763, 191, '2019-12-11 22:16:35', NULL),
(473827, 416764, 191, '2019-12-11 22:16:38', NULL),
(473828, 416765, 191, '2019-12-11 22:16:40', NULL),
(473829, 416766, 191, '2019-12-11 22:16:43', NULL),
(473830, 416767, 191, '2019-12-11 22:16:45', NULL),
(473831, 416768, 191, '2019-12-11 22:16:48', NULL),
(473832, 416769, 191, '2019-12-11 22:16:50', NULL),
(473833, 416770, 191, '2019-12-11 22:16:53', NULL),
(473834, 416771, 191, '2019-12-11 22:16:55', NULL),
(473835, 416772, 191, '2019-12-11 22:16:57', NULL),
(473836, 416773, 191, '2019-12-11 22:17:00', NULL),
(473837, 416774, 191, '2019-12-11 22:17:02', NULL),
(473838, 416775, 191, '2019-12-11 22:17:05', NULL),
(473839, 416776, 191, '2019-12-11 22:17:07', NULL),
(473840, 416777, 191, '2019-12-11 22:17:10', NULL),
(473841, 416778, 191, '2019-12-11 22:17:12', NULL),
(473842, 416779, 191, '2019-12-11 22:17:15', NULL),
(473843, 416780, 191, '2019-12-11 22:17:17', NULL),
(473844, 416781, 191, '2019-12-11 22:17:20', NULL),
(473845, 416782, 191, '2019-12-11 22:17:22', NULL),
(473846, 416783, 191, '2019-12-11 22:17:25', NULL),
(473847, 416784, 191, '2019-12-11 22:17:27', NULL),
(473848, 416785, 191, '2019-12-11 22:17:30', NULL),
(473849, 416786, 191, '2019-12-11 22:17:32', NULL),
(473850, 416787, 191, '2019-12-11 22:17:35', NULL),
(473851, 416788, 191, '2019-12-11 22:17:37', NULL),
(473852, 416789, 191, '2019-12-11 22:17:40', NULL),
(473853, 416790, 191, '2019-12-11 22:17:42', NULL),
(473854, 416791, 191, '2019-12-11 22:17:45', NULL),
(473855, 416792, 191, '2019-12-11 22:17:47', NULL),
(473856, 416793, 191, '2019-12-11 22:17:50', NULL),
(473857, 416794, 191, '2019-12-11 22:17:52', NULL),
(473858, 416795, 191, '2019-12-11 22:17:55', NULL),
(473859, 416796, 191, '2019-12-11 22:17:57', NULL),
(473860, 416797, 191, '2019-12-11 22:18:00', NULL),
(473861, 416798, 191, '2019-12-11 22:18:02', NULL),
(473862, 416799, 191, '2019-12-11 22:18:05', NULL),
(473863, 416800, 191, '2019-12-11 22:18:07', NULL),
(473864, 416801, 191, '2019-12-11 22:18:10', NULL),
(473865, 416802, 191, '2019-12-11 22:18:12', NULL),
(473866, 416803, 191, '2019-12-11 22:18:15', NULL),
(473867, 416804, 191, '2019-12-11 22:18:17', NULL),
(473868, 416805, 191, '2019-12-11 22:18:20', NULL),
(473869, 416806, 191, '2019-12-11 22:18:22', NULL),
(473870, 416807, 191, '2019-12-11 22:18:25', NULL),
(473871, 416808, 191, '2019-12-11 22:18:28', NULL),
(473872, 416809, 191, '2019-12-11 22:18:30', NULL),
(473873, 416810, 191, '2019-12-11 22:18:33', NULL),
(473874, 416811, 191, '2019-12-11 22:18:35', NULL),
(473875, 416812, 191, '2019-12-11 22:18:38', NULL),
(473876, 416813, 191, '2019-12-11 22:18:40', NULL),
(473877, 416814, 191, '2019-12-11 22:18:43', NULL),
(473878, 416815, 191, '2019-12-11 22:18:45', NULL),
(473879, 416816, 191, '2019-12-11 22:18:48', NULL),
(473880, 416817, 191, '2019-12-11 22:18:50', NULL),
(473881, 416818, 191, '2019-12-11 22:18:53', NULL),
(473882, 416819, 191, '2019-12-11 22:18:55', NULL),
(473883, 416820, 191, '2019-12-11 22:18:58', NULL),
(473884, 416821, 191, '2019-12-11 22:19:00', NULL),
(473885, 416822, 191, '2019-12-11 22:19:03', NULL),
(473886, 416823, 191, '2019-12-11 22:19:05', NULL),
(473887, 416824, 191, '2019-12-11 22:19:08', NULL),
(473888, 416825, 191, '2019-12-11 22:19:10', NULL),
(473889, 416826, 191, '2019-12-11 22:19:13', NULL),
(473890, 416827, 191, '2019-12-11 22:19:15', NULL),
(473891, 416828, 191, '2019-12-11 22:19:18', NULL),
(473892, 416829, 191, '2019-12-11 22:19:20', NULL),
(473893, 416830, 191, '2019-12-11 22:19:23', NULL),
(473894, 416831, 191, '2019-12-11 22:19:25', NULL),
(473895, 416832, 191, '2019-12-11 22:19:28', NULL),
(473896, 416833, 191, '2019-12-11 22:19:30', NULL),
(473897, 416834, 191, '2019-12-11 22:19:33', NULL),
(473898, 416835, 191, '2019-12-11 22:19:35', NULL),
(473899, 416836, 191, '2019-12-11 22:19:38', NULL),
(473900, 416837, 191, '2019-12-11 22:19:41', NULL),
(473901, 416838, 191, '2019-12-11 22:19:43', NULL),
(473902, 416839, 191, '2019-12-11 22:19:46', NULL),
(473903, 416840, 191, '2019-12-11 22:19:48', NULL),
(473904, 416841, 191, '2019-12-11 22:19:51', NULL),
(473905, 416842, 191, '2019-12-11 22:19:53', NULL),
(473906, 416843, 191, '2019-12-11 22:19:56', NULL),
(473907, 416844, 191, '2019-12-11 22:19:58', NULL),
(473908, 416845, 191, '2019-12-11 22:20:01', NULL),
(473909, 416846, 191, '2019-12-11 22:20:03', NULL),
(473910, 416847, 191, '2019-12-11 22:20:06', NULL),
(473911, 416848, 191, '2019-12-11 22:20:09', NULL),
(473912, 416849, 191, '2019-12-11 22:20:11', NULL),
(473913, 416850, 191, '2019-12-11 22:20:14', NULL),
(473914, 416851, 191, '2019-12-11 22:20:16', NULL),
(473915, 416852, 191, '2019-12-11 22:20:18', NULL),
(473916, 416853, 191, '2019-12-11 22:20:21', NULL),
(473917, 416854, 191, '2019-12-11 22:20:24', NULL),
(473918, 416855, 191, '2019-12-11 22:20:26', NULL),
(473919, 416856, 191, '2019-12-11 22:20:29', NULL),
(473920, 416857, 191, '2019-12-11 22:20:31', NULL),
(473921, 416858, 191, '2019-12-11 22:20:34', NULL),
(473922, 416859, 191, '2019-12-11 22:20:36', NULL),
(473923, 416860, 191, '2019-12-11 22:20:39', NULL),
(473924, 416861, 191, '2019-12-11 22:20:41', NULL),
(473925, 416862, 191, '2019-12-11 22:20:44', NULL),
(473926, 416863, 191, '2019-12-11 22:20:46', NULL),
(473927, 416864, 191, '2019-12-11 22:20:49', NULL),
(473928, 416865, 191, '2019-12-11 22:20:51', NULL),
(473929, 416866, 191, '2019-12-11 22:20:54', NULL),
(473930, 416867, 191, '2019-12-11 22:20:56', NULL),
(473931, 416868, 191, '2019-12-11 22:20:59', NULL),
(473932, 416869, 191, '2019-12-11 22:21:01', NULL),
(473933, 416870, 191, '2019-12-11 22:21:04', NULL),
(473934, 416871, 191, '2019-12-11 22:21:06', NULL),
(473935, 416872, 191, '2019-12-11 22:21:09', NULL),
(473936, 416873, 191, '2019-12-11 22:21:11', NULL),
(473937, 416874, 191, '2019-12-11 22:21:14', NULL),
(473938, 416875, 191, '2019-12-11 22:21:16', NULL),
(473939, 416876, 191, '2019-12-11 22:21:19', NULL),
(473940, 416877, 191, '2019-12-11 22:21:21', NULL),
(473941, 416878, 191, '2019-12-11 22:21:24', NULL),
(473942, 416879, 191, '2019-12-11 22:21:26', NULL),
(473943, 416880, 191, '2019-12-11 22:21:29', NULL),
(473944, 416881, 191, '2019-12-11 22:21:32', NULL),
(473945, 416882, 191, '2019-12-11 22:21:34', NULL),
(473946, 416883, 191, '2019-12-11 22:21:37', NULL),
(473947, 416884, 191, '2019-12-11 22:21:39', NULL),
(473948, 416885, 191, '2019-12-11 22:21:42', NULL),
(473949, 416886, 191, '2019-12-11 22:21:44', NULL),
(473950, 416887, 191, '2019-12-11 22:21:47', NULL),
(473951, 416888, 191, '2019-12-11 22:21:49', NULL),
(473952, 416889, 191, '2019-12-11 22:21:52', NULL),
(473953, 416890, 191, '2019-12-11 22:21:55', NULL),
(473954, 416891, 191, '2019-12-11 22:21:57', NULL),
(473955, 416892, 191, '2019-12-11 22:21:59', NULL),
(473956, 416893, 191, '2019-12-11 22:22:02', NULL),
(473957, 416894, 191, '2019-12-11 22:22:05', NULL),
(473958, 416895, 191, '2019-12-11 22:22:07', NULL),
(473959, 416896, 191, '2019-12-11 22:22:10', NULL),
(473960, 416897, 191, '2019-12-11 22:22:12', NULL),
(473961, 416898, 191, '2019-12-11 22:22:15', NULL),
(473962, 416899, 191, '2019-12-11 22:22:17', NULL),
(473963, 416900, 191, '2019-12-11 22:22:20', NULL),
(473964, 416901, 191, '2019-12-11 22:22:22', NULL),
(473965, 416902, 191, '2019-12-11 22:22:25', NULL),
(473966, 416903, 191, '2019-12-11 22:22:28', NULL),
(473967, 416904, 191, '2019-12-11 22:22:30', NULL),
(473968, 416905, 191, '2019-12-11 22:22:32', NULL),
(473969, 416906, 191, '2019-12-11 22:22:35', NULL),
(473970, 416907, 191, '2019-12-11 22:22:37', NULL),
(473971, 416908, 191, '2019-12-11 22:22:40', NULL),
(473972, 416909, 191, '2019-12-11 22:22:42', NULL),
(473973, 416910, 191, '2019-12-11 22:22:45', NULL),
(473974, 416911, 191, '2019-12-11 22:22:47', NULL),
(473975, 416912, 191, '2019-12-11 22:22:50', NULL),
(473976, 416913, 191, '2019-12-11 22:22:53', NULL),
(473977, 416914, 191, '2019-12-11 22:22:55', NULL),
(473978, 416915, 191, '2019-12-11 22:22:58', NULL),
(473979, 416916, 191, '2019-12-11 22:23:00', NULL),
(473980, 416917, 191, '2019-12-11 22:23:02', NULL),
(473981, 416918, 191, '2019-12-11 22:23:05', NULL),
(473982, 416919, 191, '2019-12-11 22:23:08', NULL),
(473983, 416920, 191, '2019-12-11 22:23:10', NULL),
(473984, 416921, 191, '2019-12-11 22:23:13', NULL),
(473985, 416922, 191, '2019-12-11 22:23:15', NULL),
(473986, 416923, 191, '2019-12-11 22:23:18', NULL),
(473987, 416924, 191, '2019-12-11 22:23:20', NULL),
(473988, 416925, 191, '2019-12-11 22:23:23', NULL),
(473989, 416926, 191, '2019-12-11 22:23:25', NULL),
(473990, 416927, 191, '2019-12-11 22:23:28', NULL),
(473991, 416928, 191, '2019-12-11 22:23:30', NULL),
(473992, 416929, 191, '2019-12-11 22:23:33', NULL),
(473993, 416930, 191, '2019-12-11 22:23:35', NULL),
(473994, 416931, 191, '2019-12-11 22:23:38', NULL),
(473995, 416932, 191, '2019-12-11 22:23:40', NULL),
(473996, 416933, 191, '2019-12-11 22:23:43', NULL),
(473997, 416934, 191, '2019-12-11 22:23:45', NULL),
(473998, 416935, 191, '2019-12-11 22:23:48', NULL),
(473999, 416936, 191, '2019-12-11 22:23:50', NULL),
(474000, 416937, 191, '2019-12-11 22:23:53', NULL),
(474001, 416938, 191, '2019-12-11 22:23:55', NULL),
(474002, 416939, 191, '2019-12-11 22:23:58', NULL),
(474003, 416940, 191, '2019-12-11 22:24:00', NULL),
(474004, 416941, 191, '2019-12-11 22:24:03', NULL),
(474005, 416942, 191, '2019-12-11 22:24:05', NULL),
(474006, 416943, 191, '2019-12-11 22:24:08', NULL),
(474007, 416944, 191, '2019-12-11 22:24:11', NULL),
(474008, 416945, 191, '2019-12-11 22:24:13', NULL),
(474009, 416946, 191, '2019-12-11 22:24:16', NULL),
(474010, 416947, 191, '2019-12-11 22:24:18', NULL),
(474011, 416948, 191, '2019-12-11 22:24:21', NULL),
(474012, 416949, 191, '2019-12-11 22:24:24', NULL),
(474013, 416950, 191, '2019-12-11 22:24:26', NULL),
(474014, 416951, 191, '2019-12-11 22:24:29', NULL),
(474015, 416952, 191, '2019-12-11 22:24:31', NULL),
(474016, 416953, 191, '2019-12-11 22:24:34', NULL),
(474017, 416954, 191, '2019-12-11 22:24:36', NULL),
(474018, 416955, 191, '2019-12-11 22:24:39', NULL),
(474019, 416956, 191, '2019-12-11 22:24:41', NULL),
(474020, 416957, 191, '2019-12-11 22:24:44', NULL),
(474021, 416958, 191, '2019-12-11 22:24:46', NULL),
(474022, 416959, 191, '2019-12-11 22:24:49', NULL),
(474023, 416960, 191, '2019-12-11 22:24:51', NULL),
(474024, 416961, 191, '2019-12-11 22:24:54', NULL),
(474025, 416962, 191, '2019-12-11 22:24:57', NULL),
(474026, 416963, 191, '2019-12-11 22:24:59', NULL),
(474027, 416964, 191, '2019-12-11 22:25:02', NULL),
(474028, 416965, 191, '2019-12-11 22:25:04', NULL),
(474029, 416966, 191, '2019-12-11 22:25:07', NULL),
(474030, 416967, 191, '2019-12-11 22:25:09', NULL),
(474031, 416968, 191, '2019-12-11 22:25:12', NULL),
(474032, 416969, 191, '2019-12-11 22:25:14', NULL),
(474033, 416970, 191, '2019-12-11 22:25:17', NULL),
(474034, 416971, 191, '2019-12-11 22:25:19', NULL),
(474035, 416972, 191, '2019-12-11 22:25:22', NULL),
(474036, 416973, 191, '2019-12-11 22:25:25', NULL),
(474037, 416974, 191, '2019-12-11 22:25:27', NULL),
(474038, 416975, 191, '2019-12-11 22:25:30', NULL),
(474039, 416976, 191, '2019-12-11 22:25:32', NULL),
(474040, 416977, 191, '2019-12-11 22:25:35', NULL),
(474041, 416978, 191, '2019-12-11 22:25:37', NULL),
(474042, 416979, 191, '2019-12-11 22:25:40', NULL),
(474043, 416980, 191, '2019-12-11 22:25:42', NULL),
(474044, 416981, 191, '2019-12-11 22:25:45', NULL),
(474045, 416982, 191, '2019-12-11 22:25:47', NULL),
(474046, 416983, 191, '2019-12-11 22:25:50', NULL),
(474047, 416984, 191, '2019-12-11 22:25:52', NULL),
(474048, 416985, 191, '2019-12-11 22:25:55', NULL),
(474049, 416986, 191, '2019-12-11 22:25:58', NULL),
(474050, 416987, 191, '2019-12-11 22:26:00', NULL),
(474051, 416988, 191, '2019-12-11 22:26:03', NULL),
(474052, 416989, 191, '2019-12-11 22:26:05', NULL),
(474053, 416990, 191, '2019-12-11 22:26:08', NULL),
(474054, 416991, 191, '2019-12-11 22:26:11', NULL),
(474055, 416992, 191, '2019-12-11 22:26:13', NULL),
(474056, 416993, 191, '2019-12-11 22:26:15', NULL),
(474057, 416994, 191, '2019-12-11 22:26:18', NULL),
(474058, 416995, 191, '2019-12-11 22:26:21', NULL),
(474059, 416996, 191, '2019-12-11 22:26:23', NULL),
(474060, 416997, 191, '2019-12-11 22:26:26', NULL),
(474061, 416998, 191, '2019-12-11 22:26:28', NULL),
(474062, 416999, 191, '2019-12-11 22:26:31', NULL),
(474063, 417000, 191, '2019-12-11 22:26:33', NULL),
(474064, 417001, 191, '2019-12-11 22:26:36', NULL),
(474065, 417002, 191, '2019-12-11 22:26:38', NULL),
(474066, 417003, 191, '2019-12-11 22:26:41', NULL),
(474067, 417004, 191, '2019-12-11 22:26:43', NULL),
(474068, 417005, 191, '2019-12-11 22:26:46', NULL),
(474069, 417006, 191, '2019-12-11 22:26:49', NULL),
(474070, 417007, 191, '2019-12-11 22:26:51', NULL),
(474071, 417008, 191, '2019-12-11 22:26:54', NULL),
(474072, 417009, 191, '2019-12-11 22:26:56', NULL),
(474073, 417010, 191, '2019-12-11 22:26:59', NULL),
(474074, 417011, 191, '2019-12-11 22:27:01', NULL),
(474075, 417012, 191, '2019-12-11 22:27:04', NULL),
(474076, 417013, 191, '2019-12-11 22:27:06', NULL),
(474077, 417014, 191, '2019-12-11 22:27:09', NULL),
(474078, 417015, 191, '2019-12-11 22:27:11', NULL),
(474079, 417016, 191, '2019-12-11 22:27:14', NULL),
(474080, 417017, 191, '2019-12-11 22:27:17', NULL),
(474081, 417018, 191, '2019-12-11 22:27:19', NULL),
(474082, 417019, 191, '2019-12-11 22:27:22', NULL),
(474083, 417020, 191, '2019-12-11 22:27:24', NULL),
(474084, 417021, 191, '2019-12-11 22:27:27', NULL),
(474085, 417022, 191, '2019-12-11 22:27:29', NULL),
(474086, 417023, 191, '2019-12-11 22:27:32', NULL),
(474087, 417024, 191, '2019-12-11 22:27:34', NULL),
(474088, 417025, 191, '2019-12-11 22:27:37', NULL),
(474089, 417026, 191, '2019-12-11 22:27:39', NULL),
(474090, 417027, 191, '2019-12-11 22:27:42', NULL),
(474091, 417028, 191, '2019-12-11 22:27:44', NULL),
(474092, 417029, 191, '2019-12-11 22:27:47', NULL),
(474093, 417030, 191, '2019-12-11 22:27:49', NULL),
(474094, 417031, 191, '2019-12-11 22:27:52', NULL),
(474095, 417032, 191, '2019-12-11 22:27:54', NULL),
(474096, 417033, 191, '2019-12-11 22:27:57', NULL),
(474097, 417034, 191, '2019-12-11 22:27:59', NULL),
(474098, 417035, 191, '2019-12-11 22:28:02', NULL),
(474099, 417036, 191, '2019-12-11 22:28:05', NULL),
(474100, 417037, 191, '2019-12-11 22:28:07', NULL),
(474101, 417038, 191, '2019-12-11 22:28:10', NULL),
(474102, 417039, 191, '2019-12-11 22:28:12', NULL),
(474103, 417040, 191, '2019-12-11 22:28:15', NULL),
(474104, 417041, 191, '2019-12-11 22:28:17', NULL),
(474105, 417042, 191, '2019-12-11 22:28:20', NULL),
(474106, 417043, 191, '2019-12-11 22:28:22', NULL),
(474107, 417044, 191, '2019-12-11 22:28:25', NULL),
(474108, 417045, 191, '2019-12-11 22:28:27', NULL),
(474109, 417046, 191, '2019-12-11 22:28:30', NULL),
(474110, 417047, 191, '2019-12-11 22:28:33', NULL),
(474111, 417048, 191, '2019-12-11 22:28:35', NULL),
(474112, 417049, 191, '2019-12-11 22:28:38', NULL),
(474113, 417050, 191, '2019-12-11 22:28:40', NULL),
(474114, 417051, 191, '2019-12-11 22:28:43', NULL),
(474115, 417052, 191, '2019-12-11 22:28:45', NULL),
(474116, 417053, 191, '2019-12-11 22:28:48', NULL),
(474117, 417054, 191, '2019-12-11 22:28:50', NULL),
(474118, 417055, 191, '2019-12-11 22:28:53', NULL),
(474119, 417056, 191, '2019-12-11 22:28:55', NULL),
(474120, 417057, 191, '2019-12-11 22:28:58', NULL),
(474121, 417058, 191, '2019-12-11 22:29:00', NULL),
(474122, 417059, 191, '2019-12-11 22:29:03', NULL),
(474123, 417060, 191, '2019-12-11 22:29:05', NULL),
(474124, 417061, 191, '2019-12-11 22:29:08', NULL),
(474125, 417062, 191, '2019-12-11 22:29:10', NULL),
(474126, 417063, 191, '2019-12-11 22:29:13', NULL),
(474127, 417064, 191, '2019-12-11 22:29:16', NULL),
(474128, 417065, 191, '2019-12-11 22:29:18', NULL),
(474129, 417066, 191, '2019-12-11 22:29:21', NULL),
(474130, 417067, 191, '2019-12-11 22:29:23', NULL),
(474131, 417068, 191, '2019-12-11 22:29:26', NULL),
(474132, 417069, 191, '2019-12-11 22:29:28', NULL),
(474133, 417070, 191, '2019-12-11 22:29:31', NULL),
(474134, 417071, 191, '2019-12-11 22:29:34', NULL),
(474135, 417072, 191, '2019-12-11 22:29:36', NULL),
(474136, 417073, 191, '2019-12-11 22:29:39', NULL),
(474137, 417074, 191, '2019-12-11 22:29:41', NULL),
(474138, 417075, 191, '2019-12-11 22:29:44', NULL),
(474139, 417076, 191, '2019-12-11 22:29:46', NULL),
(474140, 417077, 191, '2019-12-11 22:29:49', NULL),
(474141, 417078, 191, '2019-12-11 22:29:51', NULL),
(474142, 417079, 191, '2019-12-11 22:29:54', NULL),
(474143, 417080, 191, '2019-12-11 22:29:56', NULL),
(474144, 417081, 191, '2019-12-11 22:29:59', NULL),
(474145, 417082, 191, '2019-12-11 22:30:02', NULL),
(474146, 417083, 191, '2019-12-11 22:30:04', NULL),
(474147, 417084, 191, '2019-12-11 22:30:07', NULL),
(474148, 417085, 191, '2019-12-11 22:30:09', NULL),
(474149, 417086, 191, '2019-12-11 22:30:12', NULL),
(474150, 417087, 191, '2019-12-11 22:30:14', NULL),
(474151, 417088, 191, '2019-12-11 22:30:17', NULL),
(474152, 417089, 191, '2019-12-11 22:30:20', NULL),
(474153, 417090, 191, '2019-12-11 22:30:22', NULL),
(474154, 417091, 191, '2019-12-11 22:30:25', NULL),
(474155, 417092, 191, '2019-12-11 22:30:27', NULL),
(474156, 417093, 191, '2019-12-11 22:30:30', NULL),
(474157, 417094, 191, '2019-12-11 22:30:32', NULL),
(474158, 417095, 191, '2019-12-11 22:30:35', NULL),
(474159, 417096, 191, '2019-12-11 22:30:38', NULL),
(474160, 417097, 191, '2019-12-11 22:30:40', NULL),
(474161, 417098, 191, '2019-12-11 22:30:43', NULL),
(474162, 417099, 191, '2019-12-11 22:30:45', NULL),
(474163, 417100, 191, '2019-12-11 22:30:48', NULL),
(474164, 417101, 191, '2019-12-11 22:30:50', NULL),
(474165, 417102, 191, '2019-12-11 22:30:53', NULL),
(474166, 417103, 191, '2019-12-11 22:30:56', NULL),
(474167, 417104, 191, '2019-12-11 22:30:58', NULL),
(474168, 417105, 191, '2019-12-11 22:31:01', NULL),
(474169, 417106, 191, '2019-12-11 22:31:03', NULL),
(474170, 417107, 191, '2019-12-11 22:31:06', NULL),
(474171, 417108, 191, '2019-12-11 22:31:08', NULL),
(474172, 417109, 191, '2019-12-11 22:31:11', NULL),
(474173, 417110, 191, '2019-12-11 22:31:14', NULL),
(474174, 417111, 191, '2019-12-11 22:31:16', NULL),
(474175, 417112, 191, '2019-12-11 22:31:19', NULL),
(474176, 417113, 191, '2019-12-11 22:31:21', NULL),
(474177, 417114, 191, '2019-12-11 22:31:24', NULL),
(474178, 417115, 191, '2019-12-11 22:31:26', NULL),
(474179, 417116, 191, '2019-12-11 22:31:29', NULL),
(474180, 417117, 191, '2019-12-11 22:31:32', NULL),
(474181, 417118, 191, '2019-12-11 22:31:34', NULL),
(474182, 417119, 191, '2019-12-11 22:31:37', NULL),
(474183, 417120, 191, '2019-12-11 22:31:39', NULL),
(474184, 417121, 191, '2019-12-11 22:31:42', NULL),
(474185, 417122, 191, '2019-12-11 22:31:44', NULL),
(474186, 417123, 191, '2019-12-11 22:31:47', NULL),
(474187, 417124, 191, '2019-12-11 22:31:49', NULL),
(474188, 417125, 191, '2019-12-11 22:31:52', NULL),
(474189, 417126, 191, '2019-12-11 22:31:55', NULL),
(474190, 417127, 191, '2019-12-11 22:31:57', NULL),
(474191, 417128, 191, '2019-12-11 22:32:00', NULL),
(474192, 417129, 191, '2019-12-11 22:32:02', NULL),
(474193, 417130, 191, '2019-12-11 22:32:05', NULL),
(474194, 417131, 191, '2019-12-11 22:32:08', NULL),
(474195, 417132, 191, '2019-12-11 22:32:10', NULL),
(474196, 417133, 191, '2019-12-11 22:32:13', NULL),
(474197, 417134, 191, '2019-12-11 22:32:15', NULL),
(474198, 417135, 191, '2019-12-11 22:32:18', NULL),
(474199, 417136, 191, '2019-12-11 22:32:21', NULL),
(474200, 417137, 191, '2019-12-11 22:32:23', NULL),
(474201, 417138, 191, '2019-12-11 22:32:26', NULL),
(474202, 417139, 191, '2019-12-11 22:32:28', NULL),
(474203, 417140, 191, '2019-12-11 22:32:31', NULL),
(474204, 417141, 191, '2019-12-11 22:32:34', NULL),
(474205, 417142, 191, '2019-12-11 22:32:36', NULL),
(474206, 417143, 191, '2019-12-11 22:32:39', NULL),
(474207, 417144, 191, '2019-12-11 22:32:41', NULL),
(474208, 417145, 191, '2019-12-11 22:32:44', NULL),
(474209, 417146, 191, '2019-12-11 22:32:46', NULL),
(474210, 417147, 191, '2019-12-11 22:32:49', NULL),
(474211, 417148, 191, '2019-12-11 22:32:52', NULL),
(474212, 417149, 191, '2019-12-11 22:32:54', NULL),
(474213, 417150, 191, '2019-12-11 22:32:57', NULL),
(474214, 417151, 191, '2019-12-11 22:32:59', NULL),
(474215, 417152, 191, '2019-12-11 22:33:02', NULL),
(474216, 417153, 191, '2019-12-11 22:33:04', NULL),
(474217, 417154, 191, '2019-12-11 22:33:07', NULL),
(474218, 417155, 191, '2019-12-11 22:33:09', NULL),
(474219, 417156, 191, '2019-12-11 22:33:12', NULL),
(474220, 417157, 191, '2019-12-11 22:33:14', NULL),
(474221, 417158, 191, '2019-12-11 22:33:17', NULL),
(474222, 417159, 191, '2019-12-11 22:33:20', NULL),
(474223, 417160, 191, '2019-12-11 22:33:22', NULL),
(474224, 417161, 191, '2019-12-11 22:33:25', NULL),
(474225, 417162, 191, '2019-12-11 22:33:27', NULL),
(474226, 417163, 191, '2019-12-11 22:33:30', NULL),
(474227, 417164, 191, '2019-12-11 22:33:32', NULL),
(474228, 417165, 191, '2019-12-11 22:33:35', NULL),
(474229, 417166, 191, '2019-12-11 22:33:37', NULL),
(474230, 417167, 191, '2019-12-11 22:33:40', NULL),
(474231, 417168, 191, '2019-12-11 22:33:42', NULL),
(474232, 417169, 191, '2019-12-11 22:33:45', NULL),
(474233, 417170, 191, '2019-12-11 22:33:48', NULL),
(474234, 417171, 191, '2019-12-11 22:33:50', NULL),
(474235, 417172, 191, '2019-12-11 22:33:53', NULL),
(474236, 417173, 191, '2019-12-11 22:33:55', NULL),
(474237, 417174, 191, '2019-12-11 22:33:58', NULL),
(474238, 417175, 191, '2019-12-11 22:34:00', NULL),
(474239, 417176, 191, '2019-12-11 22:34:03', NULL),
(474240, 417177, 191, '2019-12-11 22:34:06', NULL),
(474241, 417178, 191, '2019-12-11 22:34:08', NULL),
(474242, 417179, 191, '2019-12-11 22:34:11', NULL),
(474243, 417180, 191, '2019-12-11 22:34:14', NULL),
(474244, 417181, 191, '2019-12-11 22:34:16', NULL),
(474245, 417182, 191, '2019-12-11 22:34:19', NULL),
(474246, 417183, 191, '2019-12-11 22:34:21', NULL),
(474247, 417184, 191, '2019-12-11 22:34:24', NULL),
(474248, 417185, 191, '2019-12-11 22:34:26', NULL),
(474249, 417186, 191, '2019-12-11 22:34:29', NULL),
(474250, 417187, 191, '2019-12-11 22:34:32', NULL),
(474251, 417188, 191, '2019-12-11 22:34:34', NULL),
(474252, 417189, 191, '2019-12-11 22:34:37', NULL),
(474253, 417190, 191, '2019-12-11 22:34:39', NULL),
(474254, 417191, 191, '2019-12-11 22:34:42', NULL),
(474255, 417192, 191, '2019-12-11 22:34:45', NULL),
(474256, 417193, 191, '2019-12-11 22:34:47', NULL),
(474257, 417194, 191, '2019-12-11 22:34:50', NULL),
(474258, 417195, 191, '2019-12-11 22:34:52', NULL),
(474259, 417196, 191, '2019-12-11 22:34:55', NULL),
(474260, 417197, 191, '2019-12-11 22:34:57', NULL),
(474261, 417198, 191, '2019-12-11 22:35:00', NULL),
(474262, 417199, 191, '2019-12-11 22:35:03', NULL),
(474263, 417200, 191, '2019-12-11 22:35:05', NULL),
(474264, 417201, 191, '2019-12-11 22:35:08', NULL),
(474265, 417202, 191, '2019-12-11 22:35:10', NULL),
(474266, 417203, 191, '2019-12-11 22:35:13', NULL),
(474267, 417204, 191, '2019-12-11 22:35:15', NULL),
(474268, 417205, 191, '2019-12-11 22:35:18', NULL),
(474269, 417206, 191, '2019-12-11 22:35:21', NULL),
(474270, 417207, 191, '2019-12-11 22:35:23', NULL),
(474271, 417208, 191, '2019-12-11 22:35:26', NULL),
(474272, 417209, 191, '2019-12-11 22:35:28', NULL),
(474273, 417210, 191, '2019-12-11 22:35:31', NULL),
(474274, 417211, 191, '2019-12-11 22:35:34', NULL),
(474275, 417212, 191, '2019-12-11 22:35:36', NULL),
(474276, 417213, 191, '2019-12-11 22:35:39', NULL),
(474277, 417214, 191, '2019-12-11 22:35:41', NULL),
(474278, 417215, 191, '2019-12-11 22:35:44', NULL),
(474279, 417216, 191, '2019-12-11 22:35:47', NULL),
(474280, 417217, 191, '2019-12-11 22:35:49', NULL),
(474281, 417218, 191, '2019-12-11 22:35:52', NULL),
(474282, 417219, 191, '2019-12-11 22:35:54', NULL),
(474283, 417220, 191, '2019-12-11 22:35:57', NULL),
(474284, 417221, 191, '2019-12-11 22:35:59', NULL),
(474285, 417222, 191, '2019-12-11 22:36:02', NULL),
(474286, 417223, 191, '2019-12-11 22:36:05', NULL),
(474287, 417224, 191, '2019-12-11 22:36:07', NULL),
(474288, 417225, 191, '2019-12-11 22:36:10', NULL),
(474289, 417226, 191, '2019-12-11 22:36:13', NULL),
(474290, 417227, 191, '2019-12-11 22:36:15', NULL),
(474291, 417228, 191, '2019-12-11 22:36:18', NULL),
(474292, 417229, 191, '2019-12-11 22:36:20', NULL),
(474293, 417230, 191, '2019-12-11 22:36:23', NULL),
(474294, 417231, 191, '2019-12-11 22:36:26', NULL),
(474295, 417232, 191, '2019-12-11 22:36:28', NULL),
(474296, 417233, 191, '2019-12-11 22:36:31', NULL),
(474297, 417234, 191, '2019-12-11 22:36:34', NULL),
(474298, 417235, 191, '2019-12-11 22:36:36', NULL),
(474299, 417236, 191, '2019-12-11 22:36:39', NULL),
(474300, 417237, 191, '2019-12-11 22:36:41', NULL),
(474301, 417238, 191, '2019-12-11 22:36:44', NULL),
(474302, 417239, 191, '2019-12-11 22:36:47', NULL),
(474303, 417240, 191, '2019-12-11 22:36:49', NULL),
(474304, 417241, 191, '2019-12-11 22:36:52', NULL),
(474305, 417242, 191, '2019-12-11 22:36:54', NULL),
(474306, 417243, 191, '2019-12-11 22:36:57', NULL),
(474307, 417244, 191, '2019-12-11 22:37:00', NULL),
(474308, 417245, 191, '2019-12-11 22:37:02', NULL),
(474309, 417246, 191, '2019-12-11 22:37:05', NULL),
(474310, 417247, 191, '2019-12-11 22:37:07', NULL),
(474311, 417248, 191, '2019-12-11 22:37:10', NULL),
(474312, 417249, 191, '2019-12-11 22:37:13', NULL),
(474313, 417250, 191, '2019-12-11 22:37:15', NULL),
(474314, 417251, 191, '2019-12-11 22:37:18', NULL),
(474315, 417252, 191, '2019-12-11 22:37:20', NULL),
(474316, 417253, 191, '2019-12-11 22:37:23', NULL),
(474317, 417254, 191, '2019-12-11 22:37:26', NULL),
(474318, 417255, 191, '2019-12-11 22:37:28', NULL),
(474319, 417256, 191, '2019-12-11 22:37:31', NULL),
(474320, 417257, 191, '2019-12-11 22:37:33', NULL),
(474321, 417258, 191, '2019-12-11 22:37:36', NULL),
(474322, 417259, 191, '2019-12-11 22:37:39', NULL),
(474323, 417260, 191, '2019-12-11 22:37:41', NULL),
(474324, 417261, 191, '2019-12-11 22:37:44', NULL),
(474325, 417262, 191, '2019-12-11 22:37:46', NULL),
(474326, 417263, 191, '2019-12-11 22:37:49', NULL),
(474327, 417264, 191, '2019-12-11 22:37:52', NULL),
(474328, 417265, 191, '2019-12-11 22:37:54', NULL),
(474329, 417266, 191, '2019-12-11 22:37:57', NULL),
(474330, 417267, 191, '2019-12-11 22:37:59', NULL),
(474331, 417268, 191, '2019-12-11 22:38:02', NULL),
(474332, 417269, 191, '2019-12-11 22:38:05', NULL),
(474333, 417270, 191, '2019-12-11 22:38:07', NULL),
(474334, 417271, 191, '2019-12-11 22:38:10', NULL),
(474335, 417272, 191, '2019-12-11 22:38:13', NULL),
(474336, 417273, 191, '2019-12-11 22:38:15', NULL),
(474337, 417274, 191, '2019-12-11 22:38:18', NULL),
(474338, 417275, 191, '2019-12-11 22:38:21', NULL),
(474339, 417276, 191, '2019-12-11 22:38:23', NULL),
(474340, 417277, 191, '2019-12-11 22:38:26', NULL),
(474341, 417278, 191, '2019-12-11 22:38:28', NULL),
(474342, 417279, 191, '2019-12-11 22:38:31', NULL),
(474343, 417280, 191, '2019-12-11 22:38:34', NULL),
(474344, 417281, 191, '2019-12-11 22:38:36', NULL),
(474345, 417282, 191, '2019-12-11 22:38:39', NULL),
(474346, 417283, 191, '2019-12-11 22:38:41', NULL),
(474347, 417284, 191, '2019-12-11 22:38:44', NULL),
(474348, 417285, 191, '2019-12-11 22:38:46', NULL),
(474349, 417286, 191, '2019-12-11 22:38:49', NULL),
(474350, 417287, 191, '2019-12-11 22:38:52', NULL),
(474351, 417288, 191, '2019-12-11 22:38:54', NULL),
(474352, 417289, 191, '2019-12-11 22:38:57', NULL),
(474353, 417290, 191, '2019-12-11 22:39:00', NULL),
(474354, 417291, 191, '2019-12-11 22:39:02', NULL),
(474355, 417292, 191, '2019-12-11 22:39:05', NULL),
(474356, 417293, 191, '2019-12-11 22:39:07', NULL),
(474357, 417294, 191, '2019-12-11 22:39:10', NULL),
(474358, 417295, 191, '2019-12-11 22:39:13', NULL),
(474359, 417296, 191, '2019-12-11 22:39:15', NULL),
(474360, 417297, 191, '2019-12-11 22:39:18', NULL),
(474361, 417298, 191, '2019-12-11 22:39:20', NULL),
(474362, 417299, 191, '2019-12-11 22:39:23', NULL),
(474363, 417300, 191, '2019-12-11 22:39:25', NULL),
(474364, 417301, 191, '2019-12-11 22:39:28', NULL),
(474365, 417302, 191, '2019-12-11 22:39:31', NULL),
(474366, 417303, 191, '2019-12-11 22:39:33', NULL),
(474367, 417304, 191, '2019-12-11 22:39:36', NULL),
(474368, 417305, 191, '2019-12-11 22:39:39', NULL),
(474369, 417306, 191, '2019-12-11 22:39:41', NULL),
(474370, 417307, 191, '2019-12-11 22:39:44', NULL),
(474371, 417308, 191, '2019-12-11 22:39:46', NULL),
(474372, 417309, 191, '2019-12-11 22:39:49', NULL),
(474373, 417310, 191, '2019-12-11 22:39:52', NULL),
(474374, 417311, 191, '2019-12-11 22:39:54', NULL),
(474375, 417312, 191, '2019-12-11 22:39:57', NULL),
(474376, 417313, 191, '2019-12-11 22:39:59', NULL),
(474377, 417314, 191, '2019-12-11 22:40:02', NULL),
(474378, 417315, 191, '2019-12-11 22:40:05', NULL),
(474379, 417316, 191, '2019-12-11 22:40:08', NULL),
(474380, 417317, 191, '2019-12-11 22:40:10', NULL),
(474381, 417318, 191, '2019-12-11 22:40:13', NULL),
(474382, 417319, 191, '2019-12-11 22:40:15', NULL),
(474383, 417320, 191, '2019-12-11 22:40:18', NULL),
(474384, 417321, 191, '2019-12-11 22:40:21', NULL),
(474385, 417322, 191, '2019-12-11 22:40:23', NULL),
(474386, 417323, 191, '2019-12-11 22:40:26', NULL),
(474387, 417324, 191, '2019-12-11 22:40:28', NULL),
(474388, 417325, 191, '2019-12-11 22:40:31', NULL),
(474389, 417326, 191, '2019-12-11 22:40:34', NULL),
(474390, 417327, 191, '2019-12-11 22:40:36', NULL),
(474391, 417328, 191, '2019-12-11 22:40:39', NULL),
(474392, 417329, 191, '2019-12-11 22:40:41', NULL),
(474393, 417330, 191, '2019-12-11 22:40:44', NULL),
(474394, 417331, 191, '2019-12-11 22:40:47', NULL),
(474395, 417332, 191, '2019-12-11 22:40:49', NULL),
(474396, 417333, 191, '2019-12-11 22:40:52', NULL),
(474397, 417334, 191, '2019-12-11 22:40:55', NULL),
(474398, 417335, 191, '2019-12-11 22:40:57', NULL),
(474399, 417336, 191, '2019-12-11 22:41:00', NULL),
(474400, 417337, 191, '2019-12-11 22:41:03', NULL),
(474401, 417338, 191, '2019-12-11 22:41:05', NULL),
(474402, 417339, 191, '2019-12-11 22:41:08', NULL),
(474403, 417340, 191, '2019-12-11 22:41:10', NULL),
(474404, 417341, 191, '2019-12-11 22:41:13', NULL),
(474405, 417342, 191, '2019-12-11 22:41:16', NULL),
(474406, 417343, 191, '2019-12-11 22:41:18', NULL),
(474407, 417344, 191, '2019-12-11 22:41:21', NULL),
(474408, 417345, 191, '2019-12-11 22:41:23', NULL),
(474409, 417346, 191, '2019-12-11 22:41:26', NULL),
(474410, 417347, 191, '2019-12-11 22:41:29', NULL),
(474411, 417348, 191, '2019-12-11 22:41:31', NULL),
(474412, 417349, 191, '2019-12-11 22:41:34', NULL),
(474413, 417350, 191, '2019-12-11 22:41:37', NULL),
(474414, 417351, 191, '2019-12-11 22:41:39', NULL),
(474415, 417352, 191, '2019-12-11 22:41:42', NULL),
(474416, 417353, 191, '2019-12-11 22:41:45', NULL),
(474417, 417354, 191, '2019-12-11 22:41:47', NULL),
(474418, 417355, 191, '2019-12-11 22:41:50', NULL),
(474419, 417356, 191, '2019-12-11 22:41:53', NULL),
(474420, 417357, 191, '2019-12-11 22:41:55', NULL),
(474421, 417358, 191, '2019-12-11 22:41:58', NULL),
(474422, 417359, 191, '2019-12-11 22:42:00', NULL),
(474423, 417360, 191, '2019-12-11 22:42:03', NULL),
(474424, 417361, 191, '2019-12-11 22:42:06', NULL),
(474425, 417362, 191, '2019-12-11 22:42:09', NULL),
(474426, 417363, 191, '2019-12-11 22:42:11', NULL),
(474427, 417364, 191, '2019-12-11 22:42:14', NULL),
(474428, 417365, 191, '2019-12-11 22:42:17', NULL),
(474429, 417366, 191, '2019-12-11 22:42:19', NULL),
(474430, 417367, 191, '2019-12-11 22:42:22', NULL),
(474431, 417368, 191, '2019-12-11 22:42:24', NULL),
(474432, 417369, 191, '2019-12-11 22:42:27', NULL),
(474433, 417370, 191, '2019-12-11 22:42:29', NULL),
(474434, 417371, 191, '2019-12-11 22:42:32', NULL),
(474435, 417372, 191, '2019-12-11 22:42:35', NULL),
(474436, 417373, 191, '2019-12-11 22:42:37', NULL),
(474437, 417374, 191, '2019-12-11 22:42:40', NULL),
(474438, 417375, 191, '2019-12-11 22:42:42', NULL),
(474439, 417376, 191, '2019-12-11 22:42:45', NULL),
(474440, 417377, 191, '2019-12-11 22:42:48', NULL),
(474441, 417378, 191, '2019-12-11 22:42:50', NULL),
(474442, 417379, 191, '2019-12-11 22:42:53', NULL),
(474443, 417380, 191, '2019-12-11 22:42:56', NULL),
(474444, 417381, 191, '2019-12-11 22:42:58', NULL),
(474445, 417382, 191, '2019-12-11 22:43:01', NULL),
(474446, 417383, 191, '2019-12-11 22:43:03', NULL),
(474447, 417384, 191, '2019-12-11 22:43:06', NULL),
(474448, 417385, 191, '2019-12-11 22:43:09', NULL),
(474449, 417386, 191, '2019-12-11 22:43:11', NULL),
(474450, 417387, 191, '2019-12-11 22:43:14', NULL),
(474451, 417388, 191, '2019-12-11 22:43:16', NULL),
(474452, 417389, 191, '2019-12-11 22:43:19', NULL),
(474453, 417390, 191, '2019-12-11 22:43:21', NULL),
(474454, 417391, 191, '2019-12-11 22:43:24', NULL),
(474455, 417392, 191, '2019-12-11 22:43:27', NULL),
(474456, 417393, 191, '2019-12-11 22:43:29', NULL),
(474457, 417394, 191, '2019-12-11 22:43:32', NULL),
(474458, 417395, 191, '2019-12-11 22:43:34', NULL),
(474459, 417396, 191, '2019-12-11 22:43:37', NULL),
(474460, 417397, 191, '2019-12-11 22:43:40', NULL),
(474461, 417398, 191, '2019-12-11 22:43:42', NULL),
(474462, 417399, 191, '2019-12-11 22:43:45', NULL),
(474463, 417400, 191, '2019-12-11 22:43:47', NULL),
(474464, 417401, 191, '2019-12-11 22:43:50', NULL),
(474465, 417402, 191, '2019-12-11 22:43:52', NULL),
(474466, 417403, 191, '2019-12-11 22:43:55', NULL),
(474467, 417404, 191, '2019-12-11 22:43:58', NULL),
(474468, 417405, 191, '2019-12-11 22:44:00', NULL),
(474469, 417406, 191, '2019-12-11 22:44:03', NULL),
(474470, 417407, 191, '2019-12-11 22:44:06', NULL),
(474471, 417408, 191, '2019-12-11 22:44:08', NULL),
(474472, 417409, 191, '2019-12-11 22:44:11', NULL),
(474473, 417410, 191, '2019-12-11 22:44:14', NULL),
(474474, 417411, 191, '2019-12-11 22:44:16', NULL),
(474475, 417412, 191, '2019-12-11 22:44:19', NULL),
(474476, 417413, 191, '2019-12-11 22:44:21', NULL),
(474477, 417414, 191, '2019-12-11 22:44:24', NULL),
(474478, 417415, 191, '2019-12-11 22:44:27', NULL),
(474479, 417416, 191, '2019-12-11 22:44:29', NULL),
(474480, 417417, 191, '2019-12-11 22:44:32', NULL),
(474481, 417418, 191, '2019-12-11 22:44:35', NULL),
(474482, 417419, 191, '2019-12-11 22:44:37', NULL),
(474483, 417420, 191, '2019-12-11 22:44:40', NULL),
(474484, 417421, 191, '2019-12-11 22:44:43', NULL),
(474485, 417422, 191, '2019-12-11 22:44:45', NULL),
(474486, 417423, 191, '2019-12-11 22:44:48', NULL),
(474487, 417424, 191, '2019-12-11 22:44:51', NULL),
(474488, 417425, 191, '2019-12-11 22:44:53', NULL),
(474489, 417426, 191, '2019-12-11 22:44:56', NULL),
(474490, 417427, 191, '2019-12-11 22:44:59', NULL),
(474491, 417428, 191, '2019-12-11 22:45:01', NULL),
(474492, 417429, 191, '2019-12-11 22:45:04', NULL),
(474493, 417430, 191, '2019-12-11 22:45:06', NULL),
(474494, 417431, 191, '2019-12-11 22:45:09', NULL),
(474495, 417432, 191, '2019-12-11 22:45:12', NULL),
(474496, 417433, 191, '2019-12-11 22:45:14', NULL),
(474497, 417434, 191, '2019-12-11 22:45:17', NULL),
(474498, 417435, 191, '2019-12-11 22:45:19', NULL),
(474499, 417436, 191, '2019-12-11 22:45:22', NULL),
(474500, 417437, 191, '2019-12-11 22:45:25', NULL),
(474501, 417438, 191, '2019-12-11 22:45:27', NULL),
(474502, 417439, 191, '2019-12-11 22:45:30', NULL),
(474503, 417440, 191, '2019-12-11 22:45:33', NULL),
(474504, 417441, 191, '2019-12-11 22:45:35', NULL),
(474505, 417442, 191, '2019-12-11 22:45:38', NULL),
(474506, 417443, 191, '2019-12-11 22:45:40', NULL),
(474507, 417444, 191, '2019-12-11 22:45:43', NULL),
(474508, 417445, 191, '2019-12-11 22:45:46', NULL),
(474509, 417446, 191, '2019-12-11 22:45:48', NULL),
(474510, 417447, 191, '2019-12-11 22:45:51', NULL),
(474511, 417448, 191, '2019-12-11 22:45:54', NULL),
(474512, 417449, 191, '2019-12-11 22:45:56', NULL),
(474513, 417450, 191, '2019-12-11 22:45:59', NULL),
(474514, 417451, 191, '2019-12-11 22:46:02', NULL),
(474515, 417452, 191, '2019-12-11 22:46:04', NULL),
(474516, 417453, 191, '2019-12-11 22:46:07', NULL),
(474517, 417454, 191, '2019-12-11 22:46:10', NULL),
(474518, 417455, 191, '2019-12-11 22:46:13', NULL),
(474519, 417456, 191, '2019-12-11 22:46:15', NULL),
(474520, 417457, 191, '2019-12-11 22:46:18', NULL),
(474521, 417458, 191, '2019-12-11 22:46:21', NULL),
(474522, 417459, 191, '2019-12-11 22:46:23', NULL),
(474523, 417460, 191, '2019-12-11 22:46:26', NULL),
(474524, 417461, 191, '2019-12-11 22:46:29', NULL),
(474525, 417462, 191, '2019-12-11 22:46:31', NULL),
(474526, 417463, 191, '2019-12-11 22:46:34', NULL),
(474527, 417464, 191, '2019-12-11 22:46:36', NULL),
(474528, 417465, 191, '2019-12-11 22:46:39', NULL),
(474529, 417466, 191, '2019-12-11 22:46:42', NULL),
(474530, 417467, 191, '2019-12-11 22:46:44', NULL),
(474531, 417468, 191, '2019-12-11 22:46:47', NULL),
(474532, 417469, 191, '2019-12-11 22:46:50', NULL),
(474533, 417470, 191, '2019-12-11 22:46:52', NULL),
(474534, 417471, 191, '2019-12-11 22:46:55', NULL),
(474535, 417472, 191, '2019-12-11 22:46:58', NULL),
(474536, 417473, 191, '2019-12-11 22:47:00', NULL),
(474537, 417474, 191, '2019-12-11 22:47:03', NULL),
(474538, 417475, 191, '2019-12-11 22:47:06', NULL),
(474539, 417476, 191, '2019-12-11 22:47:08', NULL),
(474540, 417477, 191, '2019-12-11 22:47:11', NULL);
INSERT INTO `pdv_customer` (`id`, `customer_id`, `pdv_id`, `created_at`, `comment`) VALUES
(474541, 417478, 191, '2019-12-11 22:47:14', NULL),
(474542, 417479, 191, '2019-12-11 22:47:16', NULL),
(474543, 417480, 191, '2019-12-11 22:47:19', NULL),
(474544, 417481, 191, '2019-12-11 22:47:21', NULL),
(474545, 417482, 191, '2019-12-11 22:47:24', NULL),
(474546, 417483, 191, '2019-12-11 22:47:27', NULL),
(474547, 417484, 191, '2019-12-11 22:47:29', NULL),
(474548, 417485, 191, '2019-12-11 22:47:32', NULL),
(474549, 417486, 191, '2019-12-11 22:47:35', NULL),
(474550, 417487, 191, '2019-12-11 22:47:37', NULL),
(474551, 417488, 191, '2019-12-11 22:47:40', NULL),
(474552, 417489, 191, '2019-12-11 22:47:42', NULL),
(474553, 417490, 191, '2019-12-11 22:47:45', NULL),
(474554, 417491, 191, '2019-12-11 22:47:48', NULL),
(474555, 417492, 191, '2019-12-11 22:47:50', NULL),
(474556, 417493, 191, '2019-12-11 22:47:53', NULL),
(474557, 417494, 191, '2019-12-11 22:47:56', NULL),
(474558, 417495, 191, '2019-12-11 22:47:58', NULL),
(474559, 417496, 191, '2019-12-11 22:48:01', NULL),
(474560, 417497, 191, '2019-12-11 22:48:04', NULL),
(474561, 417498, 191, '2019-12-11 22:48:06', NULL),
(474562, 417499, 191, '2019-12-11 22:48:09', NULL),
(474563, 417500, 191, '2019-12-11 22:48:12', NULL),
(474564, 417501, 191, '2019-12-11 22:48:14', NULL),
(474565, 417502, 191, '2019-12-11 22:48:17', NULL),
(474566, 417503, 191, '2019-12-11 22:48:19', NULL),
(474567, 417504, 191, '2019-12-11 22:48:22', NULL),
(474568, 417505, 191, '2019-12-11 22:48:25', NULL),
(474569, 417506, 191, '2019-12-11 22:48:27', NULL),
(474570, 417507, 191, '2019-12-11 22:48:30', NULL),
(474571, 417508, 191, '2019-12-11 22:48:32', NULL),
(474572, 417509, 191, '2019-12-11 22:48:35', NULL),
(474573, 417510, 191, '2019-12-11 22:48:38', NULL),
(474574, 417511, 191, '2019-12-11 22:48:41', NULL),
(474575, 417512, 191, '2019-12-11 22:48:43', NULL),
(474576, 417513, 191, '2019-12-11 22:48:46', NULL),
(474577, 417514, 191, '2019-12-11 22:48:49', NULL),
(474578, 417515, 191, '2019-12-11 22:48:51', NULL),
(474579, 417516, 191, '2019-12-11 22:48:54', NULL),
(474580, 417517, 191, '2019-12-11 22:48:57', NULL),
(474581, 417518, 191, '2019-12-11 22:48:59', NULL),
(474582, 417519, 191, '2019-12-11 22:49:02', NULL),
(474583, 417520, 191, '2019-12-11 22:49:05', NULL),
(474584, 417521, 191, '2019-12-11 22:49:07', NULL),
(474585, 417522, 191, '2019-12-11 22:49:10', NULL),
(474586, 417523, 191, '2019-12-11 22:49:13', NULL),
(474587, 417524, 191, '2019-12-11 22:49:15', NULL),
(474588, 417525, 191, '2019-12-11 22:49:18', NULL),
(474589, 417526, 191, '2019-12-11 22:49:21', NULL),
(474590, 417527, 191, '2019-12-11 22:49:23', NULL),
(474591, 417528, 191, '2019-12-11 22:49:26', NULL),
(474592, 417529, 191, '2019-12-11 22:49:29', NULL),
(474593, 417530, 191, '2019-12-11 22:49:31', NULL),
(474594, 417531, 191, '2019-12-11 22:49:34', NULL),
(474595, 417532, 191, '2019-12-11 22:49:37', NULL),
(474596, 417533, 191, '2019-12-11 22:49:39', NULL),
(474597, 417534, 191, '2019-12-11 22:49:42', NULL),
(474598, 417535, 191, '2019-12-11 22:49:45', NULL),
(474599, 417536, 191, '2019-12-11 22:49:47', NULL),
(474600, 417537, 191, '2019-12-11 22:49:50', NULL),
(474601, 417538, 191, '2019-12-11 22:49:53', NULL),
(474602, 417539, 191, '2019-12-11 22:49:55', NULL),
(474603, 417540, 191, '2019-12-11 22:49:58', NULL),
(474604, 417541, 191, '2019-12-11 22:50:00', NULL),
(474605, 417542, 191, '2019-12-11 22:50:03', NULL),
(474606, 417543, 191, '2019-12-11 22:50:06', NULL),
(474607, 417544, 191, '2019-12-11 22:50:08', NULL),
(474608, 417545, 191, '2019-12-11 22:50:11', NULL),
(474609, 417546, 191, '2019-12-11 22:50:14', NULL),
(474610, 417547, 191, '2019-12-11 22:50:16', NULL),
(474611, 417548, 191, '2019-12-11 22:50:19', NULL),
(474612, 417549, 191, '2019-12-11 22:50:22', NULL),
(474613, 417550, 191, '2019-12-11 22:50:24', NULL),
(474614, 417551, 191, '2019-12-11 22:50:27', NULL),
(474615, 417552, 191, '2019-12-11 22:50:29', NULL),
(474616, 417553, 191, '2019-12-11 22:50:32', NULL),
(474617, 417554, 191, '2019-12-11 22:50:35', NULL),
(474618, 417555, 191, '2019-12-11 22:50:37', NULL),
(474619, 417556, 191, '2019-12-11 22:50:40', NULL),
(474620, 417557, 191, '2019-12-11 22:50:43', NULL),
(474621, 417558, 191, '2019-12-11 22:50:45', NULL),
(474622, 417559, 191, '2019-12-11 22:50:48', NULL),
(474623, 417560, 191, '2019-12-11 22:50:51', NULL),
(474624, 417561, 191, '2019-12-11 22:50:53', NULL),
(474625, 417562, 191, '2019-12-11 22:50:56', NULL),
(474626, 417563, 191, '2019-12-11 22:50:59', NULL),
(474627, 417564, 191, '2019-12-11 22:51:01', NULL),
(474628, 417565, 191, '2019-12-11 22:51:04', NULL),
(474629, 417566, 191, '2019-12-11 22:51:06', NULL),
(474630, 417567, 191, '2019-12-11 22:51:09', NULL),
(474631, 417568, 191, '2019-12-11 22:51:12', NULL),
(474632, 417569, 191, '2019-12-11 22:51:14', NULL),
(474633, 417570, 191, '2019-12-11 22:51:17', NULL),
(474634, 417571, 191, '2019-12-11 22:51:20', NULL),
(474635, 417572, 191, '2019-12-11 22:51:22', NULL),
(474636, 417573, 191, '2019-12-11 22:51:25', NULL),
(474637, 417574, 191, '2019-12-11 22:51:28', NULL),
(474638, 417575, 191, '2019-12-11 22:51:30', NULL),
(474639, 417576, 191, '2019-12-11 22:51:33', NULL),
(474640, 417577, 191, '2019-12-11 22:51:36', NULL),
(474641, 417578, 191, '2019-12-11 22:51:38', NULL),
(474642, 417579, 191, '2019-12-11 22:51:41', NULL),
(474643, 417580, 191, '2019-12-11 22:51:44', NULL),
(474644, 417581, 191, '2019-12-11 22:51:46', NULL),
(474645, 417582, 191, '2019-12-11 22:51:49', NULL),
(474646, 417583, 191, '2019-12-11 22:51:52', NULL),
(474647, 417584, 191, '2019-12-11 22:51:54', NULL),
(474648, 417585, 191, '2019-12-11 22:51:57', NULL),
(474649, 417586, 191, '2019-12-11 22:52:00', NULL),
(474650, 417587, 191, '2019-12-11 22:52:03', NULL),
(474651, 417588, 191, '2019-12-11 22:52:05', NULL),
(474652, 417589, 191, '2019-12-11 22:52:08', NULL),
(474653, 417590, 191, '2019-12-11 22:52:11', NULL),
(474654, 417591, 191, '2019-12-11 22:52:13', NULL),
(474655, 417592, 191, '2019-12-11 22:52:16', NULL),
(474656, 417593, 191, '2019-12-11 22:52:19', NULL),
(474657, 417594, 191, '2019-12-11 22:52:21', NULL),
(474658, 417595, 191, '2019-12-11 22:52:24', NULL),
(474659, 417596, 191, '2019-12-11 22:52:27', NULL),
(474660, 417597, 191, '2019-12-11 22:52:29', NULL),
(474661, 417598, 191, '2019-12-11 22:52:32', NULL),
(474662, 417599, 191, '2019-12-11 22:52:35', NULL),
(474663, 417600, 191, '2019-12-11 22:52:37', NULL),
(474664, 417601, 191, '2019-12-11 22:52:40', NULL),
(474665, 417602, 191, '2019-12-11 22:52:43', NULL),
(474666, 417603, 191, '2019-12-11 22:52:45', NULL),
(474667, 417604, 191, '2019-12-11 22:52:48', NULL),
(474668, 417605, 191, '2019-12-11 22:52:51', NULL),
(474669, 417606, 191, '2019-12-11 22:52:53', NULL),
(474670, 417607, 191, '2019-12-11 22:52:56', NULL),
(474671, 417608, 191, '2019-12-11 22:52:59', NULL),
(474672, 417609, 191, '2019-12-11 22:53:01', NULL),
(474673, 417610, 191, '2019-12-11 22:53:04', NULL),
(474674, 417611, 191, '2019-12-11 22:53:07', NULL),
(474675, 417612, 191, '2019-12-11 22:53:09', NULL),
(474676, 417613, 191, '2019-12-11 22:53:12', NULL),
(474677, 417614, 191, '2019-12-11 22:53:15', NULL),
(474678, 417615, 191, '2019-12-11 22:53:17', NULL),
(474679, 417616, 191, '2019-12-11 22:53:20', NULL),
(474680, 417617, 191, '2019-12-11 22:53:23', NULL),
(474681, 417618, 191, '2019-12-11 22:53:25', NULL),
(474682, 417619, 191, '2019-12-11 22:53:28', NULL),
(474683, 417620, 191, '2019-12-11 22:53:31', NULL),
(474684, 417621, 191, '2019-12-11 22:53:33', NULL),
(474685, 417622, 191, '2019-12-11 22:53:36', NULL),
(474686, 417623, 191, '2019-12-11 22:53:39', NULL),
(474687, 417624, 191, '2019-12-11 22:53:41', NULL),
(474688, 417625, 191, '2019-12-11 22:53:44', NULL),
(474689, 417626, 191, '2019-12-11 22:53:47', NULL),
(474690, 417627, 191, '2019-12-11 22:53:49', NULL),
(474691, 417628, 191, '2019-12-11 22:53:52', NULL),
(474692, 417629, 191, '2019-12-11 22:53:55', NULL),
(474693, 417630, 191, '2019-12-11 22:53:57', NULL),
(474694, 417631, 191, '2019-12-11 22:54:00', NULL),
(474695, 417632, 191, '2019-12-11 22:54:03', NULL),
(474696, 417633, 191, '2019-12-11 22:54:05', NULL),
(474697, 417634, 191, '2019-12-11 22:54:08', NULL),
(474698, 417635, 191, '2019-12-11 22:54:11', NULL),
(474699, 417636, 191, '2019-12-11 22:54:14', NULL),
(474700, 417637, 191, '2019-12-11 22:54:16', NULL),
(474701, 417638, 191, '2019-12-11 22:54:19', NULL),
(474702, 417639, 191, '2019-12-11 22:54:22', NULL),
(474703, 417640, 191, '2019-12-11 22:54:25', NULL),
(474704, 417641, 191, '2019-12-11 22:54:27', NULL),
(474705, 417642, 191, '2019-12-11 22:54:30', NULL),
(474706, 417643, 191, '2019-12-11 22:54:33', NULL),
(474707, 417644, 191, '2019-12-11 22:54:35', NULL),
(474708, 417645, 191, '2019-12-11 22:54:38', NULL),
(474709, 417646, 191, '2019-12-11 22:54:41', NULL),
(474710, 417647, 191, '2019-12-11 22:54:43', NULL),
(474711, 417648, 191, '2019-12-11 22:54:46', NULL),
(474712, 417649, 191, '2019-12-11 22:54:49', NULL),
(474713, 417650, 191, '2019-12-11 22:54:52', NULL),
(474714, 417651, 191, '2019-12-11 22:54:54', NULL),
(474715, 417652, 191, '2019-12-11 22:54:57', NULL),
(474716, 417653, 191, '2019-12-11 22:55:00', NULL),
(474717, 417654, 191, '2019-12-11 22:55:02', NULL),
(474718, 417655, 191, '2019-12-11 22:55:05', NULL),
(474719, 417656, 191, '2019-12-11 22:55:08', NULL),
(474720, 417657, 191, '2019-12-11 22:55:10', NULL),
(474721, 417658, 191, '2019-12-11 22:55:13', NULL),
(474722, 417659, 191, '2019-12-11 22:55:15', NULL),
(474723, 417660, 191, '2019-12-11 22:55:18', NULL),
(474724, 417661, 191, '2019-12-11 22:55:21', NULL),
(474725, 417662, 191, '2019-12-11 22:55:23', NULL),
(474726, 417663, 191, '2019-12-11 22:55:26', NULL),
(474727, 417664, 191, '2019-12-11 22:55:29', NULL),
(474728, 417665, 191, '2019-12-11 22:55:31', NULL),
(474729, 417666, 191, '2019-12-11 22:55:34', NULL),
(474730, 417667, 191, '2019-12-11 22:55:37', NULL),
(474731, 417668, 191, '2019-12-11 22:55:39', NULL),
(474732, 417669, 191, '2019-12-11 22:55:42', NULL),
(474733, 417670, 191, '2019-12-11 22:55:45', NULL),
(474734, 417671, 191, '2019-12-11 22:55:47', NULL),
(474735, 417672, 191, '2019-12-11 22:55:50', NULL),
(474736, 417673, 191, '2019-12-11 22:55:53', NULL),
(474737, 417674, 191, '2019-12-11 22:55:55', NULL),
(474738, 417675, 191, '2019-12-11 22:55:58', NULL),
(474739, 417676, 191, '2019-12-11 22:56:01', NULL),
(474740, 417677, 191, '2019-12-11 22:56:03', NULL),
(474741, 417678, 191, '2019-12-11 22:56:06', NULL),
(474742, 417679, 191, '2019-12-11 22:56:09', NULL),
(474743, 417680, 191, '2019-12-11 22:56:12', NULL),
(474744, 417681, 191, '2019-12-11 22:56:14', NULL),
(474745, 417682, 191, '2019-12-11 22:56:17', NULL),
(474746, 417683, 191, '2019-12-11 22:56:20', NULL),
(474747, 417684, 191, '2019-12-11 22:56:22', NULL),
(474748, 417685, 191, '2019-12-11 22:56:25', NULL),
(474749, 417686, 191, '2019-12-11 22:56:28', NULL),
(474750, 417687, 191, '2019-12-11 22:56:30', NULL),
(474751, 417688, 191, '2019-12-11 22:56:33', NULL),
(474752, 417689, 191, '2019-12-11 22:56:36', NULL),
(474753, 417690, 191, '2019-12-11 22:56:39', NULL),
(474754, 417691, 191, '2019-12-11 22:56:41', NULL),
(474755, 417692, 191, '2019-12-11 22:56:44', NULL),
(474756, 417693, 191, '2019-12-11 22:56:47', NULL),
(474757, 417694, 191, '2019-12-11 22:56:49', NULL),
(474758, 417695, 191, '2019-12-11 22:56:52', NULL),
(474759, 417696, 191, '2019-12-11 22:56:55', NULL),
(474760, 417697, 191, '2019-12-11 22:56:57', NULL),
(474761, 417698, 191, '2019-12-11 22:57:00', NULL),
(474762, 417699, 191, '2019-12-11 22:57:03', NULL),
(474763, 417700, 191, '2019-12-11 22:57:05', NULL),
(474764, 417701, 191, '2019-12-11 22:57:08', NULL),
(474765, 417702, 191, '2019-12-11 22:57:11', NULL),
(474766, 417703, 191, '2019-12-11 22:57:14', NULL),
(474767, 417704, 191, '2019-12-11 22:57:16', NULL),
(474768, 417705, 191, '2019-12-11 22:57:19', NULL),
(474769, 417706, 191, '2019-12-11 22:57:22', NULL),
(474770, 417707, 191, '2019-12-11 22:57:24', NULL),
(474771, 417708, 191, '2019-12-11 22:57:27', NULL),
(474772, 417709, 191, '2019-12-11 22:57:30', NULL),
(474773, 417710, 191, '2019-12-11 22:57:32', NULL),
(474774, 417711, 191, '2019-12-11 22:57:35', NULL),
(474775, 417712, 191, '2019-12-11 22:57:38', NULL),
(474776, 417713, 191, '2019-12-11 22:57:40', NULL),
(474777, 417714, 191, '2019-12-11 22:57:43', NULL),
(474778, 417715, 191, '2019-12-11 22:57:46', NULL),
(474779, 417716, 191, '2019-12-11 22:57:48', NULL),
(474780, 417717, 191, '2019-12-11 22:57:51', NULL),
(474781, 417718, 191, '2019-12-11 22:57:54', NULL),
(474782, 417719, 191, '2019-12-11 22:57:56', NULL),
(474783, 417720, 191, '2019-12-11 22:57:59', NULL),
(474784, 417721, 191, '2019-12-11 22:58:02', NULL),
(474785, 417722, 191, '2019-12-11 22:58:05', NULL),
(474786, 417723, 191, '2019-12-11 22:58:07', NULL),
(474787, 417724, 191, '2019-12-11 22:58:10', NULL),
(474788, 417725, 191, '2019-12-11 22:58:13', NULL),
(474789, 417726, 191, '2019-12-11 22:58:16', NULL),
(474790, 417727, 191, '2019-12-11 22:58:18', NULL),
(474791, 417728, 191, '2019-12-11 22:58:21', NULL),
(474792, 417729, 191, '2019-12-11 22:58:24', NULL),
(474793, 417730, 191, '2019-12-11 22:58:26', NULL),
(474794, 417731, 191, '2019-12-11 22:58:29', NULL),
(474795, 417732, 191, '2019-12-11 22:58:32', NULL),
(474796, 417733, 191, '2019-12-11 22:58:34', NULL),
(474797, 417734, 191, '2019-12-11 22:58:37', NULL),
(474798, 417735, 191, '2019-12-11 22:58:40', NULL),
(474799, 417736, 191, '2019-12-11 22:58:42', NULL),
(474800, 417737, 191, '2019-12-11 22:58:45', NULL),
(474801, 417738, 191, '2019-12-11 22:58:48', NULL),
(474802, 417739, 191, '2019-12-11 22:58:50', NULL),
(474803, 417740, 191, '2019-12-11 22:58:53', NULL),
(474804, 417741, 191, '2019-12-11 22:58:56', NULL),
(474805, 417742, 191, '2019-12-11 22:58:58', NULL),
(474806, 417743, 191, '2019-12-11 22:59:01', NULL),
(474807, 417744, 191, '2019-12-11 22:59:04', NULL),
(474808, 417745, 191, '2019-12-11 22:59:06', NULL),
(474809, 417746, 191, '2019-12-11 22:59:09', NULL),
(474810, 417747, 191, '2019-12-11 22:59:12', NULL),
(474811, 417748, 191, '2019-12-11 22:59:15', NULL),
(474812, 417749, 191, '2019-12-11 22:59:17', NULL),
(474813, 417750, 191, '2019-12-11 22:59:20', NULL),
(474814, 417751, 191, '2019-12-11 22:59:23', NULL),
(474815, 417752, 191, '2019-12-11 22:59:26', NULL),
(474816, 417753, 191, '2019-12-11 22:59:28', NULL),
(474817, 417754, 191, '2019-12-11 22:59:31', NULL),
(474818, 417755, 191, '2019-12-11 22:59:34', NULL),
(474819, 417756, 191, '2019-12-11 22:59:37', NULL),
(474820, 417757, 191, '2019-12-11 22:59:39', NULL),
(474821, 417758, 191, '2019-12-11 22:59:42', NULL),
(474822, 417759, 191, '2019-12-11 22:59:45', NULL),
(474823, 417760, 191, '2019-12-11 22:59:47', NULL),
(474824, 417761, 191, '2019-12-11 22:59:50', NULL),
(474825, 417762, 191, '2019-12-11 22:59:53', NULL),
(474826, 417763, 191, '2019-12-11 22:59:55', NULL),
(474827, 417764, 191, '2019-12-11 22:59:58', NULL),
(474828, 417765, 191, '2019-12-11 23:00:01', NULL),
(474829, 417766, 191, '2019-12-11 23:00:04', NULL),
(474830, 417767, 191, '2019-12-11 23:00:06', NULL),
(474831, 417768, 191, '2019-12-11 23:00:09', NULL),
(474832, 417769, 191, '2019-12-11 23:00:12', NULL),
(474833, 417770, 191, '2019-12-11 23:00:15', NULL),
(474834, 417771, 191, '2019-12-11 23:00:17', NULL),
(474835, 417772, 191, '2019-12-11 23:00:20', NULL),
(474836, 417773, 191, '2019-12-11 23:00:23', NULL),
(474837, 417774, 191, '2019-12-11 23:00:25', NULL),
(474838, 417775, 191, '2019-12-11 23:00:28', NULL),
(474839, 417776, 191, '2019-12-11 23:00:31', NULL),
(474840, 417777, 191, '2019-12-11 23:00:34', NULL),
(474841, 417778, 191, '2019-12-11 23:00:36', NULL),
(474842, 417779, 191, '2019-12-11 23:00:39', NULL),
(474843, 417780, 191, '2019-12-11 23:00:42', NULL),
(474844, 417781, 191, '2019-12-11 23:00:44', NULL),
(474845, 417782, 191, '2019-12-11 23:00:47', NULL),
(474846, 417783, 191, '2019-12-11 23:00:50', NULL),
(474847, 417784, 191, '2019-12-11 23:00:52', NULL),
(474848, 417785, 191, '2019-12-11 23:00:55', NULL),
(474849, 417786, 191, '2019-12-11 23:00:58', NULL),
(474850, 417787, 191, '2019-12-11 23:01:00', NULL),
(474851, 417788, 191, '2019-12-11 23:01:03', NULL),
(474852, 417789, 191, '2019-12-11 23:01:06', NULL),
(474853, 417790, 191, '2019-12-11 23:01:08', NULL),
(474854, 417791, 191, '2019-12-11 23:01:11', NULL),
(474855, 417792, 191, '2019-12-11 23:01:14', NULL),
(474856, 417793, 191, '2019-12-11 23:01:17', NULL),
(474857, 417794, 191, '2019-12-11 23:01:19', NULL),
(474858, 417795, 191, '2019-12-11 23:01:22', NULL),
(474859, 417796, 191, '2019-12-11 23:01:25', NULL),
(474860, 417797, 191, '2019-12-11 23:01:27', NULL),
(474861, 417798, 191, '2019-12-11 23:01:30', NULL),
(474862, 417799, 191, '2019-12-11 23:01:33', NULL),
(474863, 417800, 191, '2019-12-11 23:01:36', NULL),
(474864, 417801, 191, '2019-12-11 23:01:38', NULL),
(474865, 417802, 191, '2019-12-11 23:01:41', NULL),
(474866, 417803, 191, '2019-12-11 23:01:44', NULL),
(474867, 417804, 191, '2019-12-11 23:01:47', NULL),
(474868, 417805, 191, '2019-12-11 23:01:49', NULL),
(474869, 417806, 191, '2019-12-11 23:01:52', NULL),
(474870, 417807, 191, '2019-12-11 23:01:55', NULL),
(474871, 417808, 191, '2019-12-11 23:01:57', NULL),
(474872, 417809, 191, '2019-12-11 23:02:00', NULL),
(474873, 417810, 191, '2019-12-11 23:02:03', NULL),
(474874, 417811, 191, '2019-12-11 23:02:06', NULL),
(474875, 417812, 191, '2019-12-11 23:02:09', NULL),
(474876, 417813, 191, '2019-12-11 23:02:12', NULL),
(474877, 417814, 191, '2019-12-11 23:02:15', NULL),
(474878, 417815, 191, '2019-12-11 23:02:17', NULL),
(474879, 417816, 191, '2019-12-11 23:02:20', NULL),
(474880, 417817, 191, '2019-12-11 23:02:23', NULL),
(474881, 417818, 191, '2019-12-11 23:02:25', NULL),
(474882, 417819, 191, '2019-12-11 23:02:28', NULL),
(474883, 417820, 191, '2019-12-11 23:02:31', NULL),
(474884, 417821, 191, '2019-12-11 23:02:34', NULL),
(474885, 417822, 191, '2019-12-11 23:02:36', NULL),
(474886, 417823, 191, '2019-12-11 23:02:39', NULL),
(474887, 417824, 191, '2019-12-11 23:02:42', NULL),
(474888, 417825, 191, '2019-12-11 23:02:45', NULL),
(474889, 417826, 191, '2019-12-11 23:02:47', NULL),
(474890, 417827, 191, '2019-12-11 23:02:50', NULL),
(474891, 417828, 191, '2019-12-11 23:02:53', NULL),
(474892, 417829, 191, '2019-12-11 23:02:56', NULL),
(474893, 417830, 191, '2019-12-11 23:02:58', NULL),
(474894, 417831, 191, '2019-12-11 23:03:01', NULL),
(474895, 417832, 191, '2019-12-11 23:03:04', NULL),
(474896, 417833, 191, '2019-12-11 23:03:07', NULL),
(474897, 417834, 191, '2019-12-11 23:03:09', NULL),
(474898, 417835, 191, '2019-12-11 23:03:12', NULL),
(474899, 417836, 191, '2019-12-11 23:03:15', NULL),
(474900, 417837, 191, '2019-12-11 23:03:18', NULL),
(474901, 417838, 191, '2019-12-11 23:03:20', NULL),
(474902, 417839, 191, '2019-12-11 23:03:23', NULL),
(474903, 417840, 191, '2019-12-11 23:03:26', NULL),
(474904, 417841, 191, '2019-12-11 23:03:29', NULL),
(474905, 417842, 191, '2019-12-11 23:03:31', NULL),
(474906, 417843, 191, '2019-12-11 23:03:34', NULL),
(474907, 417844, 191, '2019-12-11 23:03:37', NULL),
(474908, 417845, 191, '2019-12-11 23:03:40', NULL),
(474909, 417846, 191, '2019-12-11 23:03:42', NULL),
(474910, 417847, 191, '2019-12-11 23:03:45', NULL),
(474911, 417848, 191, '2019-12-11 23:03:48', NULL),
(474912, 417849, 191, '2019-12-11 23:03:51', NULL),
(474913, 417850, 191, '2019-12-11 23:03:53', NULL),
(474914, 417851, 191, '2019-12-11 23:03:56', NULL),
(474915, 417852, 191, '2019-12-11 23:03:59', NULL),
(474916, 417853, 191, '2019-12-11 23:04:02', NULL),
(474917, 417854, 191, '2019-12-11 23:04:04', NULL),
(474918, 417855, 191, '2019-12-11 23:04:07', NULL),
(474919, 417856, 191, '2019-12-11 23:04:10', NULL),
(474920, 417857, 191, '2019-12-11 23:04:13', NULL),
(474921, 417858, 191, '2019-12-11 23:04:16', NULL),
(474922, 417859, 191, '2019-12-11 23:04:19', NULL),
(474923, 417860, 191, '2019-12-11 23:04:21', NULL),
(474924, 417861, 191, '2019-12-11 23:04:24', NULL),
(474925, 417862, 191, '2019-12-11 23:04:27', NULL),
(474926, 417863, 191, '2019-12-11 23:04:30', NULL),
(474927, 417864, 191, '2019-12-11 23:04:32', NULL),
(474928, 417865, 191, '2019-12-11 23:04:35', NULL),
(474929, 417866, 191, '2019-12-11 23:04:38', NULL),
(474930, 417867, 191, '2019-12-11 23:04:41', NULL),
(474931, 417868, 191, '2019-12-11 23:04:43', NULL),
(474932, 417869, 191, '2019-12-11 23:04:46', NULL),
(474933, 417870, 191, '2019-12-11 23:04:49', NULL),
(474934, 417871, 191, '2019-12-11 23:04:51', NULL),
(474935, 417872, 191, '2019-12-11 23:04:54', NULL),
(474936, 417873, 191, '2019-12-11 23:04:57', NULL),
(474937, 417874, 191, '2019-12-11 23:05:00', NULL),
(474938, 417875, 191, '2019-12-11 23:05:03', NULL),
(474939, 417876, 191, '2019-12-11 23:05:05', NULL),
(474940, 417877, 191, '2019-12-11 23:05:08', NULL),
(474941, 417878, 191, '2019-12-11 23:05:11', NULL),
(474942, 417879, 191, '2019-12-11 23:05:13', NULL),
(474943, 417880, 191, '2019-12-11 23:05:16', NULL),
(474944, 417881, 191, '2019-12-11 23:05:19', NULL),
(474945, 417882, 191, '2019-12-11 23:05:22', NULL),
(474946, 417883, 191, '2019-12-11 23:05:24', NULL),
(474947, 417884, 191, '2019-12-11 23:05:27', NULL),
(474948, 417885, 191, '2019-12-11 23:05:30', NULL),
(474949, 417886, 191, '2019-12-11 23:05:33', NULL),
(474950, 417887, 191, '2019-12-11 23:05:35', NULL),
(474951, 417888, 191, '2019-12-11 23:05:38', NULL),
(474952, 417889, 191, '2019-12-11 23:05:41', NULL),
(474953, 417890, 191, '2019-12-11 23:05:44', NULL),
(474954, 417891, 191, '2019-12-11 23:05:46', NULL),
(474955, 417892, 191, '2019-12-11 23:05:49', NULL),
(474956, 417893, 191, '2019-12-11 23:05:52', NULL),
(474957, 417894, 191, '2019-12-11 23:05:55', NULL),
(474958, 417895, 191, '2019-12-11 23:05:57', NULL),
(474959, 417896, 191, '2019-12-11 23:06:00', NULL),
(474960, 417897, 191, '2019-12-11 23:06:03', NULL),
(474961, 417898, 191, '2019-12-11 23:06:06', NULL),
(474962, 417899, 191, '2019-12-11 23:06:08', NULL),
(474963, 417900, 191, '2019-12-11 23:06:11', NULL),
(474964, 417901, 191, '2019-12-11 23:06:14', NULL),
(474965, 417902, 191, '2019-12-11 23:06:17', NULL),
(474966, 417903, 191, '2019-12-11 23:06:19', NULL),
(474967, 417904, 191, '2019-12-11 23:06:22', NULL),
(474968, 417905, 191, '2019-12-11 23:06:25', NULL),
(474969, 417906, 191, '2019-12-11 23:06:28', NULL),
(474970, 417907, 191, '2019-12-11 23:06:30', NULL),
(474971, 417908, 191, '2019-12-11 23:06:33', NULL),
(474972, 417909, 191, '2019-12-11 23:06:36', NULL),
(474973, 417910, 191, '2019-12-11 23:06:39', NULL),
(474974, 417911, 191, '2019-12-11 23:06:41', NULL),
(474975, 417912, 191, '2019-12-11 23:06:44', NULL),
(474976, 417913, 191, '2019-12-11 23:06:47', NULL),
(474977, 417914, 191, '2019-12-11 23:06:49', NULL),
(474978, 417915, 191, '2019-12-11 23:06:52', NULL),
(474979, 417916, 191, '2019-12-11 23:06:55', NULL),
(474980, 417917, 191, '2019-12-11 23:06:58', NULL),
(474981, 417918, 191, '2019-12-11 23:07:01', NULL),
(474982, 417919, 191, '2019-12-11 23:07:03', NULL),
(474983, 417920, 191, '2019-12-11 23:07:06', NULL),
(474984, 417921, 191, '2019-12-11 23:07:09', NULL),
(474985, 417922, 191, '2019-12-11 23:07:12', NULL),
(474986, 417923, 191, '2019-12-11 23:07:14', NULL),
(474987, 417924, 191, '2019-12-11 23:07:17', NULL),
(474988, 417925, 191, '2019-12-11 23:07:20', NULL),
(474989, 417926, 191, '2019-12-11 23:07:22', NULL),
(474990, 417927, 191, '2019-12-11 23:07:25', NULL),
(474991, 417928, 191, '2019-12-11 23:07:28', NULL),
(474992, 417929, 191, '2019-12-11 23:07:31', NULL),
(474993, 417930, 191, '2019-12-11 23:07:33', NULL),
(474994, 417931, 191, '2019-12-11 23:07:36', NULL),
(474995, 417932, 191, '2019-12-11 23:07:39', NULL),
(474996, 417933, 191, '2019-12-11 23:07:41', NULL),
(474997, 417934, 191, '2019-12-11 23:07:44', NULL),
(474998, 417935, 191, '2019-12-11 23:07:47', NULL),
(474999, 417936, 191, '2019-12-11 23:07:50', NULL),
(475000, 417937, 191, '2019-12-11 23:07:52', NULL),
(475001, 417938, 191, '2019-12-11 23:07:55', NULL),
(475002, 417939, 191, '2019-12-11 23:07:58', NULL),
(475003, 417940, 191, '2019-12-11 23:08:01', NULL),
(475004, 417941, 191, '2019-12-11 23:08:04', NULL),
(475005, 417942, 191, '2019-12-11 23:08:06', NULL),
(475006, 417943, 191, '2019-12-11 23:08:09', NULL),
(475007, 417944, 191, '2019-12-11 23:08:12', NULL),
(475008, 417945, 191, '2019-12-11 23:08:15', NULL),
(475009, 417946, 191, '2019-12-11 23:08:17', NULL),
(475010, 417947, 191, '2019-12-11 23:08:20', NULL),
(475011, 417948, 191, '2019-12-11 23:08:23', NULL),
(475012, 417949, 191, '2019-12-11 23:08:25', NULL),
(475013, 417950, 191, '2019-12-11 23:08:28', NULL),
(475014, 417951, 191, '2019-12-11 23:08:31', NULL),
(475015, 417952, 191, '2019-12-11 23:08:34', NULL),
(475016, 417953, 191, '2019-12-11 23:08:36', NULL),
(475017, 417954, 191, '2019-12-11 23:08:39', NULL),
(475018, 417955, 191, '2019-12-11 23:08:42', NULL),
(475019, 417956, 191, '2019-12-11 23:08:45', NULL),
(475020, 417957, 191, '2019-12-11 23:08:47', NULL),
(475021, 417958, 191, '2019-12-11 23:08:50', NULL),
(475022, 417959, 191, '2019-12-11 23:08:53', NULL),
(475023, 417960, 191, '2019-12-11 23:08:56', NULL),
(475024, 417961, 191, '2019-12-11 23:08:58', NULL),
(475025, 417962, 191, '2019-12-11 23:09:01', NULL),
(475026, 417963, 191, '2019-12-11 23:09:04', NULL),
(475027, 417964, 191, '2019-12-11 23:09:07', NULL),
(475028, 417965, 191, '2019-12-11 23:09:09', NULL),
(475029, 417966, 191, '2019-12-11 23:09:12', NULL),
(475030, 417967, 191, '2019-12-11 23:09:15', NULL),
(475031, 417968, 191, '2019-12-11 23:09:18', NULL),
(475032, 417969, 191, '2019-12-11 23:09:20', NULL),
(475033, 417970, 191, '2019-12-11 23:09:23', NULL),
(475034, 417971, 191, '2019-12-11 23:09:26', NULL),
(475035, 417972, 191, '2019-12-11 23:09:29', NULL),
(475036, 417973, 191, '2019-12-11 23:09:31', NULL),
(475037, 417974, 191, '2019-12-11 23:09:34', NULL),
(475038, 417975, 191, '2019-12-11 23:09:37', NULL),
(475039, 417976, 191, '2019-12-11 23:09:40', NULL),
(475040, 417977, 191, '2019-12-11 23:09:42', NULL),
(475041, 417978, 191, '2019-12-11 23:09:45', NULL),
(475042, 417979, 191, '2019-12-11 23:09:48', NULL),
(475043, 417980, 191, '2019-12-11 23:09:51', NULL),
(475044, 417981, 191, '2019-12-11 23:09:53', NULL),
(475045, 417982, 191, '2019-12-11 23:09:56', NULL),
(475046, 417983, 191, '2019-12-11 23:09:59', NULL),
(475047, 417984, 191, '2019-12-11 23:10:02', NULL),
(475048, 417985, 191, '2019-12-11 23:10:05', NULL),
(475049, 417986, 191, '2019-12-11 23:10:07', NULL),
(475050, 417987, 191, '2019-12-11 23:10:10', NULL),
(475051, 417988, 191, '2019-12-11 23:10:13', NULL),
(475052, 417989, 191, '2019-12-11 23:10:16', NULL),
(475053, 417990, 191, '2019-12-11 23:10:18', NULL),
(475054, 417991, 191, '2019-12-11 23:10:21', NULL),
(475055, 417992, 191, '2019-12-11 23:10:24', NULL),
(475056, 417993, 191, '2019-12-11 23:10:27', NULL),
(475057, 417994, 191, '2019-12-11 23:10:29', NULL),
(475058, 417995, 191, '2019-12-11 23:10:32', NULL),
(475059, 417996, 191, '2019-12-11 23:10:35', NULL),
(475060, 417997, 191, '2019-12-11 23:10:38', NULL),
(475061, 417998, 191, '2019-12-11 23:10:41', NULL),
(475062, 417999, 191, '2019-12-11 23:10:43', NULL),
(475063, 418000, 191, '2019-12-11 23:10:46', NULL),
(475064, 418001, 191, '2019-12-11 23:10:49', NULL),
(475065, 418002, 191, '2019-12-11 23:10:52', NULL),
(475066, 418003, 191, '2019-12-11 23:10:55', NULL),
(475067, 418004, 191, '2019-12-11 23:10:57', NULL),
(475068, 418005, 191, '2019-12-11 23:11:00', NULL),
(475069, 418006, 191, '2019-12-11 23:11:03', NULL),
(475070, 418007, 191, '2019-12-11 23:11:06', NULL),
(475071, 418008, 191, '2019-12-11 23:11:08', NULL),
(475072, 418009, 191, '2019-12-11 23:11:11', NULL),
(475073, 418010, 191, '2019-12-11 23:11:14', NULL),
(475074, 418011, 191, '2019-12-11 23:11:17', NULL),
(475075, 418012, 191, '2019-12-11 23:11:19', NULL),
(475076, 418013, 191, '2019-12-11 23:11:22', NULL),
(475077, 418014, 191, '2019-12-11 23:11:25', NULL),
(475078, 418015, 191, '2019-12-11 23:11:28', NULL),
(475079, 418016, 191, '2019-12-11 23:11:31', NULL),
(475080, 418017, 191, '2019-12-11 23:11:33', NULL),
(475081, 418018, 191, '2019-12-11 23:11:36', NULL),
(475082, 418019, 191, '2019-12-11 23:11:39', NULL),
(475083, 418020, 191, '2019-12-11 23:11:42', NULL),
(475084, 418021, 191, '2019-12-11 23:11:44', NULL),
(475085, 418022, 191, '2019-12-11 23:11:47', NULL),
(475086, 418023, 191, '2019-12-11 23:11:50', NULL),
(475087, 418024, 191, '2019-12-11 23:11:53', NULL),
(475088, 418025, 191, '2019-12-11 23:11:56', NULL),
(475089, 418026, 191, '2019-12-11 23:11:59', NULL),
(475090, 418027, 191, '2019-12-11 23:12:01', NULL),
(475091, 418028, 191, '2019-12-11 23:12:04', NULL),
(475092, 418029, 191, '2019-12-11 23:12:07', NULL),
(475093, 418030, 191, '2019-12-11 23:12:10', NULL),
(475094, 418031, 191, '2019-12-11 23:12:13', NULL),
(475095, 418032, 191, '2019-12-11 23:12:16', NULL),
(475096, 418033, 191, '2019-12-11 23:12:18', NULL),
(475097, 418034, 191, '2019-12-11 23:12:21', NULL),
(475098, 418035, 191, '2019-12-11 23:12:24', NULL),
(475099, 418036, 191, '2019-12-11 23:12:27', NULL),
(475100, 418037, 191, '2019-12-11 23:12:30', NULL),
(475101, 418038, 191, '2019-12-11 23:12:32', NULL),
(475102, 418039, 191, '2019-12-11 23:12:35', NULL),
(475103, 418040, 191, '2019-12-11 23:12:38', NULL),
(475104, 418041, 191, '2019-12-11 23:12:41', NULL),
(475105, 418042, 191, '2019-12-11 23:12:43', NULL),
(475106, 418043, 191, '2019-12-11 23:12:46', NULL),
(475107, 418044, 191, '2019-12-11 23:12:49', NULL),
(475108, 418045, 191, '2019-12-11 23:12:52', NULL),
(475109, 418046, 191, '2019-12-11 23:12:55', NULL),
(475110, 418047, 191, '2019-12-11 23:12:57', NULL),
(475111, 418048, 191, '2019-12-11 23:13:00', NULL),
(475112, 418049, 191, '2019-12-11 23:13:03', NULL),
(475113, 418050, 191, '2019-12-11 23:13:06', NULL),
(475114, 418051, 191, '2019-12-11 23:13:08', NULL),
(475115, 418052, 191, '2019-12-11 23:13:11', NULL),
(475116, 418053, 191, '2019-12-11 23:13:14', NULL),
(475117, 418054, 191, '2019-12-11 23:13:17', NULL),
(475118, 418055, 191, '2019-12-11 23:13:19', NULL),
(475119, 418056, 191, '2019-12-11 23:13:22', NULL),
(475120, 418057, 191, '2019-12-11 23:13:25', NULL),
(475121, 418058, 191, '2019-12-11 23:13:28', NULL),
(475122, 418059, 191, '2019-12-11 23:13:30', NULL),
(475123, 418060, 191, '2019-12-11 23:13:33', NULL),
(475124, 418061, 191, '2019-12-11 23:13:36', NULL),
(475125, 418062, 191, '2019-12-11 23:13:39', NULL),
(475126, 418063, 191, '2019-12-11 23:13:42', NULL),
(475127, 418064, 191, '2019-12-11 23:13:44', NULL),
(475128, 418065, 191, '2019-12-11 23:13:47', NULL),
(475129, 418066, 191, '2019-12-11 23:13:50', NULL),
(475130, 418067, 191, '2019-12-11 23:13:53', NULL),
(475131, 418068, 191, '2019-12-11 23:13:56', NULL),
(475132, 418069, 191, '2019-12-11 23:13:59', NULL),
(475133, 418070, 191, '2019-12-11 23:14:01', NULL),
(475134, 418071, 191, '2019-12-11 23:14:04', NULL),
(475135, 418072, 191, '2019-12-11 23:14:07', NULL),
(475136, 418073, 191, '2019-12-11 23:14:10', NULL),
(475137, 418074, 191, '2019-12-11 23:14:13', NULL),
(475138, 418075, 191, '2019-12-11 23:14:16', NULL),
(475139, 418076, 191, '2019-12-11 23:14:19', NULL),
(475140, 418077, 191, '2019-12-11 23:14:21', NULL),
(475141, 418078, 191, '2019-12-11 23:14:24', NULL),
(475142, 418079, 191, '2019-12-11 23:14:27', NULL),
(475143, 418080, 191, '2019-12-11 23:14:30', NULL),
(475144, 418081, 191, '2019-12-11 23:14:33', NULL),
(475145, 418082, 191, '2019-12-11 23:14:35', NULL),
(475146, 418083, 191, '2019-12-11 23:14:38', NULL),
(475147, 418084, 191, '2019-12-11 23:14:41', NULL),
(475148, 418085, 191, '2019-12-11 23:14:44', NULL),
(475149, 418086, 191, '2019-12-11 23:14:46', NULL),
(475150, 418087, 191, '2019-12-11 23:14:49', NULL),
(475151, 418088, 191, '2019-12-11 23:14:52', NULL),
(475152, 418089, 191, '2019-12-11 23:14:55', NULL),
(475153, 418090, 191, '2019-12-11 23:14:58', NULL),
(475154, 418091, 191, '2019-12-11 23:15:00', NULL),
(475155, 418092, 191, '2019-12-11 23:15:03', NULL),
(475156, 418093, 191, '2019-12-11 23:15:06', NULL),
(475157, 418094, 191, '2019-12-11 23:15:09', NULL),
(475158, 418095, 191, '2019-12-11 23:15:12', NULL),
(475159, 418096, 191, '2019-12-11 23:15:15', NULL),
(475160, 418097, 191, '2019-12-11 23:15:17', NULL),
(475161, 418098, 191, '2019-12-11 23:15:20', NULL),
(475162, 418099, 191, '2019-12-11 23:15:23', NULL),
(475163, 418100, 191, '2019-12-11 23:15:26', NULL),
(475164, 418101, 191, '2019-12-11 23:15:28', NULL),
(475165, 418102, 191, '2019-12-11 23:15:31', NULL),
(475166, 418103, 191, '2019-12-11 23:15:34', NULL),
(475167, 418104, 191, '2019-12-11 23:15:37', NULL),
(475168, 418105, 191, '2019-12-11 23:15:39', NULL),
(475169, 418106, 191, '2019-12-11 23:15:42', NULL),
(475170, 418107, 191, '2019-12-11 23:15:45', NULL),
(475171, 418108, 191, '2019-12-11 23:15:48', NULL),
(475172, 418109, 191, '2019-12-11 23:15:51', NULL),
(475173, 418110, 191, '2019-12-11 23:15:53', NULL),
(475174, 418111, 191, '2019-12-11 23:15:56', NULL),
(475175, 418112, 191, '2019-12-11 23:15:59', NULL),
(475176, 418113, 191, '2019-12-11 23:16:01', NULL),
(475177, 418114, 191, '2019-12-11 23:16:04', NULL),
(475178, 418115, 191, '2019-12-11 23:16:07', NULL),
(475179, 418116, 191, '2019-12-11 23:16:10', NULL),
(475180, 418117, 191, '2019-12-11 23:16:13', NULL),
(475181, 418118, 191, '2019-12-11 23:16:16', NULL),
(475182, 418119, 191, '2019-12-11 23:16:18', NULL),
(475183, 418120, 191, '2019-12-11 23:16:21', NULL),
(475184, 418121, 191, '2019-12-11 23:16:24', NULL),
(475185, 418122, 191, '2019-12-11 23:16:27', NULL),
(475186, 418123, 191, '2019-12-11 23:16:29', NULL),
(475187, 418124, 191, '2019-12-11 23:16:32', NULL),
(475188, 418125, 191, '2019-12-11 23:16:35', NULL),
(475189, 418126, 191, '2019-12-11 23:16:38', NULL),
(475190, 418127, 191, '2019-12-11 23:16:41', NULL),
(475191, 418128, 191, '2019-12-11 23:16:43', NULL),
(475192, 418129, 191, '2019-12-11 23:16:46', NULL),
(475193, 418130, 191, '2019-12-11 23:16:49', NULL),
(475194, 418131, 191, '2019-12-11 23:16:52', NULL),
(475195, 418132, 191, '2019-12-11 23:16:54', NULL),
(475196, 418133, 191, '2019-12-11 23:16:57', NULL),
(475197, 418134, 191, '2019-12-11 23:17:00', NULL),
(475198, 418135, 191, '2019-12-11 23:17:03', NULL),
(475199, 418136, 191, '2019-12-11 23:17:06', NULL),
(475200, 418137, 191, '2019-12-11 23:17:08', NULL),
(475201, 418138, 191, '2019-12-11 23:17:11', NULL),
(475202, 418139, 191, '2019-12-11 23:17:14', NULL),
(475203, 418140, 191, '2019-12-11 23:17:17', NULL),
(475204, 418141, 191, '2019-12-11 23:17:19', NULL),
(475205, 418142, 191, '2019-12-11 23:17:22', NULL),
(475206, 418143, 191, '2019-12-11 23:17:25', NULL),
(475207, 418144, 191, '2019-12-11 23:17:28', NULL),
(475208, 418145, 191, '2019-12-11 23:17:31', NULL),
(475209, 418146, 191, '2019-12-11 23:17:33', NULL),
(475210, 418147, 191, '2019-12-11 23:17:36', NULL),
(475211, 418148, 191, '2019-12-11 23:17:39', NULL),
(475212, 418149, 191, '2019-12-11 23:17:42', NULL),
(475213, 418150, 191, '2019-12-11 23:17:44', NULL),
(475214, 418151, 191, '2019-12-11 23:17:47', NULL),
(475215, 418152, 191, '2019-12-11 23:17:50', NULL),
(475216, 418153, 191, '2019-12-11 23:17:53', NULL),
(475217, 418154, 191, '2019-12-11 23:17:55', NULL),
(475218, 418155, 191, '2019-12-11 23:17:58', NULL),
(475219, 418156, 191, '2019-12-11 23:18:01', NULL),
(475220, 418157, 191, '2019-12-11 23:18:04', NULL),
(475221, 418158, 191, '2019-12-11 23:18:07', NULL),
(475222, 418159, 191, '2019-12-11 23:18:10', NULL),
(475223, 418160, 191, '2019-12-11 23:18:12', NULL),
(475224, 418161, 191, '2019-12-11 23:18:15', NULL),
(475225, 418162, 191, '2019-12-11 23:18:18', NULL),
(475226, 418163, 191, '2019-12-11 23:18:21', NULL),
(475227, 418164, 191, '2019-12-11 23:18:23', NULL),
(475228, 418165, 191, '2019-12-11 23:18:26', NULL),
(475229, 418166, 191, '2019-12-11 23:18:29', NULL),
(475230, 418167, 191, '2019-12-11 23:18:32', NULL),
(475231, 418168, 191, '2019-12-11 23:18:35', NULL),
(475232, 418169, 191, '2019-12-11 23:18:37', NULL),
(475233, 418170, 191, '2019-12-11 23:18:40', NULL),
(475234, 418171, 191, '2019-12-11 23:18:43', NULL),
(475235, 418172, 191, '2019-12-11 23:18:46', NULL),
(475236, 418173, 191, '2019-12-11 23:18:48', NULL),
(475237, 418174, 191, '2019-12-11 23:18:51', NULL),
(475238, 418175, 191, '2019-12-11 23:18:54', NULL),
(475239, 418176, 191, '2019-12-11 23:18:57', NULL),
(475240, 418177, 191, '2019-12-11 23:19:00', NULL),
(475241, 418178, 191, '2019-12-11 23:19:03', NULL),
(475242, 418179, 191, '2019-12-11 23:19:05', NULL),
(475243, 418180, 191, '2019-12-11 23:19:08', NULL),
(475244, 418181, 191, '2019-12-11 23:19:11', NULL),
(475245, 418182, 191, '2019-12-11 23:19:14', NULL),
(475246, 418183, 191, '2019-12-11 23:19:16', NULL),
(475247, 418184, 191, '2019-12-11 23:19:19', NULL),
(475248, 418185, 191, '2019-12-11 23:19:22', NULL),
(475249, 418186, 191, '2019-12-11 23:19:25', NULL),
(475250, 418187, 191, '2019-12-11 23:19:28', NULL),
(475251, 418188, 191, '2019-12-11 23:19:30', NULL),
(475252, 418189, 191, '2019-12-11 23:19:33', NULL),
(475253, 418190, 191, '2019-12-11 23:19:36', NULL),
(475254, 418191, 191, '2019-12-11 23:19:39', NULL),
(475255, 418192, 191, '2019-12-11 23:19:42', NULL),
(475256, 418193, 191, '2019-12-11 23:19:44', NULL),
(475257, 418194, 191, '2019-12-11 23:19:47', NULL),
(475258, 418195, 191, '2019-12-11 23:19:50', NULL),
(475259, 418196, 191, '2019-12-11 23:19:53', NULL),
(475260, 418197, 191, '2019-12-11 23:19:56', NULL),
(475261, 418198, 191, '2019-12-11 23:19:58', NULL),
(475262, 418199, 191, '2019-12-11 23:20:01', NULL),
(475263, 418200, 191, '2019-12-11 23:20:04', NULL),
(475264, 418201, 191, '2019-12-11 23:20:07', NULL),
(475265, 418202, 191, '2019-12-11 23:20:10', NULL),
(475266, 418203, 191, '2019-12-11 23:20:13', NULL),
(475267, 418204, 191, '2019-12-11 23:20:16', NULL),
(475268, 418205, 191, '2019-12-11 23:20:18', NULL),
(475269, 418206, 191, '2019-12-11 23:20:21', NULL),
(475270, 418207, 191, '2019-12-11 23:20:24', NULL),
(475271, 418208, 191, '2019-12-11 23:20:27', NULL),
(475272, 418209, 191, '2019-12-11 23:20:30', NULL),
(475273, 418210, 191, '2019-12-11 23:20:33', NULL),
(475274, 418211, 191, '2019-12-11 23:20:35', NULL),
(475275, 418212, 191, '2019-12-11 23:20:38', NULL),
(475276, 418213, 191, '2019-12-11 23:20:41', NULL),
(475277, 418214, 191, '2019-12-11 23:20:44', NULL),
(475278, 418215, 191, '2019-12-11 23:20:47', NULL),
(475279, 418216, 191, '2019-12-11 23:20:50', NULL),
(475280, 418217, 191, '2019-12-11 23:20:52', NULL),
(475281, 418218, 191, '2019-12-11 23:20:55', NULL),
(475282, 418219, 191, '2019-12-11 23:20:58', NULL),
(475283, 418220, 191, '2019-12-11 23:21:01', NULL),
(475284, 418221, 191, '2019-12-11 23:21:04', NULL),
(475285, 418222, 191, '2019-12-11 23:21:06', NULL),
(475286, 418223, 191, '2019-12-11 23:21:09', NULL),
(475287, 418224, 191, '2019-12-11 23:21:12', NULL),
(475288, 418225, 191, '2019-12-11 23:21:15', NULL),
(475289, 418226, 191, '2019-12-11 23:21:18', NULL),
(475290, 418227, 191, '2019-12-11 23:21:21', NULL),
(475291, 418228, 191, '2019-12-11 23:21:23', NULL),
(475292, 418229, 191, '2019-12-11 23:21:26', NULL),
(475293, 418230, 191, '2019-12-11 23:21:29', NULL),
(475294, 418231, 191, '2019-12-11 23:21:32', NULL),
(475295, 418232, 191, '2019-12-11 23:21:35', NULL),
(475296, 418233, 191, '2019-12-11 23:21:38', NULL),
(475297, 418234, 191, '2019-12-11 23:21:41', NULL),
(475298, 418235, 191, '2019-12-11 23:21:43', NULL),
(475299, 418236, 191, '2019-12-11 23:21:46', NULL),
(475300, 418237, 191, '2019-12-11 23:21:49', NULL),
(475301, 418238, 191, '2019-12-11 23:21:52', NULL),
(475302, 418239, 191, '2019-12-11 23:21:55', NULL),
(475303, 418240, 191, '2019-12-11 23:21:58', NULL),
(475304, 418241, 191, '2019-12-11 23:22:00', NULL),
(475305, 418242, 191, '2019-12-11 23:22:03', NULL),
(475306, 418243, 191, '2019-12-11 23:22:06', NULL),
(475307, 418244, 191, '2019-12-11 23:22:09', NULL),
(475308, 418245, 191, '2019-12-11 23:22:12', NULL),
(475309, 418246, 191, '2019-12-11 23:22:15', NULL),
(475310, 418247, 191, '2019-12-11 23:22:18', NULL),
(475311, 418248, 191, '2019-12-11 23:22:21', NULL),
(475312, 418249, 191, '2019-12-11 23:22:23', NULL),
(475313, 418250, 191, '2019-12-11 23:22:26', NULL),
(475314, 418251, 191, '2019-12-11 23:22:29', NULL),
(475315, 418252, 191, '2019-12-11 23:22:32', NULL),
(475316, 418253, 191, '2019-12-11 23:22:35', NULL),
(475317, 418254, 191, '2019-12-11 23:22:38', NULL),
(475318, 418255, 191, '2019-12-11 23:22:40', NULL),
(475319, 418256, 191, '2019-12-11 23:22:43', NULL),
(475320, 418257, 191, '2019-12-11 23:22:46', NULL),
(475321, 418258, 191, '2019-12-11 23:22:49', NULL),
(475322, 418259, 191, '2019-12-11 23:22:52', NULL),
(475323, 418260, 191, '2019-12-11 23:22:55', NULL),
(475324, 418261, 191, '2019-12-11 23:22:57', NULL),
(475325, 418262, 191, '2019-12-11 23:23:00', NULL),
(475326, 418263, 191, '2019-12-11 23:23:03', NULL),
(475327, 418264, 191, '2019-12-11 23:23:06', NULL),
(475328, 418265, 191, '2019-12-11 23:23:09', NULL),
(475329, 418266, 191, '2019-12-11 23:23:12', NULL),
(475330, 418267, 191, '2019-12-11 23:23:14', NULL),
(475331, 418268, 191, '2019-12-11 23:23:17', NULL),
(475332, 418269, 191, '2019-12-11 23:23:20', NULL),
(475333, 418270, 191, '2019-12-11 23:23:23', NULL),
(475334, 418271, 191, '2019-12-11 23:23:26', NULL),
(475335, 418272, 191, '2019-12-11 23:23:28', NULL),
(475336, 418273, 191, '2019-12-11 23:23:31', NULL),
(475337, 418274, 191, '2019-12-11 23:23:34', NULL),
(475338, 418275, 191, '2019-12-11 23:23:37', NULL),
(475339, 418276, 191, '2019-12-11 23:23:40', NULL),
(475340, 418277, 191, '2019-12-11 23:23:43', NULL),
(475341, 418278, 191, '2019-12-11 23:23:46', NULL),
(475342, 418279, 191, '2019-12-11 23:23:48', NULL),
(475343, 418280, 191, '2019-12-11 23:23:51', NULL),
(475344, 418281, 191, '2019-12-11 23:23:54', NULL),
(475345, 418282, 191, '2019-12-11 23:23:57', NULL),
(475346, 418283, 191, '2019-12-11 23:24:00', NULL),
(475347, 418284, 191, '2019-12-11 23:24:02', NULL),
(475348, 418285, 191, '2019-12-11 23:24:05', NULL),
(475349, 418286, 191, '2019-12-11 23:24:08', NULL),
(475350, 418287, 191, '2019-12-11 23:24:11', NULL),
(475351, 418288, 191, '2019-12-11 23:24:14', NULL),
(475352, 418289, 191, '2019-12-11 23:24:17', NULL),
(475353, 418290, 191, '2019-12-11 23:24:20', NULL),
(475354, 418291, 191, '2019-12-11 23:24:23', NULL),
(475355, 418292, 191, '2019-12-11 23:24:26', NULL),
(475356, 418293, 191, '2019-12-11 23:24:29', NULL),
(475357, 418294, 191, '2019-12-11 23:24:31', NULL),
(475358, 418295, 191, '2019-12-11 23:24:34', NULL),
(475359, 418296, 191, '2019-12-11 23:24:37', NULL),
(475360, 418297, 191, '2019-12-11 23:24:40', NULL),
(475361, 418298, 191, '2019-12-11 23:24:43', NULL),
(475362, 418299, 191, '2019-12-11 23:24:46', NULL),
(475363, 418300, 191, '2019-12-11 23:24:49', NULL),
(475364, 418301, 191, '2019-12-11 23:24:52', NULL),
(475365, 418302, 191, '2019-12-11 23:24:54', NULL),
(475366, 418303, 191, '2019-12-11 23:24:57', NULL),
(475367, 418304, 191, '2019-12-11 23:25:00', NULL),
(475368, 418305, 191, '2019-12-11 23:25:03', NULL),
(475369, 418306, 191, '2019-12-11 23:25:06', NULL),
(475370, 418307, 191, '2019-12-11 23:25:08', NULL),
(475371, 418308, 191, '2019-12-11 23:25:11', NULL),
(475372, 418309, 191, '2019-12-11 23:25:14', NULL),
(475373, 418310, 191, '2019-12-11 23:25:17', NULL),
(475374, 418311, 191, '2019-12-11 23:25:19', NULL),
(475375, 418312, 191, '2019-12-11 23:25:22', NULL),
(475376, 418313, 191, '2019-12-11 23:25:25', NULL),
(475377, 418314, 191, '2019-12-11 23:25:28', NULL),
(475378, 418315, 191, '2019-12-11 23:25:31', NULL),
(475379, 418316, 191, '2019-12-11 23:25:34', NULL),
(475380, 418317, 191, '2019-12-11 23:25:36', NULL),
(475381, 418318, 191, '2019-12-11 23:25:39', NULL),
(475382, 418319, 191, '2019-12-11 23:25:42', NULL),
(475383, 418320, 191, '2019-12-11 23:25:45', NULL),
(475384, 418321, 191, '2019-12-11 23:25:48', NULL),
(475385, 418322, 191, '2019-12-11 23:25:51', NULL),
(475386, 418323, 191, '2019-12-11 23:25:53', NULL),
(475387, 418324, 191, '2019-12-11 23:25:56', NULL),
(475388, 418325, 191, '2019-12-11 23:25:59', NULL),
(475389, 418326, 191, '2019-12-11 23:26:02', NULL),
(475390, 418327, 191, '2019-12-11 23:26:05', NULL),
(475391, 418328, 191, '2019-12-11 23:26:08', NULL),
(475392, 418329, 191, '2019-12-11 23:26:11', NULL),
(475393, 418330, 191, '2019-12-11 23:26:14', NULL),
(475394, 418331, 191, '2019-12-11 23:26:17', NULL),
(475395, 418332, 191, '2019-12-11 23:26:19', NULL),
(475396, 418333, 191, '2019-12-11 23:26:22', NULL),
(475397, 418334, 191, '2019-12-11 23:26:25', NULL),
(475398, 418335, 191, '2019-12-11 23:26:28', NULL),
(475399, 418336, 191, '2019-12-11 23:26:31', NULL),
(475400, 418337, 191, '2019-12-11 23:26:34', NULL),
(475401, 418338, 191, '2019-12-11 23:26:37', NULL),
(475402, 418339, 191, '2019-12-11 23:26:39', NULL),
(475403, 418340, 191, '2019-12-11 23:26:42', NULL),
(475404, 418341, 191, '2019-12-11 23:26:45', NULL),
(475405, 418342, 191, '2019-12-11 23:26:48', NULL),
(475406, 418343, 191, '2019-12-11 23:26:51', NULL),
(475407, 418344, 191, '2019-12-11 23:26:54', NULL),
(475408, 418345, 191, '2019-12-11 23:26:57', NULL),
(475409, 418346, 191, '2019-12-11 23:27:00', NULL),
(475410, 418347, 191, '2019-12-11 23:27:03', NULL),
(475411, 418348, 191, '2019-12-11 23:27:06', NULL),
(475412, 418349, 191, '2019-12-11 23:27:08', NULL),
(475413, 418350, 191, '2019-12-11 23:27:11', NULL),
(475414, 418351, 191, '2019-12-11 23:27:14', NULL),
(475415, 418352, 191, '2019-12-11 23:27:17', NULL),
(475416, 418353, 191, '2019-12-11 23:27:20', NULL),
(475417, 418354, 191, '2019-12-11 23:27:23', NULL),
(475418, 418355, 191, '2019-12-11 23:27:26', NULL),
(475419, 418356, 191, '2019-12-11 23:27:28', NULL),
(475420, 418357, 191, '2019-12-11 23:27:31', NULL),
(475421, 418358, 191, '2019-12-11 23:27:34', NULL),
(475422, 418359, 191, '2019-12-11 23:27:37', NULL),
(475423, 418360, 191, '2019-12-11 23:27:40', NULL),
(475424, 418361, 191, '2019-12-11 23:27:43', NULL),
(475425, 418362, 191, '2019-12-11 23:27:45', NULL),
(475426, 418363, 191, '2019-12-11 23:27:48', NULL),
(475427, 418364, 191, '2019-12-11 23:27:51', NULL),
(475428, 418365, 191, '2019-12-11 23:27:54', NULL),
(475429, 418366, 191, '2019-12-11 23:27:57', NULL),
(475430, 418367, 191, '2019-12-11 23:28:00', NULL),
(475431, 418368, 191, '2019-12-11 23:28:03', NULL),
(475432, 418369, 191, '2019-12-11 23:28:06', NULL),
(475433, 418370, 191, '2019-12-11 23:28:09', NULL),
(475434, 418371, 191, '2019-12-11 23:28:11', NULL),
(475435, 418372, 191, '2019-12-11 23:28:14', NULL),
(475436, 418373, 191, '2019-12-11 23:28:17', NULL),
(475437, 418374, 191, '2019-12-11 23:28:20', NULL),
(475438, 418375, 191, '2019-12-11 23:28:23', NULL),
(475439, 418376, 191, '2019-12-11 23:28:26', NULL),
(475440, 418377, 191, '2019-12-11 23:28:29', NULL),
(475441, 418378, 191, '2019-12-11 23:28:31', NULL),
(475442, 418379, 191, '2019-12-11 23:28:34', NULL),
(475443, 418380, 191, '2019-12-11 23:28:37', NULL),
(475444, 418381, 191, '2019-12-11 23:28:40', NULL),
(475445, 418382, 191, '2019-12-11 23:28:43', NULL),
(475446, 418383, 191, '2019-12-11 23:28:46', NULL),
(475447, 418384, 191, '2019-12-11 23:28:49', NULL),
(475448, 418385, 191, '2019-12-11 23:28:51', NULL),
(475449, 418386, 191, '2019-12-11 23:28:54', NULL),
(475450, 418387, 191, '2019-12-11 23:28:57', NULL),
(475451, 418388, 191, '2019-12-11 23:29:00', NULL),
(475452, 418389, 191, '2019-12-11 23:29:03', NULL),
(475453, 418390, 191, '2019-12-11 23:29:06', NULL),
(475454, 418391, 191, '2019-12-11 23:29:09', NULL),
(475455, 418392, 191, '2019-12-11 23:29:11', NULL),
(475456, 418393, 191, '2019-12-11 23:29:14', NULL),
(475457, 418394, 191, '2019-12-11 23:29:17', NULL),
(475458, 418395, 191, '2019-12-11 23:29:20', NULL),
(475459, 418396, 191, '2019-12-11 23:29:23', NULL),
(475460, 418397, 191, '2019-12-11 23:29:26', NULL),
(475461, 418398, 191, '2019-12-11 23:29:29', NULL),
(475462, 418399, 191, '2019-12-11 23:29:32', NULL),
(475463, 418400, 191, '2019-12-11 23:29:34', NULL),
(475464, 418401, 191, '2019-12-11 23:29:37', NULL),
(475465, 418402, 191, '2019-12-11 23:29:40', NULL),
(475466, 418403, 191, '2019-12-11 23:29:43', NULL),
(475467, 418404, 191, '2019-12-11 23:29:46', NULL),
(475468, 418405, 191, '2019-12-11 23:29:49', NULL),
(475469, 418406, 191, '2019-12-11 23:29:52', NULL),
(475470, 418407, 191, '2019-12-11 23:29:55', NULL),
(475471, 418408, 191, '2019-12-11 23:29:58', NULL),
(475472, 418409, 191, '2019-12-11 23:30:00', NULL),
(475473, 418410, 191, '2019-12-11 23:30:03', NULL),
(475474, 418411, 191, '2019-12-11 23:30:06', NULL),
(475475, 418412, 191, '2019-12-11 23:30:09', NULL),
(475476, 418413, 191, '2019-12-11 23:30:12', NULL),
(475477, 418414, 191, '2019-12-11 23:30:15', NULL),
(475478, 418415, 191, '2019-12-11 23:30:18', NULL),
(475479, 418416, 191, '2019-12-11 23:30:20', NULL),
(475480, 418417, 191, '2019-12-11 23:30:23', NULL),
(475481, 418418, 191, '2019-12-11 23:30:26', NULL),
(475482, 418419, 191, '2019-12-11 23:30:29', NULL),
(475483, 418420, 191, '2019-12-11 23:30:32', NULL),
(475484, 418421, 191, '2019-12-11 23:30:35', NULL),
(475485, 418422, 191, '2019-12-11 23:30:37', NULL),
(475486, 418423, 191, '2019-12-11 23:30:40', NULL),
(475487, 418424, 191, '2019-12-11 23:30:43', NULL),
(475488, 418425, 191, '2019-12-11 23:30:46', NULL),
(475489, 418426, 191, '2019-12-11 23:30:49', NULL),
(475490, 418427, 191, '2019-12-11 23:30:52', NULL),
(475491, 418428, 191, '2019-12-11 23:30:55', NULL),
(475492, 418429, 191, '2019-12-11 23:30:57', NULL),
(475493, 418430, 191, '2019-12-11 23:31:00', NULL),
(475494, 418431, 191, '2019-12-11 23:31:03', NULL),
(475495, 418432, 191, '2019-12-11 23:31:06', NULL),
(475496, 418433, 191, '2019-12-11 23:31:09', NULL),
(475497, 418434, 191, '2019-12-11 23:31:11', NULL),
(475498, 418435, 191, '2019-12-11 23:31:14', NULL),
(475499, 418436, 191, '2019-12-11 23:31:17', NULL),
(475500, 418437, 191, '2019-12-11 23:31:20', NULL),
(475501, 418438, 191, '2019-12-11 23:31:23', NULL),
(475502, 418439, 191, '2019-12-11 23:31:26', NULL),
(475503, 418440, 191, '2019-12-11 23:31:29', NULL),
(475504, 418441, 191, '2019-12-11 23:31:31', NULL),
(475505, 418442, 191, '2019-12-11 23:31:34', NULL),
(475506, 418443, 191, '2019-12-11 23:31:37', NULL),
(475507, 418444, 191, '2019-12-11 23:31:40', NULL),
(475508, 418445, 191, '2019-12-11 23:31:43', NULL),
(475509, 418446, 191, '2019-12-11 23:31:46', NULL),
(475510, 418447, 191, '2019-12-11 23:31:49', NULL),
(475511, 418448, 191, '2019-12-11 23:31:52', NULL),
(475512, 418449, 191, '2019-12-11 23:31:54', NULL),
(475513, 418450, 191, '2019-12-11 23:31:57', NULL),
(475514, 418451, 191, '2019-12-11 23:32:00', NULL),
(475515, 418452, 191, '2019-12-11 23:32:03', NULL),
(475516, 418453, 191, '2019-12-11 23:32:06', NULL),
(475517, 418454, 191, '2019-12-11 23:32:09', NULL),
(475518, 418455, 191, '2019-12-11 23:32:12', NULL),
(475519, 418456, 191, '2019-12-11 23:32:15', NULL),
(475520, 418457, 191, '2019-12-11 23:32:18', NULL),
(475521, 418458, 191, '2019-12-11 23:32:21', NULL),
(475522, 418459, 191, '2019-12-11 23:32:23', NULL),
(475523, 418460, 191, '2019-12-11 23:32:26', NULL),
(475524, 418461, 191, '2019-12-11 23:32:29', NULL),
(475525, 418462, 191, '2019-12-11 23:32:32', NULL),
(475526, 418463, 191, '2019-12-11 23:32:35', NULL),
(475527, 418464, 191, '2019-12-11 23:32:38', NULL),
(475528, 418465, 191, '2019-12-11 23:32:41', NULL),
(475529, 418466, 191, '2019-12-11 23:32:44', NULL),
(475530, 418467, 191, '2019-12-11 23:32:46', NULL),
(475531, 418468, 191, '2019-12-11 23:32:49', NULL),
(475532, 418469, 191, '2019-12-11 23:32:52', NULL),
(475533, 418470, 191, '2019-12-11 23:32:55', NULL),
(475534, 418471, 191, '2019-12-11 23:32:58', NULL),
(475535, 418472, 191, '2019-12-11 23:33:01', NULL),
(475536, 418473, 191, '2019-12-11 23:33:04', NULL),
(475537, 418474, 191, '2019-12-11 23:33:07', NULL),
(475538, 418475, 191, '2019-12-11 23:33:09', NULL);
INSERT INTO `pdv_customer` (`id`, `customer_id`, `pdv_id`, `created_at`, `comment`) VALUES
(475539, 418476, 191, '2019-12-11 23:33:12', NULL),
(475540, 418477, 191, '2019-12-11 23:33:15', NULL),
(475541, 418478, 191, '2019-12-11 23:33:18', NULL),
(475542, 418479, 191, '2019-12-11 23:33:21', NULL),
(475543, 418480, 191, '2019-12-11 23:33:24', NULL),
(475544, 418481, 191, '2019-12-11 23:33:27', NULL),
(475545, 418482, 191, '2019-12-11 23:33:30', NULL),
(475546, 418483, 191, '2019-12-11 23:33:32', NULL),
(475547, 418484, 191, '2019-12-11 23:33:35', NULL),
(475548, 418485, 191, '2019-12-11 23:33:38', NULL),
(475549, 418486, 191, '2019-12-11 23:33:41', NULL),
(475550, 418487, 191, '2019-12-11 23:33:44', NULL),
(475551, 418488, 191, '2019-12-11 23:33:47', NULL),
(475552, 418489, 191, '2019-12-11 23:33:50', NULL),
(475553, 418490, 191, '2019-12-11 23:33:53', NULL),
(475554, 418491, 191, '2019-12-11 23:33:56', NULL),
(475555, 418492, 191, '2019-12-11 23:33:58', NULL),
(475556, 418493, 191, '2019-12-11 23:34:01', NULL),
(475557, 418494, 191, '2019-12-11 23:34:04', NULL),
(475558, 418495, 191, '2019-12-11 23:34:07', NULL),
(475559, 418496, 191, '2019-12-11 23:34:10', NULL),
(475560, 418497, 191, '2019-12-11 23:34:13', NULL),
(475561, 418498, 191, '2019-12-11 23:34:16', NULL),
(475562, 418499, 191, '2019-12-11 23:34:19', NULL),
(475563, 418500, 191, '2019-12-11 23:34:22', NULL),
(475564, 418501, 191, '2019-12-11 23:34:25', NULL),
(475565, 418502, 191, '2019-12-11 23:34:28', NULL),
(475566, 418503, 191, '2019-12-11 23:34:31', NULL),
(475567, 418504, 191, '2019-12-11 23:34:33', NULL),
(475568, 418505, 191, '2019-12-11 23:34:36', NULL),
(475569, 418506, 191, '2019-12-11 23:34:39', NULL),
(475570, 418507, 191, '2019-12-11 23:34:42', NULL),
(475571, 418508, 191, '2019-12-11 23:34:45', NULL),
(475572, 418509, 191, '2019-12-11 23:34:48', NULL),
(475573, 418510, 191, '2019-12-11 23:34:51', NULL),
(475574, 418511, 191, '2019-12-11 23:34:54', NULL),
(475575, 418512, 191, '2019-12-11 23:34:57', NULL),
(475576, 418513, 191, '2019-12-11 23:35:00', NULL),
(475577, 418514, 191, '2019-12-11 23:35:03', NULL),
(475578, 418515, 191, '2019-12-11 23:35:05', NULL),
(475579, 418516, 191, '2019-12-11 23:35:08', NULL),
(475580, 418517, 191, '2019-12-11 23:35:11', NULL),
(475581, 418518, 191, '2019-12-11 23:35:14', NULL),
(475582, 418519, 191, '2019-12-11 23:35:17', NULL),
(475583, 418520, 191, '2019-12-11 23:35:20', NULL),
(475584, 418521, 191, '2019-12-11 23:35:23', NULL),
(475585, 418522, 191, '2019-12-11 23:35:26', NULL),
(475586, 418523, 191, '2019-12-11 23:35:28', NULL),
(475587, 418524, 191, '2019-12-11 23:35:31', NULL),
(475588, 418525, 191, '2019-12-11 23:35:34', NULL),
(475589, 418526, 191, '2019-12-11 23:35:37', NULL),
(475590, 418527, 191, '2019-12-11 23:35:40', NULL),
(475591, 418528, 191, '2019-12-11 23:35:43', NULL),
(475592, 418529, 191, '2019-12-11 23:35:46', NULL),
(475593, 418530, 191, '2019-12-11 23:35:49', NULL),
(475594, 418531, 191, '2019-12-11 23:35:52', NULL),
(475595, 418532, 191, '2019-12-11 23:35:54', NULL),
(475596, 418533, 191, '2019-12-11 23:35:57', NULL),
(475597, 418534, 191, '2019-12-11 23:36:00', NULL),
(475598, 418535, 191, '2019-12-11 23:36:03', NULL),
(475599, 418536, 191, '2019-12-11 23:36:06', NULL),
(475600, 418537, 191, '2019-12-11 23:36:09', NULL),
(475601, 418538, 191, '2019-12-11 23:36:12', NULL),
(475602, 418539, 191, '2019-12-11 23:36:15', NULL),
(475603, 418540, 191, '2019-12-11 23:36:18', NULL),
(475604, 418541, 191, '2019-12-11 23:36:21', NULL),
(475605, 418542, 191, '2019-12-11 23:36:24', NULL),
(475606, 418543, 191, '2019-12-11 23:36:27', NULL),
(475607, 418544, 191, '2019-12-11 23:36:30', NULL),
(475608, 418545, 191, '2019-12-11 23:36:33', NULL),
(475609, 418546, 191, '2019-12-11 23:36:36', NULL),
(475610, 418547, 191, '2019-12-11 23:36:39', NULL),
(475611, 418548, 191, '2019-12-11 23:36:41', NULL),
(475612, 418549, 191, '2019-12-11 23:36:44', NULL),
(475613, 418550, 191, '2019-12-11 23:36:47', NULL),
(475614, 418551, 191, '2019-12-11 23:36:50', NULL),
(475615, 418552, 191, '2019-12-11 23:36:53', NULL),
(475616, 418553, 191, '2019-12-11 23:36:56', NULL),
(475617, 418554, 191, '2019-12-11 23:36:59', NULL),
(475618, 418555, 191, '2019-12-11 23:37:02', NULL),
(475619, 418556, 191, '2019-12-11 23:37:05', NULL),
(475620, 418557, 191, '2019-12-11 23:37:08', NULL),
(475621, 418558, 191, '2019-12-11 23:37:10', NULL),
(475622, 418559, 191, '2019-12-11 23:37:13', NULL),
(475623, 418560, 191, '2019-12-11 23:37:16', NULL),
(475624, 418561, 191, '2019-12-11 23:37:19', NULL),
(475625, 418562, 191, '2019-12-11 23:37:22', NULL),
(475626, 418563, 191, '2019-12-11 23:37:25', NULL),
(475627, 418564, 191, '2019-12-11 23:37:28', NULL),
(475628, 418565, 191, '2019-12-11 23:37:31', NULL),
(475629, 418566, 191, '2019-12-11 23:37:33', NULL),
(475630, 418567, 191, '2019-12-11 23:37:36', NULL),
(475631, 418568, 191, '2019-12-11 23:37:39', NULL),
(475632, 418569, 191, '2019-12-11 23:37:42', NULL),
(475633, 418570, 191, '2019-12-11 23:37:45', NULL),
(475634, 418571, 191, '2019-12-11 23:37:48', NULL),
(475635, 418572, 191, '2019-12-11 23:37:51', NULL),
(475636, 418573, 191, '2019-12-11 23:37:54', NULL),
(475637, 418574, 191, '2019-12-11 23:37:56', NULL),
(475638, 418575, 191, '2019-12-11 23:37:59', NULL),
(475639, 418576, 191, '2019-12-11 23:38:02', NULL),
(475640, 418577, 191, '2019-12-11 23:38:05', NULL),
(475641, 418578, 191, '2019-12-11 23:38:08', NULL),
(475642, 418579, 191, '2019-12-11 23:38:11', NULL),
(475643, 418580, 191, '2019-12-11 23:38:14', NULL),
(475644, 418581, 191, '2019-12-11 23:38:17', NULL),
(475645, 418582, 191, '2019-12-11 23:38:20', NULL),
(475646, 418583, 191, '2019-12-11 23:38:23', NULL),
(475647, 418584, 191, '2019-12-11 23:38:25', NULL),
(475648, 418585, 191, '2019-12-11 23:38:28', NULL),
(475649, 418586, 191, '2019-12-11 23:38:31', NULL),
(475650, 418587, 191, '2019-12-11 23:38:34', NULL),
(475651, 418588, 191, '2019-12-11 23:38:37', NULL),
(475652, 418589, 191, '2019-12-11 23:38:40', NULL),
(475653, 418590, 191, '2019-12-11 23:38:43', NULL),
(475654, 418591, 191, '2019-12-11 23:38:45', NULL),
(475655, 418592, 191, '2019-12-11 23:38:48', NULL),
(475656, 418593, 191, '2019-12-11 23:38:51', NULL),
(475657, 418594, 191, '2019-12-11 23:38:54', NULL),
(475658, 418595, 191, '2019-12-11 23:38:57', NULL),
(475659, 418596, 191, '2019-12-11 23:39:00', NULL),
(475660, 418597, 191, '2019-12-11 23:39:03', NULL),
(475661, 418598, 191, '2019-12-11 23:39:06', NULL),
(475662, 418599, 191, '2019-12-11 23:39:09', NULL),
(475663, 418600, 191, '2019-12-11 23:39:12', NULL),
(475664, 418601, 191, '2019-12-11 23:39:15', NULL),
(475665, 418602, 191, '2019-12-11 23:39:18', NULL),
(475666, 418603, 191, '2019-12-11 23:39:20', NULL),
(475667, 418604, 191, '2019-12-11 23:39:23', NULL),
(475668, 418605, 191, '2019-12-11 23:39:26', NULL),
(475669, 418606, 191, '2019-12-11 23:39:29', NULL),
(475670, 418607, 191, '2019-12-11 23:39:32', NULL),
(475671, 418608, 191, '2019-12-11 23:39:35', NULL),
(475672, 418609, 191, '2019-12-11 23:39:38', NULL),
(475673, 418610, 191, '2019-12-11 23:39:41', NULL),
(475674, 418611, 191, '2019-12-11 23:39:44', NULL),
(475675, 418612, 191, '2019-12-11 23:39:47', NULL),
(475676, 418613, 191, '2019-12-11 23:39:50', NULL),
(475677, 418614, 191, '2019-12-11 23:39:53', NULL),
(475678, 418615, 191, '2019-12-11 23:39:56', NULL),
(475679, 418616, 191, '2019-12-11 23:39:59', NULL),
(475680, 418617, 191, '2019-12-11 23:40:02', NULL),
(475681, 418618, 191, '2019-12-11 23:40:05', NULL),
(475682, 418619, 191, '2019-12-11 23:40:08', NULL),
(475683, 418620, 191, '2019-12-11 23:40:10', NULL),
(475684, 418621, 191, '2019-12-11 23:40:13', NULL),
(475685, 418622, 191, '2019-12-11 23:40:16', NULL),
(475686, 418623, 191, '2019-12-11 23:40:19', NULL),
(475687, 418624, 191, '2019-12-11 23:40:22', NULL),
(475688, 418625, 191, '2019-12-11 23:40:25', NULL),
(475689, 418626, 191, '2019-12-11 23:40:28', NULL),
(475690, 418627, 191, '2019-12-11 23:40:31', NULL),
(475691, 418628, 191, '2019-12-11 23:40:34', NULL),
(475692, 418629, 191, '2019-12-11 23:40:37', NULL),
(475693, 418630, 191, '2019-12-11 23:40:40', NULL),
(475694, 418631, 191, '2019-12-11 23:40:43', NULL),
(475695, 418632, 191, '2019-12-11 23:40:45', NULL),
(475696, 418633, 191, '2019-12-11 23:40:48', NULL),
(475697, 418634, 191, '2019-12-11 23:40:51', NULL),
(475698, 418635, 191, '2019-12-11 23:40:54', NULL),
(475699, 418636, 191, '2019-12-11 23:40:57', NULL),
(475700, 418637, 191, '2019-12-11 23:41:00', NULL),
(475701, 418638, 191, '2019-12-11 23:41:03', NULL),
(475702, 418639, 191, '2019-12-11 23:41:06', NULL),
(475703, 418640, 191, '2019-12-11 23:41:09', NULL),
(475704, 418641, 191, '2019-12-11 23:41:12', NULL),
(475705, 418642, 191, '2019-12-11 23:41:15', NULL),
(475706, 418643, 191, '2019-12-11 23:41:18', NULL),
(475707, 418644, 191, '2019-12-11 23:41:21', NULL),
(475708, 418645, 191, '2019-12-11 23:41:24', NULL),
(475709, 418646, 191, '2019-12-11 23:41:26', NULL),
(475710, 418647, 191, '2019-12-11 23:41:29', NULL),
(475711, 418648, 191, '2019-12-11 23:41:32', NULL),
(475712, 418649, 191, '2019-12-11 23:41:35', NULL),
(475713, 418650, 191, '2019-12-11 23:41:38', NULL),
(475714, 418651, 191, '2019-12-11 23:41:41', NULL),
(475715, 418652, 191, '2019-12-11 23:41:44', NULL),
(475716, 418653, 191, '2019-12-11 23:41:47', NULL),
(475717, 418654, 191, '2019-12-11 23:41:50', NULL),
(475718, 418655, 191, '2019-12-11 23:41:53', NULL),
(475719, 418656, 191, '2019-12-11 23:41:56', NULL),
(475720, 418657, 191, '2019-12-11 23:41:59', NULL),
(475721, 418658, 191, '2019-12-11 23:42:02', NULL),
(475722, 418659, 191, '2019-12-11 23:42:05', NULL),
(475723, 418660, 191, '2019-12-11 23:42:08', NULL),
(475724, 418661, 191, '2019-12-11 23:42:11', NULL),
(475725, 418662, 191, '2019-12-11 23:42:14', NULL),
(475726, 418663, 191, '2019-12-11 23:42:17', NULL),
(475727, 418664, 191, '2019-12-11 23:42:20', NULL),
(475728, 418665, 191, '2019-12-11 23:42:23', NULL),
(475729, 418666, 191, '2019-12-11 23:42:26', NULL),
(475730, 418667, 191, '2019-12-11 23:42:28', NULL),
(475731, 418668, 191, '2019-12-11 23:42:31', NULL),
(475732, 418669, 191, '2019-12-11 23:42:34', NULL),
(475733, 418670, 191, '2019-12-11 23:42:37', NULL),
(475734, 418671, 191, '2019-12-11 23:42:40', NULL),
(475735, 418672, 191, '2019-12-11 23:42:43', NULL),
(475736, 418673, 191, '2019-12-11 23:42:46', NULL),
(475737, 418674, 191, '2019-12-11 23:42:49', NULL),
(475738, 418675, 191, '2019-12-11 23:42:52', NULL),
(475739, 418676, 191, '2019-12-11 23:42:55', NULL),
(475740, 418677, 191, '2019-12-11 23:42:58', NULL),
(475741, 418678, 191, '2019-12-11 23:43:01', NULL),
(475742, 418679, 191, '2019-12-11 23:43:04', NULL),
(475743, 418680, 191, '2019-12-11 23:43:06', NULL),
(475744, 418681, 191, '2019-12-11 23:43:09', NULL),
(475745, 418682, 191, '2019-12-11 23:43:12', NULL),
(475746, 418683, 191, '2019-12-11 23:43:15', NULL),
(475747, 418684, 191, '2019-12-11 23:43:18', NULL),
(475748, 418685, 191, '2019-12-11 23:43:21', NULL),
(475749, 418686, 191, '2019-12-11 23:43:24', NULL),
(475750, 418687, 191, '2019-12-11 23:43:27', NULL),
(475751, 418688, 191, '2019-12-11 23:43:30', NULL),
(475752, 418689, 191, '2019-12-11 23:43:33', NULL),
(475753, 418690, 191, '2019-12-11 23:43:36', NULL),
(475754, 418691, 191, '2019-12-11 23:43:38', NULL),
(475755, 418692, 191, '2019-12-11 23:43:41', NULL),
(475756, 418693, 191, '2019-12-11 23:43:44', NULL),
(475757, 418694, 191, '2019-12-11 23:43:47', NULL),
(475758, 418695, 191, '2019-12-11 23:43:50', NULL),
(475759, 418696, 191, '2019-12-11 23:43:53', NULL),
(475760, 418697, 191, '2019-12-11 23:43:56', NULL),
(475761, 418698, 191, '2019-12-11 23:43:59', NULL),
(475762, 418699, 191, '2019-12-11 23:44:02', NULL),
(475763, 418700, 191, '2019-12-11 23:44:05', NULL),
(475764, 418701, 191, '2019-12-11 23:44:08', NULL),
(475765, 418702, 191, '2019-12-11 23:44:11', NULL),
(475766, 418703, 191, '2019-12-11 23:44:14', NULL),
(475767, 418704, 191, '2019-12-11 23:44:17', NULL),
(475768, 418705, 191, '2019-12-11 23:44:20', NULL),
(475769, 418706, 191, '2019-12-11 23:44:23', NULL),
(475770, 418707, 191, '2019-12-11 23:44:26', NULL),
(475771, 418708, 191, '2019-12-11 23:44:29', NULL),
(475772, 418709, 191, '2019-12-11 23:44:32', NULL),
(475773, 418710, 191, '2019-12-11 23:44:34', NULL),
(475774, 418711, 191, '2019-12-11 23:44:37', NULL),
(475775, 418712, 191, '2019-12-11 23:44:40', NULL),
(475776, 418713, 191, '2019-12-11 23:44:43', NULL),
(475777, 418714, 191, '2019-12-11 23:44:46', NULL),
(475778, 418715, 191, '2019-12-11 23:44:49', NULL),
(475779, 418716, 191, '2019-12-11 23:44:52', NULL),
(475780, 418717, 191, '2019-12-11 23:44:55', NULL),
(475781, 418718, 191, '2019-12-11 23:44:58', NULL),
(475782, 418719, 191, '2019-12-11 23:45:01', NULL),
(475783, 418720, 191, '2019-12-11 23:45:04', NULL),
(475784, 418721, 191, '2019-12-11 23:45:07', NULL),
(475785, 418722, 191, '2019-12-11 23:45:10', NULL),
(475786, 418723, 191, '2019-12-11 23:45:13', NULL),
(475787, 418724, 191, '2019-12-11 23:45:16', NULL),
(475788, 418725, 191, '2019-12-11 23:45:19', NULL),
(475789, 418726, 191, '2019-12-11 23:45:22', NULL),
(475790, 418727, 191, '2019-12-11 23:45:25', NULL),
(475791, 418728, 191, '2019-12-11 23:45:27', NULL),
(475792, 418729, 191, '2019-12-11 23:45:30', NULL),
(475793, 418730, 191, '2019-12-11 23:45:33', NULL),
(475794, 418731, 191, '2019-12-11 23:45:36', NULL),
(475795, 418732, 191, '2019-12-11 23:45:39', NULL),
(475796, 418733, 191, '2019-12-11 23:45:42', NULL),
(475797, 418734, 191, '2019-12-11 23:45:45', NULL),
(475798, 418735, 191, '2019-12-11 23:45:48', NULL),
(475799, 418736, 191, '2019-12-11 23:45:51', NULL),
(475800, 418737, 191, '2019-12-11 23:45:54', NULL),
(475801, 418738, 191, '2019-12-11 23:45:57', NULL),
(475802, 418739, 191, '2019-12-11 23:46:00', NULL),
(475803, 418740, 191, '2019-12-11 23:46:03', NULL),
(475804, 418741, 191, '2019-12-11 23:46:06', NULL),
(475805, 418742, 191, '2019-12-11 23:46:09', NULL),
(475806, 418743, 191, '2019-12-11 23:46:12', NULL),
(475807, 418744, 191, '2019-12-11 23:46:15', NULL),
(475808, 418745, 191, '2019-12-11 23:46:18', NULL),
(475809, 418746, 191, '2019-12-11 23:46:21', NULL),
(475810, 418747, 191, '2019-12-11 23:46:24', NULL),
(475811, 418748, 191, '2019-12-11 23:46:27', NULL),
(475812, 418749, 191, '2019-12-11 23:46:30', NULL),
(475813, 418750, 191, '2019-12-11 23:46:33', NULL),
(475814, 418751, 191, '2019-12-11 23:46:36', NULL),
(475815, 418752, 191, '2019-12-11 23:46:39', NULL),
(475816, 418753, 191, '2019-12-11 23:46:42', NULL),
(475817, 418754, 191, '2019-12-11 23:46:45', NULL),
(475818, 418755, 191, '2019-12-11 23:46:48', NULL),
(475819, 418756, 191, '2019-12-11 23:46:51', NULL),
(475820, 418757, 191, '2019-12-11 23:46:54', NULL),
(475821, 418758, 191, '2019-12-11 23:46:57', NULL),
(475822, 418759, 191, '2019-12-11 23:47:00', NULL),
(475823, 418760, 191, '2019-12-11 23:47:03', NULL),
(475824, 418761, 191, '2019-12-11 23:47:06', NULL),
(475825, 418762, 191, '2019-12-11 23:47:09', NULL),
(475826, 418763, 191, '2019-12-11 23:47:12', NULL),
(475827, 418764, 191, '2019-12-11 23:47:15', NULL),
(475828, 418765, 191, '2019-12-11 23:47:18', NULL),
(475829, 418766, 191, '2019-12-11 23:47:21', NULL),
(475830, 418767, 191, '2019-12-11 23:47:24', NULL),
(475831, 418768, 191, '2019-12-11 23:47:27', NULL),
(475832, 418769, 191, '2019-12-11 23:47:30', NULL),
(475833, 418770, 191, '2019-12-11 23:47:33', NULL),
(475834, 418771, 191, '2019-12-11 23:47:35', NULL),
(475835, 418772, 191, '2019-12-11 23:47:38', NULL),
(475836, 418773, 191, '2019-12-11 23:47:41', NULL),
(475837, 418774, 191, '2019-12-11 23:47:44', NULL),
(475838, 418775, 191, '2019-12-11 23:47:47', NULL),
(475839, 418776, 191, '2019-12-11 23:47:50', NULL),
(475840, 418777, 191, '2019-12-11 23:47:53', NULL),
(475841, 418778, 191, '2019-12-11 23:47:56', NULL),
(475842, 418779, 191, '2019-12-11 23:47:59', NULL),
(475843, 418780, 191, '2019-12-11 23:48:02', NULL),
(475844, 418781, 191, '2019-12-11 23:48:05', NULL),
(475845, 418782, 191, '2019-12-11 23:48:08', NULL),
(475846, 418783, 191, '2019-12-11 23:48:11', NULL),
(475847, 418784, 191, '2019-12-11 23:48:14', NULL),
(475848, 418785, 191, '2019-12-11 23:48:17', NULL),
(475849, 418786, 191, '2019-12-11 23:48:20', NULL),
(475850, 418787, 191, '2019-12-11 23:48:23', NULL),
(475851, 418788, 191, '2019-12-11 23:48:26', NULL),
(475852, 418789, 191, '2019-12-11 23:48:29', NULL),
(475853, 418790, 191, '2019-12-11 23:48:32', NULL),
(475854, 418791, 191, '2019-12-11 23:48:35', NULL),
(475855, 418792, 191, '2019-12-11 23:48:38', NULL),
(475856, 418793, 191, '2019-12-11 23:48:41', NULL),
(475857, 418794, 191, '2019-12-11 23:48:44', NULL),
(475858, 418795, 191, '2019-12-11 23:48:47', NULL),
(475859, 418796, 191, '2019-12-11 23:48:50', NULL),
(475860, 418797, 191, '2019-12-11 23:48:53', NULL),
(475861, 418798, 191, '2019-12-11 23:48:56', NULL),
(475862, 418799, 191, '2019-12-11 23:48:59', NULL),
(475863, 418800, 191, '2019-12-11 23:49:02', NULL),
(475864, 418801, 191, '2019-12-11 23:49:05', NULL),
(475865, 418802, 191, '2019-12-11 23:49:08', NULL),
(475866, 418803, 191, '2019-12-11 23:49:11', NULL),
(475867, 418804, 191, '2019-12-11 23:49:14', NULL),
(475868, 418805, 191, '2019-12-11 23:49:17', NULL),
(475869, 418806, 191, '2019-12-11 23:49:20', NULL),
(475870, 418807, 191, '2019-12-11 23:49:23', NULL),
(475871, 418808, 191, '2019-12-11 23:49:26', NULL),
(475872, 418809, 191, '2019-12-11 23:49:29', NULL),
(475873, 418810, 191, '2019-12-11 23:49:32', NULL),
(475874, 418811, 191, '2019-12-11 23:49:35', NULL),
(475875, 418812, 191, '2019-12-11 23:49:38', NULL),
(475876, 418813, 191, '2019-12-11 23:49:41', NULL),
(475877, 418814, 191, '2019-12-11 23:49:44', NULL),
(475878, 418815, 191, '2019-12-11 23:49:47', NULL),
(475879, 418816, 191, '2019-12-11 23:49:50', NULL),
(475880, 418817, 191, '2019-12-11 23:49:53', NULL),
(475881, 418818, 191, '2019-12-11 23:49:56', NULL),
(475882, 418819, 191, '2019-12-11 23:49:59', NULL),
(475883, 418820, 191, '2019-12-11 23:50:02', NULL),
(475884, 418821, 191, '2019-12-11 23:50:05', NULL),
(475885, 418822, 191, '2019-12-11 23:50:08', NULL),
(475886, 418823, 191, '2019-12-11 23:50:11', NULL),
(475887, 418824, 191, '2019-12-11 23:50:14', NULL),
(475888, 418825, 191, '2019-12-11 23:50:17', NULL),
(475889, 418826, 191, '2019-12-11 23:50:20', NULL),
(475890, 418827, 191, '2019-12-11 23:50:23', NULL),
(475891, 418828, 191, '2019-12-11 23:50:26', NULL),
(475892, 418829, 191, '2019-12-11 23:50:28', NULL),
(475893, 418830, 191, '2019-12-11 23:50:31', NULL),
(475894, 418831, 191, '2019-12-11 23:50:34', NULL),
(475895, 418832, 191, '2019-12-11 23:50:37', NULL),
(475896, 418833, 191, '2019-12-11 23:50:40', NULL),
(475897, 418834, 191, '2019-12-11 23:50:43', NULL),
(475898, 418835, 191, '2019-12-11 23:50:46', NULL),
(475899, 418836, 191, '2019-12-11 23:50:49', NULL),
(475900, 418837, 191, '2019-12-11 23:50:52', NULL),
(475901, 418838, 191, '2019-12-11 23:50:55', NULL),
(475902, 418839, 191, '2019-12-11 23:50:58', NULL),
(475903, 418840, 191, '2019-12-11 23:51:01', NULL),
(475904, 418841, 191, '2019-12-11 23:51:04', NULL),
(475905, 418842, 191, '2019-12-11 23:51:07', NULL),
(475906, 418843, 191, '2019-12-11 23:51:10', NULL),
(475907, 418844, 191, '2019-12-11 23:51:13', NULL),
(475908, 418845, 191, '2019-12-11 23:51:16', NULL),
(475909, 418846, 191, '2019-12-11 23:51:19', NULL),
(475910, 418847, 191, '2019-12-11 23:51:22', NULL),
(475911, 418848, 191, '2019-12-11 23:51:25', NULL),
(475912, 418849, 191, '2019-12-11 23:51:28', NULL),
(475913, 418850, 191, '2019-12-11 23:51:31', NULL),
(475914, 418851, 191, '2019-12-11 23:51:34', NULL),
(475915, 418852, 191, '2019-12-11 23:51:37', NULL),
(475916, 418853, 191, '2019-12-11 23:51:40', NULL),
(475917, 418854, 191, '2019-12-11 23:51:43', NULL),
(475918, 418855, 191, '2019-12-11 23:51:46', NULL),
(475919, 418856, 191, '2019-12-11 23:51:48', NULL),
(475920, 418857, 191, '2019-12-11 23:51:51', NULL),
(475921, 418858, 191, '2019-12-11 23:51:54', NULL),
(475922, 418859, 191, '2019-12-11 23:51:57', NULL),
(475923, 418860, 191, '2019-12-11 23:52:00', NULL),
(475924, 418861, 191, '2019-12-11 23:52:03', NULL),
(475925, 418862, 191, '2019-12-11 23:52:06', NULL),
(475926, 418863, 191, '2019-12-11 23:52:09', NULL),
(475927, 418864, 191, '2019-12-11 23:52:12', NULL),
(475928, 418865, 191, '2019-12-11 23:52:15', NULL),
(475929, 418866, 191, '2019-12-11 23:52:18', NULL),
(475930, 418867, 191, '2019-12-11 23:52:21', NULL),
(475931, 418868, 191, '2019-12-11 23:52:24', NULL),
(475932, 418869, 191, '2019-12-11 23:52:27', NULL),
(475933, 418870, 191, '2019-12-11 23:52:30', NULL),
(475934, 418871, 191, '2019-12-11 23:52:33', NULL),
(475935, 418872, 191, '2019-12-11 23:52:36', NULL),
(475936, 418873, 191, '2019-12-11 23:52:39', NULL),
(475937, 418874, 191, '2019-12-11 23:52:42', NULL),
(475938, 418875, 191, '2019-12-11 23:52:45', NULL),
(475939, 418876, 191, '2019-12-11 23:52:47', NULL),
(475940, 418877, 191, '2019-12-11 23:52:50', NULL),
(475941, 418878, 191, '2019-12-11 23:52:53', NULL),
(475942, 418879, 191, '2019-12-11 23:52:56', NULL),
(475943, 418880, 191, '2019-12-11 23:52:59', NULL),
(475944, 418881, 191, '2019-12-11 23:53:03', NULL),
(475945, 418882, 191, '2019-12-11 23:53:06', NULL),
(475946, 418883, 191, '2019-12-11 23:53:08', NULL),
(475947, 418884, 191, '2019-12-11 23:53:11', NULL),
(475948, 418885, 191, '2019-12-11 23:53:14', NULL),
(475949, 418886, 191, '2019-12-11 23:53:17', NULL),
(475950, 418887, 191, '2019-12-11 23:53:20', NULL),
(475951, 418888, 191, '2019-12-11 23:53:23', NULL),
(475952, 418889, 191, '2019-12-11 23:53:26', NULL),
(475953, 418890, 191, '2019-12-11 23:53:29', NULL),
(475954, 418891, 191, '2019-12-11 23:53:32', NULL),
(475955, 418892, 191, '2019-12-11 23:53:35', NULL),
(475956, 418893, 191, '2019-12-11 23:53:38', NULL),
(475957, 418894, 191, '2019-12-11 23:53:41', NULL),
(475958, 418895, 191, '2019-12-11 23:53:44', NULL),
(475959, 418896, 191, '2019-12-11 23:53:47', NULL),
(475960, 418897, 191, '2019-12-11 23:53:50', NULL),
(475961, 418898, 191, '2019-12-11 23:53:52', NULL),
(475962, 418899, 191, '2019-12-11 23:53:55', NULL),
(475963, 418900, 191, '2019-12-11 23:53:58', NULL),
(475964, 418901, 191, '2019-12-11 23:54:01', NULL),
(475965, 418902, 191, '2019-12-11 23:54:04', NULL),
(475966, 418903, 191, '2019-12-11 23:54:07', NULL),
(475967, 418904, 191, '2019-12-11 23:54:11', NULL),
(475968, 418905, 191, '2019-12-11 23:54:14', NULL),
(475969, 418906, 191, '2019-12-11 23:54:17', NULL),
(475970, 418907, 191, '2019-12-11 23:54:19', NULL),
(475971, 418908, 191, '2019-12-11 23:54:22', NULL),
(475972, 418909, 191, '2019-12-11 23:54:25', NULL),
(475973, 418910, 191, '2019-12-11 23:54:28', NULL),
(475974, 418911, 191, '2019-12-11 23:54:31', NULL),
(475975, 418912, 191, '2019-12-11 23:54:34', NULL),
(475976, 418913, 191, '2019-12-11 23:54:37', NULL),
(475977, 418914, 191, '2019-12-11 23:54:40', NULL),
(475978, 418915, 191, '2019-12-11 23:54:44', NULL),
(475979, 418916, 191, '2019-12-11 23:54:46', NULL),
(475980, 418917, 191, '2019-12-11 23:54:49', NULL),
(475981, 418918, 191, '2019-12-11 23:54:52', NULL),
(475982, 418919, 191, '2019-12-11 23:54:55', NULL),
(475983, 418920, 191, '2019-12-11 23:54:58', NULL),
(475984, 418921, 191, '2019-12-11 23:55:01', NULL),
(475985, 418922, 191, '2019-12-11 23:55:04', NULL),
(475986, 418923, 191, '2019-12-11 23:55:07', NULL),
(475987, 418924, 191, '2019-12-11 23:55:10', NULL),
(475988, 418925, 191, '2019-12-11 23:55:13', NULL),
(475989, 418926, 191, '2019-12-11 23:55:16', NULL),
(475990, 418927, 191, '2019-12-11 23:55:19', NULL),
(475991, 418928, 191, '2019-12-11 23:55:22', NULL),
(475992, 418929, 191, '2019-12-11 23:55:25', NULL),
(475993, 418930, 191, '2019-12-11 23:55:28', NULL),
(475994, 418931, 191, '2019-12-11 23:55:31', NULL),
(475995, 418932, 191, '2019-12-11 23:55:34', NULL),
(475996, 418933, 191, '2019-12-11 23:55:37', NULL),
(475997, 418934, 191, '2019-12-11 23:55:40', NULL),
(475998, 418935, 191, '2019-12-11 23:55:43', NULL),
(475999, 418936, 191, '2019-12-11 23:55:46', NULL),
(476000, 418937, 191, '2019-12-11 23:55:49', NULL),
(476001, 418938, 191, '2019-12-11 23:55:52', NULL),
(476002, 418939, 191, '2019-12-11 23:55:55', NULL),
(476003, 418940, 191, '2019-12-11 23:55:58', NULL),
(476004, 418941, 191, '2019-12-11 23:56:01', NULL),
(476005, 418942, 191, '2019-12-11 23:56:04', NULL),
(476006, 418943, 191, '2019-12-11 23:56:07', NULL),
(476007, 418944, 191, '2019-12-11 23:56:10', NULL),
(476008, 418945, 191, '2019-12-11 23:56:13', NULL),
(476009, 418946, 191, '2019-12-11 23:56:16', NULL),
(476010, 418947, 191, '2019-12-11 23:56:19', NULL),
(476011, 418948, 191, '2019-12-11 23:56:22', NULL),
(476012, 418949, 191, '2019-12-11 23:56:25', NULL),
(476013, 418950, 191, '2019-12-11 23:56:28', NULL),
(476014, 418951, 191, '2019-12-11 23:56:31', NULL),
(476015, 418952, 191, '2019-12-11 23:56:34', NULL),
(476016, 418953, 191, '2019-12-11 23:56:37', NULL),
(476017, 418954, 191, '2019-12-11 23:56:40', NULL),
(476018, 418955, 191, '2019-12-11 23:56:43', NULL),
(476019, 418956, 191, '2019-12-11 23:56:46', NULL),
(476020, 418957, 191, '2019-12-11 23:56:49', NULL),
(476021, 418958, 191, '2019-12-11 23:56:52', NULL),
(476022, 418959, 191, '2019-12-11 23:56:55', NULL),
(476023, 418960, 191, '2019-12-11 23:56:58', NULL),
(476024, 418961, 191, '2019-12-11 23:57:01', NULL),
(476025, 418962, 191, '2019-12-11 23:57:04', NULL),
(476026, 418963, 191, '2019-12-11 23:57:07', NULL),
(476027, 418964, 191, '2019-12-11 23:57:10', NULL),
(476028, 418965, 191, '2019-12-11 23:57:13', NULL),
(476029, 418966, 191, '2019-12-11 23:57:15', NULL),
(476030, 418967, 191, '2019-12-11 23:57:18', NULL),
(476031, 418968, 191, '2019-12-11 23:57:21', NULL),
(476032, 418969, 191, '2019-12-11 23:57:24', NULL),
(476033, 418970, 191, '2019-12-11 23:57:27', NULL),
(476034, 418971, 191, '2019-12-11 23:57:30', NULL),
(476035, 418972, 191, '2019-12-11 23:57:33', NULL),
(476036, 418973, 191, '2019-12-11 23:57:36', NULL),
(476037, 418974, 191, '2019-12-11 23:57:39', NULL),
(476038, 418975, 191, '2019-12-11 23:57:42', NULL),
(476039, 418976, 191, '2019-12-11 23:57:45', NULL),
(476040, 418977, 191, '2019-12-11 23:57:48', NULL),
(476041, 418978, 191, '2019-12-11 23:57:51', NULL),
(476042, 418979, 191, '2019-12-11 23:57:54', NULL),
(476043, 418980, 191, '2019-12-11 23:57:57', NULL),
(476044, 418981, 191, '2019-12-11 23:58:00', NULL),
(476045, 418982, 191, '2019-12-11 23:58:03', NULL),
(476046, 418983, 191, '2019-12-11 23:58:06', NULL),
(476047, 418984, 191, '2019-12-11 23:58:10', NULL),
(476048, 418985, 191, '2019-12-11 23:58:12', NULL),
(476049, 418986, 191, '2019-12-11 23:58:16', NULL),
(476050, 418987, 191, '2019-12-11 23:58:19', NULL),
(476051, 418988, 191, '2019-12-11 23:58:22', NULL),
(476052, 418989, 191, '2019-12-11 23:58:24', NULL),
(476053, 418990, 191, '2019-12-11 23:58:27', NULL),
(476054, 418991, 191, '2019-12-11 23:58:30', NULL),
(476055, 418992, 191, '2019-12-11 23:58:33', NULL),
(476056, 418993, 191, '2019-12-11 23:58:36', NULL),
(476057, 418994, 191, '2019-12-11 23:58:39', NULL),
(476058, 418995, 191, '2019-12-11 23:58:42', NULL),
(476059, 418996, 191, '2019-12-11 23:58:45', NULL),
(476060, 418997, 191, '2019-12-11 23:58:49', NULL),
(476061, 418998, 191, '2019-12-11 23:58:52', NULL),
(476062, 418999, 191, '2019-12-11 23:58:55', NULL),
(476063, 419000, 191, '2019-12-11 23:58:57', NULL),
(476064, 419001, 191, '2019-12-11 23:59:01', NULL),
(476065, 419002, 191, '2019-12-11 23:59:04', NULL),
(476066, 419003, 191, '2019-12-11 23:59:07', NULL),
(476067, 419004, 191, '2019-12-11 23:59:10', NULL),
(476068, 419005, 191, '2019-12-11 23:59:13', NULL),
(476069, 419006, 191, '2019-12-11 23:59:16', NULL),
(476070, 419007, 191, '2019-12-11 23:59:19', NULL),
(476071, 419008, 191, '2019-12-11 23:59:22', NULL),
(476072, 419009, 191, '2019-12-11 23:59:25', NULL),
(476073, 419010, 191, '2019-12-11 23:59:28', NULL),
(476074, 419011, 191, '2019-12-11 23:59:31', NULL),
(476075, 419012, 191, '2019-12-11 23:59:34', NULL),
(476076, 419013, 191, '2019-12-11 23:59:36', NULL),
(476077, 419014, 191, '2019-12-11 23:59:40', NULL),
(476078, 419015, 191, '2019-12-11 23:59:43', NULL),
(476079, 419016, 191, '2019-12-11 23:59:46', NULL),
(476080, 419017, 191, '2019-12-11 23:59:49', NULL),
(476081, 419018, 191, '2019-12-11 23:59:52', NULL),
(476082, 419019, 191, '2019-12-11 23:59:55', NULL),
(476083, 419020, 191, '2019-12-11 23:59:57', NULL),
(476084, 419021, 191, '2019-12-12 00:00:00', NULL),
(476085, 419022, 191, '2019-12-12 00:00:04', NULL),
(476086, 419023, 191, '2019-12-12 00:00:07', NULL),
(476087, 419024, 191, '2019-12-12 00:00:10', NULL),
(476088, 419025, 191, '2019-12-12 00:00:13', NULL),
(476089, 419026, 191, '2019-12-12 00:00:16', NULL),
(476090, 419027, 191, '2019-12-12 00:00:19', NULL),
(476091, 419028, 191, '2019-12-12 00:00:22', NULL),
(476092, 419029, 191, '2019-12-12 00:00:25', NULL),
(476093, 419030, 191, '2019-12-12 00:00:27', NULL),
(476094, 419031, 191, '2019-12-12 00:00:31', NULL),
(476095, 419032, 191, '2019-12-12 00:00:34', NULL),
(476096, 419033, 191, '2019-12-12 00:00:37', NULL),
(476097, 419034, 191, '2019-12-12 00:00:40', NULL),
(476098, 419035, 191, '2019-12-12 00:00:43', NULL),
(476099, 419036, 191, '2019-12-12 00:00:46', NULL),
(476100, 419037, 191, '2019-12-12 00:00:49', NULL),
(476101, 419038, 191, '2019-12-12 00:00:52', NULL),
(476102, 419039, 191, '2019-12-12 00:00:55', NULL),
(476103, 419040, 191, '2019-12-12 00:00:58', NULL),
(476104, 419041, 191, '2019-12-12 00:01:01', NULL),
(476105, 419042, 191, '2019-12-12 00:01:04', NULL),
(476106, 419043, 191, '2019-12-12 00:01:07', NULL),
(476107, 419044, 191, '2019-12-12 00:01:10', NULL),
(476108, 419045, 191, '2019-12-12 00:01:13', NULL),
(476109, 419046, 191, '2019-12-12 00:01:16', NULL),
(476110, 419047, 191, '2019-12-12 00:01:19', NULL),
(476111, 419048, 191, '2019-12-12 00:01:22', NULL),
(476112, 419049, 191, '2019-12-12 00:01:25', NULL),
(476113, 419050, 191, '2019-12-12 00:01:28', NULL),
(476114, 419051, 191, '2019-12-12 00:01:31', NULL),
(476115, 419052, 191, '2019-12-12 00:01:34', NULL),
(476116, 419053, 191, '2019-12-12 00:01:37', NULL),
(476117, 419054, 191, '2019-12-12 00:01:40', NULL),
(476118, 419055, 191, '2019-12-12 00:01:43', NULL),
(476119, 419056, 191, '2019-12-12 00:01:46', NULL),
(476120, 419057, 191, '2019-12-12 00:01:49', NULL),
(476121, 419058, 191, '2019-12-12 00:01:52', NULL),
(476122, 419059, 191, '2019-12-12 00:01:55', NULL),
(476123, 419060, 191, '2019-12-12 00:01:58', NULL),
(476124, 419061, 191, '2019-12-12 00:02:01', NULL),
(476125, 419062, 191, '2019-12-12 00:02:04', NULL),
(476126, 419063, 191, '2019-12-12 00:02:07', NULL),
(476127, 419064, 191, '2019-12-12 00:02:10', NULL),
(476128, 419065, 191, '2019-12-12 00:02:13', NULL),
(476129, 419066, 191, '2019-12-12 00:02:16', NULL),
(476130, 419067, 191, '2019-12-12 00:02:19', NULL),
(476131, 419068, 191, '2019-12-12 00:02:22', NULL),
(476132, 419069, 191, '2019-12-12 00:02:25', NULL),
(476133, 419070, 191, '2019-12-12 00:02:28', NULL),
(476134, 419071, 191, '2019-12-12 00:02:31', NULL),
(476135, 419072, 191, '2019-12-12 00:02:34', NULL),
(476136, 419073, 191, '2019-12-12 00:02:37', NULL),
(476137, 419074, 191, '2019-12-12 00:02:40', NULL),
(476138, 419075, 191, '2019-12-12 00:02:43', NULL),
(476139, 419076, 191, '2019-12-12 00:02:46', NULL),
(476140, 419077, 191, '2019-12-12 00:02:49', NULL),
(476141, 419078, 191, '2019-12-12 00:02:52', NULL),
(476142, 419079, 191, '2019-12-12 00:02:55', NULL),
(476143, 419080, 191, '2019-12-12 00:02:58', NULL),
(476144, 419081, 191, '2019-12-12 00:03:01', NULL),
(476145, 419082, 191, '2019-12-12 00:03:04', NULL),
(476146, 419083, 191, '2019-12-12 00:03:07', NULL),
(476147, 419084, 191, '2019-12-12 00:03:10', NULL),
(476148, 419085, 191, '2019-12-12 00:03:13', NULL),
(476149, 419086, 191, '2019-12-12 00:03:16', NULL),
(476150, 419087, 191, '2019-12-12 00:03:19', NULL),
(476151, 419088, 191, '2019-12-12 00:03:22', NULL),
(476152, 419089, 191, '2019-12-12 00:03:25', NULL),
(476153, 419090, 191, '2019-12-12 00:03:28', NULL),
(476154, 419091, 191, '2019-12-12 00:03:31', NULL),
(476155, 419092, 191, '2019-12-12 00:03:34', NULL),
(476156, 419093, 191, '2019-12-12 00:03:37', NULL),
(476157, 419094, 191, '2019-12-12 00:03:40', NULL),
(476158, 419095, 191, '2019-12-12 00:03:43', NULL),
(476159, 419096, 191, '2019-12-12 00:03:46', NULL),
(476160, 419097, 191, '2019-12-12 00:03:49', NULL),
(476161, 419098, 191, '2019-12-12 00:03:52', NULL),
(476162, 419099, 191, '2019-12-12 00:03:55', NULL),
(476163, 419100, 191, '2019-12-12 00:03:58', NULL),
(476164, 419101, 191, '2019-12-12 00:04:01', NULL),
(476165, 419102, 191, '2019-12-12 00:04:05', NULL),
(476166, 419103, 191, '2019-12-12 00:04:08', NULL),
(476167, 419104, 191, '2019-12-12 00:04:11', NULL),
(476168, 419105, 191, '2019-12-12 00:04:14', NULL),
(476169, 419106, 191, '2019-12-12 00:04:17', NULL),
(476170, 419107, 191, '2019-12-12 00:04:20', NULL),
(476171, 419108, 191, '2019-12-12 00:04:23', NULL),
(476172, 419109, 191, '2019-12-12 00:04:26', NULL),
(476173, 419110, 191, '2019-12-12 00:04:29', NULL),
(476174, 419111, 191, '2019-12-12 00:04:32', NULL),
(476175, 419112, 191, '2019-12-12 00:04:35', NULL),
(476176, 419113, 191, '2019-12-12 00:04:38', NULL),
(476177, 419114, 191, '2019-12-12 00:04:41', NULL),
(476178, 419115, 191, '2019-12-12 00:04:44', NULL),
(476179, 419116, 191, '2019-12-12 00:04:47', NULL),
(476180, 419117, 191, '2019-12-12 00:04:50', NULL),
(476181, 419118, 191, '2019-12-12 00:04:53', NULL),
(476182, 419119, 191, '2019-12-12 00:04:56', NULL),
(476183, 419120, 191, '2019-12-12 00:04:59', NULL),
(476184, 419121, 191, '2019-12-12 00:05:02', NULL),
(476185, 419122, 191, '2019-12-12 00:05:05', NULL),
(476186, 419123, 191, '2019-12-12 00:05:08', NULL),
(476187, 419124, 191, '2019-12-12 00:05:11', NULL),
(476188, 419125, 191, '2019-12-12 00:05:14', NULL),
(476189, 419126, 191, '2019-12-12 00:05:17', NULL),
(476190, 419127, 191, '2019-12-12 00:05:20', NULL),
(476191, 419128, 191, '2019-12-12 00:05:23', NULL),
(476192, 419129, 191, '2019-12-12 00:05:26', NULL),
(476193, 419130, 191, '2019-12-12 00:05:29', NULL),
(476194, 419131, 191, '2019-12-12 00:05:32', NULL),
(476195, 419132, 191, '2019-12-12 00:05:35', NULL),
(476196, 419133, 191, '2019-12-12 00:05:38', NULL),
(476197, 419134, 191, '2019-12-12 00:05:41', NULL),
(476198, 419135, 191, '2019-12-12 00:05:44', NULL),
(476199, 419136, 191, '2019-12-12 00:05:47', NULL),
(476200, 419137, 191, '2019-12-12 00:05:50', NULL),
(476201, 419138, 191, '2019-12-12 00:05:53', NULL),
(476202, 419139, 191, '2019-12-12 00:05:56', NULL),
(476203, 419140, 191, '2019-12-12 00:05:59', NULL),
(476204, 419141, 191, '2019-12-12 00:06:02', NULL),
(476205, 419142, 191, '2019-12-12 00:06:06', NULL),
(476206, 419143, 191, '2019-12-12 00:06:09', NULL),
(476207, 419144, 191, '2019-12-12 00:06:12', NULL),
(476208, 419145, 191, '2019-12-12 00:06:15', NULL),
(476209, 419146, 191, '2019-12-12 00:06:18', NULL),
(476210, 419147, 191, '2019-12-12 00:06:21', NULL),
(476211, 419148, 191, '2019-12-12 00:06:24', NULL),
(476212, 419149, 191, '2019-12-12 00:06:27', NULL),
(476213, 419150, 191, '2019-12-12 00:06:30', NULL),
(476214, 419151, 191, '2019-12-12 00:06:33', NULL),
(476215, 419152, 191, '2019-12-12 00:06:36', NULL),
(476216, 419153, 191, '2019-12-12 00:06:39', NULL),
(476217, 419154, 191, '2019-12-12 00:06:42', NULL),
(476218, 419155, 191, '2019-12-12 00:06:45', NULL),
(476219, 419156, 191, '2019-12-12 00:06:48', NULL),
(476220, 419157, 191, '2019-12-12 00:06:51', NULL),
(476221, 419158, 191, '2019-12-12 00:06:54', NULL),
(476222, 419159, 191, '2019-12-12 00:06:57', NULL),
(476223, 419160, 191, '2019-12-12 00:07:00', NULL),
(476224, 419161, 191, '2019-12-12 00:07:03', NULL),
(476225, 419162, 191, '2019-12-12 00:07:06', NULL),
(476226, 419163, 191, '2019-12-12 00:07:09', NULL),
(476227, 419164, 191, '2019-12-12 00:07:12', NULL),
(476228, 419165, 191, '2019-12-12 00:07:15', NULL),
(476229, 419166, 191, '2019-12-12 00:07:18', NULL),
(476230, 419167, 191, '2019-12-12 00:07:21', NULL),
(476231, 419168, 191, '2019-12-12 00:07:24', NULL),
(476232, 419169, 191, '2019-12-12 00:07:27', NULL),
(476233, 419170, 191, '2019-12-12 00:07:30', NULL),
(476234, 419171, 191, '2019-12-12 00:07:33', NULL),
(476235, 419172, 191, '2019-12-12 00:07:36', NULL),
(476236, 419173, 191, '2019-12-12 00:07:39', NULL),
(476237, 419174, 191, '2019-12-12 00:07:42', NULL),
(476238, 419175, 191, '2019-12-12 00:07:45', NULL),
(476239, 419176, 191, '2019-12-12 00:07:48', NULL),
(476240, 419177, 191, '2019-12-12 00:07:51', NULL),
(476241, 419178, 191, '2019-12-12 00:07:54', NULL),
(476242, 419179, 191, '2019-12-12 00:07:57', NULL),
(476243, 419180, 191, '2019-12-12 00:08:00', NULL),
(476244, 419181, 191, '2019-12-12 00:08:03', NULL),
(476245, 419182, 191, '2019-12-12 00:08:06', NULL),
(476246, 419183, 191, '2019-12-12 00:08:10', NULL),
(476247, 419184, 191, '2019-12-12 00:08:13', NULL),
(476248, 419185, 191, '2019-12-12 00:08:16', NULL),
(476249, 419186, 191, '2019-12-12 00:08:19', NULL),
(476250, 419187, 191, '2019-12-12 00:08:22', NULL),
(476251, 419188, 191, '2019-12-12 00:08:25', NULL),
(476252, 419189, 191, '2019-12-12 00:08:28', NULL),
(476253, 419190, 191, '2019-12-12 00:08:31', NULL),
(476254, 419191, 191, '2019-12-12 00:08:34', NULL),
(476255, 419192, 191, '2019-12-12 00:08:37', NULL),
(476256, 419193, 191, '2019-12-12 00:08:40', NULL),
(476257, 419194, 191, '2019-12-12 00:08:43', NULL),
(476258, 419195, 191, '2019-12-12 00:08:46', NULL),
(476259, 419196, 191, '2019-12-12 00:08:49', NULL),
(476260, 419197, 191, '2019-12-12 00:08:52', NULL),
(476261, 419198, 191, '2019-12-12 00:08:55', NULL),
(476262, 419199, 191, '2019-12-12 00:08:58', NULL),
(476263, 419200, 191, '2019-12-12 00:09:01', NULL),
(476264, 419201, 191, '2019-12-12 00:09:04', NULL),
(476265, 419202, 191, '2019-12-12 00:09:07', NULL),
(476266, 419203, 191, '2019-12-12 00:09:10', NULL),
(476267, 419204, 191, '2019-12-12 00:09:13', NULL),
(476268, 419205, 191, '2019-12-12 00:09:16', NULL),
(476269, 419206, 191, '2019-12-12 00:09:19', NULL),
(476270, 419207, 191, '2019-12-12 00:09:22', NULL),
(476271, 419208, 191, '2019-12-12 00:09:25', NULL),
(476272, 419209, 191, '2019-12-12 00:09:28', NULL),
(476273, 419210, 191, '2019-12-12 00:09:31', NULL),
(476274, 419211, 191, '2019-12-12 00:09:34', NULL),
(476275, 419212, 191, '2019-12-12 00:09:37', NULL),
(476276, 419213, 191, '2019-12-12 00:09:40', NULL),
(476277, 419214, 191, '2019-12-12 00:09:43', NULL),
(476278, 419215, 191, '2019-12-12 00:09:46', NULL),
(476279, 419216, 191, '2019-12-12 00:09:49', NULL),
(476280, 419217, 191, '2019-12-12 00:09:53', NULL),
(476281, 419218, 191, '2019-12-12 00:09:55', NULL),
(476282, 419219, 191, '2019-12-12 00:09:59', NULL),
(476283, 419220, 191, '2019-12-12 00:10:02', NULL),
(476284, 419221, 191, '2019-12-12 00:10:05', NULL),
(476285, 419222, 191, '2019-12-12 00:10:08', NULL),
(476286, 419223, 191, '2019-12-12 00:10:11', NULL),
(476287, 419224, 191, '2019-12-12 00:10:14', NULL),
(476288, 419225, 191, '2019-12-12 00:10:17', NULL),
(476289, 419226, 191, '2019-12-12 00:10:20', NULL),
(476290, 419227, 191, '2019-12-12 00:10:23', NULL),
(476291, 419228, 191, '2019-12-12 00:10:26', NULL),
(476292, 419229, 191, '2019-12-12 00:10:29', NULL),
(476293, 419230, 191, '2019-12-12 00:10:32', NULL),
(476294, 419231, 191, '2019-12-12 00:10:35', NULL),
(476295, 419232, 191, '2019-12-12 00:10:38', NULL),
(476296, 419233, 191, '2019-12-12 00:10:41', NULL),
(476297, 419234, 191, '2019-12-12 00:10:44', NULL),
(476298, 419235, 191, '2019-12-12 00:10:47', NULL),
(476299, 419236, 191, '2019-12-12 00:10:50', NULL),
(476300, 419237, 191, '2019-12-12 00:10:53', NULL),
(476301, 419238, 191, '2019-12-12 00:10:56', NULL),
(476302, 419239, 191, '2019-12-12 00:10:59', NULL),
(476303, 419240, 191, '2019-12-12 00:11:02', NULL),
(476304, 419241, 191, '2019-12-12 00:11:05', NULL),
(476305, 419242, 191, '2019-12-12 00:11:08', NULL),
(476306, 419243, 191, '2019-12-12 00:11:12', NULL),
(476307, 419244, 191, '2019-12-12 00:11:14', NULL),
(476308, 419245, 191, '2019-12-12 00:11:18', NULL),
(476309, 419246, 191, '2019-12-12 00:11:21', NULL),
(476310, 419247, 191, '2019-12-12 00:11:24', NULL),
(476311, 419248, 191, '2019-12-12 00:11:27', NULL),
(476312, 419249, 191, '2019-12-12 00:11:30', NULL),
(476313, 419250, 191, '2019-12-12 00:11:33', NULL),
(476314, 419251, 191, '2019-12-12 00:11:36', NULL),
(476315, 419252, 191, '2019-12-12 00:11:39', NULL),
(476316, 419253, 191, '2019-12-12 00:11:42', NULL),
(476317, 419254, 191, '2019-12-12 00:11:45', NULL),
(476318, 419255, 191, '2019-12-12 00:11:48', NULL),
(476319, 419256, 191, '2019-12-12 00:11:51', NULL),
(476320, 419257, 191, '2019-12-12 00:11:54', NULL),
(476321, 419258, 191, '2019-12-12 00:11:57', NULL),
(476322, 419259, 191, '2019-12-12 00:12:01', NULL),
(476323, 419260, 191, '2019-12-12 00:12:04', NULL),
(476324, 419261, 191, '2019-12-12 00:12:07', NULL),
(476325, 419262, 191, '2019-12-12 00:12:10', NULL),
(476326, 419263, 191, '2019-12-12 00:12:13', NULL),
(476327, 419264, 191, '2019-12-12 00:12:16', NULL),
(476328, 419265, 191, '2019-12-12 00:12:19', NULL),
(476329, 419266, 191, '2019-12-12 00:12:22', NULL),
(476330, 419267, 191, '2019-12-12 00:12:25', NULL),
(476331, 419268, 191, '2019-12-12 00:12:28', NULL),
(476332, 419269, 191, '2019-12-12 00:12:31', NULL),
(476333, 419270, 191, '2019-12-12 00:12:34', NULL),
(476334, 419271, 191, '2019-12-12 00:12:37', NULL),
(476335, 419272, 191, '2019-12-12 00:12:41', NULL),
(476336, 419273, 191, '2019-12-12 00:12:44', NULL),
(476337, 419274, 191, '2019-12-12 00:12:47', NULL),
(476338, 419275, 191, '2019-12-12 00:12:50', NULL),
(476339, 419276, 191, '2019-12-12 00:12:53', NULL),
(476340, 419277, 191, '2019-12-12 00:12:56', NULL),
(476341, 419278, 191, '2019-12-12 00:12:59', NULL),
(476342, 419279, 191, '2019-12-12 00:13:02', NULL),
(476343, 419280, 191, '2019-12-12 00:13:05', NULL),
(476344, 419281, 191, '2019-12-12 00:13:08', NULL),
(476345, 419282, 191, '2019-12-12 00:13:11', NULL),
(476346, 419283, 191, '2019-12-12 00:13:14', NULL),
(476347, 419284, 191, '2019-12-12 00:13:17', NULL),
(476348, 419285, 191, '2019-12-12 00:13:20', NULL),
(476349, 419286, 191, '2019-12-12 00:13:24', NULL),
(476350, 419287, 191, '2019-12-12 00:13:27', NULL),
(476351, 419288, 191, '2019-12-12 00:13:30', NULL),
(476352, 419289, 191, '2019-12-12 00:13:33', NULL),
(476353, 419290, 191, '2019-12-12 00:13:36', NULL),
(476354, 419291, 191, '2019-12-12 00:13:39', NULL),
(476355, 419292, 191, '2019-12-12 00:13:42', NULL),
(476356, 419293, 191, '2019-12-12 00:13:45', NULL),
(476357, 419294, 191, '2019-12-12 00:13:48', NULL),
(476358, 419295, 191, '2019-12-12 00:13:51', NULL),
(476359, 419296, 191, '2019-12-12 00:13:54', NULL),
(476360, 419297, 191, '2019-12-12 00:13:57', NULL),
(476361, 419298, 191, '2019-12-12 00:14:00', NULL),
(476362, 419299, 191, '2019-12-12 00:14:03', NULL),
(476363, 419300, 191, '2019-12-12 00:14:07', NULL),
(476364, 419301, 191, '2019-12-12 00:14:10', NULL),
(476365, 419302, 191, '2019-12-12 00:14:13', NULL),
(476366, 419303, 191, '2019-12-12 00:14:16', NULL),
(476367, 419304, 191, '2019-12-12 00:14:19', NULL),
(476368, 419305, 191, '2019-12-12 00:14:22', NULL),
(476369, 419306, 191, '2019-12-12 00:14:25', NULL),
(476370, 419307, 191, '2019-12-12 00:14:28', NULL),
(476371, 419308, 191, '2019-12-12 00:14:31', NULL),
(476372, 419309, 191, '2019-12-12 00:14:35', NULL),
(476373, 419310, 191, '2019-12-12 00:14:38', NULL),
(476374, 419311, 191, '2019-12-12 00:14:41', NULL),
(476375, 419312, 191, '2019-12-12 00:14:44', NULL),
(476376, 419313, 191, '2019-12-12 00:14:47', NULL),
(476377, 419314, 191, '2019-12-12 00:14:50', NULL),
(476378, 419315, 191, '2019-12-12 00:14:53', NULL),
(476379, 419316, 191, '2019-12-12 00:14:56', NULL),
(476380, 419317, 191, '2019-12-12 00:15:00', NULL),
(476381, 419318, 191, '2019-12-12 00:15:03', NULL),
(476382, 419319, 191, '2019-12-12 00:15:06', NULL),
(476383, 419320, 191, '2019-12-12 00:15:09', NULL),
(476384, 419321, 191, '2019-12-12 00:15:12', NULL),
(476385, 419322, 191, '2019-12-12 00:15:15', NULL),
(476386, 419323, 191, '2019-12-12 00:15:18', NULL),
(476387, 419324, 191, '2019-12-12 00:15:21', NULL),
(476388, 419325, 191, '2019-12-12 00:15:24', NULL),
(476389, 419326, 191, '2019-12-12 00:15:27', NULL),
(476390, 419327, 191, '2019-12-12 00:15:30', NULL),
(476391, 419328, 191, '2019-12-12 00:15:33', NULL),
(476392, 419329, 191, '2019-12-12 00:15:36', NULL),
(476393, 419330, 191, '2019-12-12 00:15:39', NULL),
(476394, 419331, 191, '2019-12-12 00:15:42', NULL),
(476395, 419332, 191, '2019-12-12 00:15:45', NULL),
(476396, 419333, 191, '2019-12-12 00:15:48', NULL),
(476397, 419334, 191, '2019-12-12 00:15:51', NULL),
(476398, 419335, 191, '2019-12-12 00:15:54', NULL),
(476399, 419336, 191, '2019-12-12 00:15:57', NULL),
(476400, 419337, 191, '2019-12-12 00:16:00', NULL),
(476401, 419338, 191, '2019-12-12 00:16:04', NULL),
(476402, 419339, 191, '2019-12-12 00:16:07', NULL),
(476403, 419340, 191, '2019-12-12 00:16:10', NULL),
(476404, 419341, 191, '2019-12-12 00:16:13', NULL),
(476405, 419342, 191, '2019-12-12 00:16:16', NULL),
(476406, 419343, 191, '2019-12-12 00:16:19', NULL),
(476407, 419344, 191, '2019-12-12 00:16:22', NULL),
(476408, 419345, 191, '2019-12-12 00:16:25', NULL),
(476409, 419346, 191, '2019-12-12 00:16:28', NULL),
(476410, 419347, 191, '2019-12-12 00:16:31', NULL),
(476411, 419348, 191, '2019-12-12 00:16:34', NULL),
(476412, 419349, 191, '2019-12-12 00:16:37', NULL),
(476413, 419350, 191, '2019-12-12 00:16:40', NULL),
(476414, 419351, 191, '2019-12-12 00:16:44', NULL),
(476415, 419352, 191, '2019-12-12 00:16:47', NULL),
(476416, 419353, 191, '2019-12-12 00:16:50', NULL),
(476417, 419354, 191, '2019-12-12 00:16:53', NULL),
(476418, 419355, 191, '2019-12-12 00:16:56', NULL),
(476419, 419356, 191, '2019-12-12 00:16:59', NULL),
(476420, 419357, 191, '2019-12-12 00:17:02', NULL),
(476421, 419358, 191, '2019-12-12 00:17:05', NULL),
(476422, 419359, 191, '2019-12-12 00:17:08', NULL),
(476423, 419360, 191, '2019-12-12 00:17:11', NULL),
(476424, 419361, 191, '2019-12-12 00:17:14', NULL),
(476425, 419362, 191, '2019-12-12 00:17:17', NULL),
(476426, 419363, 191, '2019-12-12 00:17:20', NULL),
(476427, 419364, 191, '2019-12-12 00:17:23', NULL),
(476428, 419365, 191, '2019-12-12 00:17:26', NULL),
(476429, 419366, 191, '2019-12-12 00:17:29', NULL),
(476430, 419367, 191, '2019-12-12 00:17:32', NULL),
(476431, 419368, 191, '2019-12-12 00:17:35', NULL),
(476432, 419369, 191, '2019-12-12 00:17:39', NULL),
(476433, 419370, 191, '2019-12-12 00:17:41', NULL),
(476434, 419371, 191, '2019-12-12 00:17:45', NULL),
(476435, 419372, 191, '2019-12-12 00:17:48', NULL),
(476436, 419373, 191, '2019-12-12 00:17:51', NULL),
(476437, 419374, 191, '2019-12-12 00:17:54', NULL),
(476438, 419375, 191, '2019-12-12 00:17:57', NULL),
(476439, 419376, 191, '2019-12-12 00:18:00', NULL),
(476440, 419377, 191, '2019-12-12 00:18:03', NULL),
(476441, 419378, 191, '2019-12-12 00:18:06', NULL),
(476442, 419379, 191, '2019-12-12 00:18:09', NULL),
(476443, 419380, 191, '2019-12-12 00:18:12', NULL),
(476444, 419381, 191, '2019-12-12 00:18:15', NULL),
(476445, 419382, 191, '2019-12-12 00:18:19', NULL),
(476446, 419383, 191, '2019-12-12 00:18:21', NULL),
(476447, 419384, 191, '2019-12-12 00:18:25', NULL),
(476448, 419385, 191, '2019-12-12 00:18:28', NULL),
(476449, 419386, 191, '2019-12-12 00:18:31', NULL),
(476450, 419387, 191, '2019-12-12 00:18:34', NULL),
(476451, 419388, 191, '2019-12-12 00:18:37', NULL),
(476452, 419389, 191, '2019-12-12 00:18:40', NULL),
(476453, 419390, 191, '2019-12-12 00:18:43', NULL),
(476454, 419391, 191, '2019-12-12 00:18:46', NULL),
(476455, 419392, 191, '2019-12-12 00:18:49', NULL),
(476456, 419393, 191, '2019-12-12 00:18:52', NULL),
(476457, 419394, 191, '2019-12-12 00:18:55', NULL),
(476458, 419395, 191, '2019-12-12 00:18:58', NULL),
(476459, 419396, 191, '2019-12-12 00:19:01', NULL),
(476460, 419397, 191, '2019-12-12 00:19:04', NULL),
(476461, 419398, 191, '2019-12-12 00:19:07', NULL),
(476462, 419399, 191, '2019-12-12 00:19:10', NULL),
(476463, 419400, 191, '2019-12-12 00:19:13', NULL),
(476464, 419401, 191, '2019-12-12 00:19:16', NULL),
(476465, 419402, 191, '2019-12-12 00:19:19', NULL),
(476466, 419403, 191, '2019-12-12 00:19:23', NULL),
(476467, 419404, 191, '2019-12-12 00:19:26', NULL),
(476468, 419405, 191, '2019-12-12 00:19:29', NULL),
(476469, 419406, 191, '2019-12-12 00:19:32', NULL),
(476470, 419407, 191, '2019-12-12 00:19:35', NULL),
(476471, 419408, 191, '2019-12-12 00:19:38', NULL),
(476472, 419409, 191, '2019-12-12 00:19:41', NULL),
(476473, 419410, 191, '2019-12-12 00:19:44', NULL),
(476474, 419411, 191, '2019-12-12 00:19:47', NULL),
(476475, 419412, 191, '2019-12-12 00:19:51', NULL),
(476476, 419413, 191, '2019-12-12 00:19:53', NULL),
(476477, 419414, 191, '2019-12-12 00:19:57', NULL),
(476478, 419415, 191, '2019-12-12 00:20:00', NULL),
(476479, 419416, 191, '2019-12-12 00:20:03', NULL),
(476480, 419417, 191, '2019-12-12 00:20:06', NULL),
(476481, 419418, 191, '2019-12-12 00:20:09', NULL),
(476482, 419419, 191, '2019-12-12 00:20:12', NULL),
(476483, 419420, 191, '2019-12-12 00:20:15', NULL),
(476484, 419421, 191, '2019-12-12 00:20:18', NULL),
(476485, 419422, 191, '2019-12-12 00:20:21', NULL),
(476486, 419423, 191, '2019-12-12 00:20:24', NULL),
(476487, 419424, 191, '2019-12-12 00:20:27', NULL),
(476488, 419425, 191, '2019-12-12 00:20:31', NULL),
(476489, 419426, 191, '2019-12-12 00:20:34', NULL),
(476490, 419427, 191, '2019-12-12 00:20:37', NULL),
(476491, 419428, 191, '2019-12-12 00:20:40', NULL),
(476492, 419429, 191, '2019-12-12 00:20:43', NULL),
(476493, 419430, 191, '2019-12-12 00:20:46', NULL),
(476494, 419431, 191, '2019-12-12 00:20:49', NULL),
(476495, 419432, 191, '2019-12-12 00:20:52', NULL),
(476496, 419433, 191, '2019-12-12 00:20:55', NULL),
(476497, 419434, 191, '2019-12-12 00:20:59', NULL),
(476498, 419435, 191, '2019-12-12 00:21:02', NULL),
(476499, 419436, 191, '2019-12-12 00:21:05', NULL),
(476500, 419437, 191, '2019-12-12 00:21:08', NULL),
(476501, 419438, 191, '2019-12-12 00:21:11', NULL),
(476502, 419439, 191, '2019-12-12 00:21:14', NULL),
(476503, 419440, 191, '2019-12-12 00:21:17', NULL),
(476504, 419441, 191, '2019-12-12 00:21:20', NULL),
(476505, 419442, 191, '2019-12-12 00:21:23', NULL),
(476506, 419443, 191, '2019-12-12 00:21:26', NULL),
(476507, 419444, 191, '2019-12-12 00:21:30', NULL),
(476508, 419445, 191, '2019-12-12 00:21:33', NULL),
(476509, 419446, 191, '2019-12-12 00:21:36', NULL),
(476510, 419447, 191, '2019-12-12 00:21:39', NULL),
(476511, 419448, 191, '2019-12-12 00:21:42', NULL),
(476512, 419449, 191, '2019-12-12 00:21:45', NULL),
(476513, 419450, 191, '2019-12-12 00:21:48', NULL),
(476514, 419451, 191, '2019-12-12 00:21:51', NULL),
(476515, 419452, 191, '2019-12-12 00:21:55', NULL),
(476516, 419453, 191, '2019-12-12 00:21:58', NULL),
(476517, 419454, 191, '2019-12-12 00:22:01', NULL),
(476518, 419455, 191, '2019-12-12 00:22:04', NULL),
(476519, 419456, 191, '2019-12-12 00:22:07', NULL),
(476520, 419457, 191, '2019-12-12 00:22:10', NULL),
(476521, 419458, 191, '2019-12-12 00:22:13', NULL),
(476522, 419459, 191, '2019-12-12 00:22:17', NULL),
(476523, 419460, 191, '2019-12-12 00:22:20', NULL),
(476524, 419461, 191, '2019-12-12 00:22:23', NULL),
(476525, 419462, 191, '2019-12-12 00:22:26', NULL),
(476526, 419463, 191, '2019-12-12 00:22:29', NULL),
(476527, 419464, 191, '2019-12-12 00:22:32', NULL),
(476528, 419465, 191, '2019-12-12 00:22:35', NULL),
(476529, 419466, 191, '2019-12-12 00:22:38', NULL),
(476530, 419467, 191, '2019-12-12 00:22:41', NULL),
(476531, 419468, 191, '2019-12-12 00:22:44', NULL),
(476532, 419469, 191, '2019-12-12 00:22:47', NULL),
(476533, 419470, 191, '2019-12-12 00:22:51', NULL),
(476534, 419471, 191, '2019-12-12 00:22:54', NULL),
(476535, 419472, 191, '2019-12-12 00:22:57', NULL),
(476536, 419473, 191, '2019-12-12 00:23:00', NULL);
INSERT INTO `pdv_customer` (`id`, `customer_id`, `pdv_id`, `created_at`, `comment`) VALUES
(476537, 419474, 191, '2019-12-12 00:23:03', NULL),
(476538, 419475, 191, '2019-12-12 00:23:06', NULL),
(476539, 419476, 191, '2019-12-12 00:23:10', NULL),
(476540, 419477, 191, '2019-12-12 00:23:13', NULL),
(476541, 419478, 191, '2019-12-12 00:23:16', NULL),
(476542, 419479, 191, '2019-12-12 00:23:19', NULL),
(476543, 419480, 191, '2019-12-12 00:23:22', NULL),
(476544, 419481, 191, '2019-12-12 00:23:25', NULL),
(476545, 419482, 191, '2019-12-12 00:23:28', NULL),
(476546, 419483, 191, '2019-12-12 00:23:31', NULL),
(476547, 419484, 191, '2019-12-12 00:23:34', NULL),
(476548, 419485, 191, '2019-12-12 00:23:37', NULL),
(476549, 419486, 191, '2019-12-12 00:23:41', NULL),
(476550, 419487, 191, '2019-12-12 00:23:44', NULL),
(476551, 419488, 191, '2019-12-12 00:23:47', NULL),
(476552, 419489, 191, '2019-12-12 00:23:50', NULL),
(476553, 419490, 191, '2019-12-12 00:23:53', NULL),
(476554, 419491, 191, '2019-12-12 00:23:56', NULL),
(476555, 419492, 191, '2019-12-12 00:23:59', NULL),
(476556, 419493, 191, '2019-12-12 00:24:02', NULL),
(476557, 419494, 191, '2019-12-12 00:24:05', NULL),
(476558, 419495, 191, '2019-12-12 00:24:09', NULL),
(476559, 419496, 191, '2019-12-12 00:24:12', NULL),
(476560, 419497, 191, '2019-12-12 00:24:15', NULL),
(476561, 419498, 191, '2019-12-12 00:24:18', NULL),
(476562, 419499, 191, '2019-12-12 00:24:21', NULL),
(476563, 419500, 191, '2019-12-12 00:24:24', NULL),
(476564, 419501, 191, '2019-12-12 00:24:27', NULL),
(476565, 419502, 191, '2019-12-12 00:24:31', NULL),
(476566, 419503, 191, '2019-12-12 00:24:34', NULL),
(476567, 419504, 191, '2019-12-12 00:24:37', NULL),
(476568, 419505, 191, '2019-12-12 00:24:40', NULL),
(476569, 419506, 191, '2019-12-12 00:24:43', NULL),
(476570, 419507, 191, '2019-12-12 00:24:46', NULL),
(476571, 419508, 191, '2019-12-12 00:24:50', NULL),
(476572, 419509, 191, '2019-12-12 00:24:53', NULL),
(476573, 419510, 191, '2019-12-12 00:24:56', NULL),
(476574, 419511, 191, '2019-12-12 00:24:59', NULL),
(476575, 419512, 191, '2019-12-12 00:25:02', NULL),
(476576, 419513, 191, '2019-12-12 00:25:05', NULL),
(476577, 419514, 191, '2019-12-12 00:25:09', NULL),
(476578, 419515, 191, '2019-12-12 00:25:12', NULL),
(476579, 419516, 191, '2019-12-12 00:25:15', NULL),
(476580, 419517, 191, '2019-12-12 00:25:18', NULL),
(476581, 419518, 191, '2019-12-12 00:25:21', NULL),
(476582, 419519, 191, '2019-12-12 00:25:24', NULL),
(476583, 419520, 191, '2019-12-12 00:25:27', NULL),
(476584, 419521, 191, '2019-12-12 00:25:30', NULL),
(476585, 419522, 191, '2019-12-12 00:25:34', NULL),
(476586, 419523, 191, '2019-12-12 00:25:37', NULL),
(476587, 419524, 191, '2019-12-12 00:25:40', NULL),
(476588, 419525, 191, '2019-12-12 00:25:43', NULL),
(476589, 419526, 191, '2019-12-12 00:25:46', NULL),
(476590, 419527, 191, '2019-12-12 00:25:49', NULL),
(476591, 419528, 191, '2019-12-12 00:25:52', NULL),
(476592, 419529, 191, '2019-12-12 00:25:55', NULL),
(476593, 419530, 191, '2019-12-12 00:25:59', NULL),
(476594, 419531, 191, '2019-12-12 00:26:02', NULL),
(476595, 419532, 191, '2019-12-12 00:26:05', NULL),
(476596, 419533, 191, '2019-12-12 00:26:08', NULL),
(476597, 419534, 191, '2019-12-12 00:26:11', NULL),
(476598, 419535, 191, '2019-12-12 00:26:15', NULL),
(476599, 419536, 191, '2019-12-12 00:26:18', NULL),
(476600, 419537, 191, '2019-12-12 00:26:21', NULL),
(476601, 419538, 191, '2019-12-12 00:26:24', NULL),
(476602, 419539, 191, '2019-12-12 00:26:27', NULL),
(476603, 419540, 191, '2019-12-12 00:26:30', NULL),
(476604, 419541, 191, '2019-12-12 00:26:33', NULL),
(476605, 419542, 191, '2019-12-12 00:26:36', NULL),
(476606, 419543, 191, '2019-12-12 00:26:40', NULL),
(476607, 419544, 191, '2019-12-12 00:26:43', NULL),
(476608, 419545, 191, '2019-12-12 00:26:46', NULL),
(476609, 419546, 191, '2019-12-12 00:26:49', NULL),
(476610, 419547, 191, '2019-12-12 00:26:52', NULL),
(476611, 419548, 191, '2019-12-12 00:26:55', NULL),
(476612, 419549, 191, '2019-12-12 00:26:58', NULL),
(476613, 419550, 191, '2019-12-12 00:27:02', NULL),
(476614, 419551, 191, '2019-12-12 00:27:05', NULL),
(476615, 419552, 191, '2019-12-12 00:27:08', NULL),
(476616, 419553, 191, '2019-12-12 00:27:11', NULL),
(476617, 419554, 191, '2019-12-12 00:27:14', NULL),
(476618, 419555, 191, '2019-12-12 00:27:17', NULL),
(476619, 419556, 191, '2019-12-12 00:27:20', NULL),
(476620, 419557, 191, '2019-12-12 00:27:23', NULL),
(476621, 419558, 191, '2019-12-12 00:27:26', NULL),
(476622, 419559, 191, '2019-12-12 00:27:30', NULL),
(476623, 419560, 191, '2019-12-12 00:27:33', NULL),
(476624, 419561, 191, '2019-12-12 00:27:36', NULL),
(476625, 419562, 191, '2019-12-12 00:27:39', NULL),
(476626, 419563, 191, '2019-12-12 00:27:42', NULL),
(476627, 419564, 191, '2019-12-12 00:27:45', NULL),
(476628, 419565, 191, '2019-12-12 00:27:48', NULL),
(476629, 419566, 191, '2019-12-12 00:27:51', NULL),
(476630, 419567, 191, '2019-12-12 00:27:54', NULL),
(476631, 419568, 191, '2019-12-12 00:27:57', NULL),
(476632, 419569, 191, '2019-12-12 00:28:00', NULL),
(476633, 419570, 191, '2019-12-12 00:28:04', NULL),
(476634, 419571, 191, '2019-12-12 00:28:07', NULL),
(476635, 419572, 191, '2019-12-12 00:28:10', NULL),
(476636, 419573, 191, '2019-12-12 00:28:13', NULL),
(476637, 419574, 191, '2019-12-12 00:28:16', NULL),
(476638, 419575, 191, '2019-12-12 00:28:19', NULL),
(476639, 419576, 191, '2019-12-12 00:28:22', NULL),
(476640, 419577, 191, '2019-12-12 00:28:25', NULL),
(476641, 419578, 191, '2019-12-12 00:28:28', NULL),
(476642, 419579, 191, '2019-12-12 00:28:32', NULL),
(476643, 419580, 191, '2019-12-12 00:28:35', NULL),
(476644, 419581, 191, '2019-12-12 00:28:38', NULL),
(476645, 419582, 191, '2019-12-12 00:28:41', NULL),
(476646, 419583, 191, '2019-12-12 00:28:44', NULL),
(476647, 419584, 191, '2019-12-12 00:28:47', NULL),
(476648, 419585, 191, '2019-12-12 00:28:50', NULL),
(476649, 419586, 191, '2019-12-12 00:28:53', NULL),
(476650, 419587, 191, '2019-12-12 00:28:57', NULL),
(476651, 419588, 191, '2019-12-12 00:29:00', NULL),
(476652, 419589, 191, '2019-12-12 00:29:03', NULL),
(476653, 419590, 191, '2019-12-12 00:29:06', NULL),
(476654, 419591, 191, '2019-12-12 00:29:09', NULL),
(476655, 419592, 191, '2019-12-12 00:29:12', NULL),
(476656, 419593, 191, '2019-12-12 00:29:15', NULL),
(476657, 419594, 191, '2019-12-12 00:29:19', NULL),
(476658, 419595, 191, '2019-12-12 00:29:22', NULL),
(476659, 419596, 191, '2019-12-12 00:29:25', NULL),
(476660, 419597, 191, '2019-12-12 00:29:28', NULL),
(476661, 419598, 191, '2019-12-12 00:29:31', NULL),
(476662, 419599, 191, '2019-12-12 00:29:34', NULL),
(476663, 419600, 191, '2019-12-12 00:29:38', NULL),
(476664, 419601, 191, '2019-12-12 00:29:41', NULL),
(476665, 419602, 191, '2019-12-12 00:29:44', NULL),
(476666, 419603, 191, '2019-12-12 00:29:47', NULL),
(476667, 419604, 191, '2019-12-12 00:29:50', NULL),
(476668, 419605, 191, '2019-12-12 00:29:53', NULL),
(476669, 419606, 191, '2019-12-12 00:29:56', NULL),
(476670, 419607, 191, '2019-12-12 00:29:59', NULL),
(476671, 419608, 191, '2019-12-12 00:30:03', NULL),
(476672, 419609, 191, '2019-12-12 00:30:06', NULL),
(476673, 419610, 191, '2019-12-12 00:30:09', NULL),
(476674, 419611, 191, '2019-12-12 00:30:12', NULL),
(476675, 419612, 191, '2019-12-12 00:30:15', NULL),
(476676, 419613, 191, '2019-12-12 00:30:18', NULL),
(476677, 419614, 191, '2019-12-12 00:30:22', NULL),
(476678, 419615, 191, '2019-12-12 00:30:25', NULL),
(476679, 419616, 191, '2019-12-12 00:30:28', NULL),
(476680, 419617, 191, '2019-12-12 00:30:31', NULL),
(476681, 419618, 191, '2019-12-12 00:30:34', NULL),
(476682, 419619, 191, '2019-12-12 00:30:37', NULL),
(476683, 419620, 191, '2019-12-12 00:30:40', NULL),
(476684, 419621, 191, '2019-12-12 00:30:43', NULL),
(476685, 419622, 191, '2019-12-12 00:30:46', NULL),
(476686, 419623, 191, '2019-12-12 00:30:49', NULL),
(476687, 419624, 191, '2019-12-12 00:30:53', NULL),
(476688, 419625, 191, '2019-12-12 00:30:56', NULL),
(476689, 419626, 191, '2019-12-12 00:30:59', NULL),
(476690, 419627, 191, '2019-12-12 00:31:02', NULL),
(476691, 419628, 191, '2019-12-12 00:31:05', NULL),
(476692, 419629, 191, '2019-12-12 00:31:08', NULL),
(476693, 419630, 191, '2019-12-12 00:31:11', NULL),
(476694, 419631, 191, '2019-12-12 00:31:14', NULL),
(476695, 419632, 191, '2019-12-12 00:31:17', NULL),
(476696, 419633, 191, '2019-12-12 00:31:20', NULL),
(476697, 419634, 191, '2019-12-12 00:31:24', NULL),
(476698, 419635, 191, '2019-12-12 00:31:27', NULL),
(476699, 419636, 191, '2019-12-12 00:31:30', NULL),
(476700, 419637, 191, '2019-12-12 00:31:33', NULL),
(476701, 419638, 191, '2019-12-12 00:31:36', NULL),
(476702, 419639, 191, '2019-12-12 00:31:39', NULL),
(476703, 419640, 191, '2019-12-12 00:31:42', NULL),
(476704, 419641, 191, '2019-12-12 00:31:45', NULL),
(476705, 419642, 191, '2019-12-12 00:31:49', NULL),
(476706, 419643, 191, '2019-12-12 00:31:52', NULL),
(476707, 419644, 191, '2019-12-12 00:31:55', NULL),
(476708, 419645, 191, '2019-12-12 00:31:58', NULL),
(476709, 419646, 191, '2019-12-12 00:32:01', NULL),
(476710, 419647, 191, '2019-12-12 00:32:04', NULL),
(476711, 419648, 191, '2019-12-12 00:32:07', NULL),
(476712, 419649, 191, '2019-12-12 00:32:11', NULL),
(476713, 419650, 191, '2019-12-12 00:32:14', NULL),
(476714, 419651, 191, '2019-12-12 00:32:17', NULL),
(476715, 419652, 191, '2019-12-12 00:32:20', NULL),
(476716, 419653, 191, '2019-12-12 00:32:23', NULL),
(476717, 419654, 191, '2019-12-12 00:32:26', NULL),
(476718, 419655, 191, '2019-12-12 00:32:29', NULL),
(476719, 419656, 191, '2019-12-12 00:32:33', NULL),
(476720, 419657, 191, '2019-12-12 00:32:36', NULL),
(476721, 419658, 191, '2019-12-12 00:32:39', NULL),
(476722, 419659, 191, '2019-12-12 00:32:42', NULL),
(476723, 419660, 191, '2019-12-12 00:32:45', NULL),
(476724, 419661, 191, '2019-12-12 00:32:48', NULL),
(476725, 419662, 191, '2019-12-12 00:32:52', NULL),
(476726, 419663, 191, '2019-12-12 00:32:55', NULL),
(476727, 419664, 191, '2019-12-12 00:32:58', NULL),
(476728, 419665, 191, '2019-12-12 00:33:01', NULL),
(476729, 419666, 191, '2019-12-12 00:33:05', NULL),
(476730, 419667, 191, '2019-12-12 00:33:08', NULL),
(476731, 419668, 191, '2019-12-12 00:33:11', NULL),
(476732, 419669, 191, '2019-12-12 00:33:14', NULL),
(476733, 419670, 191, '2019-12-12 00:33:17', NULL),
(476734, 419671, 191, '2019-12-12 00:33:20', NULL),
(476735, 419672, 191, '2019-12-12 00:33:24', NULL),
(476736, 419673, 191, '2019-12-12 00:33:27', NULL),
(476737, 419674, 191, '2019-12-12 00:33:30', NULL),
(476738, 419675, 191, '2019-12-12 00:33:33', NULL),
(476739, 419676, 191, '2019-12-12 00:33:36', NULL),
(476740, 419677, 191, '2019-12-12 00:33:39', NULL),
(476741, 419678, 191, '2019-12-12 00:33:42', NULL),
(476742, 419679, 191, '2019-12-12 00:33:45', NULL),
(476743, 419680, 191, '2019-12-12 00:33:48', NULL),
(476744, 419681, 191, '2019-12-12 00:33:52', NULL),
(476745, 419682, 191, '2019-12-12 00:33:55', NULL),
(476746, 419683, 191, '2019-12-12 00:33:58', NULL),
(476747, 419684, 191, '2019-12-12 00:34:01', NULL),
(476748, 419685, 191, '2019-12-12 00:34:04', NULL),
(476749, 419686, 191, '2019-12-12 00:34:07', NULL),
(476750, 419687, 191, '2019-12-12 00:34:10', NULL),
(476751, 419688, 191, '2019-12-12 00:34:14', NULL),
(476752, 419689, 191, '2019-12-12 00:34:17', NULL),
(476753, 419690, 191, '2019-12-12 00:34:20', NULL),
(476754, 419691, 191, '2019-12-12 00:34:23', NULL),
(476755, 419692, 191, '2019-12-12 00:34:26', NULL),
(476756, 419693, 191, '2019-12-12 00:34:30', NULL),
(476757, 419694, 191, '2019-12-12 00:34:33', NULL),
(476758, 419695, 191, '2019-12-12 00:34:36', NULL),
(476759, 419696, 191, '2019-12-12 00:34:39', NULL),
(476760, 419697, 191, '2019-12-12 00:34:43', NULL),
(476761, 419698, 191, '2019-12-12 00:34:46', NULL),
(476762, 419699, 191, '2019-12-12 00:34:49', NULL),
(476763, 419700, 191, '2019-12-12 00:34:52', NULL),
(476764, 419701, 191, '2019-12-12 00:34:55', NULL),
(476765, 419702, 191, '2019-12-12 00:34:58', NULL),
(476766, 419703, 191, '2019-12-12 00:35:01', NULL),
(476767, 419704, 191, '2019-12-12 00:35:05', NULL),
(476768, 419705, 191, '2019-12-12 00:35:08', NULL),
(476769, 419706, 191, '2019-12-12 00:35:11', NULL),
(476770, 419707, 191, '2019-12-12 00:35:14', NULL),
(476771, 419708, 191, '2019-12-12 00:35:17', NULL),
(476772, 419709, 191, '2019-12-12 00:35:20', NULL),
(476773, 419710, 191, '2019-12-12 00:35:23', NULL),
(476774, 419711, 191, '2019-12-12 00:35:26', NULL),
(476775, 419712, 191, '2019-12-12 00:35:30', NULL),
(476776, 419713, 191, '2019-12-12 00:35:33', NULL),
(476777, 419714, 191, '2019-12-12 00:35:36', NULL),
(476778, 419715, 191, '2019-12-12 00:35:39', NULL),
(476779, 419716, 191, '2019-12-12 00:35:42', NULL),
(476780, 419717, 191, '2019-12-12 00:35:45', NULL),
(476781, 419718, 191, '2019-12-12 00:35:48', NULL),
(476782, 419719, 191, '2019-12-12 00:35:52', NULL),
(476783, 419720, 191, '2019-12-12 00:35:55', NULL),
(476784, 419721, 191, '2019-12-12 00:35:58', NULL),
(476785, 419722, 191, '2019-12-12 00:36:01', NULL),
(476786, 419723, 191, '2019-12-12 00:36:04', NULL),
(476787, 419724, 191, '2019-12-12 00:36:08', NULL),
(476788, 419725, 191, '2019-12-12 00:36:11', NULL),
(476789, 419726, 191, '2019-12-12 00:36:14', NULL),
(476790, 419727, 191, '2019-12-12 00:36:17', NULL),
(476791, 419728, 191, '2019-12-12 00:36:20', NULL),
(476792, 419729, 191, '2019-12-12 00:36:24', NULL),
(476793, 419730, 191, '2019-12-12 00:36:27', NULL),
(476794, 419731, 191, '2019-12-12 00:36:30', NULL),
(476795, 419732, 191, '2019-12-12 00:36:33', NULL),
(476796, 419733, 191, '2019-12-12 00:36:36', NULL),
(476797, 419734, 191, '2019-12-12 00:36:40', NULL),
(476798, 419735, 191, '2019-12-12 00:36:43', NULL),
(476799, 419736, 191, '2019-12-12 00:36:46', NULL),
(476800, 419737, 191, '2019-12-12 00:36:49', NULL),
(476801, 419738, 191, '2019-12-12 00:36:52', NULL),
(476802, 419739, 191, '2019-12-12 00:36:56', NULL),
(476803, 419740, 191, '2019-12-12 00:36:59', NULL),
(476804, 419741, 191, '2019-12-12 00:37:02', NULL),
(476805, 419742, 191, '2019-12-12 00:37:05', NULL),
(476806, 419743, 191, '2019-12-12 00:37:08', NULL),
(476807, 419744, 191, '2019-12-12 00:37:12', NULL),
(476808, 419745, 191, '2019-12-12 00:37:15', NULL),
(476809, 419746, 191, '2019-12-12 00:37:18', NULL),
(476810, 419747, 191, '2019-12-12 00:37:21', NULL),
(476811, 419748, 191, '2019-12-12 00:37:24', NULL),
(476812, 419749, 191, '2019-12-12 00:37:28', NULL),
(476813, 419750, 191, '2019-12-12 00:37:31', NULL),
(476814, 419751, 191, '2019-12-12 00:37:34', NULL),
(476815, 419752, 191, '2019-12-12 00:37:37', NULL),
(476816, 419753, 191, '2019-12-12 00:37:40', NULL),
(476817, 419754, 191, '2019-12-12 00:37:44', NULL),
(476818, 419755, 191, '2019-12-12 00:37:47', NULL),
(476819, 419756, 191, '2019-12-12 00:37:50', NULL),
(476820, 419757, 191, '2019-12-12 00:37:53', NULL),
(476821, 419758, 191, '2019-12-12 00:37:56', NULL),
(476822, 419759, 191, '2019-12-12 00:38:00', NULL),
(476823, 419760, 191, '2019-12-12 00:38:03', NULL),
(476824, 419761, 191, '2019-12-12 00:38:06', NULL),
(476825, 419762, 191, '2019-12-12 00:38:09', NULL),
(476826, 419763, 191, '2019-12-12 00:38:13', NULL),
(476827, 419764, 191, '2019-12-12 00:38:16', NULL),
(476828, 419765, 191, '2019-12-12 00:38:19', NULL),
(476829, 419766, 191, '2019-12-12 00:38:22', NULL),
(476830, 419767, 191, '2019-12-12 00:38:25', NULL),
(476831, 419768, 191, '2019-12-12 00:38:28', NULL),
(476832, 419769, 191, '2019-12-12 00:38:31', NULL),
(476833, 419770, 191, '2019-12-12 00:38:35', NULL),
(476834, 419771, 191, '2019-12-12 00:38:38', NULL),
(476835, 419772, 191, '2019-12-12 00:38:41', NULL),
(476836, 419773, 191, '2019-12-12 00:38:44', NULL),
(476837, 419774, 191, '2019-12-12 00:38:47', NULL),
(476838, 419775, 191, '2019-12-12 00:38:50', NULL),
(476839, 419776, 191, '2019-12-12 00:38:54', NULL),
(476840, 419777, 191, '2019-12-12 00:38:57', NULL),
(476841, 419778, 191, '2019-12-12 00:39:00', NULL),
(476842, 419779, 191, '2019-12-12 00:39:03', NULL),
(476843, 419780, 191, '2019-12-12 00:39:06', NULL),
(476844, 419781, 191, '2019-12-12 00:39:09', NULL),
(476845, 419782, 191, '2019-12-12 00:39:13', NULL),
(476846, 419783, 191, '2019-12-12 00:39:16', NULL),
(476847, 419784, 191, '2019-12-12 00:39:19', NULL),
(476848, 419785, 191, '2019-12-12 00:39:22', NULL),
(476849, 419786, 191, '2019-12-12 00:39:26', NULL),
(476850, 419787, 191, '2019-12-12 00:39:29', NULL),
(476851, 419788, 191, '2019-12-12 00:39:32', NULL),
(476852, 419789, 191, '2019-12-12 00:39:35', NULL),
(476853, 419790, 191, '2019-12-12 00:39:38', NULL),
(476854, 419791, 191, '2019-12-12 00:39:42', NULL),
(476855, 419792, 191, '2019-12-12 00:39:45', NULL),
(476856, 419793, 191, '2019-12-12 00:39:48', NULL),
(476857, 419794, 191, '2019-12-12 00:39:51', NULL),
(476858, 419795, 191, '2019-12-12 00:39:54', NULL),
(476859, 419796, 191, '2019-12-12 00:39:57', NULL),
(476860, 419797, 191, '2019-12-12 00:40:00', NULL),
(476861, 419798, 191, '2019-12-12 00:40:04', NULL),
(476862, 419799, 191, '2019-12-12 00:40:07', NULL),
(476863, 419800, 191, '2019-12-12 00:40:10', NULL),
(476864, 419801, 191, '2019-12-12 00:40:13', NULL),
(476865, 419802, 191, '2019-12-12 00:40:16', NULL),
(476866, 419803, 191, '2019-12-12 00:40:19', NULL),
(476867, 419804, 191, '2019-12-12 00:40:23', NULL),
(476868, 419805, 191, '2019-12-12 00:40:26', NULL),
(476869, 419806, 191, '2019-12-12 00:40:29', NULL),
(476870, 419807, 191, '2019-12-12 00:40:32', NULL),
(476871, 419808, 191, '2019-12-12 00:40:35', NULL),
(476872, 419809, 191, '2019-12-12 00:40:38', NULL),
(476873, 419810, 191, '2019-12-12 00:40:41', NULL),
(476874, 419811, 191, '2019-12-12 00:40:45', NULL),
(476875, 419812, 191, '2019-12-12 00:40:48', NULL),
(476876, 419813, 191, '2019-12-12 00:40:51', NULL),
(476877, 419814, 191, '2019-12-12 00:40:54', NULL),
(476878, 419815, 191, '2019-12-12 00:40:57', NULL),
(476879, 419816, 191, '2019-12-12 00:41:01', NULL),
(476880, 419817, 191, '2019-12-12 00:41:04', NULL),
(476881, 419818, 191, '2019-12-12 00:41:07', NULL),
(476882, 419819, 191, '2019-12-12 00:41:10', NULL),
(476883, 419820, 191, '2019-12-12 00:41:13', NULL),
(476884, 419821, 191, '2019-12-12 00:41:16', NULL),
(476885, 419822, 191, '2019-12-12 00:41:20', NULL),
(476886, 419823, 191, '2019-12-12 00:41:23', NULL),
(476887, 419824, 191, '2019-12-12 00:41:26', NULL),
(476888, 419825, 191, '2019-12-12 00:41:29', NULL),
(476889, 419826, 191, '2019-12-12 00:41:32', NULL),
(476890, 419827, 191, '2019-12-12 00:41:36', NULL),
(476891, 419828, 191, '2019-12-12 00:41:39', NULL),
(476892, 419829, 191, '2019-12-12 00:41:42', NULL),
(476893, 419830, 191, '2019-12-12 00:41:45', NULL),
(476894, 419831, 191, '2019-12-12 00:41:48', NULL),
(476895, 419832, 191, '2019-12-12 00:41:52', NULL),
(476896, 419833, 191, '2019-12-12 00:41:55', NULL),
(476897, 419834, 191, '2019-12-12 00:41:58', NULL),
(476898, 419835, 191, '2019-12-12 00:42:01', NULL),
(476899, 419836, 191, '2019-12-12 00:42:05', NULL),
(476900, 419837, 191, '2019-12-12 00:42:08', NULL),
(476901, 419838, 191, '2019-12-12 00:42:11', NULL),
(476902, 419839, 191, '2019-12-12 00:42:14', NULL),
(476903, 419840, 191, '2019-12-12 00:42:17', NULL),
(476904, 419841, 191, '2019-12-12 00:42:21', NULL),
(476905, 419842, 191, '2019-12-12 00:42:24', NULL),
(476906, 419843, 191, '2019-12-12 00:42:27', NULL),
(476907, 419844, 191, '2019-12-12 00:42:30', NULL),
(476908, 419845, 191, '2019-12-12 00:42:33', NULL),
(476909, 419846, 191, '2019-12-12 00:42:36', NULL),
(476910, 419847, 191, '2019-12-12 00:42:39', NULL),
(476911, 419848, 191, '2019-12-12 00:42:43', NULL),
(476912, 419849, 191, '2019-12-12 00:42:46', NULL),
(476913, 419850, 191, '2019-12-12 00:42:49', NULL),
(476914, 419851, 191, '2019-12-12 00:42:52', NULL),
(476915, 419852, 191, '2019-12-12 00:42:56', NULL),
(476916, 419853, 191, '2019-12-12 00:42:59', NULL),
(476917, 419854, 191, '2019-12-12 00:43:02', NULL),
(476918, 419855, 191, '2019-12-12 00:43:05', NULL),
(476919, 419856, 191, '2019-12-12 00:43:08', NULL),
(476920, 419857, 191, '2019-12-12 00:43:12', NULL),
(476921, 419858, 191, '2019-12-12 00:43:15', NULL),
(476922, 419859, 191, '2019-12-12 00:43:18', NULL),
(476923, 419860, 191, '2019-12-12 00:43:21', NULL),
(476924, 419861, 191, '2019-12-12 00:43:24', NULL),
(476925, 419862, 191, '2019-12-12 00:43:28', NULL),
(476926, 419863, 191, '2019-12-12 00:43:31', NULL),
(476927, 419864, 191, '2019-12-12 00:43:34', NULL),
(476928, 419865, 191, '2019-12-12 00:43:37', NULL),
(476929, 419866, 191, '2019-12-12 00:43:40', NULL),
(476930, 419867, 191, '2019-12-12 00:43:43', NULL),
(476931, 419868, 191, '2019-12-12 00:43:47', NULL),
(476932, 419869, 191, '2019-12-12 00:43:50', NULL),
(476933, 419870, 191, '2019-12-12 00:43:53', NULL),
(476934, 419871, 191, '2019-12-12 00:43:56', NULL),
(476935, 419872, 191, '2019-12-12 00:43:59', NULL),
(476936, 419873, 191, '2019-12-12 00:44:03', NULL),
(476937, 419874, 191, '2019-12-12 00:44:06', NULL),
(476938, 419875, 191, '2019-12-12 00:44:09', NULL),
(476939, 419876, 191, '2019-12-12 00:44:12', NULL),
(476940, 419877, 191, '2019-12-12 00:44:16', NULL),
(476941, 419878, 191, '2019-12-12 00:44:19', NULL),
(476942, 419879, 191, '2019-12-12 00:44:22', NULL),
(476943, 419880, 191, '2019-12-12 00:44:25', NULL),
(476944, 419881, 191, '2019-12-12 00:44:28', NULL),
(476945, 419882, 191, '2019-12-12 00:44:32', NULL),
(476946, 419883, 191, '2019-12-12 00:44:35', NULL),
(476947, 419884, 191, '2019-12-12 00:44:38', NULL),
(476948, 419885, 191, '2019-12-12 00:44:41', NULL),
(476949, 419886, 191, '2019-12-12 00:44:44', NULL),
(476950, 419887, 191, '2019-12-12 00:44:48', NULL),
(476951, 419888, 191, '2019-12-12 00:44:51', NULL),
(476952, 419889, 191, '2019-12-12 00:44:54', NULL),
(476953, 419890, 191, '2019-12-12 00:44:57', NULL),
(476954, 419891, 191, '2019-12-12 00:45:00', NULL),
(476955, 419892, 191, '2019-12-12 00:45:04', NULL),
(476956, 419893, 191, '2019-12-12 00:45:07', NULL),
(476957, 419894, 191, '2019-12-12 00:45:10', NULL),
(476958, 419895, 191, '2019-12-12 00:45:13', NULL),
(476959, 419896, 191, '2019-12-12 00:45:16', NULL),
(476960, 419897, 191, '2019-12-12 00:45:20', NULL),
(476961, 419898, 191, '2019-12-12 00:45:23', NULL),
(476962, 419899, 191, '2019-12-12 00:45:26', NULL),
(476963, 419900, 191, '2019-12-12 00:45:29', NULL),
(476964, 419901, 191, '2019-12-12 00:45:32', NULL),
(476965, 419902, 191, '2019-12-12 00:45:35', NULL),
(476966, 419903, 191, '2019-12-12 00:45:39', NULL),
(476967, 419904, 191, '2019-12-12 00:45:42', NULL),
(476968, 419905, 191, '2019-12-12 00:45:45', NULL),
(476969, 419906, 191, '2019-12-12 00:45:48', NULL),
(476970, 419907, 191, '2019-12-12 00:45:51', NULL),
(476971, 419908, 191, '2019-12-12 00:45:55', NULL),
(476972, 419909, 191, '2019-12-12 00:45:58', NULL),
(476973, 419910, 191, '2019-12-12 00:46:01', NULL),
(476974, 419911, 191, '2019-12-12 00:46:04', NULL),
(476975, 419912, 191, '2019-12-12 00:46:08', NULL),
(476976, 419913, 191, '2019-12-12 00:46:11', NULL),
(476977, 419914, 191, '2019-12-12 00:46:14', NULL),
(476978, 419915, 191, '2019-12-12 00:46:18', NULL),
(476979, 419916, 191, '2019-12-12 00:46:21', NULL),
(476980, 419917, 191, '2019-12-12 00:46:24', NULL),
(476981, 419918, 191, '2019-12-12 00:46:27', NULL),
(476982, 419919, 191, '2019-12-12 00:46:30', NULL),
(476983, 419920, 191, '2019-12-12 00:46:34', NULL),
(476984, 419921, 191, '2019-12-12 00:46:37', NULL),
(476985, 419922, 191, '2019-12-12 00:46:40', NULL),
(476986, 419923, 191, '2019-12-12 00:46:43', NULL),
(476987, 419924, 191, '2019-12-12 00:46:47', NULL),
(476988, 419925, 191, '2019-12-12 00:46:50', NULL),
(476989, 419926, 191, '2019-12-12 00:46:53', NULL),
(476990, 419927, 191, '2019-12-12 00:46:56', NULL),
(476991, 419928, 191, '2019-12-12 00:47:00', NULL),
(476992, 419929, 191, '2019-12-12 00:47:03', NULL),
(476993, 419930, 191, '2019-12-12 00:47:06', NULL),
(476994, 419931, 191, '2019-12-12 00:47:09', NULL),
(476995, 419932, 191, '2019-12-12 00:47:12', NULL),
(476996, 419933, 191, '2019-12-12 00:47:15', NULL),
(476997, 419934, 191, '2019-12-12 00:47:19', NULL),
(476998, 419935, 191, '2019-12-12 00:47:22', NULL),
(476999, 419936, 191, '2019-12-12 00:47:25', NULL),
(477000, 419937, 191, '2019-12-12 00:47:28', NULL),
(477001, 419938, 191, '2019-12-12 00:47:32', NULL),
(477002, 419939, 191, '2019-12-12 00:47:35', NULL),
(477003, 419940, 191, '2019-12-12 00:47:38', NULL),
(477004, 419941, 191, '2019-12-12 00:47:41', NULL),
(477005, 419942, 191, '2019-12-12 00:47:44', NULL),
(477006, 419943, 191, '2019-12-12 00:47:47', NULL),
(477007, 419944, 191, '2019-12-12 00:47:51', NULL),
(477008, 419945, 191, '2019-12-12 00:47:54', NULL),
(477009, 419946, 191, '2019-12-12 00:47:57', NULL),
(477010, 419947, 191, '2019-12-12 00:48:00', NULL),
(477011, 419948, 191, '2019-12-12 00:48:04', NULL),
(477012, 419949, 191, '2019-12-12 00:48:07', NULL),
(477013, 419950, 191, '2019-12-12 00:48:10', NULL),
(477014, 419951, 191, '2019-12-12 00:48:13', NULL),
(477015, 419952, 191, '2019-12-12 00:48:17', NULL),
(477016, 419953, 191, '2019-12-12 00:48:20', NULL),
(477017, 419954, 191, '2019-12-12 00:48:23', NULL),
(477018, 419955, 191, '2019-12-12 00:48:26', NULL),
(477019, 419956, 191, '2019-12-12 00:48:29', NULL),
(477020, 419957, 191, '2019-12-12 00:48:32', NULL),
(477021, 419958, 191, '2019-12-12 00:48:36', NULL),
(477022, 419959, 191, '2019-12-12 00:48:39', NULL),
(477023, 419960, 191, '2019-12-12 00:48:42', NULL),
(477024, 419961, 191, '2019-12-12 00:48:45', NULL),
(477025, 419962, 191, '2019-12-12 00:48:49', NULL),
(477026, 419963, 191, '2019-12-12 00:48:52', NULL),
(477027, 419964, 191, '2019-12-12 00:48:55', NULL),
(477028, 419965, 191, '2019-12-12 00:48:58', NULL),
(477029, 419966, 191, '2019-12-12 00:49:02', NULL),
(477030, 419967, 191, '2019-12-12 00:49:05', NULL),
(477031, 419968, 191, '2019-12-12 00:49:08', NULL),
(477032, 419969, 191, '2019-12-12 00:49:11', NULL),
(477033, 419970, 191, '2019-12-12 00:49:15', NULL),
(477034, 419971, 191, '2019-12-12 00:49:18', NULL),
(477035, 419972, 191, '2019-12-12 00:49:21', NULL),
(477036, 419973, 191, '2019-12-12 00:49:24', NULL),
(477037, 419974, 191, '2019-12-12 00:49:28', NULL),
(477038, 419975, 191, '2019-12-12 00:49:31', NULL),
(477039, 419976, 191, '2019-12-12 00:49:34', NULL),
(477040, 419977, 191, '2019-12-12 00:49:37', NULL),
(477041, 419978, 191, '2019-12-12 00:49:41', NULL),
(477042, 419979, 191, '2019-12-12 00:49:44', NULL),
(477043, 419980, 191, '2019-12-12 00:49:47', NULL),
(477044, 419981, 191, '2019-12-12 00:49:50', NULL),
(477045, 419982, 191, '2019-12-12 00:49:53', NULL),
(477046, 419983, 191, '2019-12-12 00:49:57', NULL),
(477047, 419984, 191, '2019-12-12 00:50:00', NULL),
(477048, 419985, 191, '2019-12-12 00:50:03', NULL),
(477049, 419986, 191, '2019-12-12 00:50:06', NULL),
(477050, 419987, 191, '2019-12-12 00:50:10', NULL),
(477051, 419988, 191, '2019-12-12 00:50:13', NULL),
(477052, 419989, 191, '2019-12-12 00:50:16', NULL),
(477053, 419990, 191, '2019-12-12 00:50:19', NULL),
(477054, 419991, 191, '2019-12-12 00:50:23', NULL),
(477055, 419992, 191, '2019-12-12 00:50:26', NULL),
(477056, 419993, 191, '2019-12-12 00:50:29', NULL),
(477057, 419994, 191, '2019-12-12 00:50:32', NULL),
(477058, 419995, 191, '2019-12-12 00:50:36', NULL),
(477059, 419996, 191, '2019-12-12 00:50:39', NULL),
(477060, 419997, 191, '2019-12-12 00:50:42', NULL),
(477061, 419998, 191, '2019-12-12 00:50:45', NULL),
(477062, 419999, 191, '2019-12-12 00:50:48', NULL),
(477063, 420000, 191, '2019-12-12 00:50:52', NULL),
(477064, 420001, 191, '2019-12-12 00:50:55', NULL),
(477065, 420002, 191, '2019-12-12 00:50:58', NULL),
(477066, 420003, 191, '2019-12-12 00:51:01', NULL),
(477067, 420004, 191, '2019-12-12 00:51:04', NULL),
(477068, 420005, 191, '2019-12-12 00:51:08', NULL),
(477069, 420006, 191, '2019-12-12 00:51:11', NULL),
(477070, 420007, 191, '2019-12-12 00:51:14', NULL),
(477071, 420008, 191, '2019-12-12 00:51:17', NULL),
(477072, 420009, 191, '2019-12-12 00:51:20', NULL),
(477073, 420010, 191, '2019-12-12 00:51:23', NULL),
(477074, 420011, 191, '2019-12-12 00:51:27', NULL),
(477075, 420012, 191, '2019-12-12 00:51:30', NULL),
(477076, 420013, 191, '2019-12-12 00:51:33', NULL),
(477077, 420014, 191, '2019-12-12 00:51:37', NULL),
(477078, 420015, 191, '2019-12-12 00:51:40', NULL),
(477079, 420016, 191, '2019-12-12 00:51:43', NULL),
(477080, 420017, 191, '2019-12-12 00:51:46', NULL),
(477081, 420018, 191, '2019-12-12 00:51:50', NULL),
(477082, 420019, 191, '2019-12-12 00:51:53', NULL),
(477083, 420020, 191, '2019-12-12 00:51:56', NULL),
(477084, 420021, 191, '2019-12-12 00:51:59', NULL),
(477085, 420022, 191, '2019-12-12 00:52:03', NULL),
(477086, 420023, 191, '2019-12-12 00:52:06', NULL),
(477087, 420024, 191, '2019-12-12 00:52:09', NULL),
(477088, 420025, 191, '2019-12-12 00:52:13', NULL),
(477089, 420026, 191, '2019-12-12 00:52:16', NULL),
(477090, 420027, 191, '2019-12-12 00:52:19', NULL),
(477091, 420028, 191, '2019-12-12 00:52:22', NULL),
(477092, 420029, 191, '2019-12-12 00:52:26', NULL),
(477093, 420030, 191, '2019-12-12 00:52:29', NULL),
(477094, 420031, 191, '2019-12-12 00:52:32', NULL),
(477095, 420032, 191, '2019-12-12 00:52:35', NULL),
(477096, 420033, 191, '2019-12-12 00:52:38', NULL),
(477097, 420034, 191, '2019-12-12 00:52:42', NULL),
(477098, 420035, 191, '2019-12-12 00:52:45', NULL),
(477099, 420036, 191, '2019-12-12 00:52:48', NULL),
(477100, 420037, 191, '2019-12-12 00:52:51', NULL),
(477101, 420038, 191, '2019-12-12 00:52:54', NULL),
(477102, 420039, 191, '2019-12-12 00:52:58', NULL),
(477103, 420040, 191, '2019-12-12 00:53:01', NULL),
(477104, 420041, 191, '2019-12-12 00:53:04', NULL),
(477105, 420042, 191, '2019-12-12 00:53:07', NULL),
(477106, 420043, 191, '2019-12-12 00:53:11', NULL),
(477107, 420044, 191, '2019-12-12 00:53:14', NULL),
(477108, 420045, 191, '2019-12-12 00:53:17', NULL),
(477109, 420046, 191, '2019-12-12 00:53:20', NULL),
(477110, 420047, 191, '2019-12-12 00:53:23', NULL),
(477111, 420048, 191, '2019-12-12 00:53:27', NULL),
(477112, 420049, 191, '2019-12-12 00:53:30', NULL),
(477113, 420050, 191, '2019-12-12 00:53:33', NULL),
(477114, 420051, 191, '2019-12-12 00:53:36', NULL),
(477115, 420052, 191, '2019-12-12 00:53:40', NULL),
(477116, 420053, 191, '2019-12-12 00:53:43', NULL),
(477117, 420054, 191, '2019-12-12 00:53:46', NULL),
(477118, 420055, 191, '2019-12-12 00:53:49', NULL),
(477119, 420056, 191, '2019-12-12 00:53:52', NULL),
(477120, 420057, 191, '2019-12-12 00:53:56', NULL),
(477121, 420058, 191, '2019-12-12 00:53:59', NULL),
(477122, 420059, 191, '2019-12-12 00:54:02', NULL),
(477123, 420060, 191, '2019-12-12 00:54:05', NULL),
(477124, 420061, 191, '2019-12-12 00:54:09', NULL),
(477125, 420062, 191, '2019-12-12 00:54:12', NULL),
(477126, 420063, 191, '2019-12-12 00:54:15', NULL),
(477127, 420064, 191, '2019-12-12 00:54:19', NULL),
(477128, 420065, 191, '2019-12-12 00:54:22', NULL),
(477129, 420066, 191, '2019-12-12 00:54:25', NULL),
(477130, 420067, 191, '2019-12-12 00:54:28', NULL),
(477131, 420068, 191, '2019-12-12 00:54:31', NULL),
(477132, 420069, 191, '2019-12-12 00:54:35', NULL),
(477133, 420070, 191, '2019-12-12 00:54:38', NULL),
(477134, 420071, 191, '2019-12-12 00:54:41', NULL),
(477135, 420072, 191, '2019-12-12 00:54:44', NULL),
(477136, 420073, 191, '2019-12-12 00:54:48', NULL),
(477137, 420074, 191, '2019-12-12 00:54:51', NULL),
(477138, 420075, 191, '2019-12-12 00:54:54', NULL),
(477139, 420076, 191, '2019-12-12 00:54:57', NULL),
(477140, 420077, 191, '2019-12-12 00:55:01', NULL),
(477141, 420078, 191, '2019-12-12 00:55:04', NULL),
(477142, 420079, 191, '2019-12-12 00:55:07', NULL),
(477143, 420080, 191, '2019-12-12 00:55:10', NULL),
(477144, 420081, 191, '2019-12-12 00:55:13', NULL),
(477145, 420082, 191, '2019-12-12 00:55:17', NULL),
(477146, 420083, 191, '2019-12-12 00:55:20', NULL),
(477147, 420084, 191, '2019-12-12 00:55:23', NULL),
(477148, 420085, 191, '2019-12-12 00:55:26', NULL),
(477149, 420086, 191, '2019-12-12 00:55:29', NULL),
(477150, 420087, 191, '2019-12-12 00:55:33', NULL),
(477151, 420088, 191, '2019-12-12 00:55:36', NULL),
(477152, 420089, 191, '2019-12-12 00:55:39', NULL),
(477153, 420090, 191, '2019-12-12 00:55:42', NULL),
(477154, 420091, 191, '2019-12-12 00:55:45', NULL),
(477155, 420092, 191, '2019-12-12 00:55:49', NULL),
(477156, 420093, 191, '2019-12-12 00:55:52', NULL),
(477157, 420094, 191, '2019-12-12 00:55:55', NULL),
(477158, 420095, 191, '2019-12-12 00:55:58', NULL),
(477159, 420096, 191, '2019-12-12 00:56:02', NULL),
(477160, 420097, 191, '2019-12-12 00:56:05', NULL),
(477161, 420098, 191, '2019-12-12 00:56:09', NULL),
(477162, 420099, 191, '2019-12-12 00:56:12', NULL),
(477163, 420100, 191, '2019-12-12 00:56:15', NULL),
(477164, 420101, 191, '2019-12-12 00:56:18', NULL),
(477165, 420102, 191, '2019-12-12 00:56:22', NULL),
(477166, 420103, 191, '2019-12-12 00:56:25', NULL),
(477167, 420104, 191, '2019-12-12 00:56:28', NULL),
(477168, 420105, 191, '2019-12-12 00:56:32', NULL),
(477169, 420106, 191, '2019-12-12 00:56:35', NULL),
(477170, 420107, 191, '2019-12-12 00:56:38', NULL),
(477171, 420108, 191, '2019-12-12 00:56:41', NULL),
(477172, 420109, 191, '2019-12-12 00:56:45', NULL),
(477173, 420110, 191, '2019-12-12 00:56:48', NULL),
(477174, 420111, 191, '2019-12-12 00:56:51', NULL),
(477175, 420112, 191, '2019-12-12 00:56:54', NULL),
(477176, 420113, 191, '2019-12-12 00:56:58', NULL),
(477177, 420114, 191, '2019-12-12 00:57:01', NULL),
(477178, 420115, 191, '2019-12-12 00:57:04', NULL),
(477179, 420116, 191, '2019-12-12 00:57:08', NULL),
(477180, 420117, 191, '2019-12-12 00:57:11', NULL),
(477181, 420118, 191, '2019-12-12 00:57:14', NULL),
(477182, 420119, 191, '2019-12-12 00:57:17', NULL),
(477183, 420120, 191, '2019-12-12 00:57:21', NULL),
(477184, 420121, 191, '2019-12-12 00:57:24', NULL),
(477185, 420122, 191, '2019-12-12 00:57:27', NULL),
(477186, 420123, 191, '2019-12-12 00:57:30', NULL),
(477187, 420124, 191, '2019-12-12 00:57:34', NULL),
(477188, 420125, 191, '2019-12-12 00:57:37', NULL),
(477189, 420126, 191, '2019-12-12 00:57:40', NULL),
(477190, 420127, 191, '2019-12-12 00:57:43', NULL),
(477191, 420128, 191, '2019-12-12 00:57:47', NULL),
(477192, 420129, 191, '2019-12-12 00:57:50', NULL),
(477193, 420130, 191, '2019-12-12 00:57:53', NULL),
(477194, 420131, 191, '2019-12-12 00:57:56', NULL),
(477195, 420132, 191, '2019-12-12 00:58:00', NULL),
(477196, 420133, 191, '2019-12-12 00:58:03', NULL),
(477197, 420134, 191, '2019-12-12 00:58:06', NULL),
(477198, 420135, 191, '2019-12-12 00:58:10', NULL),
(477199, 420136, 191, '2019-12-12 00:58:13', NULL),
(477200, 420137, 191, '2019-12-12 00:58:16', NULL),
(477201, 420138, 191, '2019-12-12 00:58:20', NULL),
(477202, 420139, 191, '2019-12-12 00:58:23', NULL),
(477203, 420140, 191, '2019-12-12 00:58:26', NULL),
(477204, 420141, 191, '2019-12-12 00:58:29', NULL),
(477205, 420142, 191, '2019-12-12 00:58:33', NULL),
(477206, 420143, 191, '2019-12-12 00:58:36', NULL),
(477207, 420144, 191, '2019-12-12 00:58:39', NULL),
(477208, 420145, 191, '2019-12-12 00:58:42', NULL),
(477209, 420146, 191, '2019-12-12 00:58:46', NULL),
(477210, 420147, 191, '2019-12-12 00:58:49', NULL),
(477211, 420148, 191, '2019-12-12 00:58:52', NULL),
(477212, 420149, 191, '2019-12-12 00:58:56', NULL),
(477213, 420150, 191, '2019-12-12 00:58:59', NULL),
(477214, 420151, 191, '2019-12-12 00:59:02', NULL),
(477215, 420152, 191, '2019-12-12 00:59:05', NULL),
(477216, 420153, 191, '2019-12-12 00:59:09', NULL),
(477217, 420154, 191, '2019-12-12 00:59:12', NULL),
(477218, 420155, 191, '2019-12-12 00:59:16', NULL),
(477219, 420156, 191, '2019-12-12 00:59:19', NULL),
(477220, 420157, 191, '2019-12-12 00:59:22', NULL),
(477221, 420158, 191, '2019-12-12 00:59:26', NULL),
(477222, 420159, 191, '2019-12-12 00:59:29', NULL),
(477223, 420160, 191, '2019-12-12 00:59:32', NULL),
(477224, 420161, 191, '2019-12-12 00:59:36', NULL),
(477225, 420162, 191, '2019-12-12 00:59:39', NULL),
(477226, 420163, 191, '2019-12-12 00:59:42', NULL),
(477227, 420164, 191, '2019-12-12 00:59:46', NULL),
(477228, 420165, 191, '2019-12-12 00:59:49', NULL),
(477229, 420166, 191, '2019-12-12 00:59:52', NULL),
(477230, 420167, 191, '2019-12-12 00:59:55', NULL),
(477231, 420168, 191, '2019-12-12 00:59:58', NULL),
(477232, 420169, 191, '2019-12-12 01:00:02', NULL),
(477233, 420170, 191, '2019-12-12 01:00:05', NULL),
(477234, 420171, 191, '2019-12-12 01:00:08', NULL),
(477235, 420172, 191, '2019-12-12 01:00:12', NULL),
(477236, 420173, 191, '2019-12-12 01:00:15', NULL),
(477237, 420174, 191, '2019-12-12 01:00:18', NULL),
(477238, 420175, 191, '2019-12-12 01:00:22', NULL),
(477239, 420176, 191, '2019-12-12 01:00:25', NULL),
(477240, 420177, 191, '2019-12-12 01:00:28', NULL),
(477241, 420178, 191, '2019-12-12 01:00:31', NULL),
(477242, 420179, 191, '2019-12-12 01:00:35', NULL),
(477243, 420180, 191, '2019-12-12 01:00:38', NULL),
(477244, 420181, 191, '2019-12-12 01:00:41', NULL),
(477245, 420182, 191, '2019-12-12 01:00:45', NULL),
(477246, 420183, 191, '2019-12-12 01:00:48', NULL),
(477247, 420184, 191, '2019-12-12 01:00:51', NULL),
(477248, 420185, 191, '2019-12-12 01:00:54', NULL),
(477249, 420186, 191, '2019-12-12 01:00:58', NULL),
(477250, 420187, 191, '2019-12-12 01:01:01', NULL),
(477251, 420188, 191, '2019-12-12 01:01:04', NULL),
(477252, 420189, 191, '2019-12-12 01:01:08', NULL),
(477253, 420190, 191, '2019-12-12 01:01:11', NULL),
(477254, 420191, 191, '2019-12-12 01:01:14', NULL),
(477255, 420192, 191, '2019-12-12 01:01:17', NULL),
(477256, 420193, 191, '2019-12-12 01:01:21', NULL),
(477257, 420194, 191, '2019-12-12 01:01:24', NULL),
(477258, 420195, 191, '2019-12-12 01:01:27', NULL),
(477259, 420196, 191, '2019-12-12 01:01:31', NULL),
(477260, 420197, 191, '2019-12-12 01:01:34', NULL),
(477261, 420198, 191, '2019-12-12 01:01:37', NULL),
(477262, 420199, 191, '2019-12-12 01:01:40', NULL),
(477263, 420200, 191, '2019-12-12 01:01:44', NULL),
(477264, 420201, 191, '2019-12-12 01:01:47', NULL),
(477265, 420202, 191, '2019-12-12 01:01:50', NULL),
(477266, 420203, 191, '2019-12-12 01:01:53', NULL),
(477267, 420204, 191, '2019-12-12 01:01:57', NULL),
(477268, 420205, 191, '2019-12-12 01:02:00', NULL),
(477269, 420206, 191, '2019-12-12 01:02:03', NULL),
(477270, 420207, 191, '2019-12-12 01:02:07', NULL),
(477271, 420208, 191, '2019-12-12 01:02:10', NULL),
(477272, 420209, 191, '2019-12-12 01:02:14', NULL),
(477273, 420210, 191, '2019-12-12 01:02:17', NULL),
(477274, 420211, 191, '2019-12-12 01:02:20', NULL),
(477275, 420212, 191, '2019-12-12 01:02:23', NULL),
(477276, 420213, 191, '2019-12-12 01:02:27', NULL),
(477277, 420214, 191, '2019-12-12 01:02:30', NULL),
(477278, 420215, 191, '2019-12-12 01:02:33', NULL),
(477279, 420216, 191, '2019-12-12 01:02:36', NULL),
(477280, 420217, 191, '2019-12-12 01:02:40', NULL),
(477281, 420218, 191, '2019-12-12 01:02:43', NULL),
(477282, 420219, 191, '2019-12-12 01:02:46', NULL),
(477283, 420220, 191, '2019-12-12 01:02:49', NULL),
(477284, 420221, 191, '2019-12-12 01:02:53', NULL),
(477285, 420222, 191, '2019-12-12 01:02:56', NULL),
(477286, 420223, 191, '2019-12-12 01:02:59', NULL),
(477287, 420224, 191, '2019-12-12 01:03:03', NULL),
(477288, 420225, 191, '2019-12-12 01:03:06', NULL),
(477289, 420226, 191, '2019-12-12 01:03:09', NULL),
(477290, 420227, 191, '2019-12-12 01:03:12', NULL),
(477291, 420228, 191, '2019-12-12 01:03:16', NULL),
(477292, 420229, 191, '2019-12-12 01:03:19', NULL),
(477293, 420230, 191, '2019-12-12 01:03:22', NULL),
(477294, 420231, 191, '2019-12-12 01:03:26', NULL),
(477295, 420232, 191, '2019-12-12 01:03:29', NULL),
(477296, 420233, 191, '2019-12-12 01:03:32', NULL),
(477297, 420234, 191, '2019-12-12 01:03:35', NULL),
(477298, 420235, 191, '2019-12-12 01:03:39', NULL),
(477299, 420236, 191, '2019-12-12 01:03:42', NULL),
(477300, 420237, 191, '2019-12-12 01:03:45', NULL),
(477301, 420238, 191, '2019-12-12 01:03:49', NULL),
(477302, 420239, 191, '2019-12-12 01:03:52', NULL),
(477303, 420240, 191, '2019-12-12 01:03:55', NULL),
(477304, 420241, 191, '2019-12-12 01:03:59', NULL),
(477305, 420242, 191, '2019-12-12 01:04:02', NULL),
(477306, 420243, 191, '2019-12-12 01:04:05', NULL),
(477307, 420244, 191, '2019-12-12 01:04:09', NULL),
(477308, 420245, 191, '2019-12-12 01:04:12', NULL),
(477309, 420246, 191, '2019-12-12 01:04:15', NULL),
(477310, 420247, 191, '2019-12-12 01:04:19', NULL),
(477311, 420248, 191, '2019-12-12 01:04:22', NULL),
(477312, 420249, 191, '2019-12-12 01:04:25', NULL),
(477313, 420250, 191, '2019-12-12 01:04:29', NULL),
(477314, 420251, 191, '2019-12-12 01:04:32', NULL),
(477315, 420252, 191, '2019-12-12 01:04:35', NULL),
(477316, 420253, 191, '2019-12-12 01:04:39', NULL),
(477317, 420254, 191, '2019-12-12 01:04:42', NULL),
(477318, 420255, 191, '2019-12-12 01:04:45', NULL),
(477319, 420256, 191, '2019-12-12 01:04:48', NULL),
(477320, 420257, 191, '2019-12-12 01:04:52', NULL),
(477321, 420258, 191, '2019-12-12 01:04:55', NULL),
(477322, 420259, 191, '2019-12-12 01:04:58', NULL),
(477323, 420260, 191, '2019-12-12 01:05:02', NULL),
(477324, 420261, 191, '2019-12-12 01:05:05', NULL),
(477325, 420262, 191, '2019-12-12 01:05:08', NULL),
(477326, 420263, 191, '2019-12-12 01:05:11', NULL),
(477327, 420264, 191, '2019-12-12 01:05:15', NULL),
(477328, 420265, 191, '2019-12-12 01:05:18', NULL),
(477329, 420266, 191, '2019-12-12 01:05:21', NULL),
(477330, 420267, 191, '2019-12-12 01:05:24', NULL),
(477331, 420268, 191, '2019-12-12 01:05:28', NULL),
(477332, 420269, 191, '2019-12-12 01:05:31', NULL),
(477333, 420270, 191, '2019-12-12 01:05:34', NULL),
(477334, 420271, 191, '2019-12-12 01:05:37', NULL),
(477335, 420272, 191, '2019-12-12 01:05:41', NULL),
(477336, 420273, 191, '2019-12-12 01:05:44', NULL),
(477337, 420274, 191, '2019-12-12 01:05:47', NULL),
(477338, 420275, 191, '2019-12-12 01:05:51', NULL),
(477339, 420276, 191, '2019-12-12 01:05:54', NULL),
(477340, 420277, 191, '2019-12-12 01:05:57', NULL),
(477341, 420278, 191, '2019-12-12 01:06:00', NULL),
(477342, 420279, 191, '2019-12-12 01:06:04', NULL),
(477343, 420280, 191, '2019-12-12 01:06:07', NULL),
(477344, 420281, 191, '2019-12-12 01:06:11', NULL),
(477345, 420282, 191, '2019-12-12 01:06:14', NULL),
(477346, 420283, 191, '2019-12-12 01:06:17', NULL),
(477347, 420284, 191, '2019-12-12 01:06:20', NULL),
(477348, 420285, 191, '2019-12-12 01:06:24', NULL),
(477349, 420286, 191, '2019-12-12 01:06:27', NULL),
(477350, 420287, 191, '2019-12-12 01:06:30', NULL),
(477351, 420288, 191, '2019-12-12 01:06:34', NULL),
(477352, 420289, 191, '2019-12-12 01:06:37', NULL),
(477353, 420290, 191, '2019-12-12 01:06:40', NULL),
(477354, 420291, 191, '2019-12-12 01:06:44', NULL),
(477355, 420292, 191, '2019-12-12 01:06:47', NULL),
(477356, 420293, 191, '2019-12-12 01:06:50', NULL),
(477357, 420294, 191, '2019-12-12 01:06:54', NULL),
(477358, 420295, 191, '2019-12-12 01:06:57', NULL),
(477359, 420296, 191, '2019-12-12 01:07:00', NULL),
(477360, 420297, 191, '2019-12-12 01:07:04', NULL),
(477361, 420298, 191, '2019-12-12 01:07:07', NULL),
(477362, 420299, 191, '2019-12-12 01:07:10', NULL),
(477363, 420300, 191, '2019-12-12 01:07:14', NULL),
(477364, 420301, 191, '2019-12-12 01:07:17', NULL),
(477365, 420302, 191, '2019-12-12 01:07:20', NULL),
(477366, 420303, 191, '2019-12-12 01:07:24', NULL),
(477367, 420304, 191, '2019-12-12 01:07:27', NULL),
(477368, 420305, 191, '2019-12-12 01:07:30', NULL),
(477369, 420306, 191, '2019-12-12 01:07:33', NULL),
(477370, 420307, 191, '2019-12-12 01:07:37', NULL),
(477371, 420308, 191, '2019-12-12 01:07:40', NULL),
(477372, 420309, 191, '2019-12-12 01:07:43', NULL),
(477373, 420310, 191, '2019-12-12 01:07:47', NULL),
(477374, 420311, 191, '2019-12-12 01:07:50', NULL),
(477375, 420312, 191, '2019-12-12 01:07:53', NULL),
(477376, 420313, 191, '2019-12-12 01:07:57', NULL),
(477377, 420314, 191, '2019-12-12 01:08:00', NULL),
(477378, 420315, 191, '2019-12-12 01:08:03', NULL),
(477379, 420316, 191, '2019-12-12 01:08:07', NULL),
(477380, 420317, 191, '2019-12-12 01:08:10', NULL),
(477381, 420318, 191, '2019-12-12 01:08:13', NULL),
(477382, 420319, 191, '2019-12-12 01:08:17', NULL),
(477383, 420320, 191, '2019-12-12 01:08:20', NULL),
(477384, 420321, 191, '2019-12-12 01:08:23', NULL),
(477385, 420322, 191, '2019-12-12 01:08:26', NULL),
(477386, 420323, 191, '2019-12-12 01:08:30', NULL),
(477387, 420324, 191, '2019-12-12 01:08:33', NULL),
(477388, 420325, 191, '2019-12-12 01:08:36', NULL),
(477389, 420326, 191, '2019-12-12 01:08:40', NULL),
(477390, 420327, 191, '2019-12-12 01:08:43', NULL),
(477391, 420328, 191, '2019-12-12 01:08:46', NULL),
(477392, 420329, 191, '2019-12-12 01:08:49', NULL),
(477393, 420330, 191, '2019-12-12 01:08:53', NULL),
(477394, 420331, 191, '2019-12-12 01:08:56', NULL),
(477395, 420332, 191, '2019-12-12 01:08:59', NULL),
(477396, 420333, 191, '2019-12-12 01:09:03', NULL),
(477397, 420334, 191, '2019-12-12 01:09:06', NULL),
(477398, 420335, 191, '2019-12-12 01:09:09', NULL),
(477399, 420336, 191, '2019-12-12 01:09:13', NULL),
(477400, 420337, 191, '2019-12-12 01:09:16', NULL),
(477401, 420338, 191, '2019-12-12 01:09:19', NULL),
(477402, 420339, 191, '2019-12-12 01:09:23', NULL),
(477403, 420340, 191, '2019-12-12 01:09:26', NULL),
(477404, 420341, 191, '2019-12-12 01:09:29', NULL),
(477405, 420342, 191, '2019-12-12 01:09:33', NULL),
(477406, 420343, 191, '2019-12-12 01:09:36', NULL),
(477407, 420344, 191, '2019-12-12 01:09:39', NULL),
(477408, 420345, 191, '2019-12-12 01:09:43', NULL),
(477409, 420346, 191, '2019-12-12 01:09:46', NULL),
(477410, 420347, 191, '2019-12-12 01:09:49', NULL),
(477411, 420348, 191, '2019-12-12 01:09:53', NULL),
(477412, 420349, 191, '2019-12-12 01:09:56', NULL),
(477413, 420350, 191, '2019-12-12 01:09:59', NULL),
(477414, 420351, 191, '2019-12-12 01:10:03', NULL),
(477415, 420352, 191, '2019-12-12 01:10:06', NULL),
(477416, 420353, 191, '2019-12-12 01:10:10', NULL),
(477417, 420354, 191, '2019-12-12 01:10:13', NULL),
(477418, 420355, 191, '2019-12-12 01:10:16', NULL),
(477419, 420356, 191, '2019-12-12 01:10:20', NULL),
(477420, 420357, 191, '2019-12-12 01:10:23', NULL),
(477421, 420358, 191, '2019-12-12 01:10:26', NULL),
(477422, 420359, 191, '2019-12-12 01:10:30', NULL),
(477423, 420360, 191, '2019-12-12 01:10:33', NULL),
(477424, 420361, 191, '2019-12-12 01:10:36', NULL),
(477425, 420362, 191, '2019-12-12 01:10:39', NULL),
(477426, 420363, 191, '2019-12-12 01:10:43', NULL),
(477427, 420364, 191, '2019-12-12 01:10:46', NULL),
(477428, 420365, 191, '2019-12-12 01:10:49', NULL),
(477429, 420366, 191, '2019-12-12 01:10:53', NULL),
(477430, 420367, 191, '2019-12-12 01:10:56', NULL),
(477431, 420368, 191, '2019-12-12 01:10:59', NULL),
(477432, 420369, 191, '2019-12-12 01:11:03', NULL),
(477433, 420370, 191, '2019-12-12 01:11:06', NULL),
(477434, 420371, 191, '2019-12-12 01:11:09', NULL),
(477435, 420372, 191, '2019-12-12 01:11:13', NULL),
(477436, 420373, 191, '2019-12-12 01:11:16', NULL),
(477437, 420374, 191, '2019-12-12 01:11:19', NULL),
(477438, 420375, 191, '2019-12-12 01:11:23', NULL),
(477439, 420376, 191, '2019-12-12 01:11:26', NULL),
(477440, 420377, 191, '2019-12-12 01:11:29', NULL),
(477441, 420378, 191, '2019-12-12 01:11:32', NULL),
(477442, 420379, 191, '2019-12-12 01:11:36', NULL),
(477443, 420380, 191, '2019-12-12 01:11:39', NULL),
(477444, 420381, 191, '2019-12-12 01:11:42', NULL),
(477445, 420382, 191, '2019-12-12 01:11:46', NULL),
(477446, 420383, 191, '2019-12-12 01:11:49', NULL),
(477447, 420384, 191, '2019-12-12 01:11:52', NULL),
(477448, 420385, 191, '2019-12-12 01:11:56', NULL),
(477449, 420386, 191, '2019-12-12 01:11:59', NULL),
(477450, 420387, 191, '2019-12-12 01:12:02', NULL),
(477451, 420388, 191, '2019-12-12 01:12:06', NULL),
(477452, 420389, 191, '2019-12-12 01:12:09', NULL),
(477453, 420390, 191, '2019-12-12 01:12:13', NULL),
(477454, 420391, 191, '2019-12-12 01:12:16', NULL),
(477455, 420392, 191, '2019-12-12 01:12:19', NULL),
(477456, 420393, 191, '2019-12-12 01:12:23', NULL),
(477457, 420394, 191, '2019-12-12 01:12:26', NULL),
(477458, 420395, 191, '2019-12-12 01:12:29', NULL),
(477459, 420396, 191, '2019-12-12 01:12:33', NULL),
(477460, 420397, 191, '2019-12-12 01:12:36', NULL),
(477461, 420398, 191, '2019-12-12 01:12:39', NULL),
(477462, 420399, 191, '2019-12-12 01:12:43', NULL),
(477463, 420400, 191, '2019-12-12 01:12:46', NULL),
(477464, 420401, 191, '2019-12-12 01:12:49', NULL),
(477465, 420402, 191, '2019-12-12 01:12:53', NULL),
(477466, 420403, 191, '2019-12-12 01:12:56', NULL),
(477467, 420404, 191, '2019-12-12 01:12:59', NULL),
(477468, 420405, 191, '2019-12-12 01:13:02', NULL),
(477469, 420406, 191, '2019-12-12 01:13:06', NULL),
(477470, 420407, 191, '2019-12-12 01:13:09', NULL),
(477471, 420408, 191, '2019-12-12 01:13:12', NULL),
(477472, 420409, 191, '2019-12-12 01:13:16', NULL),
(477473, 420410, 191, '2019-12-12 01:13:19', NULL),
(477474, 420411, 191, '2019-12-12 01:13:22', NULL),
(477475, 420412, 191, '2019-12-12 01:13:26', NULL),
(477476, 420413, 191, '2019-12-12 01:13:29', NULL),
(477477, 420414, 191, '2019-12-12 01:13:32', NULL),
(477478, 420415, 191, '2019-12-12 01:13:36', NULL),
(477479, 420416, 191, '2019-12-12 01:13:39', NULL),
(477480, 420417, 191, '2019-12-12 01:13:42', NULL),
(477481, 420418, 191, '2019-12-12 01:13:46', NULL),
(477482, 420419, 191, '2019-12-12 01:13:49', NULL),
(477483, 420420, 191, '2019-12-12 01:13:52', NULL),
(477484, 420421, 191, '2019-12-12 01:13:56', NULL),
(477485, 420422, 191, '2019-12-12 01:13:59', NULL),
(477486, 420423, 191, '2019-12-12 01:14:02', NULL),
(477487, 420424, 191, '2019-12-12 01:14:06', NULL),
(477488, 420425, 191, '2019-12-12 01:14:09', NULL),
(477489, 420426, 191, '2019-12-12 01:14:13', NULL),
(477490, 420427, 191, '2019-12-12 01:14:16', NULL),
(477491, 420428, 191, '2019-12-12 01:14:20', NULL),
(477492, 420429, 191, '2019-12-12 01:14:23', NULL),
(477493, 420430, 191, '2019-12-12 01:14:26', NULL),
(477494, 420431, 191, '2019-12-12 01:14:30', NULL),
(477495, 420432, 191, '2019-12-12 01:14:33', NULL),
(477496, 420433, 191, '2019-12-12 01:14:36', NULL),
(477497, 420434, 191, '2019-12-12 01:14:40', NULL),
(477498, 420435, 191, '2019-12-12 01:14:43', NULL),
(477499, 420436, 191, '2019-12-12 01:14:46', NULL),
(477500, 420437, 191, '2019-12-12 01:14:50', NULL),
(477501, 420438, 191, '2019-12-12 01:14:53', NULL),
(477502, 420439, 191, '2019-12-12 01:14:56', NULL),
(477503, 420440, 191, '2019-12-12 01:15:00', NULL),
(477504, 420441, 191, '2019-12-12 01:15:03', NULL),
(477505, 420442, 191, '2019-12-12 01:15:07', NULL),
(477506, 420443, 191, '2019-12-12 01:15:10', NULL),
(477507, 420444, 191, '2019-12-12 01:15:13', NULL),
(477508, 420445, 191, '2019-12-12 01:15:17', NULL),
(477509, 420446, 191, '2019-12-12 01:15:20', NULL),
(477510, 420447, 191, '2019-12-12 01:15:23', NULL),
(477511, 420448, 191, '2019-12-12 01:15:27', NULL),
(477512, 420449, 191, '2019-12-12 01:15:30', NULL),
(477513, 420450, 191, '2019-12-12 01:15:33', NULL),
(477514, 420451, 191, '2019-12-12 01:15:36', NULL),
(477515, 420452, 191, '2019-12-12 01:15:40', NULL),
(477516, 420453, 191, '2019-12-12 01:15:43', NULL),
(477517, 420454, 191, '2019-12-12 01:15:46', NULL),
(477518, 420455, 191, '2019-12-12 01:15:50', NULL),
(477519, 420456, 191, '2019-12-12 01:15:53', NULL),
(477520, 420457, 191, '2019-12-12 01:15:56', NULL),
(477521, 420458, 191, '2019-12-12 01:16:00', NULL),
(477522, 420459, 191, '2019-12-12 01:16:03', NULL),
(477523, 420460, 191, '2019-12-12 01:16:07', NULL),
(477524, 420461, 191, '2019-12-12 01:16:10', NULL),
(477525, 420462, 191, '2019-12-12 01:16:13', NULL),
(477526, 420463, 191, '2019-12-12 01:16:17', NULL),
(477527, 420464, 191, '2019-12-12 01:16:20', NULL),
(477528, 420465, 191, '2019-12-12 01:16:23', NULL),
(477529, 420466, 191, '2019-12-12 01:16:27', NULL),
(477530, 420467, 191, '2019-12-12 01:16:30', NULL),
(477531, 420468, 191, '2019-12-12 01:16:33', NULL),
(477532, 420469, 191, '2019-12-12 01:16:37', NULL),
(477533, 420470, 191, '2019-12-12 01:16:40', NULL),
(477534, 420471, 191, '2019-12-12 01:16:44', NULL);
INSERT INTO `pdv_customer` (`id`, `customer_id`, `pdv_id`, `created_at`, `comment`) VALUES
(477535, 420472, 191, '2019-12-12 01:16:47', NULL),
(477536, 420473, 191, '2019-12-12 01:16:50', NULL),
(477537, 420474, 191, '2019-12-12 01:16:54', NULL),
(477538, 420475, 191, '2019-12-12 01:16:57', NULL),
(477539, 420476, 191, '2019-12-12 01:17:00', NULL),
(477540, 420477, 191, '2019-12-12 01:17:04', NULL),
(477541, 420478, 191, '2019-12-12 01:17:07', NULL),
(477542, 420479, 191, '2019-12-12 01:17:11', NULL),
(477543, 420480, 191, '2019-12-12 01:17:14', NULL),
(477544, 420481, 191, '2019-12-12 01:17:17', NULL),
(477545, 420482, 191, '2019-12-12 01:17:20', NULL),
(477546, 420483, 191, '2019-12-12 01:17:24', NULL),
(477547, 420484, 191, '2019-12-12 01:17:27', NULL),
(477548, 420485, 191, '2019-12-12 01:17:31', NULL),
(477549, 420486, 191, '2019-12-12 01:17:34', NULL),
(477550, 420487, 191, '2019-12-12 01:17:37', NULL),
(477551, 420488, 191, '2019-12-12 01:17:41', NULL),
(477552, 420489, 191, '2019-12-12 01:17:44', NULL),
(477553, 420490, 191, '2019-12-12 01:17:47', NULL),
(477554, 420491, 191, '2019-12-12 01:17:51', NULL),
(477555, 420492, 191, '2019-12-12 01:17:54', NULL),
(477556, 420493, 191, '2019-12-12 01:17:57', NULL),
(477557, 420494, 191, '2019-12-12 01:18:01', NULL),
(477558, 420495, 191, '2019-12-12 01:18:04', NULL),
(477559, 420496, 191, '2019-12-12 01:18:08', NULL),
(477560, 420497, 191, '2019-12-12 01:18:11', NULL),
(477561, 420498, 191, '2019-12-12 01:18:14', NULL),
(477562, 420499, 191, '2019-12-12 01:18:18', NULL),
(477563, 420500, 191, '2019-12-12 01:18:21', NULL),
(477564, 420501, 191, '2019-12-12 01:18:25', NULL),
(477565, 420502, 191, '2019-12-12 01:18:28', NULL),
(477566, 420503, 191, '2019-12-12 01:18:31', NULL),
(477567, 420504, 191, '2019-12-12 01:18:35', NULL),
(477568, 420505, 191, '2019-12-12 01:18:38', NULL),
(477569, 420506, 191, '2019-12-12 01:18:41', NULL),
(477570, 420507, 191, '2019-12-12 01:18:45', NULL),
(477571, 420508, 191, '2019-12-12 01:18:48', NULL),
(477572, 420509, 191, '2019-12-12 01:18:52', NULL),
(477573, 420510, 191, '2019-12-12 01:18:55', NULL),
(477574, 420511, 191, '2019-12-12 01:18:58', NULL),
(477575, 420512, 191, '2019-12-12 01:19:02', NULL),
(477576, 420513, 191, '2019-12-12 01:19:05', NULL),
(477577, 420514, 191, '2019-12-12 01:19:08', NULL),
(477578, 420515, 191, '2019-12-12 01:19:12', NULL),
(477579, 420516, 191, '2019-12-12 01:19:15', NULL),
(477580, 420517, 191, '2019-12-12 01:19:18', NULL),
(477581, 420518, 191, '2019-12-12 01:19:22', NULL),
(477582, 420519, 191, '2019-12-12 01:19:25', NULL),
(477583, 420520, 191, '2019-12-12 01:19:28', NULL),
(477584, 420521, 191, '2019-12-12 01:19:32', NULL),
(477585, 420522, 191, '2019-12-12 01:19:35', NULL),
(477586, 420523, 191, '2019-12-12 01:19:39', NULL),
(477587, 420524, 191, '2019-12-12 01:19:42', NULL),
(477588, 420525, 191, '2019-12-12 01:19:45', NULL),
(477589, 420526, 191, '2019-12-12 01:19:49', NULL),
(477590, 420527, 191, '2019-12-12 01:19:52', NULL),
(477591, 420528, 191, '2019-12-12 01:19:55', NULL),
(477592, 420529, 191, '2019-12-12 01:19:59', NULL),
(477593, 420530, 191, '2019-12-12 01:20:02', NULL),
(477594, 420531, 191, '2019-12-12 01:20:06', NULL),
(477595, 420532, 191, '2019-12-12 01:20:09', NULL),
(477596, 420533, 191, '2019-12-12 01:20:13', NULL),
(477597, 420534, 191, '2019-12-12 01:20:16', NULL),
(477598, 420535, 191, '2019-12-12 01:20:19', NULL),
(477599, 420536, 191, '2019-12-12 01:20:23', NULL),
(477600, 420537, 191, '2019-12-12 01:20:26', NULL),
(477601, 420538, 191, '2019-12-12 01:20:29', NULL),
(477602, 420539, 191, '2019-12-12 01:20:33', NULL),
(477603, 420540, 191, '2019-12-12 01:20:36', NULL),
(477604, 420541, 191, '2019-12-12 01:20:40', NULL),
(477605, 420542, 191, '2019-12-12 01:20:43', NULL),
(477606, 420543, 191, '2019-12-12 01:20:46', NULL),
(477607, 420544, 191, '2019-12-12 01:20:50', NULL),
(477608, 420545, 191, '2019-12-12 01:20:53', NULL),
(477609, 420546, 191, '2019-12-12 01:20:57', NULL),
(477610, 420547, 191, '2019-12-12 01:21:00', NULL),
(477611, 420548, 191, '2019-12-12 01:21:03', NULL),
(477612, 420549, 191, '2019-12-12 01:21:07', NULL),
(477613, 420550, 191, '2019-12-12 01:21:10', NULL),
(477614, 420551, 191, '2019-12-12 01:21:13', NULL),
(477615, 420552, 191, '2019-12-12 01:21:17', NULL),
(477616, 420553, 191, '2019-12-12 01:21:20', NULL),
(477617, 420554, 191, '2019-12-12 01:21:23', NULL),
(477618, 420555, 191, '2019-12-12 01:21:27', NULL),
(477619, 420556, 191, '2019-12-12 01:21:30', NULL),
(477620, 420557, 191, '2019-12-12 01:21:34', NULL),
(477621, 420558, 191, '2019-12-12 01:21:37', NULL),
(477622, 420559, 191, '2019-12-12 01:21:40', NULL),
(477623, 420560, 191, '2019-12-12 01:21:44', NULL),
(477624, 420561, 191, '2019-12-12 01:21:47', NULL),
(477625, 420562, 191, '2019-12-12 01:21:51', NULL),
(477626, 420563, 191, '2019-12-12 01:21:54', NULL),
(477627, 420564, 191, '2019-12-12 01:21:57', NULL),
(477628, 420565, 191, '2019-12-12 01:22:01', NULL),
(477629, 420566, 191, '2019-12-12 01:22:04', NULL),
(477630, 420567, 191, '2019-12-12 01:22:08', NULL),
(477631, 420568, 191, '2019-12-12 01:22:11', NULL),
(477632, 420569, 191, '2019-12-12 01:22:15', NULL),
(477633, 420570, 191, '2019-12-12 01:22:18', NULL),
(477634, 420571, 191, '2019-12-12 01:22:22', NULL),
(477635, 420572, 191, '2019-12-12 01:22:25', NULL),
(477636, 420573, 191, '2019-12-12 01:22:28', NULL),
(477637, 420574, 191, '2019-12-12 01:22:32', NULL),
(477638, 420575, 191, '2019-12-12 01:22:35', NULL),
(477639, 420576, 191, '2019-12-12 01:22:39', NULL),
(477640, 420577, 191, '2019-12-12 01:22:42', NULL),
(477641, 420578, 191, '2019-12-12 01:22:45', NULL),
(477642, 420579, 191, '2019-12-12 01:22:49', NULL),
(477643, 420580, 191, '2019-12-12 01:22:52', NULL),
(477644, 420581, 191, '2019-12-12 01:22:55', NULL),
(477645, 420582, 191, '2019-12-12 01:22:59', NULL),
(477646, 420583, 191, '2019-12-12 01:23:02', NULL),
(477647, 420584, 191, '2019-12-12 01:23:06', NULL),
(477648, 420585, 191, '2019-12-12 01:23:09', NULL),
(477649, 420586, 191, '2019-12-12 01:23:12', NULL),
(477650, 420587, 191, '2019-12-12 01:23:16', NULL),
(477651, 420588, 191, '2019-12-12 01:23:19', NULL),
(477652, 420589, 191, '2019-12-12 01:23:22', NULL),
(477653, 420590, 191, '2019-12-12 01:23:26', NULL),
(477654, 420591, 191, '2019-12-12 01:23:29', NULL),
(477655, 420592, 191, '2019-12-12 01:23:33', NULL),
(477656, 420593, 191, '2019-12-12 01:23:36', NULL),
(477657, 420594, 191, '2019-12-12 01:23:39', NULL),
(477658, 420595, 191, '2019-12-12 01:23:43', NULL),
(477659, 420596, 191, '2019-12-12 01:23:46', NULL),
(477660, 420597, 191, '2019-12-12 01:23:49', NULL),
(477661, 420598, 191, '2019-12-12 01:23:53', NULL),
(477662, 420599, 191, '2019-12-12 01:23:56', NULL),
(477663, 420600, 191, '2019-12-12 01:23:59', NULL),
(477664, 420601, 191, '2019-12-12 01:24:03', NULL),
(477665, 420602, 191, '2019-12-12 01:24:06', NULL),
(477666, 420603, 191, '2019-12-12 01:24:10', NULL),
(477667, 420604, 191, '2019-12-12 01:24:13', NULL),
(477668, 420605, 191, '2019-12-12 01:24:17', NULL),
(477669, 420606, 191, '2019-12-12 01:24:20', NULL),
(477670, 420607, 191, '2019-12-12 01:24:24', NULL),
(477671, 420608, 191, '2019-12-12 01:24:27', NULL),
(477672, 420609, 191, '2019-12-12 01:24:30', NULL),
(477673, 420610, 191, '2019-12-12 01:24:34', NULL),
(477674, 420611, 191, '2019-12-12 01:24:37', NULL),
(477675, 420612, 191, '2019-12-12 01:24:41', NULL),
(477676, 420613, 191, '2019-12-12 01:24:44', NULL),
(477677, 420614, 191, '2019-12-12 01:24:47', NULL),
(477678, 420615, 191, '2019-12-12 01:24:51', NULL),
(477679, 420616, 191, '2019-12-12 01:24:54', NULL),
(477680, 420617, 191, '2019-12-12 01:24:58', NULL),
(477681, 420618, 191, '2019-12-12 01:25:01', NULL),
(477682, 420619, 191, '2019-12-12 01:25:04', NULL),
(477683, 420620, 191, '2019-12-12 01:25:08', NULL),
(477684, 420621, 191, '2019-12-12 01:25:11', NULL),
(477685, 420622, 191, '2019-12-12 01:25:14', NULL),
(477686, 420623, 191, '2019-12-12 01:25:18', NULL),
(477687, 420624, 191, '2019-12-12 01:25:22', NULL),
(477688, 420625, 191, '2019-12-12 01:25:25', NULL),
(477689, 420626, 191, '2019-12-12 01:25:29', NULL),
(477690, 420627, 191, '2019-12-12 01:25:32', NULL),
(477691, 420628, 191, '2019-12-12 01:25:36', NULL),
(477692, 420629, 191, '2019-12-12 01:25:39', NULL),
(477693, 420630, 191, '2019-12-12 01:25:42', NULL),
(477694, 420631, 191, '2019-12-12 01:25:46', NULL),
(477695, 420632, 191, '2019-12-12 01:25:49', NULL),
(477696, 420633, 191, '2019-12-12 01:25:53', NULL),
(477697, 420634, 191, '2019-12-12 01:25:56', NULL),
(477698, 420635, 191, '2019-12-12 01:25:59', NULL),
(477699, 420636, 191, '2019-12-12 01:26:03', NULL),
(477700, 420637, 191, '2019-12-12 01:26:06', NULL),
(477701, 420638, 191, '2019-12-12 01:26:10', NULL),
(477702, 420639, 191, '2019-12-12 01:26:13', NULL),
(477703, 420640, 191, '2019-12-12 01:26:17', NULL),
(477704, 420641, 191, '2019-12-12 01:26:20', NULL),
(477705, 420642, 191, '2019-12-12 01:26:24', NULL),
(477706, 420643, 191, '2019-12-12 01:26:27', NULL),
(477707, 420644, 191, '2019-12-12 01:26:30', NULL),
(477708, 420645, 191, '2019-12-12 01:26:34', NULL),
(477709, 420646, 191, '2019-12-12 01:26:37', NULL),
(477710, 420647, 191, '2019-12-12 01:26:41', NULL),
(477711, 420648, 191, '2019-12-12 01:26:44', NULL),
(477712, 420649, 191, '2019-12-12 01:26:47', NULL),
(477713, 420650, 191, '2019-12-12 01:26:51', NULL),
(477714, 420651, 191, '2019-12-12 01:26:54', NULL),
(477715, 420652, 191, '2019-12-12 01:26:58', NULL),
(477716, 420653, 191, '2019-12-12 01:27:01', NULL),
(477717, 420654, 191, '2019-12-12 01:27:04', NULL),
(477718, 420655, 191, '2019-12-12 01:27:08', NULL),
(477719, 420656, 191, '2019-12-12 01:27:11', NULL),
(477720, 420657, 191, '2019-12-12 01:27:14', NULL),
(477721, 420658, 191, '2019-12-12 01:27:18', NULL),
(477722, 420659, 191, '2019-12-12 01:27:21', NULL),
(477723, 420660, 191, '2019-12-12 01:27:24', NULL),
(477724, 420661, 191, '2019-12-12 01:27:28', NULL),
(477725, 420662, 191, '2019-12-12 01:27:31', NULL),
(477726, 420663, 191, '2019-12-12 01:27:34', NULL),
(477727, 420664, 191, '2019-12-12 01:27:38', NULL),
(477728, 420665, 191, '2019-12-12 01:27:41', NULL),
(477729, 420666, 191, '2019-12-12 01:27:45', NULL),
(477730, 420667, 191, '2019-12-12 01:27:48', NULL),
(477731, 420668, 191, '2019-12-12 01:27:51', NULL),
(477732, 420669, 191, '2019-12-12 01:27:55', NULL),
(477733, 420670, 191, '2019-12-12 01:27:58', NULL),
(477734, 420671, 191, '2019-12-12 01:28:01', NULL),
(477735, 420672, 191, '2019-12-12 01:28:05', NULL),
(477736, 420673, 191, '2019-12-12 01:28:08', NULL),
(477737, 420674, 191, '2019-12-12 01:28:12', NULL),
(477738, 420675, 191, '2019-12-12 01:28:15', NULL),
(477739, 420676, 191, '2019-12-12 01:28:18', NULL),
(477740, 420677, 191, '2019-12-12 01:28:22', NULL),
(477741, 420678, 191, '2019-12-12 01:28:25', NULL),
(477742, 420679, 191, '2019-12-12 01:28:28', NULL),
(477743, 420680, 191, '2019-12-12 01:28:32', NULL),
(477744, 420681, 191, '2019-12-12 01:28:35', NULL),
(477745, 420682, 191, '2019-12-12 01:28:39', NULL),
(477746, 420683, 191, '2019-12-12 01:28:42', NULL),
(477747, 420684, 191, '2019-12-12 01:28:45', NULL),
(477748, 420685, 191, '2019-12-12 01:28:49', NULL),
(477749, 420686, 191, '2019-12-12 01:28:52', NULL),
(477750, 420687, 191, '2019-12-12 01:28:55', NULL),
(477751, 420688, 191, '2019-12-12 01:28:59', NULL),
(477752, 420689, 191, '2019-12-12 01:29:02', NULL),
(477753, 420690, 191, '2019-12-12 01:29:05', NULL),
(477754, 420691, 191, '2019-12-12 01:29:09', NULL),
(477755, 420692, 191, '2019-12-12 01:29:12', NULL),
(477756, 420693, 191, '2019-12-12 01:29:16', NULL),
(477757, 420694, 191, '2019-12-12 01:29:19', NULL),
(477758, 420695, 191, '2019-12-12 01:29:22', NULL),
(477759, 420696, 191, '2019-12-12 01:29:26', NULL),
(477760, 420697, 191, '2019-12-12 01:29:29', NULL),
(477761, 420698, 191, '2019-12-12 01:29:33', NULL),
(477762, 420699, 191, '2019-12-12 01:29:36', NULL),
(477763, 420700, 191, '2019-12-12 01:29:39', NULL),
(477764, 420701, 191, '2019-12-12 01:29:43', NULL),
(477765, 420702, 191, '2019-12-12 01:29:46', NULL),
(477766, 420703, 191, '2019-12-12 01:29:50', NULL),
(477767, 420704, 191, '2019-12-12 01:29:53', NULL),
(477768, 420705, 191, '2019-12-12 01:29:57', NULL),
(477769, 420706, 191, '2019-12-12 01:30:00', NULL),
(477770, 420707, 191, '2019-12-12 01:30:04', NULL),
(477771, 420708, 191, '2019-12-12 01:30:07', NULL),
(477772, 420709, 191, '2019-12-12 01:30:11', NULL),
(477773, 420710, 191, '2019-12-12 01:30:14', NULL),
(477774, 420711, 191, '2019-12-12 01:30:17', NULL),
(477775, 420712, 191, '2019-12-12 01:30:21', NULL),
(477776, 420713, 191, '2019-12-12 01:30:24', NULL),
(477777, 420714, 191, '2019-12-12 01:30:27', NULL),
(477778, 420715, 191, '2019-12-12 01:30:31', NULL),
(477779, 420716, 191, '2019-12-12 01:30:34', NULL),
(477780, 420717, 191, '2019-12-12 01:30:38', NULL),
(477781, 420718, 191, '2019-12-12 01:30:41', NULL),
(477782, 420719, 191, '2019-12-12 01:30:44', NULL),
(477783, 420720, 191, '2019-12-12 01:30:48', NULL),
(477784, 420721, 191, '2019-12-12 01:30:51', NULL),
(477785, 420722, 191, '2019-12-12 01:30:55', NULL),
(477786, 420723, 191, '2019-12-12 01:30:58', NULL),
(477787, 420724, 191, '2019-12-12 01:31:01', NULL),
(477788, 420725, 191, '2019-12-12 01:31:05', NULL),
(477789, 420726, 191, '2019-12-12 01:31:08', NULL),
(477790, 420727, 191, '2019-12-12 01:31:11', NULL),
(477791, 420728, 191, '2019-12-12 01:31:15', NULL),
(477792, 420729, 191, '2019-12-12 01:31:18', NULL),
(477793, 420730, 191, '2019-12-12 01:31:22', NULL),
(477794, 420731, 191, '2019-12-12 01:31:25', NULL),
(477795, 420732, 191, '2019-12-12 01:31:28', NULL),
(477796, 420733, 191, '2019-12-12 01:31:32', NULL),
(477797, 420734, 191, '2019-12-12 01:31:35', NULL),
(477798, 420735, 191, '2019-12-12 01:31:39', NULL),
(477799, 420736, 191, '2019-12-12 01:31:42', NULL),
(477800, 420737, 191, '2019-12-12 01:31:46', NULL),
(477801, 420738, 191, '2019-12-12 01:31:49', NULL),
(477802, 420739, 191, '2019-12-12 01:31:52', NULL),
(477803, 420740, 191, '2019-12-12 01:31:56', NULL),
(477804, 420741, 191, '2019-12-12 01:31:59', NULL),
(477805, 420742, 191, '2019-12-12 01:32:03', NULL),
(477806, 420743, 191, '2019-12-12 01:32:06', NULL),
(477807, 420744, 191, '2019-12-12 01:32:10', NULL),
(477808, 420745, 191, '2019-12-12 01:32:13', NULL),
(477809, 420746, 191, '2019-12-12 01:32:16', NULL),
(477810, 420747, 191, '2019-12-12 01:32:20', NULL),
(477811, 420748, 191, '2019-12-12 01:32:23', NULL),
(477812, 420749, 191, '2019-12-12 01:32:27', NULL),
(477813, 420750, 191, '2019-12-12 01:32:30', NULL),
(477814, 420751, 191, '2019-12-12 01:32:34', NULL),
(477815, 420752, 191, '2019-12-12 01:32:37', NULL),
(477816, 420753, 191, '2019-12-12 01:32:40', NULL),
(477817, 420754, 191, '2019-12-12 01:32:44', NULL),
(477818, 420755, 191, '2019-12-12 01:32:47', NULL),
(477819, 420756, 191, '2019-12-12 01:32:51', NULL),
(477820, 420757, 191, '2019-12-12 01:32:54', NULL),
(477821, 420758, 191, '2019-12-12 01:32:58', NULL),
(477822, 420759, 191, '2019-12-12 01:33:01', NULL),
(477823, 420760, 191, '2019-12-12 01:33:04', NULL),
(477824, 420761, 191, '2019-12-12 01:33:08', NULL),
(477825, 420762, 191, '2019-12-12 01:33:11', NULL),
(477826, 420763, 191, '2019-12-12 01:33:15', NULL),
(477827, 420764, 191, '2019-12-12 01:33:18', NULL),
(477828, 420765, 191, '2019-12-12 01:33:22', NULL),
(477829, 420766, 191, '2019-12-12 01:33:25', NULL),
(477830, 420767, 191, '2019-12-12 01:33:29', NULL),
(477831, 420768, 191, '2019-12-12 01:33:32', NULL),
(477832, 420769, 191, '2019-12-12 01:33:35', NULL),
(477833, 420770, 191, '2019-12-12 01:33:39', NULL),
(477834, 420771, 191, '2019-12-12 01:33:42', NULL),
(477835, 420772, 191, '2019-12-12 01:33:46', NULL),
(477836, 420773, 191, '2019-12-12 01:33:49', NULL),
(477837, 420774, 191, '2019-12-12 01:33:53', NULL),
(477838, 420775, 191, '2019-12-12 01:33:56', NULL),
(477839, 420776, 191, '2019-12-12 01:34:00', NULL),
(477840, 420777, 191, '2019-12-12 01:34:03', NULL),
(477841, 420778, 191, '2019-12-12 01:34:07', NULL),
(477842, 420779, 191, '2019-12-12 01:34:10', NULL),
(477843, 420780, 191, '2019-12-12 01:34:14', NULL),
(477844, 420781, 191, '2019-12-12 01:34:17', NULL),
(477845, 420782, 191, '2019-12-12 01:34:21', NULL),
(477846, 420783, 191, '2019-12-12 01:34:24', NULL),
(477847, 420784, 191, '2019-12-12 01:34:28', NULL),
(477848, 420785, 191, '2019-12-12 01:34:31', NULL),
(477849, 420786, 191, '2019-12-12 01:34:35', NULL),
(477850, 420787, 191, '2019-12-12 01:34:38', NULL),
(477851, 420788, 191, '2019-12-12 01:34:42', NULL),
(477852, 420789, 191, '2019-12-12 01:34:45', NULL),
(477853, 420790, 191, '2019-12-12 01:34:49', NULL),
(477854, 420791, 191, '2019-12-12 01:34:52', NULL),
(477855, 420792, 191, '2019-12-12 01:34:55', NULL),
(477856, 420793, 191, '2019-12-12 01:34:59', NULL),
(477857, 420794, 191, '2019-12-12 01:35:02', NULL),
(477858, 420795, 191, '2019-12-12 01:35:06', NULL),
(477859, 420796, 191, '2019-12-12 01:35:09', NULL),
(477860, 420797, 191, '2019-12-12 01:35:12', NULL),
(477861, 420798, 191, '2019-12-12 01:35:16', NULL),
(477862, 420799, 191, '2019-12-12 01:35:19', NULL),
(477863, 420800, 191, '2019-12-12 01:35:23', NULL),
(477864, 420801, 191, '2019-12-12 01:35:26', NULL),
(477865, 420802, 191, '2019-12-12 01:35:29', NULL),
(477866, 420803, 191, '2019-12-12 01:35:33', NULL),
(477867, 420804, 191, '2019-12-12 01:35:36', NULL),
(477868, 420805, 191, '2019-12-12 01:35:40', NULL),
(477869, 420806, 191, '2019-12-12 01:35:43', NULL),
(477870, 420807, 191, '2019-12-12 01:35:47', NULL),
(477871, 420808, 191, '2019-12-12 01:35:50', NULL),
(477872, 420809, 191, '2019-12-12 01:35:54', NULL),
(477873, 420810, 191, '2019-12-12 01:35:57', NULL),
(477874, 420811, 191, '2019-12-12 01:36:00', NULL),
(477875, 420812, 191, '2019-12-12 01:36:04', NULL),
(477876, 420813, 191, '2019-12-12 01:36:07', NULL),
(477877, 420814, 191, '2019-12-12 01:36:11', NULL),
(477878, 420815, 191, '2019-12-12 01:36:14', NULL),
(477879, 420816, 191, '2019-12-12 01:36:18', NULL),
(477880, 420817, 191, '2019-12-12 01:36:21', NULL),
(477881, 420818, 191, '2019-12-12 01:36:25', NULL),
(477882, 420819, 191, '2019-12-12 01:36:28', NULL),
(477883, 420820, 191, '2019-12-12 01:36:32', NULL),
(477884, 420821, 191, '2019-12-12 01:36:35', NULL),
(477885, 420822, 191, '2019-12-12 01:36:39', NULL),
(477886, 420823, 191, '2019-12-12 01:36:42', NULL),
(477887, 420824, 191, '2019-12-12 01:36:45', NULL),
(477888, 420825, 191, '2019-12-12 01:36:49', NULL),
(477889, 420826, 191, '2019-12-12 01:36:52', NULL),
(477890, 420827, 191, '2019-12-12 01:36:56', NULL),
(477891, 420828, 191, '2019-12-12 01:36:59', NULL),
(477892, 420829, 191, '2019-12-12 01:37:03', NULL),
(477893, 420830, 191, '2019-12-12 01:37:06', NULL),
(477894, 420831, 191, '2019-12-12 01:37:09', NULL),
(477895, 420832, 191, '2019-12-12 01:37:13', NULL),
(477896, 420833, 191, '2019-12-12 01:37:16', NULL),
(477897, 420834, 191, '2019-12-12 01:37:20', NULL),
(477898, 420835, 191, '2019-12-12 01:37:23', NULL),
(477899, 420836, 191, '2019-12-12 01:37:26', NULL),
(477900, 420837, 191, '2019-12-12 01:37:30', NULL),
(477901, 420838, 191, '2019-12-12 01:37:33', NULL),
(477902, 420839, 191, '2019-12-12 01:37:37', NULL),
(477903, 420840, 191, '2019-12-12 01:37:40', NULL),
(477904, 420841, 191, '2019-12-12 01:37:43', NULL),
(477905, 420842, 191, '2019-12-12 01:37:47', NULL),
(477906, 420843, 191, '2019-12-12 01:37:50', NULL),
(477907, 420844, 191, '2019-12-12 01:37:54', NULL),
(477908, 420845, 191, '2019-12-12 01:37:57', NULL),
(477909, 420846, 191, '2019-12-12 01:38:01', NULL),
(477910, 420847, 191, '2019-12-12 01:38:04', NULL),
(477911, 420848, 191, '2019-12-12 01:38:08', NULL),
(477912, 420849, 191, '2019-12-12 01:38:11', NULL),
(477913, 420850, 191, '2019-12-12 01:38:15', NULL),
(477914, 420851, 191, '2019-12-12 01:38:18', NULL),
(477915, 420852, 191, '2019-12-12 01:38:21', NULL),
(477916, 420853, 191, '2019-12-12 01:38:25', NULL),
(477917, 420854, 191, '2019-12-12 01:38:28', NULL),
(477918, 420855, 191, '2019-12-12 01:38:32', NULL),
(477919, 420856, 191, '2019-12-12 01:38:35', NULL),
(477920, 420857, 191, '2019-12-12 01:38:39', NULL),
(477921, 420858, 191, '2019-12-12 01:38:42', NULL),
(477922, 420859, 191, '2019-12-12 01:38:46', NULL),
(477923, 420860, 191, '2019-12-12 01:38:49', NULL),
(477924, 420861, 191, '2019-12-12 01:38:53', NULL),
(477925, 420862, 191, '2019-12-12 01:38:56', NULL),
(477926, 420863, 191, '2019-12-12 01:38:59', NULL),
(477927, 420864, 191, '2019-12-12 01:39:03', NULL),
(477928, 420865, 191, '2019-12-12 01:39:06', NULL),
(477929, 420866, 191, '2019-12-12 01:39:10', NULL),
(477930, 420867, 191, '2019-12-12 01:39:13', NULL),
(477931, 420868, 191, '2019-12-12 01:39:17', NULL),
(477932, 420869, 191, '2019-12-12 01:39:20', NULL),
(477933, 420870, 191, '2019-12-12 01:39:24', NULL),
(477934, 420871, 191, '2019-12-12 01:39:27', NULL),
(477935, 420872, 191, '2019-12-12 01:39:31', NULL),
(477936, 420873, 191, '2019-12-12 01:39:34', NULL),
(477937, 420874, 191, '2019-12-12 01:39:38', NULL),
(477938, 420875, 191, '2019-12-12 01:39:41', NULL),
(477939, 420876, 191, '2019-12-12 01:39:45', NULL),
(477940, 420877, 191, '2019-12-12 01:39:48', NULL),
(477941, 420878, 191, '2019-12-12 01:39:51', NULL),
(477942, 420879, 191, '2019-12-12 01:39:55', NULL),
(477943, 420880, 191, '2019-12-12 01:39:58', NULL),
(477944, 420881, 191, '2019-12-12 01:40:02', NULL),
(477945, 420882, 191, '2019-12-12 01:40:05', NULL),
(477946, 420883, 191, '2019-12-12 01:40:09', NULL),
(477947, 420884, 191, '2019-12-12 01:40:12', NULL),
(477948, 420885, 191, '2019-12-12 01:40:16', NULL),
(477949, 420886, 191, '2019-12-12 01:40:19', NULL),
(477950, 420887, 191, '2019-12-12 01:40:23', NULL),
(477951, 420888, 191, '2019-12-12 01:40:26', NULL),
(477952, 420889, 191, '2019-12-12 01:40:29', NULL),
(477953, 420890, 191, '2019-12-12 01:40:33', NULL),
(477954, 420891, 191, '2019-12-12 01:40:36', NULL),
(477955, 420892, 191, '2019-12-12 01:40:40', NULL),
(477956, 420893, 191, '2019-12-12 01:40:43', NULL),
(477957, 420894, 191, '2019-12-12 01:40:47', NULL),
(477958, 420895, 191, '2019-12-12 01:40:50', NULL),
(477959, 420896, 191, '2019-12-12 01:40:54', NULL),
(477960, 420897, 191, '2019-12-12 01:40:57', NULL),
(477961, 420898, 191, '2019-12-12 01:41:01', NULL),
(477962, 420899, 191, '2019-12-12 01:41:04', NULL),
(477963, 420900, 191, '2019-12-12 01:41:08', NULL),
(477964, 420901, 191, '2019-12-12 01:41:11', NULL),
(477965, 420902, 191, '2019-12-12 01:41:14', NULL),
(477966, 420903, 191, '2019-12-12 01:41:18', NULL),
(477967, 420904, 191, '2019-12-12 01:41:21', NULL),
(477968, 420905, 191, '2019-12-12 01:41:25', NULL),
(477969, 420906, 191, '2019-12-12 01:41:28', NULL),
(477970, 420907, 191, '2019-12-12 01:41:32', NULL),
(477971, 420908, 191, '2019-12-12 01:41:35', NULL),
(477972, 420909, 191, '2019-12-12 01:41:38', NULL),
(477973, 420910, 191, '2019-12-12 01:41:42', NULL),
(477974, 420911, 191, '2019-12-12 01:41:45', NULL),
(477975, 420912, 191, '2019-12-12 01:41:49', NULL),
(477976, 420913, 191, '2019-12-12 01:41:52', NULL),
(477977, 420914, 191, '2019-12-12 01:41:56', NULL),
(477978, 420915, 191, '2019-12-12 01:41:59', NULL),
(477979, 420916, 191, '2019-12-12 01:42:03', NULL),
(477980, 420917, 191, '2019-12-12 01:42:06', NULL),
(477981, 420918, 191, '2019-12-12 01:42:10', NULL),
(477982, 420919, 191, '2019-12-12 01:42:13', NULL),
(477983, 420920, 191, '2019-12-12 01:42:17', NULL),
(477984, 420921, 191, '2019-12-12 01:42:20', NULL),
(477985, 420922, 191, '2019-12-12 01:42:23', NULL),
(477986, 420923, 191, '2019-12-12 01:42:27', NULL),
(477987, 420924, 191, '2019-12-12 01:42:30', NULL),
(477988, 420925, 191, '2019-12-12 01:42:34', NULL),
(477989, 420926, 191, '2019-12-12 01:42:37', NULL),
(477990, 420927, 191, '2019-12-12 01:42:41', NULL),
(477991, 420928, 191, '2019-12-12 01:42:44', NULL),
(477992, 420929, 191, '2019-12-12 01:42:48', NULL),
(477993, 420930, 191, '2019-12-12 01:42:51', NULL),
(477994, 420931, 191, '2019-12-12 01:42:55', NULL),
(477995, 420932, 191, '2019-12-12 01:42:58', NULL),
(477996, 420933, 191, '2019-12-12 01:43:02', NULL),
(477997, 420934, 191, '2019-12-12 01:43:05', NULL),
(477998, 420935, 191, '2019-12-12 01:43:09', NULL),
(477999, 420936, 191, '2019-12-12 01:43:12', NULL),
(478000, 420937, 191, '2019-12-12 01:43:15', NULL),
(478001, 420938, 191, '2019-12-12 01:43:19', NULL),
(478002, 420939, 191, '2019-12-12 01:43:22', NULL),
(478003, 420940, 191, '2019-12-12 01:43:26', NULL),
(478004, 420941, 191, '2019-12-12 01:43:29', NULL),
(478005, 420942, 191, '2019-12-12 01:43:33', NULL),
(478006, 420943, 191, '2019-12-12 01:43:36', NULL),
(478007, 420944, 191, '2019-12-12 01:43:40', NULL),
(478008, 420945, 191, '2019-12-12 01:43:43', NULL),
(478009, 420946, 191, '2019-12-12 01:43:47', NULL),
(478010, 420947, 191, '2019-12-12 01:43:50', NULL),
(478011, 420948, 191, '2019-12-12 01:43:53', NULL),
(478012, 420949, 191, '2019-12-12 01:43:57', NULL),
(478013, 420950, 191, '2019-12-12 01:44:00', NULL),
(478014, 420951, 191, '2019-12-12 01:44:04', NULL),
(478015, 420952, 191, '2019-12-12 01:44:08', NULL),
(478016, 420953, 191, '2019-12-12 01:44:11', NULL),
(478017, 420954, 191, '2019-12-12 01:44:15', NULL),
(478018, 420955, 191, '2019-12-12 01:44:18', NULL),
(478019, 420956, 191, '2019-12-12 01:44:22', NULL),
(478020, 420957, 191, '2019-12-12 01:44:25', NULL),
(478021, 420958, 191, '2019-12-12 01:44:29', NULL),
(478022, 420959, 191, '2019-12-12 01:44:32', NULL),
(478023, 420960, 191, '2019-12-12 01:44:36', NULL),
(478024, 420961, 191, '2019-12-12 01:44:39', NULL),
(478025, 420962, 191, '2019-12-12 01:44:43', NULL),
(478026, 420963, 191, '2019-12-12 01:44:46', NULL),
(478027, 420964, 191, '2019-12-12 01:44:50', NULL),
(478028, 420965, 191, '2019-12-12 01:44:53', NULL),
(478029, 420966, 191, '2019-12-12 01:44:57', NULL),
(478030, 420967, 191, '2019-12-12 01:45:00', NULL),
(478031, 420968, 191, '2019-12-12 01:45:03', NULL),
(478032, 420969, 191, '2019-12-12 01:45:07', NULL),
(478033, 420970, 191, '2019-12-12 01:45:10', NULL),
(478034, 420971, 191, '2019-12-12 01:45:14', NULL),
(478035, 420972, 191, '2019-12-12 01:45:17', NULL),
(478036, 420973, 191, '2019-12-12 01:45:21', NULL),
(478037, 420974, 191, '2019-12-12 01:45:24', NULL),
(478038, 420975, 191, '2019-12-12 01:45:28', NULL),
(478039, 420976, 191, '2019-12-12 01:45:31', NULL),
(478040, 420977, 191, '2019-12-12 01:45:34', NULL),
(478041, 420978, 191, '2019-12-12 01:45:38', NULL),
(478042, 420979, 191, '2019-12-12 01:45:41', NULL),
(478043, 420980, 191, '2019-12-12 01:45:45', NULL),
(478044, 420981, 191, '2019-12-12 01:45:48', NULL),
(478045, 420982, 191, '2019-12-12 01:45:52', NULL),
(478046, 420983, 191, '2019-12-12 01:45:55', NULL),
(478047, 420984, 191, '2019-12-12 01:45:59', NULL),
(478048, 420985, 191, '2019-12-12 01:46:02', NULL),
(478049, 420986, 191, '2019-12-12 01:46:06', NULL),
(478050, 420987, 191, '2019-12-12 01:46:09', NULL),
(478051, 420988, 191, '2019-12-12 01:46:13', NULL),
(478052, 420989, 191, '2019-12-12 01:46:17', NULL),
(478053, 420990, 191, '2019-12-12 01:46:20', NULL),
(478054, 420991, 191, '2019-12-12 01:46:23', NULL),
(478055, 420992, 191, '2019-12-12 01:46:27', NULL),
(478056, 420993, 191, '2019-12-12 01:46:30', NULL),
(478057, 420994, 191, '2019-12-12 01:46:34', NULL),
(478058, 420995, 191, '2019-12-12 01:46:37', NULL),
(478059, 420996, 191, '2019-12-12 01:46:41', NULL),
(478060, 420997, 191, '2019-12-12 01:46:44', NULL),
(478061, 420998, 191, '2019-12-12 01:46:48', NULL),
(478062, 420999, 191, '2019-12-12 01:46:51', NULL),
(478063, 421000, 191, '2019-12-12 01:46:55', NULL),
(478064, 421001, 191, '2019-12-12 01:46:58', NULL),
(478065, 421002, 191, '2019-12-12 01:47:02', NULL),
(478066, 421003, 191, '2019-12-12 01:47:05', NULL),
(478067, 421004, 191, '2019-12-12 01:47:09', NULL),
(478068, 421005, 191, '2019-12-12 01:47:12', NULL),
(478069, 421006, 191, '2019-12-12 01:47:16', NULL),
(478070, 421007, 191, '2019-12-12 01:47:19', NULL),
(478071, 421008, 191, '2019-12-12 01:47:22', NULL),
(478072, 421009, 191, '2019-12-12 01:47:26', NULL),
(478073, 421010, 191, '2019-12-12 01:47:29', NULL),
(478074, 421011, 191, '2019-12-12 01:47:33', NULL),
(478075, 421012, 191, '2019-12-12 01:47:36', NULL),
(478076, 421013, 191, '2019-12-12 01:47:40', NULL),
(478077, 421014, 191, '2019-12-12 01:47:43', NULL),
(478078, 421015, 191, '2019-12-12 01:47:46', NULL),
(478079, 421016, 191, '2019-12-12 01:47:50', NULL),
(478080, 421017, 191, '2019-12-12 01:47:53', NULL),
(478081, 421018, 191, '2019-12-12 01:47:57', NULL),
(478082, 421019, 191, '2019-12-12 01:48:00', NULL),
(478083, 421020, 191, '2019-12-12 01:48:04', NULL),
(478084, 421021, 191, '2019-12-12 01:48:07', NULL),
(478085, 421022, 191, '2019-12-12 01:48:11', NULL),
(478086, 421023, 191, '2019-12-12 01:48:14', NULL),
(478087, 421024, 191, '2019-12-12 01:48:18', NULL),
(478088, 421025, 191, '2019-12-12 01:48:21', NULL),
(478089, 421026, 191, '2019-12-12 01:48:25', NULL),
(478090, 421027, 191, '2019-12-12 01:48:28', NULL),
(478091, 421028, 191, '2019-12-12 01:48:32', NULL),
(478092, 421029, 191, '2019-12-12 01:48:35', NULL),
(478093, 421030, 191, '2019-12-12 01:48:39', NULL),
(478094, 421031, 191, '2019-12-12 01:48:42', NULL),
(478095, 421032, 191, '2019-12-12 01:48:46', NULL),
(478096, 421033, 191, '2019-12-12 01:48:49', NULL),
(478097, 421034, 191, '2019-12-12 01:48:53', NULL),
(478098, 421035, 191, '2019-12-12 01:48:56', NULL),
(478099, 421036, 191, '2019-12-12 01:49:00', NULL),
(478100, 421037, 191, '2019-12-12 01:49:03', NULL),
(478101, 421038, 191, '2019-12-12 01:49:07', NULL),
(478102, 421039, 191, '2019-12-12 01:49:11', NULL),
(478103, 421040, 191, '2019-12-12 01:49:14', NULL),
(478104, 421041, 191, '2019-12-12 01:49:17', NULL),
(478105, 421042, 191, '2019-12-12 01:49:21', NULL),
(478106, 421043, 191, '2019-12-12 01:49:25', NULL),
(478107, 421044, 191, '2019-12-12 01:49:28', NULL),
(478108, 421045, 191, '2019-12-12 01:49:32', NULL),
(478109, 421046, 191, '2019-12-12 01:49:35', NULL),
(478110, 421047, 191, '2019-12-12 01:49:39', NULL),
(478111, 421048, 191, '2019-12-12 01:49:42', NULL),
(478112, 421049, 191, '2019-12-12 01:49:46', NULL),
(478113, 421050, 191, '2019-12-12 01:49:49', NULL),
(478114, 421051, 191, '2019-12-12 01:49:53', NULL),
(478115, 421052, 191, '2019-12-12 01:49:56', NULL),
(478116, 421053, 191, '2019-12-12 01:50:00', NULL),
(478117, 421054, 191, '2019-12-12 01:50:03', NULL),
(478118, 421055, 191, '2019-12-12 01:50:07', NULL),
(478119, 421056, 191, '2019-12-12 01:50:11', NULL),
(478120, 421057, 191, '2019-12-12 01:50:14', NULL),
(478121, 421058, 191, '2019-12-12 01:50:17', NULL),
(478122, 421059, 191, '2019-12-12 01:50:21', NULL),
(478123, 421060, 191, '2019-12-12 01:50:24', NULL),
(478124, 421061, 191, '2019-12-12 01:50:28', NULL),
(478125, 421062, 191, '2019-12-12 01:50:31', NULL),
(478126, 421063, 191, '2019-12-12 01:50:35', NULL),
(478127, 421064, 191, '2019-12-12 01:50:38', NULL),
(478128, 421065, 191, '2019-12-12 01:50:42', NULL),
(478129, 421066, 191, '2019-12-12 01:50:45', NULL),
(478130, 421067, 191, '2019-12-12 01:50:49', NULL),
(478131, 421068, 191, '2019-12-12 01:50:52', NULL),
(478132, 421069, 191, '2019-12-12 01:50:56', NULL),
(478133, 421070, 191, '2019-12-12 01:50:59', NULL),
(478134, 421071, 191, '2019-12-12 01:51:03', NULL),
(478135, 421072, 191, '2019-12-12 01:51:06', NULL),
(478136, 421073, 191, '2019-12-12 01:51:10', NULL),
(478137, 421074, 191, '2019-12-12 01:51:13', NULL),
(478138, 421075, 191, '2019-12-12 01:51:17', NULL),
(478139, 421076, 191, '2019-12-12 01:51:20', NULL),
(478140, 421077, 191, '2019-12-12 01:51:24', NULL),
(478141, 421078, 191, '2019-12-12 01:51:27', NULL),
(478142, 421079, 191, '2019-12-12 01:51:31', NULL),
(478143, 421080, 191, '2019-12-12 01:51:34', NULL),
(478144, 421081, 191, '2019-12-12 01:51:38', NULL),
(478145, 421082, 191, '2019-12-12 01:51:41', NULL),
(478146, 421083, 191, '2019-12-12 01:51:45', NULL),
(478147, 421084, 191, '2019-12-12 01:51:48', NULL),
(478148, 421085, 191, '2019-12-12 01:51:52', NULL),
(478149, 421086, 191, '2019-12-12 01:51:55', NULL),
(478150, 421087, 191, '2019-12-12 01:51:59', NULL),
(478151, 421088, 191, '2019-12-12 01:52:02', NULL),
(478152, 421089, 191, '2019-12-12 01:52:06', NULL),
(478153, 421090, 191, '2019-12-12 01:52:10', NULL),
(478154, 421091, 191, '2019-12-12 01:52:13', NULL),
(478155, 421092, 191, '2019-12-12 01:52:16', NULL),
(478156, 421093, 191, '2019-12-12 01:52:20', NULL),
(478157, 421094, 191, '2019-12-12 01:52:24', NULL),
(478158, 421095, 191, '2019-12-12 01:52:27', NULL),
(478159, 421096, 191, '2019-12-12 01:52:30', NULL),
(478160, 421097, 191, '2019-12-12 01:52:34', NULL),
(478161, 421098, 191, '2019-12-12 01:52:37', NULL),
(478162, 421099, 191, '2019-12-12 01:52:41', NULL),
(478163, 421100, 191, '2019-12-12 01:52:44', NULL),
(478164, 421101, 191, '2019-12-12 01:52:48', NULL),
(478165, 421102, 191, '2019-12-12 01:52:51', NULL),
(478166, 421103, 191, '2019-12-12 01:52:55', NULL),
(478167, 421104, 191, '2019-12-12 01:52:58', NULL),
(478168, 421105, 191, '2019-12-12 01:53:02', NULL),
(478169, 421106, 191, '2019-12-12 01:53:05', NULL),
(478170, 421107, 191, '2019-12-12 01:53:09', NULL),
(478171, 421108, 191, '2019-12-12 01:53:12', NULL),
(478172, 421109, 191, '2019-12-12 01:53:16', NULL),
(478173, 421110, 191, '2019-12-12 01:53:19', NULL),
(478174, 421111, 191, '2019-12-12 01:53:23', NULL),
(478175, 421112, 191, '2019-12-12 01:53:26', NULL),
(478176, 421113, 191, '2019-12-12 01:53:30', NULL),
(478177, 421114, 191, '2019-12-12 01:53:33', NULL),
(478178, 421115, 191, '2019-12-12 01:53:37', NULL),
(478179, 421116, 191, '2019-12-12 01:53:40', NULL),
(478180, 421117, 191, '2019-12-12 01:53:44', NULL),
(478181, 421118, 191, '2019-12-12 01:53:47', NULL),
(478182, 421119, 191, '2019-12-12 01:53:51', NULL),
(478183, 421120, 191, '2019-12-12 01:53:54', NULL),
(478184, 421121, 191, '2019-12-12 01:53:58', NULL),
(478185, 421122, 191, '2019-12-12 01:54:01', NULL),
(478186, 421123, 191, '2019-12-12 01:54:05', NULL),
(478187, 421124, 191, '2019-12-12 01:54:09', NULL),
(478188, 421125, 191, '2019-12-12 01:54:12', NULL),
(478189, 421126, 191, '2019-12-12 01:54:16', NULL),
(478190, 421127, 191, '2019-12-12 01:54:19', NULL),
(478191, 421128, 191, '2019-12-12 01:54:23', NULL),
(478192, 421129, 191, '2019-12-12 01:54:26', NULL),
(478193, 421130, 191, '2019-12-12 01:54:30', NULL),
(478194, 421131, 191, '2019-12-12 01:54:34', NULL),
(478195, 421132, 191, '2019-12-12 01:54:37', NULL),
(478196, 421133, 191, '2019-12-12 01:54:41', NULL),
(478197, 421134, 191, '2019-12-12 01:54:44', NULL),
(478198, 421135, 191, '2019-12-12 01:54:48', NULL),
(478199, 421136, 191, '2019-12-12 01:54:51', NULL),
(478200, 421137, 191, '2019-12-12 01:54:55', NULL),
(478201, 421138, 191, '2019-12-12 01:54:58', NULL),
(478202, 421139, 191, '2019-12-12 01:55:02', NULL),
(478203, 421140, 191, '2019-12-12 01:55:05', NULL),
(478204, 421141, 191, '2019-12-12 01:55:09', NULL),
(478205, 421142, 191, '2019-12-12 01:55:12', NULL),
(478206, 421143, 191, '2019-12-12 01:55:16', NULL),
(478207, 421144, 191, '2019-12-12 01:55:19', NULL),
(478208, 421145, 191, '2019-12-12 01:55:23', NULL),
(478209, 421146, 191, '2019-12-12 01:55:26', NULL),
(478210, 421147, 191, '2019-12-12 01:55:30', NULL),
(478211, 421148, 191, '2019-12-12 01:55:33', NULL),
(478212, 421149, 191, '2019-12-12 01:55:37', NULL),
(478213, 421150, 191, '2019-12-12 01:55:40', NULL),
(478214, 421151, 191, '2019-12-12 01:55:44', NULL),
(478215, 421152, 191, '2019-12-12 01:55:47', NULL),
(478216, 421153, 191, '2019-12-12 01:55:51', NULL),
(478217, 421154, 191, '2019-12-12 01:55:54', NULL),
(478218, 421155, 191, '2019-12-12 01:55:58', NULL),
(478219, 421156, 191, '2019-12-12 01:56:02', NULL),
(478220, 421157, 191, '2019-12-12 01:56:05', NULL),
(478221, 421158, 191, '2019-12-12 01:56:09', NULL),
(478222, 421159, 191, '2019-12-12 01:56:12', NULL),
(478223, 421160, 191, '2019-12-12 01:56:16', NULL),
(478224, 421161, 191, '2019-12-12 01:56:19', NULL),
(478225, 421162, 191, '2019-12-12 01:56:23', NULL),
(478226, 421163, 191, '2019-12-12 01:56:26', NULL),
(478227, 421164, 191, '2019-12-12 01:56:30', NULL),
(478228, 421165, 191, '2019-12-12 01:56:33', NULL),
(478229, 421166, 191, '2019-12-12 01:56:37', NULL),
(478230, 421167, 191, '2019-12-12 01:56:41', NULL),
(478231, 421168, 191, '2019-12-12 01:56:44', NULL),
(478232, 421169, 191, '2019-12-12 01:56:48', NULL),
(478233, 421170, 191, '2019-12-12 01:56:51', NULL),
(478234, 421171, 191, '2019-12-12 01:56:55', NULL),
(478235, 421172, 191, '2019-12-12 01:56:58', NULL),
(478236, 421173, 191, '2019-12-12 01:57:02', NULL),
(478237, 421174, 191, '2019-12-12 01:57:05', NULL),
(478238, 421175, 191, '2019-12-12 01:57:09', NULL),
(478239, 421176, 191, '2019-12-12 01:57:12', NULL),
(478240, 421177, 191, '2019-12-12 01:57:16', NULL),
(478241, 421178, 191, '2019-12-12 01:57:19', NULL),
(478242, 421179, 191, '2019-12-12 01:57:23', NULL),
(478243, 421180, 191, '2019-12-12 01:57:26', NULL),
(478244, 421181, 191, '2019-12-12 01:57:30', NULL),
(478245, 421182, 191, '2019-12-12 01:57:33', NULL),
(478246, 421183, 191, '2019-12-12 01:57:37', NULL),
(478247, 421184, 191, '2019-12-12 01:57:40', NULL),
(478248, 421185, 191, '2019-12-12 01:57:44', NULL),
(478249, 421186, 191, '2019-12-12 01:57:47', NULL),
(478250, 421187, 191, '2019-12-12 01:57:51', NULL),
(478251, 421188, 191, '2019-12-12 01:57:55', NULL),
(478252, 421189, 191, '2019-12-12 01:57:58', NULL),
(478253, 421190, 191, '2019-12-12 01:58:02', NULL),
(478254, 421191, 191, '2019-12-12 01:58:05', NULL),
(478255, 421192, 191, '2019-12-12 01:58:09', NULL),
(478256, 421193, 191, '2019-12-12 01:58:12', NULL),
(478257, 421194, 191, '2019-12-12 01:58:16', NULL),
(478258, 421195, 191, '2019-12-12 01:58:19', NULL),
(478259, 421196, 191, '2019-12-12 01:58:23', NULL),
(478260, 421197, 191, '2019-12-12 01:58:26', NULL),
(478261, 421198, 191, '2019-12-12 01:58:30', NULL),
(478262, 421199, 191, '2019-12-12 01:58:33', NULL),
(478263, 421200, 191, '2019-12-12 01:58:37', NULL),
(478264, 421201, 191, '2019-12-12 01:58:41', NULL),
(478265, 421202, 191, '2019-12-12 01:58:44', NULL),
(478266, 421203, 191, '2019-12-12 01:58:48', NULL),
(478267, 421204, 191, '2019-12-12 01:58:51', NULL),
(478268, 421205, 191, '2019-12-12 01:58:55', NULL),
(478269, 421206, 191, '2019-12-12 01:58:58', NULL),
(478270, 421207, 191, '2019-12-12 01:59:02', NULL),
(478271, 421208, 191, '2019-12-12 01:59:05', NULL),
(478272, 421209, 191, '2019-12-12 01:59:09', NULL),
(478273, 421210, 191, '2019-12-12 01:59:13', NULL),
(478274, 421211, 191, '2019-12-12 01:59:16', NULL),
(478275, 421212, 191, '2019-12-12 01:59:19', NULL),
(478276, 421213, 191, '2019-12-12 01:59:23', NULL),
(478277, 421214, 191, '2019-12-12 01:59:27', NULL),
(478278, 421215, 191, '2019-12-12 01:59:30', NULL),
(478279, 421216, 191, '2019-12-12 01:59:34', NULL),
(478280, 421217, 191, '2019-12-12 01:59:37', NULL),
(478281, 421218, 191, '2019-12-12 01:59:41', NULL),
(478282, 421219, 191, '2019-12-12 01:59:45', NULL),
(478283, 421220, 191, '2019-12-12 01:59:48', NULL),
(478284, 421221, 191, '2019-12-12 01:59:52', NULL),
(478285, 421222, 191, '2019-12-12 01:59:55', NULL),
(478286, 421223, 191, '2019-12-12 01:59:59', NULL),
(478287, 421224, 191, '2019-12-12 02:00:02', NULL),
(478288, 421225, 191, '2019-12-12 02:00:06', NULL),
(478289, 421226, 191, '2019-12-12 02:00:09', NULL),
(478290, 421227, 191, '2019-12-12 02:00:13', NULL),
(478291, 421228, 191, '2019-12-12 02:00:16', NULL),
(478292, 421229, 191, '2019-12-12 02:00:20', NULL),
(478293, 421230, 191, '2019-12-12 02:00:23', NULL),
(478294, 421231, 191, '2019-12-12 02:00:27', NULL),
(478295, 421232, 191, '2019-12-12 02:00:31', NULL),
(478296, 421233, 191, '2019-12-12 02:00:34', NULL),
(478297, 421234, 191, '2019-12-12 02:00:38', NULL),
(478298, 421235, 191, '2019-12-12 02:00:41', NULL),
(478299, 421236, 191, '2019-12-12 02:00:45', NULL),
(478300, 421237, 191, '2019-12-12 02:00:48', NULL),
(478301, 421238, 191, '2019-12-12 02:00:52', NULL),
(478302, 421239, 191, '2019-12-12 02:00:56', NULL),
(478303, 421240, 191, '2019-12-12 02:00:59', NULL),
(478304, 421241, 191, '2019-12-12 02:01:03', NULL),
(478305, 421242, 191, '2019-12-12 02:01:06', NULL),
(478306, 421243, 191, '2019-12-12 02:01:10', NULL),
(478307, 421244, 191, '2019-12-12 02:01:13', NULL),
(478308, 421245, 191, '2019-12-12 02:01:17', NULL),
(478309, 421246, 191, '2019-12-12 02:01:20', NULL),
(478310, 421247, 191, '2019-12-12 02:01:24', NULL),
(478311, 421248, 191, '2019-12-12 02:01:27', NULL),
(478312, 421249, 191, '2019-12-12 02:01:31', NULL),
(478313, 421250, 191, '2019-12-12 02:01:35', NULL),
(478314, 421251, 191, '2019-12-12 02:01:38', NULL),
(478315, 421252, 191, '2019-12-12 02:01:42', NULL),
(478316, 421253, 191, '2019-12-12 02:01:45', NULL),
(478317, 421254, 191, '2019-12-12 02:01:49', NULL),
(478318, 421255, 191, '2019-12-12 02:01:52', NULL),
(478319, 421256, 191, '2019-12-12 02:01:56', NULL),
(478320, 421257, 191, '2019-12-12 02:01:59', NULL),
(478321, 421258, 191, '2019-12-12 02:02:03', NULL),
(478322, 421259, 191, '2019-12-12 02:02:07', NULL),
(478323, 421260, 191, '2019-12-12 02:02:10', NULL),
(478324, 421261, 191, '2019-12-12 02:02:14', NULL),
(478325, 421262, 191, '2019-12-12 02:02:17', NULL),
(478326, 421263, 191, '2019-12-12 02:02:21', NULL),
(478327, 421264, 191, '2019-12-12 02:02:24', NULL),
(478328, 421265, 191, '2019-12-12 02:02:28', NULL),
(478329, 421266, 191, '2019-12-12 02:02:31', NULL),
(478330, 421267, 191, '2019-12-12 02:02:35', NULL),
(478331, 421268, 191, '2019-12-12 02:02:38', NULL),
(478332, 421269, 191, '2019-12-12 02:02:42', NULL),
(478333, 421270, 191, '2019-12-12 02:02:45', NULL),
(478334, 421271, 191, '2019-12-12 02:02:49', NULL),
(478335, 421272, 191, '2019-12-12 02:02:52', NULL),
(478336, 421273, 191, '2019-12-12 02:02:56', NULL),
(478337, 421274, 191, '2019-12-12 02:02:59', NULL),
(478338, 421275, 191, '2019-12-12 02:03:03', NULL),
(478339, 421276, 191, '2019-12-12 02:03:06', NULL),
(478340, 421277, 191, '2019-12-12 02:03:10', NULL),
(478341, 421278, 191, '2019-12-12 02:03:14', NULL),
(478342, 421279, 191, '2019-12-12 02:03:17', NULL),
(478343, 421280, 191, '2019-12-12 02:03:21', NULL),
(478344, 421281, 191, '2019-12-12 02:03:24', NULL),
(478345, 421282, 191, '2019-12-12 02:03:27', NULL),
(478346, 421283, 191, '2019-12-12 02:03:31', NULL),
(478347, 421284, 191, '2019-12-12 02:03:34', NULL),
(478348, 421285, 191, '2019-12-12 02:03:38', NULL),
(478349, 421286, 191, '2019-12-12 02:03:42', NULL),
(478350, 421287, 191, '2019-12-12 02:03:45', NULL),
(478351, 421288, 191, '2019-12-12 02:03:49', NULL),
(478352, 421289, 191, '2019-12-12 02:03:52', NULL),
(478353, 421290, 191, '2019-12-12 02:03:56', NULL),
(478354, 421291, 191, '2019-12-12 02:03:59', NULL),
(478355, 421292, 191, '2019-12-12 02:04:03', NULL),
(478356, 421293, 191, '2019-12-12 02:04:06', NULL),
(478357, 421294, 191, '2019-12-12 02:04:10', NULL),
(478358, 421295, 191, '2019-12-12 02:04:14', NULL),
(478359, 421296, 191, '2019-12-12 02:04:17', NULL),
(478360, 421297, 191, '2019-12-12 02:04:21', NULL),
(478361, 421298, 191, '2019-12-12 02:04:24', NULL),
(478362, 421299, 191, '2019-12-12 02:04:28', NULL),
(478363, 421300, 191, '2019-12-12 02:04:31', NULL),
(478364, 421301, 191, '2019-12-12 02:04:35', NULL),
(478365, 421302, 191, '2019-12-12 02:04:38', NULL),
(478366, 421303, 191, '2019-12-12 02:04:42', NULL),
(478367, 421304, 191, '2019-12-12 02:04:45', NULL),
(478368, 421305, 191, '2019-12-12 02:04:49', NULL),
(478369, 421306, 191, '2019-12-12 02:04:52', NULL),
(478370, 421307, 191, '2019-12-12 02:04:56', NULL),
(478371, 421308, 191, '2019-12-12 02:04:59', NULL),
(478372, 421309, 191, '2019-12-12 02:05:03', NULL),
(478373, 421310, 191, '2019-12-12 02:05:07', NULL),
(478374, 421311, 191, '2019-12-12 02:05:10', NULL),
(478375, 421312, 191, '2019-12-12 02:05:14', NULL),
(478376, 421313, 191, '2019-12-12 02:05:17', NULL),
(478377, 421314, 191, '2019-12-12 02:05:21', NULL),
(478378, 421315, 191, '2019-12-12 02:05:24', NULL),
(478379, 421316, 191, '2019-12-12 02:05:28', NULL),
(478380, 421317, 191, '2019-12-12 02:05:31', NULL),
(478381, 421318, 191, '2019-12-12 02:05:35', NULL),
(478382, 421319, 191, '2019-12-12 02:05:38', NULL),
(478383, 421320, 191, '2019-12-12 02:05:42', NULL),
(478384, 421321, 191, '2019-12-12 02:05:45', NULL),
(478385, 421322, 191, '2019-12-12 02:05:49', NULL),
(478386, 421323, 191, '2019-12-12 02:05:52', NULL),
(478387, 421324, 191, '2019-12-12 02:05:56', NULL),
(478388, 421325, 191, '2019-12-12 02:05:59', NULL),
(478389, 421326, 191, '2019-12-12 02:06:03', NULL),
(478390, 421327, 191, '2019-12-12 02:06:06', NULL),
(478391, 421328, 191, '2019-12-12 02:06:10', NULL),
(478392, 421329, 191, '2019-12-12 02:06:13', NULL),
(478393, 421330, 191, '2019-12-12 02:06:17', NULL),
(478394, 421331, 191, '2019-12-12 02:06:21', NULL),
(478395, 421332, 191, '2019-12-12 02:06:24', NULL),
(478396, 421333, 191, '2019-12-12 02:06:28', NULL),
(478397, 421334, 191, '2019-12-12 02:06:31', NULL),
(478398, 421335, 191, '2019-12-12 02:06:35', NULL),
(478399, 421336, 191, '2019-12-12 02:06:38', NULL),
(478400, 421337, 191, '2019-12-12 02:06:42', NULL),
(478401, 421338, 191, '2019-12-12 02:06:45', NULL),
(478402, 421339, 191, '2019-12-12 02:06:49', NULL),
(478403, 421340, 191, '2019-12-12 02:06:52', NULL),
(478404, 421341, 191, '2019-12-12 02:06:56', NULL),
(478405, 421342, 191, '2019-12-12 02:06:59', NULL),
(478406, 421343, 191, '2019-12-12 02:07:03', NULL),
(478407, 421344, 191, '2019-12-12 02:07:06', NULL),
(478408, 421345, 191, '2019-12-12 02:07:10', NULL),
(478409, 421346, 191, '2019-12-12 02:07:13', NULL),
(478410, 421347, 191, '2019-12-12 02:07:17', NULL),
(478411, 421348, 191, '2019-12-12 02:07:20', NULL),
(478412, 421349, 191, '2019-12-12 02:07:24', NULL),
(478413, 421350, 191, '2019-12-12 02:07:28', NULL),
(478414, 421351, 191, '2019-12-12 02:07:31', NULL),
(478415, 421352, 191, '2019-12-12 02:07:35', NULL),
(478416, 421353, 191, '2019-12-12 02:07:38', NULL),
(478417, 421354, 191, '2019-12-12 02:07:42', NULL),
(478418, 421355, 191, '2019-12-12 02:07:45', NULL),
(478419, 421356, 191, '2019-12-12 02:07:49', NULL),
(478420, 421357, 191, '2019-12-12 02:07:52', NULL),
(478421, 421358, 191, '2019-12-12 02:07:56', NULL),
(478422, 421359, 191, '2019-12-12 02:07:59', NULL),
(478423, 421360, 191, '2019-12-12 02:08:03', NULL),
(478424, 421361, 191, '2019-12-12 02:08:07', NULL),
(478425, 421362, 191, '2019-12-12 02:08:10', NULL),
(478426, 421363, 191, '2019-12-12 02:08:14', NULL),
(478427, 421364, 191, '2019-12-12 02:08:17', NULL),
(478428, 421365, 191, '2019-12-12 02:08:21', NULL),
(478429, 421366, 191, '2019-12-12 02:08:24', NULL),
(478430, 421367, 191, '2019-12-12 02:08:28', NULL),
(478431, 421368, 191, '2019-12-12 02:08:32', NULL),
(478432, 421369, 191, '2019-12-12 02:08:35', NULL),
(478433, 421370, 191, '2019-12-12 02:08:39', NULL),
(478434, 421371, 191, '2019-12-12 02:08:42', NULL),
(478435, 421372, 191, '2019-12-12 02:08:46', NULL),
(478436, 421373, 191, '2019-12-12 02:08:49', NULL),
(478437, 421374, 191, '2019-12-12 02:08:53', NULL),
(478438, 421375, 191, '2019-12-12 02:08:56', NULL),
(478439, 421376, 191, '2019-12-12 02:09:00', NULL),
(478440, 421377, 191, '2019-12-12 02:09:03', NULL),
(478441, 421378, 191, '2019-12-12 02:09:07', NULL),
(478442, 421379, 191, '2019-12-12 02:09:10', NULL),
(478443, 421380, 191, '2019-12-12 02:09:14', NULL),
(478444, 421381, 191, '2019-12-12 02:09:18', NULL),
(478445, 421382, 191, '2019-12-12 02:09:22', NULL),
(478446, 421383, 191, '2019-12-12 02:09:25', NULL),
(478447, 421384, 191, '2019-12-12 02:09:29', NULL),
(478448, 421385, 191, '2019-12-12 02:09:32', NULL),
(478449, 421386, 191, '2019-12-12 02:09:36', NULL),
(478450, 421387, 191, '2019-12-12 02:09:39', NULL),
(478451, 421388, 191, '2019-12-12 02:09:43', NULL),
(478452, 421389, 191, '2019-12-12 02:09:47', NULL),
(478453, 421390, 191, '2019-12-12 02:09:50', NULL),
(478454, 421391, 191, '2019-12-12 02:09:54', NULL),
(478455, 421392, 191, '2019-12-12 02:09:57', NULL),
(478456, 421393, 191, '2019-12-12 02:10:01', NULL),
(478457, 421394, 191, '2019-12-12 02:10:05', NULL),
(478458, 421395, 191, '2019-12-12 02:10:08', NULL),
(478459, 421396, 191, '2019-12-12 02:10:12', NULL),
(478460, 421397, 191, '2019-12-12 02:10:15', NULL),
(478461, 421398, 191, '2019-12-12 02:10:19', NULL),
(478462, 421399, 191, '2019-12-12 02:10:22', NULL),
(478463, 421400, 191, '2019-12-12 02:10:26', NULL),
(478464, 421401, 191, '2019-12-12 02:10:29', NULL),
(478465, 421402, 191, '2019-12-12 02:10:33', NULL),
(478466, 421403, 191, '2019-12-12 02:10:36', NULL),
(478467, 421404, 191, '2019-12-12 02:10:40', NULL),
(478468, 421405, 191, '2019-12-12 02:10:43', NULL),
(478469, 421406, 191, '2019-12-12 02:10:47', NULL),
(478470, 421407, 191, '2019-12-12 02:10:51', NULL),
(478471, 421408, 191, '2019-12-12 02:10:54', NULL),
(478472, 421409, 191, '2019-12-12 02:10:58', NULL),
(478473, 421410, 191, '2019-12-12 02:11:01', NULL),
(478474, 421411, 191, '2019-12-12 02:11:05', NULL),
(478475, 421412, 191, '2019-12-12 02:11:08', NULL),
(478476, 421413, 191, '2019-12-12 02:11:12', NULL),
(478477, 421414, 191, '2019-12-12 02:11:15', NULL),
(478478, 421415, 191, '2019-12-12 02:11:19', NULL),
(478479, 421416, 191, '2019-12-12 02:11:22', NULL),
(478480, 421417, 191, '2019-12-12 02:11:26', NULL),
(478481, 421418, 191, '2019-12-12 02:11:30', NULL),
(478482, 421419, 191, '2019-12-12 02:11:33', NULL),
(478483, 421420, 191, '2019-12-12 02:11:37', NULL),
(478484, 421421, 191, '2019-12-12 02:11:40', NULL),
(478485, 421422, 191, '2019-12-12 02:11:44', NULL),
(478486, 421423, 191, '2019-12-12 02:11:48', NULL),
(478487, 421424, 191, '2019-12-12 02:11:51', NULL),
(478488, 421425, 191, '2019-12-12 02:11:55', NULL),
(478489, 421426, 191, '2019-12-12 02:11:58', NULL),
(478490, 421427, 191, '2019-12-12 02:12:02', NULL),
(478491, 421428, 191, '2019-12-12 02:12:06', NULL),
(478492, 421429, 191, '2019-12-12 02:12:09', NULL),
(478493, 421430, 191, '2019-12-12 02:12:13', NULL),
(478494, 421431, 191, '2019-12-12 02:12:17', NULL),
(478495, 421432, 191, '2019-12-12 02:12:20', NULL),
(478496, 421433, 191, '2019-12-12 02:12:24', NULL),
(478497, 421434, 191, '2019-12-12 02:12:27', NULL),
(478498, 421435, 191, '2019-12-12 02:12:31', NULL),
(478499, 421436, 191, '2019-12-12 02:12:35', NULL),
(478500, 421437, 191, '2019-12-12 02:12:38', NULL),
(478501, 421438, 191, '2019-12-12 02:12:42', NULL),
(478502, 421439, 191, '2019-12-12 02:12:45', NULL),
(478503, 421440, 191, '2019-12-12 02:12:49', NULL),
(478504, 421441, 191, '2019-12-12 02:12:52', NULL),
(478505, 421442, 191, '2019-12-12 02:12:56', NULL),
(478506, 421443, 191, '2019-12-12 02:13:00', NULL),
(478507, 421444, 191, '2019-12-12 02:13:03', NULL),
(478508, 421445, 191, '2019-12-12 02:13:07', NULL),
(478509, 421446, 191, '2019-12-12 02:13:10', NULL),
(478510, 421447, 191, '2019-12-12 02:13:14', NULL),
(478511, 421448, 191, '2019-12-12 02:13:17', NULL),
(478512, 421449, 191, '2019-12-12 02:13:21', NULL),
(478513, 421450, 191, '2019-12-12 02:13:24', NULL),
(478514, 421451, 191, '2019-12-12 02:13:28', NULL),
(478515, 421452, 191, '2019-12-12 02:13:32', NULL),
(478516, 421453, 191, '2019-12-12 02:13:35', NULL),
(478517, 421454, 191, '2019-12-12 02:13:39', NULL),
(478518, 421455, 191, '2019-12-12 02:13:42', NULL),
(478519, 421456, 191, '2019-12-12 02:13:46', NULL),
(478520, 421457, 191, '2019-12-12 02:13:50', NULL),
(478521, 421458, 191, '2019-12-12 02:13:53', NULL),
(478522, 421459, 191, '2019-12-12 02:13:57', NULL),
(478523, 421460, 191, '2019-12-12 02:14:00', NULL),
(478524, 421461, 191, '2019-12-12 02:14:04', NULL),
(478525, 421462, 191, '2019-12-12 02:14:08', NULL),
(478526, 421463, 191, '2019-12-12 02:14:11', NULL),
(478527, 421464, 191, '2019-12-12 02:14:15', NULL),
(478528, 421465, 191, '2019-12-12 02:14:18', NULL),
(478529, 421466, 191, '2019-12-12 02:14:22', NULL),
(478530, 421467, 191, '2019-12-12 02:14:26', NULL),
(478531, 421468, 191, '2019-12-12 02:14:29', NULL),
(478532, 421469, 191, '2019-12-12 02:14:33', NULL);
INSERT INTO `pdv_customer` (`id`, `customer_id`, `pdv_id`, `created_at`, `comment`) VALUES
(478533, 421470, 191, '2019-12-12 02:14:37', NULL),
(478534, 421471, 191, '2019-12-12 02:14:40', NULL),
(478535, 421472, 191, '2019-12-12 02:14:44', NULL),
(478536, 421473, 191, '2019-12-12 02:14:47', NULL),
(478537, 421474, 191, '2019-12-12 02:14:51', NULL),
(478538, 421475, 191, '2019-12-12 02:14:55', NULL),
(478539, 421476, 191, '2019-12-12 02:14:58', NULL),
(478540, 421477, 191, '2019-12-12 02:15:02', NULL),
(478541, 421478, 191, '2019-12-12 02:15:06', NULL),
(478542, 421479, 191, '2019-12-12 02:15:09', NULL),
(478543, 421480, 191, '2019-12-12 02:15:13', NULL),
(478544, 421481, 191, '2019-12-12 02:15:16', NULL),
(478545, 421482, 191, '2019-12-12 02:15:20', NULL),
(478546, 421483, 191, '2019-12-12 02:15:24', NULL),
(478547, 421484, 191, '2019-12-12 02:15:27', NULL),
(478548, 421485, 191, '2019-12-12 02:15:31', NULL),
(478549, 421486, 191, '2019-12-12 02:15:34', NULL),
(478550, 421487, 191, '2019-12-12 02:15:38', NULL),
(478551, 421488, 191, '2019-12-12 02:15:42', NULL),
(478552, 421489, 191, '2019-12-12 02:15:45', NULL),
(478553, 421490, 191, '2019-12-12 02:15:49', NULL),
(478554, 421491, 191, '2019-12-12 02:15:53', NULL),
(478555, 421492, 191, '2019-12-12 02:15:56', NULL),
(478556, 421493, 191, '2019-12-12 02:16:00', NULL),
(478557, 421494, 191, '2019-12-12 02:16:04', NULL),
(478558, 421495, 191, '2019-12-12 02:16:07', NULL),
(478559, 421496, 191, '2019-12-12 02:16:11', NULL),
(478560, 421497, 191, '2019-12-12 02:16:15', NULL),
(478561, 421498, 191, '2019-12-12 02:16:18', NULL),
(478562, 421499, 191, '2019-12-12 02:16:22', NULL),
(478563, 421500, 191, '2019-12-12 02:16:25', NULL),
(478564, 421501, 191, '2019-12-12 02:16:29', NULL),
(478565, 421502, 191, '2019-12-12 02:16:33', NULL),
(478566, 421503, 191, '2019-12-12 02:16:36', NULL),
(478567, 421504, 191, '2019-12-12 02:16:40', NULL),
(478568, 421505, 191, '2019-12-12 02:16:43', NULL),
(478569, 421506, 191, '2019-12-12 02:16:47', NULL),
(478570, 421507, 191, '2019-12-12 02:16:51', NULL),
(478571, 421508, 191, '2019-12-12 02:16:55', NULL),
(478572, 421509, 191, '2019-12-12 02:16:58', NULL),
(478573, 421510, 191, '2019-12-12 02:17:02', NULL),
(478574, 421511, 191, '2019-12-12 02:17:05', NULL),
(478575, 421512, 191, '2019-12-12 02:17:09', NULL),
(478576, 421513, 191, '2019-12-12 02:17:12', NULL),
(478577, 421514, 191, '2019-12-12 02:17:16', NULL),
(478578, 421515, 191, '2019-12-12 02:17:20', NULL),
(478579, 421516, 191, '2019-12-12 02:17:23', NULL),
(478580, 421517, 191, '2019-12-12 02:17:27', NULL),
(478581, 421518, 191, '2019-12-12 02:17:31', NULL),
(478582, 421519, 191, '2019-12-12 02:17:34', NULL),
(478583, 421520, 191, '2019-12-12 02:17:38', NULL),
(478584, 421521, 191, '2019-12-12 02:17:41', NULL),
(478585, 421522, 191, '2019-12-12 02:17:45', NULL),
(478586, 421523, 191, '2019-12-12 02:17:48', NULL),
(478587, 421524, 191, '2019-12-12 02:17:52', NULL),
(478588, 421525, 191, '2019-12-12 02:17:56', NULL),
(478589, 421526, 191, '2019-12-12 02:17:59', NULL),
(478590, 421527, 191, '2019-12-12 02:18:03', NULL),
(478591, 421528, 191, '2019-12-12 02:18:07', NULL),
(478592, 421529, 191, '2019-12-12 02:18:10', NULL),
(478593, 421530, 191, '2019-12-12 02:18:14', NULL),
(478594, 421531, 191, '2019-12-12 02:18:18', NULL),
(478595, 421532, 191, '2019-12-12 02:18:21', NULL),
(478596, 421533, 191, '2019-12-12 02:18:25', NULL),
(478597, 421534, 191, '2019-12-12 02:18:28', NULL),
(478598, 421535, 191, '2019-12-12 02:18:32', NULL),
(478599, 421536, 191, '2019-12-12 02:18:36', NULL),
(478600, 421537, 191, '2019-12-12 02:18:39', NULL),
(478601, 421538, 191, '2019-12-12 02:18:43', NULL),
(478602, 421539, 191, '2019-12-12 02:18:46', NULL),
(478603, 421540, 191, '2019-12-12 02:18:50', NULL),
(478604, 421541, 191, '2019-12-12 02:18:53', NULL),
(478605, 421542, 191, '2019-12-12 02:18:57', NULL),
(478606, 421543, 191, '2019-12-12 02:19:01', NULL),
(478607, 421544, 191, '2019-12-12 02:19:04', NULL),
(478608, 421545, 191, '2019-12-12 02:19:08', NULL),
(478609, 421546, 191, '2019-12-12 02:19:11', NULL),
(478610, 421547, 191, '2019-12-12 02:19:15', NULL),
(478611, 421548, 191, '2019-12-12 02:19:19', NULL),
(478612, 421549, 191, '2019-12-12 02:19:22', NULL),
(478613, 421550, 191, '2019-12-12 02:19:26', NULL),
(478614, 421551, 191, '2019-12-12 02:19:30', NULL),
(478615, 421552, 191, '2019-12-12 02:19:33', NULL),
(478616, 421553, 191, '2019-12-12 02:19:37', NULL),
(478617, 421554, 191, '2019-12-12 02:19:40', NULL),
(478618, 421555, 191, '2019-12-12 02:19:44', NULL),
(478619, 421556, 191, '2019-12-12 02:19:48', NULL),
(478620, 421557, 191, '2019-12-12 02:19:51', NULL),
(478621, 421558, 191, '2019-12-12 02:19:55', NULL),
(478622, 421559, 191, '2019-12-12 11:17:44', NULL),
(478623, 421560, 191, '2019-12-12 13:49:20', NULL),
(478624, 421561, 191, '2019-12-12 13:52:40', NULL),
(478625, 421562, 191, '2019-12-12 14:06:16', 'batiment de la gardienne'),
(478626, 421563, 191, '2019-12-12 20:59:12', NULL),
(478627, 400541, 194, '2019-12-17 17:22:05', NULL);

-- --------------------------------------------------------

--
-- Structure de la table `pdv_opening_day`
--

CREATE TABLE `pdv_opening_day` (
  `id` int(11) NOT NULL,
  `pdv_id` int(11) NOT NULL,
  `day_id` int(11) NOT NULL,
  `midday_start` datetime DEFAULT NULL,
  `midday_end` datetime DEFAULT NULL,
  `evening_start` datetime DEFAULT NULL,
  `evening_end` datetime DEFAULT NULL,
  `midday_start_site` datetime DEFAULT NULL,
  `midday_end_site` datetime DEFAULT NULL,
  `evening_start_site` datetime DEFAULT NULL,
  `evening_end_site` datetime DEFAULT NULL
) ENGINE=InnoDB DEFAULT CHARSET=utf8mb4 COLLATE=utf8mb4_unicode_ci;

-- --------------------------------------------------------

--
-- Structure de la table `pdv_order_type`
--

CREATE TABLE `pdv_order_type` (
  `id` int(11) NOT NULL,
  `pdv_id` int(11) NOT NULL,
  `order_type_id` int(11) DEFAULT NULL,
  `min_delay` int(11) NOT NULL,
  `max_delay` int(11) NOT NULL,
  `default_min_delay` int(11) NOT NULL,
  `default_max_delay` int(11) NOT NULL,
  `active` tinyint(1) NOT NULL
) ENGINE=InnoDB DEFAULT CHARSET=utf8mb4 COLLATE=utf8mb4_unicode_ci;

--
-- Contenu de la table `pdv_order_type`
--

INSERT INTO `pdv_order_type` (`id`, `pdv_id`, `order_type_id`, `min_delay`, `max_delay`, `default_min_delay`, `default_max_delay`, `active`) VALUES
(685, 188, 1, 0, 0, 0, 0, 1),
(686, 188, 2, 0, 0, 0, 0, 1),
(687, 188, 3, 0, 0, 0, 0, 1),
(688, 189, 1, 40, 45, 40, 45, 1),
(689, 189, 2, 15, 25, 15, 25, 1),
(690, 189, 3, 15, 25, 15, 25, 1),
(691, 190, 1, 0, 0, 0, 0, 1),
(692, 190, 2, 0, 0, 0, 0, 1),
(693, 190, 3, 0, 0, 0, 0, 1),
(694, 191, 1, 30, 40, 30, 40, 1),
(695, 191, 2, 15, 20, 15, 20, 0),
(696, 191, 3, 15, 20, 15, 20, 1),
(703, 194, 1, 30, 40, 30, 40, 1),
(704, 194, 2, 20, 25, 20, 25, 1),
(705, 194, 3, 20, 25, 20, 25, 1);

-- --------------------------------------------------------

--
-- Structure de la table `pdv_order_type_day`
--

CREATE TABLE `pdv_order_type_day` (
  `id` int(11) NOT NULL,
  `pdv_order_type_id` int(11) NOT NULL,
  `day_id` int(11) NOT NULL,
  `midday_start` datetime DEFAULT NULL,
  `midday_end` datetime DEFAULT NULL,
  `evening_start` datetime DEFAULT NULL,
  `evening_end` datetime DEFAULT NULL,
  `midday_start_site` datetime DEFAULT NULL,
  `midday_end_site` datetime DEFAULT NULL,
  `evening_start_site` datetime DEFAULT NULL,
  `evening_end_site` datetime DEFAULT NULL
) ENGINE=InnoDB DEFAULT CHARSET=utf8mb4 COLLATE=utf8mb4_unicode_ci;

--
-- Contenu de la table `pdv_order_type_day`
--

INSERT INTO `pdv_order_type_day` (`id`, `pdv_order_type_id`, `day_id`, `midday_start`, `midday_end`, `evening_start`, `evening_end`, `midday_start_site`, `midday_end_site`, `evening_start_site`, `evening_end_site`) VALUES
(4789, 685, 1, '2019-11-25 08:00:00', '2019-11-25 16:00:00', '2019-11-25 16:00:00', '2019-11-25 23:00:00', NULL, NULL, NULL, NULL),
(4790, 685, 2, '2019-11-25 08:00:00', '2019-11-25 16:00:00', '2019-11-25 16:00:00', '2019-11-25 23:00:00', NULL, NULL, NULL, NULL),
(4791, 685, 3, '2019-11-25 08:00:00', '2019-11-25 16:00:00', '2019-11-25 16:00:00', '2019-11-25 23:00:00', NULL, NULL, NULL, NULL),
(4792, 685, 4, '2019-11-25 08:00:00', '2019-11-25 16:00:00', '2019-11-25 16:00:00', '2019-11-25 23:00:00', NULL, NULL, NULL, NULL),
(4793, 685, 5, '2019-11-25 08:00:00', '2019-11-25 16:00:00', '2019-11-25 16:00:00', '2019-11-25 23:00:00', NULL, NULL, NULL, NULL),
(4794, 685, 6, '2019-11-25 08:00:00', '2019-11-25 16:00:00', '2019-11-25 16:00:00', '2019-11-25 23:00:00', NULL, NULL, NULL, NULL),
(4795, 685, 7, '2019-11-25 08:00:00', '2019-11-25 16:00:00', '2019-11-25 16:00:00', '2019-11-25 23:00:00', NULL, NULL, NULL, NULL),
(4796, 686, 1, '2019-11-25 08:00:00', '2019-11-25 16:00:00', '2019-11-25 16:00:00', '2019-11-25 23:00:00', NULL, NULL, NULL, NULL),
(4797, 686, 2, '2019-11-25 08:00:00', '2019-11-25 16:00:00', '2019-11-25 16:00:00', '2019-11-25 23:00:00', NULL, NULL, NULL, NULL),
(4798, 686, 3, '2019-11-25 08:00:00', '2019-11-25 16:00:00', '2019-11-25 16:00:00', '2019-11-25 23:00:00', NULL, NULL, NULL, NULL),
(4799, 686, 4, '2019-11-25 08:00:00', '2019-11-25 16:00:00', '2019-11-25 16:00:00', '2019-11-25 23:00:00', NULL, NULL, NULL, NULL),
(4800, 686, 5, '2019-11-25 08:00:00', '2019-11-25 16:00:00', '2019-11-25 16:00:00', '2019-11-25 23:00:00', NULL, NULL, NULL, NULL),
(4801, 686, 6, '2019-11-25 08:00:00', '2019-11-25 16:00:00', '2019-11-25 16:00:00', '2019-11-25 23:00:00', NULL, NULL, NULL, NULL),
(4802, 686, 7, '2019-11-25 08:00:00', '2019-11-25 16:00:00', '2019-11-25 16:00:00', '2019-11-25 23:00:00', NULL, NULL, NULL, NULL),
(4803, 687, 1, '2019-11-25 08:00:00', '2019-11-25 16:00:00', '2019-11-25 16:00:00', '2019-11-25 23:00:00', NULL, NULL, NULL, NULL),
(4804, 687, 2, '2019-11-25 08:00:00', '2019-11-25 16:00:00', '2019-11-25 16:00:00', '2019-11-25 23:00:00', NULL, NULL, NULL, NULL),
(4805, 687, 3, '2019-11-25 08:00:00', '2019-11-25 16:00:00', '2019-11-25 16:00:00', '2019-11-25 23:00:00', NULL, NULL, NULL, NULL),
(4806, 687, 4, '2019-11-25 08:00:00', '2019-11-25 16:00:00', '2019-11-25 16:00:00', '2019-11-25 23:00:00', NULL, NULL, NULL, NULL),
(4807, 687, 5, '2019-11-25 08:00:00', '2019-11-25 16:00:00', '2019-11-25 16:00:00', '2019-11-25 23:00:00', NULL, NULL, NULL, NULL),
(4808, 687, 6, '2019-11-25 08:00:00', '2019-11-25 16:00:00', '2019-11-25 16:00:00', '2019-11-25 23:00:00', NULL, NULL, NULL, NULL),
(4809, 687, 7, '2019-11-25 08:00:00', '2019-11-25 16:00:00', '2019-11-25 16:00:00', '2019-11-25 23:00:00', NULL, NULL, NULL, NULL),
(4810, 688, 1, '2019-10-04 08:00:00', '2019-10-04 16:00:00', '2019-10-04 16:01:00', '2019-10-04 23:00:00', NULL, NULL, NULL, NULL),
(4811, 688, 2, '2019-10-04 08:00:00', '2019-10-04 16:00:00', '2019-10-04 16:01:00', '2019-10-04 23:00:00', NULL, NULL, NULL, NULL),
(4812, 688, 3, '2019-10-04 08:00:00', '2019-10-04 16:00:00', '2019-10-04 16:01:00', '2019-10-04 23:00:00', NULL, NULL, NULL, NULL),
(4813, 688, 4, '2019-10-04 08:00:00', '2019-10-04 16:00:00', '2019-10-04 16:01:00', '2019-10-04 23:00:00', NULL, NULL, NULL, NULL),
(4814, 688, 5, '2019-10-04 08:00:00', '2019-10-04 16:00:00', '2019-10-04 16:01:00', '2019-10-04 23:00:00', NULL, NULL, NULL, NULL),
(4815, 688, 6, '2019-10-04 08:00:00', '2019-10-04 16:00:00', '2019-10-04 16:01:00', '2019-10-04 23:00:00', NULL, NULL, NULL, NULL),
(4816, 688, 7, '2019-10-04 08:00:00', '2019-10-04 16:00:00', '2019-10-04 16:01:00', '2019-10-04 23:00:00', NULL, NULL, NULL, NULL),
(4817, 689, 1, '2019-10-04 08:00:00', '2019-10-04 16:00:00', '2019-10-04 16:01:00', '2019-10-04 23:00:00', NULL, NULL, NULL, NULL),
(4818, 689, 2, '2019-10-04 08:00:00', '2019-10-04 16:00:00', '2019-10-04 16:01:00', '2019-10-04 23:00:00', NULL, NULL, NULL, NULL),
(4819, 689, 3, '2019-10-04 08:00:00', '2019-10-04 16:00:00', '2019-10-04 16:01:00', '2019-10-04 23:00:00', NULL, NULL, NULL, NULL),
(4820, 689, 4, '2019-10-04 08:00:00', '2019-10-04 16:00:00', '2019-10-04 16:01:00', '2019-10-04 23:00:00', NULL, NULL, NULL, NULL),
(4821, 689, 5, '2019-10-04 08:00:00', '2019-10-04 16:00:00', '2019-10-04 16:01:00', '2019-10-04 23:00:00', NULL, NULL, NULL, NULL),
(4822, 689, 6, '2019-10-04 08:00:00', '2019-10-04 16:00:00', '2019-10-04 16:01:00', '2019-10-04 23:00:00', NULL, NULL, NULL, NULL),
(4823, 689, 7, '2019-10-04 08:00:00', '2019-10-04 16:00:00', '2019-10-04 16:01:00', '2019-10-04 23:00:00', NULL, NULL, NULL, NULL),
(4824, 690, 1, '2019-10-04 08:00:00', '2019-10-04 16:00:00', '2019-10-04 16:01:00', '2019-10-04 23:00:00', NULL, NULL, NULL, NULL),
(4825, 690, 2, '2019-10-04 08:00:00', '2019-10-04 16:00:00', '2019-10-04 16:01:00', '2019-10-04 23:00:00', NULL, NULL, NULL, NULL),
(4826, 690, 3, '2019-10-04 08:00:00', '2019-10-04 16:00:00', '2019-10-04 16:01:00', '2019-10-04 23:00:00', NULL, NULL, NULL, NULL),
(4827, 690, 4, '2019-10-04 08:00:00', '2019-10-04 16:00:00', '2019-10-04 16:01:00', '2019-10-04 23:00:00', NULL, NULL, NULL, NULL),
(4828, 690, 5, '2019-10-04 08:00:00', '2019-10-04 16:00:00', '2019-10-04 16:01:00', '2019-10-04 23:00:00', NULL, NULL, NULL, NULL),
(4829, 690, 6, '2019-10-04 08:00:00', '2019-10-04 16:00:00', '2019-10-04 16:01:00', '2019-10-04 23:00:00', NULL, NULL, NULL, NULL),
(4830, 690, 7, '2019-10-04 08:00:00', '2019-10-04 16:00:00', '2019-10-04 16:01:00', '2019-10-04 23:00:00', NULL, NULL, NULL, NULL),
(4831, 691, 1, '2019-10-09 08:00:00', '2019-10-09 16:00:00', '2019-10-09 16:01:00', '2019-10-09 23:00:00', NULL, NULL, NULL, NULL),
(4832, 691, 2, '2019-10-09 08:00:00', '2019-10-09 16:00:00', '2019-10-09 16:01:00', '2019-10-09 23:00:00', NULL, NULL, NULL, NULL),
(4833, 691, 3, '2019-10-09 08:00:00', '2019-10-09 16:00:00', '2019-10-09 16:01:00', '2019-10-09 23:00:00', NULL, NULL, NULL, NULL),
(4834, 691, 4, '2019-10-09 08:00:00', '2019-10-09 16:00:00', '2019-10-09 16:01:00', '2019-10-09 23:00:00', NULL, NULL, NULL, NULL),
(4835, 691, 5, '2019-10-09 08:00:00', '2019-10-09 16:00:00', '2019-10-09 16:01:00', '2019-10-09 23:00:00', NULL, NULL, NULL, NULL),
(4836, 691, 6, '2019-10-09 08:00:00', '2019-10-09 16:00:00', '2019-10-09 16:01:00', '2019-10-09 23:00:00', NULL, NULL, NULL, NULL),
(4837, 691, 7, '2019-10-09 08:00:00', '2019-10-09 16:00:00', '2019-10-09 16:01:00', '2019-10-09 23:00:00', NULL, NULL, NULL, NULL),
(4838, 692, 1, '2019-10-09 08:00:00', '2019-10-09 16:00:00', '2019-10-09 16:01:00', '2019-10-09 23:00:00', NULL, NULL, NULL, NULL),
(4839, 692, 2, '2019-10-09 08:00:00', '2019-10-09 16:00:00', '2019-10-09 16:01:00', '2019-10-09 23:00:00', NULL, NULL, NULL, NULL),
(4840, 692, 3, '2019-10-09 08:00:00', '2019-10-09 16:00:00', '2019-10-09 16:01:00', '2019-10-09 23:00:00', NULL, NULL, NULL, NULL),
(4841, 692, 4, '2019-10-09 08:00:00', '2019-10-09 16:00:00', '2019-10-09 16:01:00', '2019-10-09 23:00:00', NULL, NULL, NULL, NULL),
(4842, 692, 5, '2019-10-09 08:00:00', '2019-10-09 16:00:00', '2019-10-09 16:01:00', '2019-10-09 23:00:00', NULL, NULL, NULL, NULL),
(4843, 692, 6, '2019-10-09 08:00:00', '2019-10-09 16:00:00', '2019-10-09 16:01:00', '2019-10-09 23:00:00', NULL, NULL, NULL, NULL),
(4844, 692, 7, '2019-10-09 08:00:00', '2019-10-09 16:00:00', '2019-10-09 16:01:00', '2019-10-09 23:00:00', NULL, NULL, NULL, NULL),
(4845, 693, 1, '2019-10-09 08:00:00', '2019-10-09 16:00:00', '2019-10-09 16:01:00', '2019-10-09 23:00:00', NULL, NULL, NULL, NULL),
(4846, 693, 2, '2019-10-09 08:00:00', '2019-10-09 16:00:00', '2019-10-09 16:01:00', '2019-10-09 23:00:00', NULL, NULL, NULL, NULL),
(4847, 693, 3, '2019-10-09 08:00:00', '2019-10-09 16:00:00', '2019-10-09 16:01:00', '2019-10-09 23:00:00', NULL, NULL, NULL, NULL),
(4848, 693, 4, '2019-10-09 08:00:00', '2019-10-09 16:00:00', '2019-10-09 16:01:00', '2019-10-09 23:00:00', NULL, NULL, NULL, NULL),
(4849, 693, 5, '2019-10-09 08:00:00', '2019-10-09 16:00:00', '2019-10-09 16:01:00', '2019-10-09 23:00:00', NULL, NULL, NULL, NULL),
(4850, 693, 6, '2019-10-09 08:00:00', '2019-10-09 16:00:00', '2019-10-09 16:01:00', '2019-10-09 23:00:00', NULL, NULL, NULL, NULL),
(4851, 693, 7, '2019-10-09 08:00:00', '2019-10-09 16:00:00', '2019-10-09 16:01:00', '2019-10-09 23:00:00', NULL, NULL, NULL, NULL),
(4852, 694, 1, '2019-12-13 11:00:00', '2019-12-13 18:00:00', '2019-12-13 17:00:00', '2019-12-13 23:00:00', NULL, NULL, NULL, NULL),
(4853, 694, 2, '2019-12-13 11:00:00', '2019-12-13 18:00:00', '2019-12-13 17:00:00', '2019-12-13 23:00:00', NULL, NULL, NULL, NULL),
(4854, 694, 3, '2019-12-13 11:00:00', '2019-12-13 18:00:00', '2019-12-13 17:00:00', '2019-12-13 23:00:00', NULL, NULL, NULL, NULL),
(4855, 694, 4, '2019-12-13 11:00:00', '2019-12-13 18:00:00', '2019-12-13 17:00:00', '2019-12-13 23:00:00', NULL, NULL, NULL, NULL),
(4856, 694, 5, '2019-12-13 11:00:00', '2019-12-13 18:00:00', '2019-12-13 17:00:00', '2019-12-13 23:00:00', NULL, NULL, NULL, NULL),
(4857, 694, 6, '2019-12-13 11:00:00', '2019-12-13 18:00:00', '2019-12-13 17:00:00', '2019-12-13 23:00:00', NULL, NULL, NULL, NULL),
(4858, 694, 7, '2019-12-13 11:00:00', '2019-12-13 18:00:00', '2019-12-13 17:00:00', '2019-12-13 23:00:00', NULL, NULL, NULL, NULL),
(4859, 695, 1, '2019-12-09 11:00:00', '2019-12-09 14:30:00', '2019-12-09 18:00:00', '2019-12-09 22:30:00', NULL, NULL, NULL, NULL),
(4860, 695, 2, '2019-12-09 11:00:00', '2019-12-09 14:30:00', '2019-12-09 18:00:00', '2019-12-09 22:30:00', NULL, NULL, NULL, NULL),
(4861, 695, 3, '2019-12-09 11:00:00', '2019-12-09 14:30:00', '2019-12-09 18:00:00', '2019-12-09 22:30:00', NULL, NULL, NULL, NULL),
(4862, 695, 4, '2019-12-09 11:00:00', '2019-12-09 14:30:00', '2019-12-09 18:00:00', '2019-12-09 22:30:00', NULL, NULL, NULL, NULL),
(4863, 695, 5, '2019-12-09 11:00:00', '2019-12-09 14:30:00', '2019-12-09 18:00:00', '2019-12-09 22:30:00', NULL, NULL, NULL, NULL),
(4864, 695, 6, '2019-12-09 11:00:00', '2019-12-09 14:30:00', '2019-12-09 18:00:00', '2019-12-09 23:00:00', NULL, NULL, NULL, NULL),
(4865, 695, 7, '2019-12-09 11:00:00', '2019-12-09 14:30:00', '2019-12-09 18:00:00', '2019-12-09 23:00:00', NULL, NULL, NULL, NULL),
(4866, 696, 1, '2019-12-13 11:00:00', '2019-12-13 18:00:00', '2019-12-13 17:00:00', '2019-12-13 23:00:00', NULL, NULL, NULL, NULL),
(4867, 696, 2, '2019-12-13 11:00:00', '2019-12-13 18:00:00', '2019-12-13 17:00:00', '2019-12-13 23:00:00', NULL, NULL, NULL, NULL),
(4868, 696, 3, '2019-12-13 11:00:00', '2019-12-13 18:00:00', '2019-12-13 17:00:00', '2019-12-13 23:00:00', NULL, NULL, NULL, NULL),
(4869, 696, 4, '2019-12-13 11:00:00', '2019-12-13 18:00:00', '2019-12-13 17:00:00', '2019-12-13 23:00:00', NULL, NULL, NULL, NULL),
(4870, 696, 5, '2019-12-13 11:00:00', '2019-12-13 18:00:00', '2019-12-13 17:00:00', '2019-12-13 23:00:00', NULL, NULL, NULL, NULL),
(4871, 696, 6, '2019-12-13 11:00:00', '2019-12-13 18:00:00', '2019-12-13 17:00:00', '2019-12-13 23:00:00', NULL, NULL, NULL, NULL),
(4872, 696, 7, '2019-12-13 11:00:00', '2019-12-13 18:00:00', '2019-12-13 17:00:00', '2019-12-13 23:00:00', NULL, NULL, NULL, NULL),
(4915, 703, 1, '2019-12-17 10:00:00', '2019-12-17 14:30:00', '2019-12-17 18:00:00', '2019-12-17 23:00:00', NULL, NULL, NULL, NULL),
(4916, 703, 2, '2019-12-17 10:00:00', '2019-12-17 14:30:00', '2019-12-17 18:00:00', '2019-12-17 23:00:00', NULL, NULL, NULL, NULL),
(4917, 703, 3, '2019-12-17 10:00:00', '2019-12-17 14:30:00', '2019-12-17 18:00:00', '2019-12-17 23:00:00', NULL, NULL, NULL, NULL),
(4918, 703, 4, '2019-12-17 10:00:00', '2019-12-17 14:30:00', '2019-12-17 18:00:00', '2019-12-17 23:00:00', NULL, NULL, NULL, NULL),
(4919, 703, 5, '2019-12-17 10:00:00', '2019-12-17 14:30:00', '2019-12-17 18:00:00', '2019-12-17 23:00:00', NULL, NULL, NULL, NULL),
(4920, 703, 6, '2019-12-17 10:00:00', '2019-12-17 14:30:00', '2019-12-17 18:00:00', '2019-12-17 23:00:00', NULL, NULL, NULL, NULL),
(4921, 703, 7, '2019-12-17 10:00:00', '2019-12-17 14:30:00', '2019-12-17 18:00:00', '2019-12-17 23:00:00', NULL, NULL, NULL, NULL),
(4922, 704, 1, '2019-12-17 10:00:00', '2019-12-17 14:30:00', '2019-12-17 18:00:00', '2019-12-17 23:00:00', NULL, NULL, NULL, NULL),
(4923, 704, 2, '2019-12-17 10:00:00', '2019-12-17 14:30:00', '2019-12-17 18:00:00', '2019-12-17 23:00:00', NULL, NULL, NULL, NULL),
(4924, 704, 3, '2019-12-17 10:00:00', '2019-12-17 14:30:00', '2019-12-17 18:00:00', '2019-12-17 23:00:00', NULL, NULL, NULL, NULL),
(4925, 704, 4, '2019-12-17 10:00:00', '2019-12-17 14:30:00', '2019-12-17 18:00:00', '2019-12-17 23:00:00', NULL, NULL, NULL, NULL),
(4926, 704, 5, '2019-12-17 10:00:00', '2019-12-17 14:30:00', '2019-12-17 18:00:00', '2019-12-17 23:00:00', NULL, NULL, NULL, NULL),
(4927, 704, 6, '2019-12-17 10:00:00', '2019-12-17 14:30:00', '2019-12-17 18:00:00', '2019-12-17 23:00:00', NULL, NULL, NULL, NULL),
(4928, 704, 7, '2019-12-17 10:00:00', '2019-12-17 14:30:00', '2019-12-17 18:00:00', '2019-12-17 23:00:00', NULL, NULL, NULL, NULL),
(4929, 705, 1, '2019-12-17 10:00:00', '2019-12-17 14:30:00', '2019-12-17 18:00:00', '2019-12-17 23:00:00', NULL, NULL, NULL, NULL),
(4930, 705, 2, '2019-12-17 10:00:00', '2019-12-17 14:30:00', '2019-12-17 16:01:00', '2019-12-17 23:00:00', NULL, NULL, NULL, NULL),
(4931, 705, 3, '2019-12-17 10:00:00', '2019-12-17 14:30:00', '2019-12-17 18:00:00', '2019-12-17 23:00:00', NULL, NULL, NULL, NULL),
(4932, 705, 4, '2019-12-17 10:00:00', '2019-12-17 14:30:00', '2019-12-17 18:00:00', '2019-12-17 23:00:00', NULL, NULL, NULL, NULL),
(4933, 705, 5, '2019-12-17 10:00:00', '2019-12-17 14:30:00', '2019-12-17 18:00:00', '2019-12-17 23:00:00', NULL, NULL, NULL, NULL),
(4934, 705, 6, '2019-12-17 10:00:00', '2019-12-17 14:30:00', '2019-12-17 18:00:00', '2019-12-17 23:00:00', NULL, NULL, NULL, NULL),
(4935, 705, 7, '2019-12-17 10:00:00', '2019-12-17 14:30:00', '2019-12-17 18:00:00', '2019-12-17 23:00:00', NULL, NULL, NULL, NULL);

-- --------------------------------------------------------

--
-- Structure de la table `pdv_payment_mode`
--

CREATE TABLE `pdv_payment_mode` (
  `pdv_id` int(11) NOT NULL,
  `payment_mode_id` int(11) NOT NULL
) ENGINE=InnoDB DEFAULT CHARSET=utf8mb4 COLLATE=utf8mb4_unicode_ci;

--
-- Contenu de la table `pdv_payment_mode`
--

INSERT INTO `pdv_payment_mode` (`pdv_id`, `payment_mode_id`) VALUES
(188, 1),
(188, 2),
(188, 3),
(188, 4),
(189, 1),
(189, 2),
(189, 3),
(189, 4),
(190, 1),
(190, 2),
(190, 4),
(191, 1),
(191, 2),
(191, 3),
(191, 4),
(194, 1),
(194, 2),
(194, 3),
(194, 4);

-- --------------------------------------------------------

--
-- Structure de la table `personal_quality`
--

CREATE TABLE `personal_quality` (
  `id` int(11) NOT NULL,
  `label` varchar(100) COLLATE utf8mb4_unicode_ci NOT NULL
) ENGINE=InnoDB DEFAULT CHARSET=utf8mb4 COLLATE=utf8mb4_unicode_ci;

--
-- Contenu de la table `personal_quality`
--

INSERT INTO `personal_quality` (`id`, `label`) VALUES
(1, 'Livreur'),
(2, 'Caissier'),
(3, 'Cuisinier'),
(4, 'Patron'),
(5, 'Gérant');

-- --------------------------------------------------------

--
-- Structure de la table `platform`
--

CREATE TABLE `platform` (
  `id` int(11) NOT NULL,
  `label` varchar(50) COLLATE utf8mb4_unicode_ci NOT NULL
) ENGINE=InnoDB DEFAULT CHARSET=utf8mb4 COLLATE=utf8mb4_unicode_ci;

--
-- Contenu de la table `platform`
--

INSERT INTO `platform` (`id`, `label`) VALUES
(1, 'Platform Helpyfood'),
(2, 'Site web'),
(3, 'Site mobile'),
(4, 'Application mobile');

-- --------------------------------------------------------

--
-- Structure de la table `profil`
--

CREATE TABLE `profil` (
  `id` int(11) NOT NULL,
  `label` varchar(50) COLLATE utf8mb4_unicode_ci NOT NULL
) ENGINE=InnoDB DEFAULT CHARSET=utf8mb4 COLLATE=utf8mb4_unicode_ci;

--
-- Contenu de la table `profil`
--

INSERT INTO `profil` (`id`, `label`) VALUES
(1, 'Manager'),
(2, 'Operatrice'),
(3, 'Restaurateur'),
(4, 'Equipier'),
(5, 'Super manager'),
(6, 'Superviseur'),
(7, 'Site web user');

-- --------------------------------------------------------

--
-- Structure de la table `profil_rights`
--

CREATE TABLE `profil_rights` (
  `profil_id` int(11) DEFAULT NULL,
  `right_id` int(11) NOT NULL,
  `id` int(11) NOT NULL,
  `base` tinyint(1) NOT NULL
) ENGINE=InnoDB DEFAULT CHARSET=utf8mb4 COLLATE=utf8mb4_unicode_ci;

--
-- Contenu de la table `profil_rights`
--

INSERT INTO `profil_rights` (`profil_id`, `right_id`, `id`, `base`) VALUES
(1, 1, 1, 1),
(1, 2, 2, 1),
(1, 3, 3, 1),
(1, 4, 4, 1),
(1, 5, 5, 0),
(1, 6, 6, 0),
(1, 7, 7, 1),
(1, 8, 8, 1),
(1, 9, 9, 1),
(1, 10, 10, 1),
(1, 11, 11, 1),
(1, 12, 12, 1),
(1, 13, 13, 1),
(1, 14, 14, 1),
(1, 15, 15, 1),
(1, 16, 16, 1),
(2, 1, 17, 1),
(2, 2, 18, 1),
(2, 3, 19, 1),
(2, 4, 20, 0),
(2, 5, 21, 0),
(2, 6, 22, 0),
(3, 1, 24, 1),
(3, 4, 25, 1),
(3, 5, 26, 0),
(3, 7, 27, 1),
(3, 17, 28, 1),
(3, 18, 29, 0),
(3, 19, 30, 1),
(3, 20, 31, 1),
(3, 21, 32, 0),
(3, 22, 33, 1),
(3, 23, 34, 1),
(3, 24, 35, 0),
(3, 25, 36, 0),
(4, 1, 37, 1),
(4, 4, 38, 1),
(4, 5, 39, 0),
(4, 7, 40, 1),
(4, 17, 41, 1),
(4, 18, 42, 1),
(4, 19, 43, 1),
(4, 20, 44, 1),
(4, 21, 45, 1),
(4, 22, 46, 1),
(4, 23, 47, 1),
(4, 24, 48, 1),
(4, 25, 49, 1),
(5, 1, 50, 1),
(5, 2, 51, 1),
(5, 3, 52, 1),
(5, 4, 53, 1),
(5, 5, 54, 0),
(5, 6, 55, 0),
(5, 7, 56, 1),
(5, 8, 57, 1),
(5, 9, 58, 1),
(5, 10, 59, 1),
(5, 11, 60, 1),
(5, 12, 61, 1),
(5, 13, 62, 1),
(5, 14, 63, 1),
(5, 15, 64, 1),
(5, 16, 65, 1),
(6, 1, 66, 1),
(6, 2, 67, 1),
(6, 3, 68, 1),
(6, 4, 69, 1),
(6, 5, 70, 0),
(6, 6, 71, 0),
(6, 7, 72, 1),
(6, 8, 73, 1),
(6, 9, 74, 1),
(6, 10, 75, 1),
(6, 11, 76, 0),
(6, 12, 77, 1),
(6, 13, 78, 0),
(6, 16, 79, 1);

-- --------------------------------------------------------

--
-- Structure de la table `reservation`
--

CREATE TABLE `reservation` (
  `id` int(11) NOT NULL,
  `customer_pdv_id` int(11) NOT NULL,
  `service_id` int(11) DEFAULT NULL,
  `datetime` datetime NOT NULL,
  `comment` longtext COLLATE utf8mb4_unicode_ci,
  `nbrPerson` int(11) NOT NULL,
  `created_ip` varchar(50) COLLATE utf8mb4_unicode_ci NOT NULL,
  `updated_ip` varchar(50) COLLATE utf8mb4_unicode_ci NOT NULL,
  `created_at` datetime NOT NULL,
  `updated_at` datetime NOT NULL,
  `createdUser` int(11) DEFAULT NULL,
  `updatedUser` int(11) DEFAULT NULL
) ENGINE=InnoDB DEFAULT CHARSET=utf8mb4 COLLATE=utf8mb4_unicode_ci;

-- --------------------------------------------------------

--
-- Structure de la table `reservation_table`
--

CREATE TABLE `reservation_table` (
  `reservation_id` int(11) NOT NULL,
  `table_id` int(11) NOT NULL
) ENGINE=InnoDB DEFAULT CHARSET=utf8mb4 COLLATE=utf8mb4_unicode_ci;

-- --------------------------------------------------------

--
-- Structure de la table `restaurant`
--

CREATE TABLE `restaurant` (
  `id` int(11) NOT NULL,
  `name` varchar(200) COLLATE utf8mb4_unicode_ci NOT NULL,
  `website` varchar(300) COLLATE utf8mb4_unicode_ci DEFAULT NULL,
  `avatar` varchar(250) COLLATE utf8mb4_unicode_ci DEFAULT NULL,
  `active` tinyint(1) NOT NULL,
  `created_ip` varchar(50) COLLATE utf8mb4_unicode_ci NOT NULL,
  `created_user` int(11) NOT NULL,
  `updated_ip` varchar(50) COLLATE utf8mb4_unicode_ci NOT NULL,
  `updated_user` int(11) NOT NULL,
  `created_at` datetime NOT NULL,
  `updated_at` datetime NOT NULL
) ENGINE=InnoDB DEFAULT CHARSET=utf8mb4 COLLATE=utf8mb4_unicode_ci;

--
-- Contenu de la table `restaurant`
--

INSERT INTO `restaurant` (`id`, `name`, `website`, `avatar`, `active`, `created_ip`, `created_user`, `updated_ip`, `updated_user`, `created_at`, `updated_at`) VALUES
(267, 'test', 'https://restadmin.restoline.fr', 'bbeafd71ae9555102e573e58bfc2474b.png', 1, '105.159.250.168', 0, '105.159.250.168', 0, '2019-09-03 15:37:17', '2019-10-15 10:51:48'),
(268, 'POKE BOWL SUSHI 76190 Yvetot ', '', '', 1, '105.155.255.102', 0, '', 0, '2019-10-01 15:12:56', '2019-10-01 15:12:56'),
(269, 'NESS PYRAMIDE 77140 NEMOURS ', '', '', 1, '105.155.255.102', 0, '', 0, '2019-10-04 15:17:23', '2019-10-04 15:17:23'),
(270, 'ALLO PIZZA 94000 CRETEIL ', 'https://www.allopizza94.com/', '', 1, '105.155.255.102', 0, '105.155.255.102', 0, '2019-12-04 17:13:02', '2019-12-06 18:28:04'),
(273, 'MILANO PIZZA 91380 Chilli mazarin ', '', 'adce07ee38ed297b11482efb295a3ddc.jpeg', 1, '105.155.255.102', 0, '105.155.255.102', 0, '2019-12-09 18:27:31', '2019-12-09 18:29:26');

-- --------------------------------------------------------

--
-- Structure de la table `rights`
--

CREATE TABLE `rights` (
  `id` int(11) NOT NULL,
  `rule` varchar(100) COLLATE utf8mb4_unicode_ci NOT NULL,
  `label` varchar(100) COLLATE utf8mb4_unicode_ci NOT NULL
) ENGINE=InnoDB DEFAULT CHARSET=utf8mb4 COLLATE=utf8mb4_unicode_ci;

--
-- Contenu de la table `rights`
--

INSERT INTO `rights` (`id`, `rule`, `label`) VALUES
(1, 'RULE_LISTORDERS', 'LISTE COMMANDES'),
(2, 'RULE_NEWORDER', 'CREER COMMANDE'),
(3, 'RULE_EDITORDER', 'MODIFIER COMMANDE'),
(4, 'RULE_HISTORIC', 'HISTORIQUE'),
(5, 'RULE_LISTRESERVATIONS', 'LISTE RESERVATIONS'),
(6, 'RULE_NEWRESERVATION', 'CREER RESERVATION'),
(7, 'RULE_STATISTICAL', 'TABLEAU DE BORD'),
(8, 'RULE_MANAGEMENTREST', 'GESTION RESTAURANT'),
(9, 'RULE_MANAGEMENTRIGHTREST', 'GESTION DROITS RESTAURATEUR'),
(10, 'RULE_MANAGEMENTOPE', 'GESTION OPERATRICE'),
(11, 'RULE_MANAGEMENTRIGHTOPE', 'GESTION DROITS OPERATRICE'),
(12, 'RULE_NEWREST', 'NOUVEAU RESTAURANT'),
(13, 'RULE_MANAGEMENTPLUS', 'GESTION PLUS'),
(14, 'RULE_MANAGEMENTSUPERV', 'GESTION SUPERVISEUR'),
(15, 'RULE_MANAGEMENTRIGHTSUPERV', 'GESTION DROITS SUPERVISEUR'),
(16, 'RULE_MANAGEMENTRESTAURATEUR', 'GESTION RESTAURATEUR'),
(17, 'RULE_COLLECTION', 'ENCAISSEMENT'),
(18, 'RULE_MANAGEMENTCARTEPDV', 'GESTION CARTE'),
(19, 'RULE_PREPARATIONTIME', 'DELAIS DE PREPARATION'),
(20, 'RULE_MANAGEMENTTEAM', 'GESTION EQUIPE'),
(21, 'RULE_MANAGEMENTRIGHTTEAM', 'GESTION DROITS EQUIPE'),
(22, 'RULE_MANAGEMENTTICKETZ', 'TICKETZ'),
(23, 'RULE_MANAGEMENTPRINT', 'GESTION IMPRESSION'),
(24, 'RULE_MANAGEMENTROOM', 'GESTION SALLE'),
(25, 'RULE_NOTIFICATION', 'NOTIFICATION'),
(26, 'RULE_MANAGEMENTDELIVERYZONES', 'GESTION ZONE DE LIVRAISON');

-- --------------------------------------------------------

--
-- Structure de la table `service`
--

CREATE TABLE `service` (
  `id` int(11) NOT NULL,
  `label` varchar(50) COLLATE utf8mb4_unicode_ci NOT NULL
) ENGINE=InnoDB DEFAULT CHARSET=utf8mb4 COLLATE=utf8mb4_unicode_ci;

--
-- Contenu de la table `service`
--

INSERT INTO `service` (`id`, `label`) VALUES
(1, 'MIDI'),
(2, 'SOIR1'),
(3, 'SOIR2');

-- --------------------------------------------------------

--
-- Structure de la table `size`
--

CREATE TABLE `size` (
  `id` int(11) NOT NULL,
  `card_id` int(11) DEFAULT NULL,
  `label` varchar(200) COLLATE utf8mb4_unicode_ci NOT NULL,
  `level` int(11) NOT NULL,
  `id_origine` int(11) DEFAULT NULL
) ENGINE=InnoDB DEFAULT CHARSET=utf8mb4 COLLATE=utf8mb4_unicode_ci;

--
-- Contenu de la table `size`
--

INSERT INTO `size` (`id`, `card_id`, `label`, `level`, `id_origine`) VALUES
(2471, 188, 'JUNIOR', 0, NULL),
(2472, 188, 'Senior', 0, NULL),
(2473, 188, 'Mega', 0, NULL),
(2474, 188, 'Standard', 0, NULL),
(2475, 188, 'Petite', 2, NULL),
(2476, 188, 'Grande', 2, NULL),
(2477, 188, '8 Pièces ', 4, NULL),
(2478, 188, '10 Pièces ', 4, NULL),
(2479, 188, '12 Pièces ', 4, NULL),
(2480, 188, '16 Pièces ', 4, NULL),
(2481, 188, '5 Pièces', 0, NULL),
(2482, 188, '33 Cl', 2, NULL),
(2483, 188, '1.5 L', 2, NULL),
(2484, 189, 'Standard ', 0, NULL),
(2485, 189, '6 Pièces ', 1, NULL),
(2486, 189, '8 Pièces ', 2, NULL),
(2487, 189, '1 Pièces ', 3, NULL),
(2564, 189, '4 Pièces ', 4, NULL),
(2565, 189, '2 Pièces ', 5, NULL),
(2566, 189, 'Petit ', 1, NULL),
(2567, 189, 'Grand ', 2, NULL),
(2568, 189, '33 cl ', 1, NULL),
(2569, 189, '1.5 l ', 2, NULL),
(2570, 189, '100 ml', 1, NULL),
(2571, 190, 'Junior ', 1, NULL),
(2572, 190, 'Senior ', 2, NULL),
(2573, 190, 'Mega ', 3, NULL),
(2574, 190, 'Standard ', 0, NULL),
(2575, 190, '33 cl ', 0, NULL),
(2576, 190, 'Petite ', 1, NULL),
(2577, 190, 'Grande ', 2, NULL),
(2578, 190, '1.5 L', 2, NULL),
(2579, 190, '100 ml', 1, NULL),
(2580, 190, '500 ml ', 2, NULL),
(2581, 191, 'Junior', 1, NULL),
(2582, 191, 'Senior', 2, NULL),
(2583, 191, 'Familiale ', 3, NULL),
(2584, 191, 'Standard ', 0, NULL),
(2585, 191, '10 Pièces ', 2, NULL),
(2586, 191, '8 Pièces ', 1, NULL),
(2587, 191, '12 Pièces ', 3, NULL),
(2588, 191, '16 Piéce ', 4, NULL),
(2589, 191, '33 cl', 1, NULL),
(2590, 191, '100 ml', 1, NULL),
(2591, 191, '150 ml', 2, NULL),
(2592, 191, '500 ml ', 3, NULL),
(2593, 191, '1.5 l', 2, NULL),
(2594, 191, '50 cl ', 3, NULL),
(2595, 194, 'Junior ', 1, NULL),
(2596, 194, 'Senior ', 2, NULL),
(2597, 194, 'Mega ', 3, NULL),
(2598, 194, 'Standard ', 0, NULL),
(2599, 194, '5 Pièces ', 1, NULL),
(2600, 194, '7 Pièces ', 2, NULL),
(2601, 194, '8 Pièces ', 3, NULL),
(2602, 194, '10 Pièces ', 4, NULL),
(2603, 194, '33 cl ', 1, NULL),
(2604, 194, '100 ml', 1, NULL),
(2605, 194, '500 ml ', 2, NULL),
(2606, 194, '1.5 L', 2, NULL),
(2607, 194, '2 L', 3, NULL);

-- --------------------------------------------------------

--
-- Structure de la table `size_card_family`
--

CREATE TABLE `size_card_family` (
  `size_id` int(11) NOT NULL,
  `card_family_id` int(11) NOT NULL
) ENGINE=InnoDB DEFAULT CHARSET=utf8mb4 COLLATE=utf8mb4_unicode_ci;

--
-- Contenu de la table `size_card_family`
--

INSERT INTO `size_card_family` (`size_id`, `card_family_id`) VALUES
(2471, 3184),
(2472, 3184),
(2473, 3184),
(2474, 3185),
(2474, 3186),
(2474, 3189),
(2474, 3190),
(2474, 3191),
(2474, 3192),
(2474, 3195),
(2475, 3188),
(2476, 3188),
(2477, 3188),
(2478, 3188),
(2479, 3188),
(2480, 3188),
(2481, 3188),
(2482, 3187),
(2483, 3187),
(2484, 3199),
(2484, 3205),
(2484, 3206),
(2484, 3214),
(2484, 3289),
(2484, 3290),
(2484, 3291),
(2484, 3292),
(2484, 3295),
(2484, 3296),
(2484, 3326),
(2485, 3200),
(2485, 3201),
(2485, 3202),
(2485, 3208),
(2485, 3209),
(2485, 3210),
(2485, 3211),
(2485, 3212),
(2485, 3213),
(2485, 3287),
(2486, 3207),
(2486, 3214),
(2486, 3291),
(2487, 3203),
(2564, 3287),
(2565, 3288),
(2565, 3289),
(2566, 3204),
(2567, 3204),
(2568, 3294),
(2569, 3294),
(2570, 3293),
(2571, 3297),
(2572, 3297),
(2573, 3297),
(2574, 3297),
(2574, 3298),
(2574, 3299),
(2574, 3300),
(2574, 3301),
(2574, 3302),
(2574, 3303),
(2574, 3304),
(2574, 3305),
(2574, 3306),
(2574, 3307),
(2574, 3308),
(2575, 3307),
(2576, 3306),
(2577, 3306),
(2578, 3307),
(2579, 3308),
(2580, 3308),
(2581, 3309),
(2582, 3309),
(2583, 3309),
(2584, 3310),
(2584, 3311),
(2584, 3312),
(2584, 3313),
(2584, 3314),
(2584, 3315),
(2584, 3316),
(2584, 3317),
(2584, 3318),
(2584, 3319),
(2584, 3320),
(2584, 3322),
(2584, 3323),
(2584, 3328),
(2584, 3329),
(2584, 3330),
(2585, 3314),
(2586, 3314),
(2587, 3314),
(2588, 3314),
(2589, 3321),
(2590, 3322),
(2591, 3322),
(2592, 3322),
(2593, 3321),
(2594, 3321),
(2595, 3324),
(2596, 3324),
(2597, 3324),
(2598, 3324),
(2598, 3327),
(2598, 3331),
(2598, 3332),
(2598, 3334),
(2598, 3335),
(2598, 3336),
(2598, 3339),
(2599, 3335),
(2600, 3335),
(2601, 3335),
(2602, 3335),
(2603, 3337),
(2604, 3338),
(2605, 3338),
(2606, 3337),
(2607, 3337);

-- --------------------------------------------------------

--
-- Structure de la table `size_family`
--

CREATE TABLE `size_family` (
  `library_sizes_id` int(11) NOT NULL,
  `family_id` int(11) NOT NULL
) ENGINE=InnoDB DEFAULT CHARSET=utf8mb4 COLLATE=utf8mb4_unicode_ci;

-- --------------------------------------------------------

--
-- Structure de la table `status`
--

CREATE TABLE `status` (
  `id` int(11) NOT NULL,
  `label` varchar(50) COLLATE utf8mb4_unicode_ci NOT NULL,
  `order` int(11) NOT NULL
) ENGINE=InnoDB DEFAULT CHARSET=utf8mb4 COLLATE=utf8mb4_unicode_ci;

--
-- Contenu de la table `status`
--

INSERT INTO `status` (`id`, `label`, `order`) VALUES
(1, 'Validée', 2),
(2, 'En cuisine', 3),
(3, 'Annulée', 7),
(4, 'Livrée', 6),
(5, 'Récupérée', 4),
(6, 'En cours de livraison', 5),
(8, 'A traiter', 1);

-- --------------------------------------------------------

--
-- Structure de la table `team`
--

CREATE TABLE `team` (
  `id` int(11) NOT NULL,
  `pdv_id` int(11) NOT NULL,
  `lastname` varchar(100) COLLATE utf8mb4_unicode_ci NOT NULL,
  `firstname` varchar(100) COLLATE utf8mb4_unicode_ci NOT NULL,
  `email` varchar(100) COLLATE utf8mb4_unicode_ci DEFAULT NULL,
  `phone` varchar(10) COLLATE utf8mb4_unicode_ci DEFAULT NULL,
  `quality` varchar(100) COLLATE utf8mb4_unicode_ci NOT NULL,
  `active` int(11) NOT NULL,
  `designation` varchar(100) COLLATE utf8mb4_unicode_ci NOT NULL,
  `avatar` varchar(250) COLLATE utf8mb4_unicode_ci DEFAULT NULL,
  `user` tinyint(1) NOT NULL
) ENGINE=InnoDB DEFAULT CHARSET=utf8mb4 COLLATE=utf8mb4_unicode_ci;

--
-- Contenu de la table `team`
--

INSERT INTO `team` (`id`, `pdv_id`, `lastname`, `firstname`, `email`, `phone`, `quality`, `active`, `designation`, `avatar`, `user`) VALUES
(494, 189, '', '', '', '', '1', 1, 'LV1', '', 0),
(495, 189, '', '', '', '', '2', 1, 'Caissier 1', '', 0),
(496, 191, '', '', '', '', '1', 1, 'LIV1', '', 0),
(497, 191, '', '', '', '', '1', 1, 'LIV2', '', 0),
(498, 191, '', '', '', '', '1', 1, 'LIV3', '', 0),
(499, 191, '', '', '', '', '1', 1, 'LIV4', '', 0),
(500, 191, '', '', '', '', '1', 1, 'LIV5', '', 0),
(501, 191, '', '', '', '', '1', 1, 'LIV6', '', 0),
(502, 191, '', '', '', '', '1', 1, 'LIV7', '', 0),
(503, 191, '', '', '', '', '1', 1, 'LIV8', '', 0),
(504, 191, '', '', '', '', '1', 1, 'LIV9', '', 0),
(505, 191, '', '', '', '', '1', 1, 'LIV10', '', 0),
(506, 191, '', '', '', '', '1', 1, 'LIV11', '', 0),
(507, 191, '', '', '', '', '2', 1, 'CAISSIER1', '', 0),
(508, 191, '', '', '', '', '2', 1, 'CAISSIER2', '', 0),
(509, 191, '', '', '', '', '2', 1, 'RESP', '', 0);

-- --------------------------------------------------------

--
-- Structure de la table `user`
--

CREATE TABLE `user` (
  `id` int(11) NOT NULL,
  `profil_id` int(11) NOT NULL,
  `username` varchar(180) COLLATE utf8mb4_unicode_ci NOT NULL,
  `username_canonical` varchar(180) COLLATE utf8mb4_unicode_ci NOT NULL,
  `email` varchar(180) COLLATE utf8mb4_unicode_ci NOT NULL,
  `email_canonical` varchar(180) COLLATE utf8mb4_unicode_ci NOT NULL,
  `enabled` tinyint(1) NOT NULL,
  `salt` varchar(255) COLLATE utf8mb4_unicode_ci DEFAULT NULL,
  `password` varchar(255) COLLATE utf8mb4_unicode_ci NOT NULL,
  `last_login` datetime DEFAULT NULL,
  `confirmation_token` varchar(180) COLLATE utf8mb4_unicode_ci DEFAULT NULL,
  `password_requested_at` datetime DEFAULT NULL,
  `roles` longtext COLLATE utf8mb4_unicode_ci NOT NULL COMMENT '(DC2Type:array)',
  `pseudo` varchar(45) COLLATE utf8mb4_unicode_ci DEFAULT NULL,
  `firstname` varchar(45) COLLATE utf8mb4_unicode_ci DEFAULT NULL,
  `lastname` varchar(255) COLLATE utf8mb4_unicode_ci DEFAULT NULL,
  `avatar` varchar(250) COLLATE utf8mb4_unicode_ci DEFAULT NULL,
  `contact` int(11) DEFAULT NULL,
  `team` int(11) DEFAULT NULL,
  `pdv` int(11) DEFAULT NULL,
  `device_id` varchar(255) COLLATE utf8mb4_unicode_ci DEFAULT NULL
) ENGINE=InnoDB DEFAULT CHARSET=utf8mb4 COLLATE=utf8mb4_unicode_ci;

--
-- Contenu de la table `user`
--

INSERT INTO `user` (`id`, `profil_id`, `username`, `username_canonical`, `email`, `email_canonical`, `enabled`, `salt`, `password`, `last_login`, `confirmation_token`, `password_requested_at`, `roles`, `pseudo`, `firstname`, `lastname`, `avatar`, `contact`, `team`, `pdv`, `device_id`) VALUES
(1, 5, 'ao@helpyfood.com', 'ao@helpyfood.com', 'ao@helpyfood.com', 'ao@helpyfood.com', 1, NULL, '$2y$13$nQynE6YyDWcTu6GjTgo.YOlLfz7uQYSGG9LtJtGu9O6Y7PH5ihT7C', NULL, NULL, NULL, 'a:16:{i:0;s:15:"RULE_LISTORDERS";i:1;s:13:"RULE_NEWORDER";i:2;s:14:"RULE_EDITORDER";i:3;s:13:"RULE_HISTORIC";i:4;s:21:"RULE_LISTRESERVATIONS";i:5;s:19:"RULE_NEWRESERVATION";i:6;s:16:"RULE_STATISTICAL";i:7;s:19:"RULE_MANAGEMENTREST";i:8;s:24:"RULE_MANAGEMENTRIGHTREST";i:9;s:18:"RULE_MANAGEMENTOPE";i:10;s:23:"RULE_MANAGEMENTRIGHTOPE";i:11;s:12:"RULE_NEWREST";i:12;s:19:"RULE_MANAGEMENTPLUS";i:13;s:21:"RULE_MANAGEMENTSUPERV";i:14;s:26:"RULE_MANAGEMENTRIGHTSUPERV";i:15;s:27:"RULE_MANAGEMENTRESTAURATEUR";}', 'admin', 'Abdelouahed', 'OUARRAR', '', NULL, NULL, NULL, NULL),
(53, 1, 'test@helpyfood.com', 'test@helpyfood.com', 'test@helpyfood.com', 'test@helpyfood.com', 0, NULL, '$2y$13$irCG2GznDMYEVeIgQsWrM.tpmXZzVO6AbBB94mvAwIcNcYvzYwkRe', NULL, NULL, NULL, 'a:14:{i:0;s:15:"RULE_LISTORDERS";i:1;s:13:"RULE_NEWORDER";i:2;s:14:"RULE_EDITORDER";i:3;s:13:"RULE_HISTORIC";i:4;s:16:"RULE_STATISTICAL";i:5;s:19:"RULE_MANAGEMENTREST";i:6;s:24:"RULE_MANAGEMENTRIGHTREST";i:7;s:18:"RULE_MANAGEMENTOPE";i:8;s:23:"RULE_MANAGEMENTRIGHTOPE";i:9;s:12:"RULE_NEWREST";i:10;s:19:"RULE_MANAGEMENTPLUS";i:11;s:21:"RULE_MANAGEMENTSUPERV";i:12;s:26:"RULE_MANAGEMENTRIGHTSUPERV";i:13;s:27:"RULE_MANAGEMENTRESTAURATEUR";}', NULL, 'Test', 'Helpyfood', '', NULL, NULL, NULL, NULL),
(66, 5, 'salahbenabdellah@helpyfood.com', 'salahbenabdellah@helpyfood.com', 'salahbenabdellah@helpyfood.com', 'salahbenabdellah@helpyfood.com', 1, NULL, '$2y$13$oQ69TzhUUJeKOE0ESoxBUOs0APW4z5chB9Q9DEZ0OD5SokIqzo0hm', NULL, NULL, NULL, 'a:16:{i:0;s:15:"RULE_LISTORDERS";i:1;s:13:"RULE_NEWORDER";i:2;s:14:"RULE_EDITORDER";i:3;s:13:"RULE_HISTORIC";i:4;s:21:"RULE_LISTRESERVATIONS";i:5;s:19:"RULE_NEWRESERVATION";i:6;s:16:"RULE_STATISTICAL";i:7;s:19:"RULE_MANAGEMENTREST";i:8;s:24:"RULE_MANAGEMENTRIGHTREST";i:9;s:18:"RULE_MANAGEMENTOPE";i:10;s:23:"RULE_MANAGEMENTRIGHTOPE";i:11;s:12:"RULE_NEWREST";i:12;s:19:"RULE_MANAGEMENTPLUS";i:13;s:21:"RULE_MANAGEMENTSUPERV";i:14;s:26:"RULE_MANAGEMENTRIGHTSUPERV";i:15;s:27:"RULE_MANAGEMENTRESTAURATEUR";}', NULL, 'Salaheddine', 'Benabdallah', '', NULL, NULL, NULL, NULL),
(76, 2, 'op@restoline.com', 'op@restoline.com', 'op@restoline.com', 'op@restoline.com', 0, NULL, '$2y$13$eI04/COMseE96QdlbpEkkuHZ6iY1EmRNLvG7zv6HMsP2OloZAwTUO', NULL, NULL, NULL, 'a:4:{i:0;s:15:"RULE_LISTORDERS";i:1;s:13:"RULE_NEWORDER";i:2;s:14:"RULE_EDITORDER";i:3;s:13:"RULE_HISTORIC";}', NULL, 'Test ', 'Op', '', NULL, NULL, NULL, NULL),
(222, 3, 'test@restoline.fr', 'test@restoline.fr', 'test@restoline.fr', 'test@restoline.fr', 0, NULL, '$2y$13$O5l.r7S88buWJjNm6Dr9neFI/8dw6HRAT.PQQuV194gG9z5lZiYwW', NULL, NULL, NULL, 'a:8:{i:0;s:15:"RULE_LISTORDERS";i:1;s:13:"RULE_HISTORIC";i:2;s:16:"RULE_STATISTICAL";i:3;s:15:"RULE_COLLECTION";i:4;s:20:"RULE_PREPARATIONTIME";i:5;s:19:"RULE_MANAGEMENTTEAM";i:6;s:22:"RULE_MANAGEMENTTICKETZ";i:7;s:20:"RULE_MANAGEMENTPRINT";}', NULL, 'test', 'test', NULL, 233, NULL, 188, NULL),
(223, 5, 'mounaaomari@helpyfood.com', 'mounaaomari@restoline.com', 'mounaaomari@restoline.com', 'mounaaomari@restoline.com', 1, NULL, '$2y$13$u4jNxGy9z5f8tcGVB7l08.gf034t4CyQUwhvoqMcdGHr/Mv4gEQX6', NULL, NULL, NULL, 'a:16:{i:0;s:15:"RULE_LISTORDERS";i:1;s:13:"RULE_NEWORDER";i:2;s:14:"RULE_EDITORDER";i:3;s:13:"RULE_HISTORIC";i:4;s:21:"RULE_LISTRESERVATIONS";i:5;s:19:"RULE_NEWRESERVATION";i:6;s:16:"RULE_STATISTICAL";i:7;s:19:"RULE_MANAGEMENTREST";i:8;s:24:"RULE_MANAGEMENTRIGHTREST";i:9;s:18:"RULE_MANAGEMENTOPE";i:10;s:23:"RULE_MANAGEMENTRIGHTOPE";i:11;s:12:"RULE_NEWREST";i:12;s:19:"RULE_MANAGEMENTPLUS";i:13;s:21:"RULE_MANAGEMENTSUPERV";i:14;s:26:"RULE_MANAGEMENTRIGHTSUPERV";i:15;s:27:"RULE_MANAGEMENTRESTAURATEUR";}', NULL, 'Aomari', 'Mouna', '', NULL, NULL, NULL, NULL),
(224, 1, 'designclic@gmail.com', 'designclic@gmail.com', 'designclic@gmail.com', 'designclic@gmail.com', 0, NULL, '$2y$13$QNXCkNE1Yc5unmZsxlPWj.iARa/c7fxTlLkvoJZweycHQE88PXjNy', NULL, NULL, NULL, 'a:14:{i:0;s:15:"RULE_LISTORDERS";i:1;s:13:"RULE_NEWORDER";i:2;s:14:"RULE_EDITORDER";i:3;s:13:"RULE_HISTORIC";i:4;s:16:"RULE_STATISTICAL";i:5;s:19:"RULE_MANAGEMENTREST";i:6;s:24:"RULE_MANAGEMENTRIGHTREST";i:7;s:18:"RULE_MANAGEMENTOPE";i:8;s:23:"RULE_MANAGEMENTRIGHTOPE";i:9;s:12:"RULE_NEWREST";i:10;s:19:"RULE_MANAGEMENTPLUS";i:11;s:21:"RULE_MANAGEMENTSUPERV";i:12;s:26:"RULE_MANAGEMENTRIGHTSUPERV";i:13;s:27:"RULE_MANAGEMENTRESTAURATEUR";}', NULL, 'Djaber', 'Faouzi', '', NULL, NULL, NULL, NULL),
(225, 1, 'ahmed.jlasi@restoline.fr', 'ahmed.jlasi@restoline.fr', 'ahmed.jlasi@restoline.fr', 'ahmed.jlasi@restoline.fr', 0, NULL, '$2y$13$AvB4SZB5hcBgQsqg8NIkPOzloq2.JTSIhHzjOeVy5Anh9cD7mHaGm', NULL, NULL, NULL, 'a:9:{i:0;s:15:"RULE_LISTORDERS";i:1;s:13:"RULE_NEWORDER";i:2;s:14:"RULE_EDITORDER";i:3;s:13:"RULE_HISTORIC";i:4;s:16:"RULE_STATISTICAL";i:5;s:18:"RULE_MANAGEMENTOPE";i:6;s:23:"RULE_MANAGEMENTRIGHTOPE";i:7;s:21:"RULE_MANAGEMENTSUPERV";i:8;s:26:"RULE_MANAGEMENTRIGHTSUPERV";}', NULL, 'Jlasi', 'Ahmed', '', NULL, NULL, NULL, NULL),
(226, 2, 'ilhem.jdidi@restoline.fr', 'ilhem.jdidi@restoline.fr', 'ilhem.jdidi@restoline.fr', 'ilhem.jdidi@restoline.fr', 0, NULL, '$2y$13$s.ztJBVLfORYXhMciTjFdeTq2TYF44CIksQN6nCzTsf3xx4.pNcdy', NULL, NULL, NULL, 'a:3:{i:0;s:15:"RULE_LISTORDERS";i:1;s:13:"RULE_NEWORDER";i:2;s:14:"RULE_EDITORDER";}', NULL, 'Jdidi  ', 'Ilhem', '', NULL, NULL, NULL, NULL),
(227, 2, 'ines.bayar@restoline.fr', 'ines.bayar@restoline.fr', 'ines.bayar@restoline.fr', 'ines.bayar@restoline.fr', 0, NULL, '$2y$13$A/H6Y0j1NJ1pn1C../jZZucOoOs6E0wdf.BXguGhEs0wH4lWedCAa', NULL, NULL, NULL, 'a:3:{i:0;s:15:"RULE_LISTORDERS";i:1;s:13:"RULE_NEWORDER";i:2;s:14:"RULE_EDITORDER";}', NULL, 'bayar', 'ines', '', NULL, NULL, NULL, NULL),
(228, 2, 'sihem.guesmi@restoline.fr', 'sihem.guesmi@restoline.fr', 'sihem.guesmi@restoline.fr', 'sihem.guesmi@restoline.fr', 0, NULL, '$2y$13$STuwlhZ48Yo2qgi25sH28uOF0zuM6BDljFlu/oSNUvtW2q3XnXW7.', NULL, NULL, NULL, 'a:3:{i:0;s:15:"RULE_LISTORDERS";i:1;s:13:"RULE_NEWORDER";i:2;s:14:"RULE_EDITORDER";}', NULL, 'GUESMI', 'Sihem ', '', NULL, NULL, NULL, NULL),
(229, 2, 'myriam.sfar@restoline.fr', 'myriam.sfar@restoline.fr', 'myriam.sfar@restoline.fr', 'myriam.sfar@restoline.fr', 0, NULL, '$2y$13$OAWNbYRv7UzG7k1aFkV6Zevmm2kJdsH7fDWkiAcvTPoQyPkb0wV6G', NULL, NULL, NULL, 'a:3:{i:0;s:15:"RULE_LISTORDERS";i:1;s:13:"RULE_NEWORDER";i:2;s:14:"RULE_EDITORDER";}', NULL, 'SFAR ', 'Myriam', '', NULL, NULL, NULL, NULL),
(230, 3, 'pokebowl@gmail.com', 'pokebowl@gmail.com', 'pokebowl@gmail.com', 'pokebowl@gmail.com', 0, NULL, '$2y$13$yyggZDtE3YmqKHMNZHQaIuCgpT9rkEy5ejNRWRn1TnpSdu0vjUBOq', NULL, NULL, NULL, 'a:8:{i:0;s:15:"RULE_LISTORDERS";i:1;s:13:"RULE_HISTORIC";i:2;s:16:"RULE_STATISTICAL";i:3;s:15:"RULE_COLLECTION";i:4;s:20:"RULE_PREPARATIONTIME";i:5;s:19:"RULE_MANAGEMENTTEAM";i:6;s:22:"RULE_MANAGEMENTTICKETZ";i:7;s:20:"RULE_MANAGEMENTPRINT";}', NULL, 'BOWL', 'POKE ', NULL, 234, NULL, 189, NULL),
(231, 2, 'ikbel.jendoubi@restoline.fr', 'ikbel.jendoubi@restoline.fr', 'ikbel.jendoubi@restoline.fr', 'ikbel.jendoubi@restoline.fr', 0, NULL, '$2y$13$zaw1/JyhM..8QEof.nVRzuX6FcZY1UO4M0PFOSo3.h/7ZEXm1e.aW', NULL, NULL, NULL, 'a:3:{i:0;s:15:"RULE_LISTORDERS";i:1;s:13:"RULE_NEWORDER";i:2;s:14:"RULE_EDITORDER";}', NULL, 'Jendoubi', 'Ikbel ', '', NULL, NULL, NULL, NULL),
(232, 3, 'nesspyramid@gmail.com', 'nesspyramid@gmail.com', 'nesspyramid@gmail.com', 'nesspyramid@gmail.com', 0, NULL, '$2y$13$HarioT84cmfSjIUmhYtY0.ALLBlFMfW.O2tsSI.yEZ6ldpfGK92EW', NULL, NULL, NULL, 'a:8:{i:0;s:15:"RULE_LISTORDERS";i:1;s:13:"RULE_HISTORIC";i:2;s:16:"RULE_STATISTICAL";i:3;s:15:"RULE_COLLECTION";i:4;s:20:"RULE_PREPARATIONTIME";i:5;s:19:"RULE_MANAGEMENTTEAM";i:6;s:22:"RULE_MANAGEMENTTICKETZ";i:7;s:20:"RULE_MANAGEMENTPRINT";}', NULL, 'Pyramid ', 'Ness', NULL, 235, NULL, 190, NULL),
(233, 2, 'mounaaomari@restoline.fr', 'mounaaomari@restoline.fr', 'mounaaomari@restoline.fr', 'mounaaomari@restoline.fr', 1, NULL, '$2y$13$u4jNxGy9z5f8tcGVB7l08.gf034t4CyQUwhvoqMcdGHr/Mv4gEQX6', NULL, NULL, NULL, 'a:3:{i:0;s:15:"RULE_LISTORDERS";i:1;s:13:"RULE_NEWORDER";i:2;s:14:"RULE_EDITORDER";}', NULL, 'AOMARI', 'Mouna', '', NULL, NULL, NULL, NULL),
(234, 2, 'azza.elouerghi@restoline.fr', 'azza.elouerghi@restoline.fr', 'azza.elouerghi@restoline.fr', 'azza.elouerghi@restoline.fr', 0, NULL, '$2y$13$tnyPWiHGnawgBPPaBTF6/eKpOOATAwzqXO/ZWi2gg.gDj4b3woloq', NULL, NULL, NULL, 'a:3:{i:0;s:15:"RULE_LISTORDERS";i:1;s:13:"RULE_NEWORDER";i:2;s:14:"RULE_EDITORDER";}', NULL, 'El ouerghi', 'Azza', '', NULL, NULL, NULL, NULL),
(235, 3, 'mnaf75@hotmail.fr', 'mnaf75@hotmail.fr', 'mnaf75@hotmail.fr', 'mnaf75@hotmail.fr', 0, NULL, '$2y$13$9rmGLyt.BfFulZc/YKlI7eyyaH42Oh6A8euVYrIbLWUB9vnT.zX5C', NULL, NULL, NULL, 'a:8:{i:0;s:15:"RULE_LISTORDERS";i:1;s:13:"RULE_HISTORIC";i:2;s:16:"RULE_STATISTICAL";i:3;s:15:"RULE_COLLECTION";i:4;s:20:"RULE_PREPARATIONTIME";i:5;s:19:"RULE_MANAGEMENTTEAM";i:6;s:22:"RULE_MANAGEMENTTICKETZ";i:7;s:20:"RULE_MANAGEMENTPRINT";}', NULL, 'ALLO PIZZA 94', 'Ali Mnafakh', NULL, 236, NULL, 191, NULL),
(236, 3, 'testan@gmail.com', 'testan@gmail.com', 'testan@gmail.com', 'testan@gmail.com', 0, NULL, '$2y$13$yQWdHjfYMcENswpuN3nzduHD8xJjrqLmTKgYV4oz6DaAiv.O4DQ1.', NULL, NULL, NULL, 'a:8:{i:0;s:15:"RULE_LISTORDERS";i:1;s:13:"RULE_HISTORIC";i:2;s:16:"RULE_STATISTICAL";i:3;s:15:"RULE_COLLECTION";i:4;s:20:"RULE_PREPARATIONTIME";i:5;s:19:"RULE_MANAGEMENTTEAM";i:6;s:22:"RULE_MANAGEMENTTICKETZ";i:7;s:20:"RULE_MANAGEMENTPRINT";}', NULL, 'test', 'testabdo', NULL, 237, NULL, 192, NULL),
(237, 3, 'ao@gmail.com', 'ao@gmail.com', 'ao@gmail.com', 'ao@gmail.com', 0, NULL, '$2y$13$lMdZxiJnNPIS3R5469uK9uEJ0w.qabZSmdBNWwcU8iQmbm5vPR/5q', NULL, NULL, NULL, 'a:8:{i:0;s:15:"RULE_LISTORDERS";i:1;s:13:"RULE_HISTORIC";i:2;s:16:"RULE_STATISTICAL";i:3;s:15:"RULE_COLLECTION";i:4;s:20:"RULE_PREPARATIONTIME";i:5;s:19:"RULE_MANAGEMENTTEAM";i:6;s:22:"RULE_MANAGEMENTTICKETZ";i:7;s:20:"RULE_MANAGEMENTPRINT";}', NULL, 'ao@gmail.com', 'ao@gmail.com', NULL, 238, NULL, 193, NULL),
(238, 3, 'baaroun.mouldi@mail.com', 'baaroun.mouldi@mail.com', 'baaroun.mouldi@mail.com', 'baaroun.mouldi@mail.com', 0, NULL, '$2y$13$ZTBzR9TdwqLZkTIpQBGvL.1cNsReglhYRUUZNUDtvV4K5JtzNC4G.', NULL, NULL, NULL, 'a:8:{i:0;s:15:"RULE_LISTORDERS";i:1;s:13:"RULE_HISTORIC";i:2;s:16:"RULE_STATISTICAL";i:3;s:15:"RULE_COLLECTION";i:4;s:20:"RULE_PREPARATIONTIME";i:5;s:19:"RULE_MANAGEMENTTEAM";i:6;s:22:"RULE_MANAGEMENTTICKETZ";i:7;s:20:"RULE_MANAGEMENTPRINT";}', NULL, 'Mouldi BAAROUN', 'PIZZA MILANO 91380 CHILLI MAZARIN', NULL, 239, NULL, 194, NULL),
(239, 6, 'ahmed@proxi-tel.com', 'ahmed@proxi-tel.com', 'ahmed@proxi-tel.com', 'ahmed@proxi-tel.com', 0, NULL, '$2y$13$RS2jjM59AKxsmZFcm9sTDetT7bBH.0Vz5QjTxt6WSALYF9.T/nq86', NULL, NULL, NULL, 'a:10:{i:0;s:15:"RULE_LISTORDERS";i:1;s:13:"RULE_NEWORDER";i:2;s:14:"RULE_EDITORDER";i:3;s:13:"RULE_HISTORIC";i:4;s:16:"RULE_STATISTICAL";i:5;s:19:"RULE_MANAGEMENTREST";i:6;s:24:"RULE_MANAGEMENTRIGHTREST";i:7;s:18:"RULE_MANAGEMENTOPE";i:8;s:12:"RULE_NEWREST";i:9;s:27:"RULE_MANAGEMENTRESTAURATEUR";}', NULL, 'Ahmed', 'Ahmed', '', NULL, NULL, NULL, NULL);

-- --------------------------------------------------------

--
-- Structure de la table `web_site_users`
--

CREATE TABLE `web_site_users` (
  `id` int(11) NOT NULL,
  `customer_id` int(11) DEFAULT NULL,
  `email` varchar(100) COLLATE utf8mb4_unicode_ci NOT NULL,
  `password` varchar(100) COLLATE utf8mb4_unicode_ci NOT NULL,
  `confirmed` int(11) NOT NULL,
  `confirmation_key` varchar(255) COLLATE utf8mb4_unicode_ci NOT NULL,
  `enabled` tinyint(1) NOT NULL
) ENGINE=InnoDB DEFAULT CHARSET=utf8mb4 COLLATE=utf8mb4_unicode_ci;

--
-- Index pour les tables exportées
--

--
-- Index pour la table `address`
--
ALTER TABLE `address`
  ADD PRIMARY KEY (`id`),
  ADD KEY `IDX_D4E6F819395C3F3` (`customer_id`);

--
-- Index pour la table `bench`
--
ALTER TABLE `bench`
  ADD PRIMARY KEY (`id`),
  ADD KEY `IDX_66D8E3251069E8D` (`pdv_id`);

--
-- Index pour la table `bench_binding`
--
ALTER TABLE `bench_binding`
  ADD PRIMARY KEY (`benchInit_id`,`benchSec_id`),
  ADD KEY `IDX_4CDF1A4F3DE35C7B` (`benchInit_id`),
  ADD KEY `IDX_4CDF1A4F4D366866` (`benchSec_id`);

--
-- Index pour la table `card`
--
ALTER TABLE `card`
  ADD PRIMARY KEY (`id`),
  ADD UNIQUE KEY `UNIQ_161498D31069E8D` (`pdv_id`);

--
-- Index pour la table `card_family`
--
ALTER TABLE `card_family`
  ADD PRIMARY KEY (`id`),
  ADD KEY `IDX_D7D9722F4ACC9A20` (`card_id`),
  ADD KEY `IDX_D7D9722FC35E566A` (`family_id`);

--
-- Index pour la table `card_menu_category`
--
ALTER TABLE `card_menu_category`
  ADD PRIMARY KEY (`id`),
  ADD KEY `IDX_5A6795764ACC9A20` (`card_id`),
  ADD KEY `IDX_5A6795767ABA83AE` (`menu_category_id`);

--
-- Index pour la table `card_offer`
--
ALTER TABLE `card_offer`
  ADD PRIMARY KEY (`id`),
  ADD KEY `IDX_11E276F84ACC9A20` (`card_id`),
  ADD KEY `IDX_11E276F853C674EE` (`offer_id`);

--
-- Index pour la table `category`
--
ALTER TABLE `category`
  ADD PRIMARY KEY (`id`);

--
-- Index pour la table `city_france`
--
ALTER TABLE `city_france`
  ADD PRIMARY KEY (`id`);

--
-- Index pour la table `command`
--
ALTER TABLE `command`
  ADD PRIMARY KEY (`id`),
  ADD KEY `IDX_8ECAEAD47AF16D89` (`createdUser`),
  ADD KEY `IDX_8ECAEAD4C4E0A61F` (`team`),
  ADD KEY `IDX_8ECAEAD42F3CA77F` (`updatedUser`),
  ADD KEY `IDX_8ECAEAD49395C3F3` (`customer_id`),
  ADD KEY `IDX_8ECAEAD4F5B7AF75` (`address_id`),
  ADD KEY `IDX_8ECAEAD46BF700BD` (`status_id`),
  ADD KEY `IDX_8ECAEAD43CD829E5` (`orderTypePdv_id`),
  ADD KEY `IDX_8ECAEAD4FFE6496F` (`platform_id`);

--
-- Index pour la table `command_element`
--
ALTER TABLE `command_element`
  ADD PRIMARY KEY (`id`),
  ADD KEY `IDX_AE2A0DDA33E1689A` (`command_id`),
  ADD KEY `IDX_AE2A0DDA23BDBAF1` (`command_menu_id`),
  ADD KEY `name` (`name`);

--
-- Index pour la table `command_element_ingredients`
--
ALTER TABLE `command_element_ingredients`
  ADD PRIMARY KEY (`id`),
  ADD KEY `IDX_1CDBF95C884AC2E3` (`command_element_id`);

--
-- Index pour la table `command_menu`
--
ALTER TABLE `command_menu`
  ADD PRIMARY KEY (`id`),
  ADD KEY `IDX_DCAF941E33E1689A` (`command_id`);

--
-- Index pour la table `command_payment_mode`
--
ALTER TABLE `command_payment_mode`
  ADD PRIMARY KEY (`id`),
  ADD KEY `IDX_9C236C4933E1689A` (`command_id`),
  ADD KEY `IDX_9C236C496EAC8BA0` (`payment_mode_id`);

--
-- Index pour la table `connexion`
--
ALTER TABLE `connexion`
  ADD PRIMARY KEY (`id`),
  ADD KEY `IDX_936BF99C8D93D649` (`user`);

--
-- Index pour la table `contact`
--
ALTER TABLE `contact`
  ADD PRIMARY KEY (`id`);

--
-- Index pour la table `customer`
--
ALTER TABLE `customer`
  ADD PRIMARY KEY (`id`),
  ADD KEY `IDX_81398E097AF16D89` (`createdUser`),
  ADD KEY `IDX_81398E092F3CA77F` (`updatedUser`);

--
-- Index pour la table `day`
--
ALTER TABLE `day`
  ADD PRIMARY KEY (`id`);

--
-- Index pour la table `element`
--
ALTER TABLE `element`
  ADD PRIMARY KEY (`id`),
  ADD KEY `IDX_41405E39C35E566A` (`family_id`),
  ADD KEY `IDX_41405E394ACC9A20` (`card_id`);

--
-- Index pour la table `element_composition`
--
ALTER TABLE `element_composition`
  ADD PRIMARY KEY (`element_id`,`ingredient_id`),
  ADD KEY `IDX_A6D91BEA1F1F2A24` (`element_id`),
  ADD KEY `IDX_A6D91BEA933FE08C` (`ingredient_id`);

--
-- Index pour la table `element_option_ingredient`
--
ALTER TABLE `element_option_ingredient`
  ADD PRIMARY KEY (`element_id`,`ingredient_id`),
  ADD KEY `IDX_97C878151F1F2A24` (`element_id`),
  ADD KEY `IDX_97C87815933FE08C` (`ingredient_id`);

--
-- Index pour la table `element_order_mode`
--
ALTER TABLE `element_order_mode`
  ADD PRIMARY KEY (`id`),
  ADD KEY `IDX_762F8FD21F1F2A24` (`element_id`),
  ADD KEY `IDX_762F8FD2333625D8` (`order_type_id`);

--
-- Index pour la table `element_size`
--
ALTER TABLE `element_size`
  ADD PRIMARY KEY (`id`),
  ADD KEY `IDX_B4FE05931F1F2A24` (`element_id`),
  ADD KEY `IDX_B4FE0593498DA827` (`size_id`);

--
-- Index pour la table `element_supplement`
--
ALTER TABLE `element_supplement`
  ADD PRIMARY KEY (`element_id`,`ingredient_id`),
  ADD KEY `IDX_AD4E81A71F1F2A24` (`element_id`),
  ADD KEY `IDX_AD4E81A7933FE08C` (`ingredient_id`);

--
-- Index pour la table `family`
--
ALTER TABLE `family`
  ADD PRIMARY KEY (`id`),
  ADD KEY `IDX_A5E6215B12469DE2` (`category_id`);

--
-- Index pour la table `ingredient`
--
ALTER TABLE `ingredient`
  ADD PRIMARY KEY (`id`),
  ADD KEY `IDX_6BAF7870AA35537B` (`ingredient_category_id`),
  ADD KEY `IDX_6BAF78704ACC9A20` (`card_id`);

--
-- Index pour la table `ingredient_card_family`
--
ALTER TABLE `ingredient_card_family`
  ADD PRIMARY KEY (`ingredient_id`,`card_family_id`),
  ADD KEY `IDX_6FAABCB6933FE08C` (`ingredient_id`),
  ADD KEY `IDX_6FAABCB6B756B53E` (`card_family_id`);

--
-- Index pour la table `ingredient_category`
--
ALTER TABLE `ingredient_category`
  ADD PRIMARY KEY (`id`);

--
-- Index pour la table `ingredient_catFamSize`
--
ALTER TABLE `ingredient_catFamSize`
  ADD PRIMARY KEY (`id`),
  ADD KEY `IDX_875430B7498DA827` (`size_id`),
  ADD KEY `IDX_875430B7AA35537B` (`ingredient_category_id`),
  ADD KEY `IDX_875430B7B756B53E` (`card_family_id`);

--
-- Index pour la table `librarySizes`
--
ALTER TABLE `librarySizes`
  ADD PRIMARY KEY (`id`);

--
-- Index pour la table `library_ingredients`
--
ALTER TABLE `library_ingredients`
  ADD PRIMARY KEY (`id`),
  ADD KEY `IDX_1237386BAA35537B` (`ingredient_category_id`);

--
-- Index pour la table `menu`
--
ALTER TABLE `menu`
  ADD PRIMARY KEY (`id`),
  ADD KEY `IDX_7D053A934ACC9A20` (`card_id`),
  ADD KEY `IDX_7D053A93D631C085` (`menu_time_id`),
  ADD KEY `IDX_7D053A937ABA83AE` (`menu_category_id`),
  ADD KEY `IDX_7D053A93EAF7BA6D` (`card_offer_id`);

--
-- Index pour la table `menu_category`
--
ALTER TABLE `menu_category`
  ADD PRIMARY KEY (`id`);

--
-- Index pour la table `menu_element_size`
--
ALTER TABLE `menu_element_size`
  ADD PRIMARY KEY (`id`),
  ADD KEY `IDX_CBFCF436CCD7E912` (`menu_id`),
  ADD KEY `IDX_CBFCF436BE66E873` (`element_size_id`);

--
-- Index pour la table `menu_exclusion`
--
ALTER TABLE `menu_exclusion`
  ADD PRIMARY KEY (`menu_id`,`element_size_id`),
  ADD KEY `IDX_14B10F58CCD7E912` (`menu_id`),
  ADD KEY `IDX_14B10F58BE66E873` (`element_size_id`);

--
-- Index pour la table `menu_family_size`
--
ALTER TABLE `menu_family_size`
  ADD PRIMARY KEY (`id`),
  ADD KEY `IDX_EB4B9802CCD7E912` (`menu_id`),
  ADD KEY `IDX_EB4B9802B756B53E` (`card_family_id`),
  ADD KEY `IDX_EB4B9802498DA827` (`size_id`);

--
-- Index pour la table `menu_option`
--
ALTER TABLE `menu_option`
  ADD PRIMARY KEY (`id`),
  ADD KEY `IDX_89C15868CCD7E912` (`menu_id`),
  ADD KEY `IDX_89C15868BE66E873` (`element_size_id`);

--
-- Index pour la table `menu_order_mode`
--
ALTER TABLE `menu_order_mode`
  ADD PRIMARY KEY (`id`),
  ADD KEY `IDX_FB96C96ECCD7E912` (`menu_id`),
  ADD KEY `IDX_FB96C96E333625D8` (`order_type_id`);

--
-- Index pour la table `menu_time`
--
ALTER TABLE `menu_time`
  ADD PRIMARY KEY (`id`);

--
-- Index pour la table `oauth2_access_token`
--
ALTER TABLE `oauth2_access_token`
  ADD PRIMARY KEY (`id`),
  ADD UNIQUE KEY `UNIQ_454D96735F37A13B` (`token`),
  ADD KEY `IDX_454D967319EB6921` (`client_id`),
  ADD KEY `IDX_454D9673A76ED395` (`user_id`);

--
-- Index pour la table `oauth2_auth_code`
--
ALTER TABLE `oauth2_auth_code`
  ADD PRIMARY KEY (`id`),
  ADD UNIQUE KEY `UNIQ_1D2905B55F37A13B` (`token`),
  ADD KEY `IDX_1D2905B519EB6921` (`client_id`),
  ADD KEY `IDX_1D2905B5A76ED395` (`user_id`);

--
-- Index pour la table `oauth2_client`
--
ALTER TABLE `oauth2_client`
  ADD PRIMARY KEY (`id`);

--
-- Index pour la table `oauth2_refresh_token`
--
ALTER TABLE `oauth2_refresh_token`
  ADD PRIMARY KEY (`id`),
  ADD UNIQUE KEY `UNIQ_4DD907325F37A13B` (`token`),
  ADD KEY `IDX_4DD9073219EB6921` (`client_id`),
  ADD KEY `IDX_4DD90732A76ED395` (`user_id`);

--
-- Index pour la table `offer`
--
ALTER TABLE `offer`
  ADD PRIMARY KEY (`id`);

--
-- Index pour la table `order_type`
--
ALTER TABLE `order_type`
  ADD PRIMARY KEY (`id`);

--
-- Index pour la table `payment_mode`
--
ALTER TABLE `payment_mode`
  ADD PRIMARY KEY (`id`);

--
-- Index pour la table `pdv`
--
ALTER TABLE `pdv`
  ADD PRIMARY KEY (`id`),
  ADD KEY `IDX_1347CBE8B1E7706E` (`restaurant_id`);

--
-- Index pour la table `pdv_city_france`
--
ALTER TABLE `pdv_city_france`
  ADD PRIMARY KEY (`id`),
  ADD KEY `IDX_D06D65F51069E8D` (`pdv_id`),
  ADD KEY `IDX_D06D65F579EE5DE7` (`city_france_ID`);

--
-- Index pour la table `pdv_contact`
--
ALTER TABLE `pdv_contact`
  ADD PRIMARY KEY (`contact_id`,`pdv_id`),
  ADD KEY `IDX_93182566E7A1254A` (`contact_id`),
  ADD KEY `IDX_931825661069E8D` (`pdv_id`);

--
-- Index pour la table `pdv_customer`
--
ALTER TABLE `pdv_customer`
  ADD PRIMARY KEY (`id`),
  ADD KEY `IDX_D3588399395C3F3` (`customer_id`),
  ADD KEY `IDX_D3588391069E8D` (`pdv_id`);

--
-- Index pour la table `pdv_opening_day`
--
ALTER TABLE `pdv_opening_day`
  ADD PRIMARY KEY (`id`),
  ADD KEY `IDX_78BD0D6E1069E8D` (`pdv_id`),
  ADD KEY `IDX_78BD0D6E9C24126` (`day_id`);

--
-- Index pour la table `pdv_order_type`
--
ALTER TABLE `pdv_order_type`
  ADD PRIMARY KEY (`id`),
  ADD KEY `IDX_F70A72F41069E8D` (`pdv_id`),
  ADD KEY `IDX_F70A72F4333625D8` (`order_type_id`);

--
-- Index pour la table `pdv_order_type_day`
--
ALTER TABLE `pdv_order_type_day`
  ADD PRIMARY KEY (`id`),
  ADD KEY `IDX_2F8C82912950ECA1` (`pdv_order_type_id`),
  ADD KEY `IDX_2F8C82919C24126` (`day_id`);

--
-- Index pour la table `pdv_payment_mode`
--
ALTER TABLE `pdv_payment_mode`
  ADD PRIMARY KEY (`pdv_id`,`payment_mode_id`),
  ADD KEY `IDX_A54D4CB1069E8D` (`pdv_id`),
  ADD KEY `IDX_A54D4CB6EAC8BA0` (`payment_mode_id`);

--
-- Index pour la table `personal_quality`
--
ALTER TABLE `personal_quality`
  ADD PRIMARY KEY (`id`);

--
-- Index pour la table `platform`
--
ALTER TABLE `platform`
  ADD PRIMARY KEY (`id`);

--
-- Index pour la table `profil`
--
ALTER TABLE `profil`
  ADD PRIMARY KEY (`id`);

--
-- Index pour la table `profil_rights`
--
ALTER TABLE `profil_rights`
  ADD PRIMARY KEY (`id`),
  ADD KEY `IDX_709F5851275ED078` (`profil_id`),
  ADD KEY `IDX_709F585154976835` (`right_id`);

--
-- Index pour la table `reservation`
--
ALTER TABLE `reservation`
  ADD PRIMARY KEY (`id`),
  ADD KEY `IDX_42C84955B0C342DC` (`customer_pdv_id`),
  ADD KEY `IDX_42C84955ED5CA9E6` (`service_id`),
  ADD KEY `IDX_42C849557AF16D89` (`createdUser`),
  ADD KEY `IDX_42C849552F3CA77F` (`updatedUser`);

--
-- Index pour la table `reservation_table`
--
ALTER TABLE `reservation_table`
  ADD PRIMARY KEY (`reservation_id`,`table_id`),
  ADD KEY `IDX_B5565FE1B83297E7` (`reservation_id`),
  ADD KEY `IDX_B5565FE1ECFF285C` (`table_id`);

--
-- Index pour la table `restaurant`
--
ALTER TABLE `restaurant`
  ADD PRIMARY KEY (`id`);

--
-- Index pour la table `rights`
--
ALTER TABLE `rights`
  ADD PRIMARY KEY (`id`);

--
-- Index pour la table `service`
--
ALTER TABLE `service`
  ADD PRIMARY KEY (`id`);

--
-- Index pour la table `size`
--
ALTER TABLE `size`
  ADD PRIMARY KEY (`id`),
  ADD KEY `IDX_F7C0246A4ACC9A20` (`card_id`);

--
-- Index pour la table `size_card_family`
--
ALTER TABLE `size_card_family`
  ADD PRIMARY KEY (`size_id`,`card_family_id`),
  ADD KEY `IDX_F76C181F498DA827` (`size_id`),
  ADD KEY `IDX_F76C181FB756B53E` (`card_family_id`);

--
-- Index pour la table `size_family`
--
ALTER TABLE `size_family`
  ADD PRIMARY KEY (`library_sizes_id`,`family_id`),
  ADD KEY `IDX_1D8A5496649174F2` (`library_sizes_id`),
  ADD KEY `IDX_1D8A5496C35E566A` (`family_id`);

--
-- Index pour la table `status`
--
ALTER TABLE `status`
  ADD PRIMARY KEY (`id`);

--
-- Index pour la table `team`
--
ALTER TABLE `team`
  ADD PRIMARY KEY (`id`),
  ADD KEY `IDX_C4E0A61F1069E8D` (`pdv_id`);

--
-- Index pour la table `user`
--
ALTER TABLE `user`
  ADD PRIMARY KEY (`id`),
  ADD UNIQUE KEY `UNIQ_8D93D64992FC23A8` (`username_canonical`),
  ADD UNIQUE KEY `UNIQ_8D93D649A0D96FBF` (`email_canonical`),
  ADD UNIQUE KEY `UNIQ_8D93D649C05FB297` (`confirmation_token`),
  ADD KEY `IDX_8D93D649275ED078` (`profil_id`);

--
-- Index pour la table `web_site_users`
--
ALTER TABLE `web_site_users`
  ADD PRIMARY KEY (`id`),
  ADD KEY `IDX_51B9CFE09395C3F3` (`customer_id`);

--
-- AUTO_INCREMENT pour les tables exportées
--

--
-- AUTO_INCREMENT pour la table `address`
--
ALTER TABLE `address`
  MODIFY `id` int(11) NOT NULL AUTO_INCREMENT, AUTO_INCREMENT=439664;
--
-- AUTO_INCREMENT pour la table `bench`
--
ALTER TABLE `bench`
  MODIFY `id` int(11) NOT NULL AUTO_INCREMENT;
--
-- AUTO_INCREMENT pour la table `card`
--
ALTER TABLE `card`
  MODIFY `id` int(11) NOT NULL AUTO_INCREMENT, AUTO_INCREMENT=195;
--
-- AUTO_INCREMENT pour la table `card_family`
--
ALTER TABLE `card_family`
  MODIFY `id` int(11) NOT NULL AUTO_INCREMENT, AUTO_INCREMENT=3340;
--
-- AUTO_INCREMENT pour la table `card_menu_category`
--
ALTER TABLE `card_menu_category`
  MODIFY `id` int(11) NOT NULL AUTO_INCREMENT, AUTO_INCREMENT=1436;
--
-- AUTO_INCREMENT pour la table `card_offer`
--
ALTER TABLE `card_offer`
  MODIFY `id` int(11) NOT NULL AUTO_INCREMENT, AUTO_INCREMENT=287;
--
-- AUTO_INCREMENT pour la table `category`
--
ALTER TABLE `category`
  MODIFY `id` int(11) NOT NULL AUTO_INCREMENT, AUTO_INCREMENT=49;
--
-- AUTO_INCREMENT pour la table `city_france`
--
ALTER TABLE `city_france`
  MODIFY `id` int(11) NOT NULL AUTO_INCREMENT, AUTO_INCREMENT=36835;
--
-- AUTO_INCREMENT pour la table `command`
--
ALTER TABLE `command`
  MODIFY `id` int(11) NOT NULL AUTO_INCREMENT, AUTO_INCREMENT=97716;
--
-- AUTO_INCREMENT pour la table `command_element`
--
ALTER TABLE `command_element`
  MODIFY `id` int(11) NOT NULL AUTO_INCREMENT, AUTO_INCREMENT=475610;
--
-- AUTO_INCREMENT pour la table `command_element_ingredients`
--
ALTER TABLE `command_element_ingredients`
  MODIFY `id` int(11) NOT NULL AUTO_INCREMENT, AUTO_INCREMENT=283387;
--
-- AUTO_INCREMENT pour la table `command_menu`
--
ALTER TABLE `command_menu`
  MODIFY `id` int(11) NOT NULL AUTO_INCREMENT, AUTO_INCREMENT=126558;
--
-- AUTO_INCREMENT pour la table `command_payment_mode`
--
ALTER TABLE `command_payment_mode`
  MODIFY `id` int(11) NOT NULL AUTO_INCREMENT, AUTO_INCREMENT=110490;
--
-- AUTO_INCREMENT pour la table `connexion`
--
ALTER TABLE `connexion`
  MODIFY `id` int(11) NOT NULL AUTO_INCREMENT, AUTO_INCREMENT=7623;
--
-- AUTO_INCREMENT pour la table `contact`
--
ALTER TABLE `contact`
  MODIFY `id` int(11) NOT NULL AUTO_INCREMENT, AUTO_INCREMENT=240;
--
-- AUTO_INCREMENT pour la table `customer`
--
ALTER TABLE `customer`
  MODIFY `id` int(11) NOT NULL AUTO_INCREMENT, AUTO_INCREMENT=421564;
--
-- AUTO_INCREMENT pour la table `day`
--
ALTER TABLE `day`
  MODIFY `id` int(11) NOT NULL AUTO_INCREMENT, AUTO_INCREMENT=8;
--
-- AUTO_INCREMENT pour la table `element`
--
ALTER TABLE `element`
  MODIFY `id` int(11) NOT NULL AUTO_INCREMENT, AUTO_INCREMENT=27494;
--
-- AUTO_INCREMENT pour la table `element_order_mode`
--
ALTER TABLE `element_order_mode`
  MODIFY `id` int(11) NOT NULL AUTO_INCREMENT, AUTO_INCREMENT=73183;
--
-- AUTO_INCREMENT pour la table `element_size`
--
ALTER TABLE `element_size`
  MODIFY `id` int(11) NOT NULL AUTO_INCREMENT, AUTO_INCREMENT=36723;
--
-- AUTO_INCREMENT pour la table `family`
--
ALTER TABLE `family`
  MODIFY `id` int(11) NOT NULL AUTO_INCREMENT, AUTO_INCREMENT=307;
--
-- AUTO_INCREMENT pour la table `ingredient`
--
ALTER TABLE `ingredient`
  MODIFY `id` int(11) NOT NULL AUTO_INCREMENT, AUTO_INCREMENT=18776;
--
-- AUTO_INCREMENT pour la table `ingredient_category`
--
ALTER TABLE `ingredient_category`
  MODIFY `id` int(11) NOT NULL AUTO_INCREMENT, AUTO_INCREMENT=24;
--
-- AUTO_INCREMENT pour la table `ingredient_catFamSize`
--
ALTER TABLE `ingredient_catFamSize`
  MODIFY `id` int(11) NOT NULL AUTO_INCREMENT, AUTO_INCREMENT=3593;
--
-- AUTO_INCREMENT pour la table `librarySizes`
--
ALTER TABLE `librarySizes`
  MODIFY `id` int(11) NOT NULL AUTO_INCREMENT, AUTO_INCREMENT=16;
--
-- AUTO_INCREMENT pour la table `library_ingredients`
--
ALTER TABLE `library_ingredients`
  MODIFY `id` int(11) NOT NULL AUTO_INCREMENT, AUTO_INCREMENT=123;
--
-- AUTO_INCREMENT pour la table `menu`
--
ALTER TABLE `menu`
  MODIFY `id` int(11) NOT NULL AUTO_INCREMENT, AUTO_INCREMENT=6292;
--
-- AUTO_INCREMENT pour la table `menu_category`
--
ALTER TABLE `menu_category`
  MODIFY `id` int(11) NOT NULL AUTO_INCREMENT, AUTO_INCREMENT=149;
--
-- AUTO_INCREMENT pour la table `menu_element_size`
--
ALTER TABLE `menu_element_size`
  MODIFY `id` int(11) NOT NULL AUTO_INCREMENT, AUTO_INCREMENT=11813;
--
-- AUTO_INCREMENT pour la table `menu_family_size`
--
ALTER TABLE `menu_family_size`
  MODIFY `id` int(11) NOT NULL AUTO_INCREMENT, AUTO_INCREMENT=8289;
--
-- AUTO_INCREMENT pour la table `menu_option`
--
ALTER TABLE `menu_option`
  MODIFY `id` int(11) NOT NULL AUTO_INCREMENT, AUTO_INCREMENT=2210;
--
-- AUTO_INCREMENT pour la table `menu_order_mode`
--
ALTER TABLE `menu_order_mode`
  MODIFY `id` int(11) NOT NULL AUTO_INCREMENT, AUTO_INCREMENT=17707;
--
-- AUTO_INCREMENT pour la table `menu_time`
--
ALTER TABLE `menu_time`
  MODIFY `id` int(11) NOT NULL AUTO_INCREMENT, AUTO_INCREMENT=5;
--
-- AUTO_INCREMENT pour la table `oauth2_access_token`
--
ALTER TABLE `oauth2_access_token`
  MODIFY `id` int(11) NOT NULL AUTO_INCREMENT, AUTO_INCREMENT=6527;
--
-- AUTO_INCREMENT pour la table `oauth2_auth_code`
--
ALTER TABLE `oauth2_auth_code`
  MODIFY `id` int(11) NOT NULL AUTO_INCREMENT;
--
-- AUTO_INCREMENT pour la table `oauth2_client`
--
ALTER TABLE `oauth2_client`
  MODIFY `id` int(11) NOT NULL AUTO_INCREMENT, AUTO_INCREMENT=3;
--
-- AUTO_INCREMENT pour la table `oauth2_refresh_token`
--
ALTER TABLE `oauth2_refresh_token`
  MODIFY `id` int(11) NOT NULL AUTO_INCREMENT, AUTO_INCREMENT=6527;
--
-- AUTO_INCREMENT pour la table `offer`
--
ALTER TABLE `offer`
  MODIFY `id` int(11) NOT NULL AUTO_INCREMENT, AUTO_INCREMENT=7;
--
-- AUTO_INCREMENT pour la table `order_type`
--
ALTER TABLE `order_type`
  MODIFY `id` int(11) NOT NULL AUTO_INCREMENT, AUTO_INCREMENT=4;
--
-- AUTO_INCREMENT pour la table `payment_mode`
--
ALTER TABLE `payment_mode`
  MODIFY `id` int(11) NOT NULL AUTO_INCREMENT, AUTO_INCREMENT=5;
--
-- AUTO_INCREMENT pour la table `pdv`
--
ALTER TABLE `pdv`
  MODIFY `id` int(11) NOT NULL AUTO_INCREMENT, AUTO_INCREMENT=195;
--
-- AUTO_INCREMENT pour la table `pdv_city_france`
--
ALTER TABLE `pdv_city_france`
  MODIFY `id` int(11) NOT NULL AUTO_INCREMENT, AUTO_INCREMENT=2649;
--
-- AUTO_INCREMENT pour la table `pdv_customer`
--
ALTER TABLE `pdv_customer`
  MODIFY `id` int(11) NOT NULL AUTO_INCREMENT, AUTO_INCREMENT=478628;
--
-- AUTO_INCREMENT pour la table `pdv_opening_day`
--
ALTER TABLE `pdv_opening_day`
  MODIFY `id` int(11) NOT NULL AUTO_INCREMENT;
--
-- AUTO_INCREMENT pour la table `pdv_order_type`
--
ALTER TABLE `pdv_order_type`
  MODIFY `id` int(11) NOT NULL AUTO_INCREMENT, AUTO_INCREMENT=706;
--
-- AUTO_INCREMENT pour la table `pdv_order_type_day`
--
ALTER TABLE `pdv_order_type_day`
  MODIFY `id` int(11) NOT NULL AUTO_INCREMENT, AUTO_INCREMENT=4936;
--
-- AUTO_INCREMENT pour la table `personal_quality`
--
ALTER TABLE `personal_quality`
  MODIFY `id` int(11) NOT NULL AUTO_INCREMENT, AUTO_INCREMENT=6;
--
-- AUTO_INCREMENT pour la table `platform`
--
ALTER TABLE `platform`
  MODIFY `id` int(11) NOT NULL AUTO_INCREMENT, AUTO_INCREMENT=5;
--
-- AUTO_INCREMENT pour la table `profil`
--
ALTER TABLE `profil`
  MODIFY `id` int(11) NOT NULL AUTO_INCREMENT, AUTO_INCREMENT=8;
--
-- AUTO_INCREMENT pour la table `profil_rights`
--
ALTER TABLE `profil_rights`
  MODIFY `id` int(11) NOT NULL AUTO_INCREMENT, AUTO_INCREMENT=80;
--
-- AUTO_INCREMENT pour la table `reservation`
--
ALTER TABLE `reservation`
  MODIFY `id` int(11) NOT NULL AUTO_INCREMENT;
--
-- AUTO_INCREMENT pour la table `restaurant`
--
ALTER TABLE `restaurant`
  MODIFY `id` int(11) NOT NULL AUTO_INCREMENT, AUTO_INCREMENT=274;
--
-- AUTO_INCREMENT pour la table `rights`
--
ALTER TABLE `rights`
  MODIFY `id` int(11) NOT NULL AUTO_INCREMENT, AUTO_INCREMENT=27;
--
-- AUTO_INCREMENT pour la table `service`
--
ALTER TABLE `service`
  MODIFY `id` int(11) NOT NULL AUTO_INCREMENT, AUTO_INCREMENT=4;
--
-- AUTO_INCREMENT pour la table `size`
--
ALTER TABLE `size`
  MODIFY `id` int(11) NOT NULL AUTO_INCREMENT, AUTO_INCREMENT=2608;
--
-- AUTO_INCREMENT pour la table `status`
--
ALTER TABLE `status`
  MODIFY `id` int(11) NOT NULL AUTO_INCREMENT, AUTO_INCREMENT=9;
--
-- AUTO_INCREMENT pour la table `team`
--
ALTER TABLE `team`
  MODIFY `id` int(11) NOT NULL AUTO_INCREMENT, AUTO_INCREMENT=510;
--
-- AUTO_INCREMENT pour la table `user`
--
ALTER TABLE `user`
  MODIFY `id` int(11) NOT NULL AUTO_INCREMENT, AUTO_INCREMENT=240;
--
-- AUTO_INCREMENT pour la table `web_site_users`
--
ALTER TABLE `web_site_users`
  MODIFY `id` int(11) NOT NULL AUTO_INCREMENT;
--
-- Contraintes pour les tables exportées
--

--
-- Contraintes pour la table `address`
--
ALTER TABLE `address`
  ADD CONSTRAINT `FK_D4E6F819395C3F3` FOREIGN KEY (`customer_id`) REFERENCES `pdv_customer` (`id`) ON DELETE CASCADE;

--
-- Contraintes pour la table `bench`
--
ALTER TABLE `bench`
  ADD CONSTRAINT `FK_66D8E3251069E8D` FOREIGN KEY (`pdv_id`) REFERENCES `pdv` (`id`) ON DELETE CASCADE;

--
-- Contraintes pour la table `bench_binding`
--
ALTER TABLE `bench_binding`
  ADD CONSTRAINT `FK_4CDF1A4F3DE35C7B` FOREIGN KEY (`benchInit_id`) REFERENCES `bench` (`id`) ON DELETE CASCADE,
  ADD CONSTRAINT `FK_4CDF1A4F4D366866` FOREIGN KEY (`benchSec_id`) REFERENCES `bench` (`id`) ON DELETE CASCADE;

--
-- Contraintes pour la table `card`
--
ALTER TABLE `card`
  ADD CONSTRAINT `FK_161498D31069E8D` FOREIGN KEY (`pdv_id`) REFERENCES `pdv` (`id`) ON DELETE CASCADE;

--
-- Contraintes pour la table `card_family`
--
ALTER TABLE `card_family`
  ADD CONSTRAINT `FK_D7D9722F4ACC9A20` FOREIGN KEY (`card_id`) REFERENCES `card` (`id`) ON DELETE CASCADE,
  ADD CONSTRAINT `FK_D7D9722FC35E566A` FOREIGN KEY (`family_id`) REFERENCES `family` (`id`);

--
-- Contraintes pour la table `card_menu_category`
--
ALTER TABLE `card_menu_category`
  ADD CONSTRAINT `FK_5A6795764ACC9A20` FOREIGN KEY (`card_id`) REFERENCES `card` (`id`) ON DELETE CASCADE,
  ADD CONSTRAINT `FK_5A6795767ABA83AE` FOREIGN KEY (`menu_category_id`) REFERENCES `menu_category` (`id`);

--
-- Contraintes pour la table `card_offer`
--
ALTER TABLE `card_offer`
  ADD CONSTRAINT `FK_11E276F84ACC9A20` FOREIGN KEY (`card_id`) REFERENCES `card` (`id`) ON DELETE CASCADE,
  ADD CONSTRAINT `FK_11E276F853C674EE` FOREIGN KEY (`offer_id`) REFERENCES `offer` (`id`);

--
-- Contraintes pour la table `command`
--
ALTER TABLE `command`
  ADD CONSTRAINT `FK_8ECAEAD42F3CA77F` FOREIGN KEY (`updatedUser`) REFERENCES `user` (`id`),
  ADD CONSTRAINT `FK_8ECAEAD43CD829E5` FOREIGN KEY (`orderTypePdv_id`) REFERENCES `pdv_order_type` (`id`) ON DELETE CASCADE,
  ADD CONSTRAINT `FK_8ECAEAD46BF700BD` FOREIGN KEY (`status_id`) REFERENCES `status` (`id`),
  ADD CONSTRAINT `FK_8ECAEAD47AF16D89` FOREIGN KEY (`createdUser`) REFERENCES `user` (`id`),
  ADD CONSTRAINT `FK_8ECAEAD49395C3F3` FOREIGN KEY (`customer_id`) REFERENCES `pdv_customer` (`id`) ON DELETE CASCADE,
  ADD CONSTRAINT `FK_8ECAEAD4C4E0A61F` FOREIGN KEY (`team`) REFERENCES `team` (`id`) ON DELETE CASCADE,
  ADD CONSTRAINT `FK_8ECAEAD4F5B7AF75` FOREIGN KEY (`address_id`) REFERENCES `address` (`id`),
  ADD CONSTRAINT `FK_8ECAEAD4FFE6496F` FOREIGN KEY (`platform_id`) REFERENCES `platform` (`id`);

--
-- Contraintes pour la table `command_element`
--
ALTER TABLE `command_element`
  ADD CONSTRAINT `FK_AE2A0DDA23BDBAF1` FOREIGN KEY (`command_menu_id`) REFERENCES `command_menu` (`id`),
  ADD CONSTRAINT `FK_AE2A0DDA33E1689A` FOREIGN KEY (`command_id`) REFERENCES `command` (`id`) ON DELETE CASCADE;

--
-- Contraintes pour la table `command_element_ingredients`
--
ALTER TABLE `command_element_ingredients`
  ADD CONSTRAINT `FK_1CDBF95C884AC2E3` FOREIGN KEY (`command_element_id`) REFERENCES `command_element` (`id`) ON DELETE CASCADE;

--
-- Contraintes pour la table `command_menu`
--
ALTER TABLE `command_menu`
  ADD CONSTRAINT `FK_DCAF941E33E1689A` FOREIGN KEY (`command_id`) REFERENCES `command` (`id`) ON DELETE CASCADE;

--
-- Contraintes pour la table `command_payment_mode`
--
ALTER TABLE `command_payment_mode`
  ADD CONSTRAINT `FK_9C236C4933E1689A` FOREIGN KEY (`command_id`) REFERENCES `command` (`id`) ON DELETE CASCADE,
  ADD CONSTRAINT `FK_9C236C496EAC8BA0` FOREIGN KEY (`payment_mode_id`) REFERENCES `payment_mode` (`id`);

--
-- Contraintes pour la table `connexion`
--
ALTER TABLE `connexion`
  ADD CONSTRAINT `FK_936BF99C8D93D649` FOREIGN KEY (`user`) REFERENCES `user` (`id`);

--
-- Contraintes pour la table `customer`
--
ALTER TABLE `customer`
  ADD CONSTRAINT `FK_81398E092F3CA77F` FOREIGN KEY (`updatedUser`) REFERENCES `user` (`id`),
  ADD CONSTRAINT `FK_81398E097AF16D89` FOREIGN KEY (`createdUser`) REFERENCES `user` (`id`);

--
-- Contraintes pour la table `element`
--
ALTER TABLE `element`
  ADD CONSTRAINT `FK_41405E394ACC9A20` FOREIGN KEY (`card_id`) REFERENCES `card` (`id`) ON DELETE CASCADE,
  ADD CONSTRAINT `FK_41405E39C35E566A` FOREIGN KEY (`family_id`) REFERENCES `card_family` (`id`) ON DELETE CASCADE;

--
-- Contraintes pour la table `element_composition`
--
ALTER TABLE `element_composition`
  ADD CONSTRAINT `FK_A6D91BEA1F1F2A24` FOREIGN KEY (`element_id`) REFERENCES `element` (`id`) ON DELETE CASCADE,
  ADD CONSTRAINT `FK_A6D91BEA933FE08C` FOREIGN KEY (`ingredient_id`) REFERENCES `ingredient` (`id`) ON DELETE CASCADE;

--
-- Contraintes pour la table `element_option_ingredient`
--
ALTER TABLE `element_option_ingredient`
  ADD CONSTRAINT `FK_97C878151F1F2A24` FOREIGN KEY (`element_id`) REFERENCES `element` (`id`) ON DELETE CASCADE,
  ADD CONSTRAINT `FK_97C87815933FE08C` FOREIGN KEY (`ingredient_id`) REFERENCES `ingredient` (`id`) ON DELETE CASCADE;

--
-- Contraintes pour la table `element_order_mode`
--
ALTER TABLE `element_order_mode`
  ADD CONSTRAINT `FK_762F8FD21F1F2A24` FOREIGN KEY (`element_id`) REFERENCES `element` (`id`) ON DELETE CASCADE,
  ADD CONSTRAINT `FK_762F8FD2333625D8` FOREIGN KEY (`order_type_id`) REFERENCES `order_type` (`id`);

--
-- Contraintes pour la table `element_size`
--
ALTER TABLE `element_size`
  ADD CONSTRAINT `FK_B4FE05931F1F2A24` FOREIGN KEY (`element_id`) REFERENCES `element` (`id`) ON DELETE CASCADE,
  ADD CONSTRAINT `FK_B4FE0593498DA827` FOREIGN KEY (`size_id`) REFERENCES `size` (`id`) ON DELETE CASCADE;

--
-- Contraintes pour la table `element_supplement`
--
ALTER TABLE `element_supplement`
  ADD CONSTRAINT `FK_AD4E81A71F1F2A24` FOREIGN KEY (`element_id`) REFERENCES `element` (`id`) ON DELETE CASCADE,
  ADD CONSTRAINT `FK_AD4E81A7933FE08C` FOREIGN KEY (`ingredient_id`) REFERENCES `ingredient` (`id`) ON DELETE CASCADE;

--
-- Contraintes pour la table `family`
--
ALTER TABLE `family`
  ADD CONSTRAINT `FK_A5E6215B12469DE2` FOREIGN KEY (`category_id`) REFERENCES `category` (`id`);

--
-- Contraintes pour la table `ingredient`
--
ALTER TABLE `ingredient`
  ADD CONSTRAINT `FK_6BAF78704ACC9A20` FOREIGN KEY (`card_id`) REFERENCES `card` (`id`) ON DELETE CASCADE,
  ADD CONSTRAINT `FK_6BAF7870AA35537B` FOREIGN KEY (`ingredient_category_id`) REFERENCES `ingredient_category` (`id`);

--
-- Contraintes pour la table `ingredient_card_family`
--
ALTER TABLE `ingredient_card_family`
  ADD CONSTRAINT `FK_6FAABCB6933FE08C` FOREIGN KEY (`ingredient_id`) REFERENCES `ingredient` (`id`) ON DELETE CASCADE,
  ADD CONSTRAINT `FK_6FAABCB6B756B53E` FOREIGN KEY (`card_family_id`) REFERENCES `card_family` (`id`) ON DELETE CASCADE;

--
-- Contraintes pour la table `ingredient_catFamSize`
--
ALTER TABLE `ingredient_catFamSize`
  ADD CONSTRAINT `FK_875430B7498DA827` FOREIGN KEY (`size_id`) REFERENCES `size` (`id`),
  ADD CONSTRAINT `FK_875430B7AA35537B` FOREIGN KEY (`ingredient_category_id`) REFERENCES `ingredient_category` (`id`),
  ADD CONSTRAINT `FK_875430B7B756B53E` FOREIGN KEY (`card_family_id`) REFERENCES `card_family` (`id`) ON DELETE CASCADE;

--
-- Contraintes pour la table `library_ingredients`
--
ALTER TABLE `library_ingredients`
  ADD CONSTRAINT `FK_1237386BAA35537B` FOREIGN KEY (`ingredient_category_id`) REFERENCES `ingredient_category` (`id`);

--
-- Contraintes pour la table `menu`
--
ALTER TABLE `menu`
  ADD CONSTRAINT `FK_7D053A934ACC9A20` FOREIGN KEY (`card_id`) REFERENCES `card` (`id`) ON DELETE CASCADE,
  ADD CONSTRAINT `FK_7D053A937ABA83AE` FOREIGN KEY (`menu_category_id`) REFERENCES `menu_category` (`id`),
  ADD CONSTRAINT `FK_7D053A93D631C085` FOREIGN KEY (`menu_time_id`) REFERENCES `menu_time` (`id`),
  ADD CONSTRAINT `FK_7D053A93EAF7BA6D` FOREIGN KEY (`card_offer_id`) REFERENCES `card_offer` (`id`) ON DELETE CASCADE;

--
-- Contraintes pour la table `menu_element_size`
--
ALTER TABLE `menu_element_size`
  ADD CONSTRAINT `FK_CBFCF436BE66E873` FOREIGN KEY (`element_size_id`) REFERENCES `element_size` (`id`) ON DELETE CASCADE,
  ADD CONSTRAINT `FK_CBFCF436CCD7E912` FOREIGN KEY (`menu_id`) REFERENCES `menu` (`id`) ON DELETE CASCADE;

--
-- Contraintes pour la table `menu_exclusion`
--
ALTER TABLE `menu_exclusion`
  ADD CONSTRAINT `FK_14B10F58BE66E873` FOREIGN KEY (`element_size_id`) REFERENCES `element_size` (`id`) ON DELETE CASCADE,
  ADD CONSTRAINT `FK_14B10F58CCD7E912` FOREIGN KEY (`menu_id`) REFERENCES `menu` (`id`) ON DELETE CASCADE;

--
-- Contraintes pour la table `menu_family_size`
--
ALTER TABLE `menu_family_size`
  ADD CONSTRAINT `FK_EB4B9802498DA827` FOREIGN KEY (`size_id`) REFERENCES `size` (`id`),
  ADD CONSTRAINT `FK_EB4B9802B756B53E` FOREIGN KEY (`card_family_id`) REFERENCES `card_family` (`id`),
  ADD CONSTRAINT `FK_EB4B9802CCD7E912` FOREIGN KEY (`menu_id`) REFERENCES `menu` (`id`) ON DELETE CASCADE;

--
-- Contraintes pour la table `menu_option`
--
ALTER TABLE `menu_option`
  ADD CONSTRAINT `FK_89C15868BE66E873` FOREIGN KEY (`element_size_id`) REFERENCES `element_size` (`id`) ON DELETE CASCADE,
  ADD CONSTRAINT `FK_89C15868CCD7E912` FOREIGN KEY (`menu_id`) REFERENCES `menu` (`id`);

--
-- Contraintes pour la table `menu_order_mode`
--
ALTER TABLE `menu_order_mode`
  ADD CONSTRAINT `FK_FB96C96E333625D8` FOREIGN KEY (`order_type_id`) REFERENCES `order_type` (`id`),
  ADD CONSTRAINT `FK_FB96C96ECCD7E912` FOREIGN KEY (`menu_id`) REFERENCES `menu` (`id`) ON DELETE CASCADE;

--
-- Contraintes pour la table `oauth2_access_token`
--
ALTER TABLE `oauth2_access_token`
  ADD CONSTRAINT `FK_454D967319EB6921` FOREIGN KEY (`client_id`) REFERENCES `oauth2_client` (`id`),
  ADD CONSTRAINT `FK_454D9673A76ED395` FOREIGN KEY (`user_id`) REFERENCES `user` (`id`) ON DELETE CASCADE;

--
-- Contraintes pour la table `oauth2_auth_code`
--
ALTER TABLE `oauth2_auth_code`
  ADD CONSTRAINT `FK_1D2905B519EB6921` FOREIGN KEY (`client_id`) REFERENCES `oauth2_client` (`id`),
  ADD CONSTRAINT `FK_1D2905B5A76ED395` FOREIGN KEY (`user_id`) REFERENCES `user` (`id`);

--
-- Contraintes pour la table `oauth2_refresh_token`
--
ALTER TABLE `oauth2_refresh_token`
  ADD CONSTRAINT `FK_4DD9073219EB6921` FOREIGN KEY (`client_id`) REFERENCES `oauth2_client` (`id`),
  ADD CONSTRAINT `FK_4DD90732A76ED395` FOREIGN KEY (`user_id`) REFERENCES `user` (`id`) ON DELETE CASCADE;

--
-- Contraintes pour la table `pdv`
--
ALTER TABLE `pdv`
  ADD CONSTRAINT `FK_1347CBE8B1E7706E` FOREIGN KEY (`restaurant_id`) REFERENCES `restaurant` (`id`) ON DELETE CASCADE;

--
-- Contraintes pour la table `pdv_city_france`
--
ALTER TABLE `pdv_city_france`
  ADD CONSTRAINT `FK_D06D65F51069E8D` FOREIGN KEY (`pdv_id`) REFERENCES `pdv` (`id`) ON DELETE CASCADE,
  ADD CONSTRAINT `FK_D06D65F579EE5DE7` FOREIGN KEY (`city_france_ID`) REFERENCES `city_france` (`id`);

--
-- Contraintes pour la table `pdv_contact`
--
ALTER TABLE `pdv_contact`
  ADD CONSTRAINT `FK_931825661069E8D` FOREIGN KEY (`pdv_id`) REFERENCES `pdv` (`id`) ON DELETE CASCADE,
  ADD CONSTRAINT `FK_93182566E7A1254A` FOREIGN KEY (`contact_id`) REFERENCES `contact` (`id`) ON DELETE CASCADE;

--
-- Contraintes pour la table `pdv_customer`
--
ALTER TABLE `pdv_customer`
  ADD CONSTRAINT `FK_D3588391069E8D` FOREIGN KEY (`pdv_id`) REFERENCES `pdv` (`id`) ON DELETE CASCADE,
  ADD CONSTRAINT `FK_D3588399395C3F3` FOREIGN KEY (`customer_id`) REFERENCES `customer` (`id`);

--
-- Contraintes pour la table `pdv_opening_day`
--
ALTER TABLE `pdv_opening_day`
  ADD CONSTRAINT `FK_78BD0D6E1069E8D` FOREIGN KEY (`pdv_id`) REFERENCES `pdv` (`id`),
  ADD CONSTRAINT `FK_78BD0D6E9C24126` FOREIGN KEY (`day_id`) REFERENCES `day` (`id`);

--
-- Contraintes pour la table `pdv_order_type`
--
ALTER TABLE `pdv_order_type`
  ADD CONSTRAINT `FK_F70A72F41069E8D` FOREIGN KEY (`pdv_id`) REFERENCES `pdv` (`id`) ON DELETE CASCADE,
  ADD CONSTRAINT `FK_F70A72F4333625D8` FOREIGN KEY (`order_type_id`) REFERENCES `order_type` (`id`);

--
-- Contraintes pour la table `pdv_order_type_day`
--
ALTER TABLE `pdv_order_type_day`
  ADD CONSTRAINT `FK_2F8C82912950ECA1` FOREIGN KEY (`pdv_order_type_id`) REFERENCES `pdv_order_type` (`id`) ON DELETE CASCADE,
  ADD CONSTRAINT `FK_2F8C82919C24126` FOREIGN KEY (`day_id`) REFERENCES `day` (`id`);

--
-- Contraintes pour la table `pdv_payment_mode`
--
ALTER TABLE `pdv_payment_mode`
  ADD CONSTRAINT `FK_A54D4CB1069E8D` FOREIGN KEY (`pdv_id`) REFERENCES `pdv` (`id`) ON DELETE CASCADE,
  ADD CONSTRAINT `FK_A54D4CB6EAC8BA0` FOREIGN KEY (`payment_mode_id`) REFERENCES `payment_mode` (`id`) ON DELETE CASCADE;

--
-- Contraintes pour la table `profil_rights`
--
ALTER TABLE `profil_rights`
  ADD CONSTRAINT `FK_709F5851275ED078` FOREIGN KEY (`profil_id`) REFERENCES `profil` (`id`),
  ADD CONSTRAINT `FK_709F585154976835` FOREIGN KEY (`right_id`) REFERENCES `rights` (`id`) ON DELETE CASCADE;

--
-- Contraintes pour la table `reservation`
--
ALTER TABLE `reservation`
  ADD CONSTRAINT `FK_42C849552F3CA77F` FOREIGN KEY (`updatedUser`) REFERENCES `user` (`id`),
  ADD CONSTRAINT `FK_42C849557AF16D89` FOREIGN KEY (`createdUser`) REFERENCES `user` (`id`),
  ADD CONSTRAINT `FK_42C84955B0C342DC` FOREIGN KEY (`customer_pdv_id`) REFERENCES `pdv_customer` (`id`) ON DELETE CASCADE,
  ADD CONSTRAINT `FK_42C84955ED5CA9E6` FOREIGN KEY (`service_id`) REFERENCES `service` (`id`);

--
-- Contraintes pour la table `reservation_table`
--
ALTER TABLE `reservation_table`
  ADD CONSTRAINT `FK_B5565FE1B83297E7` FOREIGN KEY (`reservation_id`) REFERENCES `reservation` (`id`) ON DELETE CASCADE,
  ADD CONSTRAINT `FK_B5565FE1ECFF285C` FOREIGN KEY (`table_id`) REFERENCES `bench` (`id`) ON DELETE CASCADE;

--
-- Contraintes pour la table `size`
--
ALTER TABLE `size`
  ADD CONSTRAINT `FK_F7C0246A4ACC9A20` FOREIGN KEY (`card_id`) REFERENCES `card` (`id`) ON DELETE CASCADE;

--
-- Contraintes pour la table `size_card_family`
--
ALTER TABLE `size_card_family`
  ADD CONSTRAINT `FK_F76C181F498DA827` FOREIGN KEY (`size_id`) REFERENCES `size` (`id`) ON DELETE CASCADE,
  ADD CONSTRAINT `FK_F76C181FB756B53E` FOREIGN KEY (`card_family_id`) REFERENCES `card_family` (`id`) ON DELETE CASCADE;

--
-- Contraintes pour la table `size_family`
--
ALTER TABLE `size_family`
  ADD CONSTRAINT `FK_1D8A5496649174F2` FOREIGN KEY (`library_sizes_id`) REFERENCES `librarySizes` (`id`) ON DELETE CASCADE,
  ADD CONSTRAINT `FK_1D8A5496C35E566A` FOREIGN KEY (`family_id`) REFERENCES `family` (`id`) ON DELETE CASCADE;

--
-- Contraintes pour la table `team`
--
ALTER TABLE `team`
  ADD CONSTRAINT `FK_C4E0A61F1069E8D` FOREIGN KEY (`pdv_id`) REFERENCES `pdv` (`id`) ON DELETE CASCADE;

--
-- Contraintes pour la table `user`
--
ALTER TABLE `user`
  ADD CONSTRAINT `FK_8D93D649275ED078` FOREIGN KEY (`profil_id`) REFERENCES `profil` (`id`);

--
-- Contraintes pour la table `web_site_users`
--
ALTER TABLE `web_site_users`
  ADD CONSTRAINT `FK_51B9CFE09395C3F3` FOREIGN KEY (`customer_id`) REFERENCES `pdv_customer` (`id`) ON DELETE CASCADE;

